{"id":238863,"date":"2026-04-11T01:22:32","date_gmt":"2026-04-11T07:22:32","guid":{"rendered":"https:\/\/compuviper.mx\/tienda\/producto\/tp-link-vigi-nvr1008h-8mp-nvr-tp-link-nvr-vigi-poe-de-8-canales-poe-video-h-265-onvif-plug-and-play-audio-bidireccional-8-channel\/"},"modified":"2026-04-11T01:22:32","modified_gmt":"2026-04-11T07:22:32","slug":"tp-link-vigi-nvr1008h-8mp-nvr-tp-link-nvr-vigi-poe-de-8-canales-poe-video-h-265-onvif-plug-and-play-audio-bidireccional-8-channel","status":"publish","type":"product","link":"https:\/\/compuviper.mx\/tienda\/producto\/tp-link-vigi-nvr1008h-8mp-nvr-tp-link-nvr-vigi-poe-de-8-canales-poe-video-h-265-onvif-plug-and-play-audio-bidireccional-8-channel\/","title":{"rendered":"Tp Link Vigi Nvr1008h-8mp Nvr Tp-link  Nvr Vigi Poe De 8 Canales Poe Video H.265 Onvif Plug And Play Audio Bidireccional 8- Channel"},"content":{"rendered":"<table class=\"descripcion\">\n<tr>\n<td>Video and audio<\/td>\n<\/tr>\n<tr>\n<td>Ip video input<\/td>\n<\/tr>\n<tr>\n<td>8-channel<\/td>\n<\/tr>\n<tr>\n<td>Incoming bandwidth<\/td>\n<\/tr>\n<tr>\n<td>80 mbps<\/td>\n<\/tr>\n<tr>\n<td>Outgoing bandwidth<\/td>\n<\/tr>\n<tr>\n<td>60 mbps<\/td>\n<\/tr>\n<tr>\n<td>Hdmi output resolution<\/td>\n<\/tr>\n<tr>\n<td>1 channel, resolution: 3840&#215;2160\/30hz, 1920&#215;1080\/60hz, 1680&#215;1050\/60hz, 1440&#215;900\/60hz, 1280&#215;1024\/60hz, 1280&#215;720\/60hz<\/td>\n<\/tr>\n<tr>\n<td>Vga output resolution<\/td>\n<\/tr>\n<tr>\n<td>1 channel, resolution: 1920&#215;1080\/60hz, 1680&#215;1050\/60hz, 1440&#215;900\/60hz, 1280&#215;1024\/60hz, 1280&#215;720\/60hz<\/td>\n<\/tr>\n<tr>\n<td>Video output mode<\/td>\n<\/tr>\n<tr>\n<td>Hdmi\/vga simultaneous output<\/td>\n<\/tr>\n<tr>\n<td>Multi-view display<\/td>\n<\/tr>\n<tr>\n<td>1\/4\/6\/8<\/td>\n<\/tr>\n<tr>\n<td>Decoding<\/td>\n<\/tr>\n<tr>\n<td>Audio compression<\/td>\n<\/tr>\n<tr>\n<td>G.711a\/g.711u\/g.726<\/td>\n<\/tr>\n<tr>\n<td>Decoding format<\/td>\n<\/tr>\n<tr>\n<td>H.265\/h.265\/ h.264\/h.264<\/td>\n<\/tr>\n<tr>\n<td>Video compression<\/td>\n<\/tr>\n<tr>\n<td>H.265\/h.265\/ h.264\/h.264<\/td>\n<\/tr>\n<tr>\n<td>Record resolution<\/td>\n<\/tr>\n<tr>\n<td>8mp\/5mp\/4mp\/3mp\/1080p\/uxga\/720p\/vga\/4cif\/dcif\/2cif\/cif\/qcif<\/td>\n<\/tr>\n<tr>\n<td>Live view\/playback resolution<\/td>\n<\/tr>\n<tr>\n<td>8mp\/5mp\/4mp\/3mp\/1080p\/uxga\/720p\/vga\/4cif\/<\/td>\n<\/tr>\n<tr>\n<td>Dcif\/2cif\/cif\/qcif<\/td>\n<\/tr>\n<tr>\n<td>Synchronous playback<\/td>\n<\/tr>\n<tr>\n<td>8 canales<\/td>\n<\/tr>\n<tr>\n<td>Capability<\/td>\n<\/tr>\n<tr>\n<td>2 canales a 8 mp, 4 canales a 4 mp, 8 canales a 2 mp<\/td>\n<\/tr>\n<tr>\n<td>Record management<\/td>\n<\/tr>\n<tr>\n<td>Record mode<\/td>\n<\/tr>\n<tr>\n<td>\u0095 manual recording<\/td>\n<\/tr>\n<tr>\n<td>\u0095 scheduling recording<\/td>\n<\/tr>\n<tr>\n<td>\u0095 motion detection recording<\/td>\n<\/tr>\n<tr>\n<td>Playback mode<\/td>\n<\/tr>\n<tr>\n<td>\u0095 instant playback<\/td>\n<\/tr>\n<tr>\n<td>\u0095 regular playback<\/td>\n<\/tr>\n<tr>\n<td>\u0095 tag playback<\/td>\n<\/tr>\n<tr>\n<td>\u0095 event playback<\/td>\n<\/tr>\n<tr>\n<td>Backup mode<\/td>\n<\/tr>\n<tr>\n<td>\u0095 regular backup<\/td>\n<\/tr>\n<tr>\n<td>\u0095 video clip backup<\/td>\n<\/tr>\n<tr>\n<td>Playback function<\/td>\n<\/tr>\n<tr>\n<td>\u0095 play<\/td>\n<\/tr>\n<tr>\n<td>\u0095 pause<\/td>\n<\/tr>\n<tr>\n<td>\u0095 stop<\/td>\n<\/tr>\n<tr>\n<td>\u0095 fast forward<\/td>\n<\/tr>\n<tr>\n<td>\u0095 fast backward<\/td>\n<\/tr>\n<tr>\n<td>\u0095 play by frame<\/td>\n<\/tr>\n<tr>\n<td>\u0095 full screen<\/td>\n<\/tr>\n<tr>\n<td>\u0095 video clip<\/td>\n<\/tr>\n<tr>\n<td>\u0095 export clip<\/td>\n<\/tr>\n<tr>\n<td>\u0095 digital zoom<\/td>\n<\/tr>\n<tr>\n<td>\u0095 lock recording<\/td>\n<\/tr>\n<tr>\n<td>\u0095 audio on\/off<\/td>\n<\/tr>\n<tr>\n<td>Network<\/td>\n<\/tr>\n<tr>\n<td>Protocolo<\/td>\n<\/tr>\n<tr>\n<td>Tcp\/ip, dhcp, dns, ntp, upnp<\/td>\n<\/tr>\n<tr>\n<td>Mobile phone access<\/td>\n<\/tr>\n<tr>\n<td>Android, ios<\/td>\n<\/tr>\n<tr>\n<td>Incoming bandwith<\/td>\n<\/tr>\n<tr>\n<td>80 mbps<\/td>\n<\/tr>\n<tr>\n<td>Outgoing bandwidth<\/td>\n<\/tr>\n<tr>\n<td>60 mbps<\/td>\n<\/tr>\n<tr>\n<td>Web browser<\/td>\n<\/tr>\n<tr>\n<td>Chrome 57, firefox 52, edge 91<\/td>\n<\/tr>\n<tr>\n<td>Interoperability<\/td>\n<\/tr>\n<tr>\n<td>Onvif, cgi<\/td>\n<\/tr>\n<tr>\n<td>External interface<\/td>\n<\/tr>\n<tr>\n<td>Network interface<\/td>\n<\/tr>\n<tr>\n<td>1 rj-45 10\/100 mbps self-adaptive ethernet interface<\/td>\n<\/tr>\n<tr>\n<td>Usb interface<\/td>\n<\/tr>\n<tr>\n<td>2 usb 2.0<\/td>\n<\/tr>\n<tr>\n<td>Audio interface<\/td>\n<\/tr>\n<tr>\n<td>1, audio in; 1, audio out<\/td>\n<\/tr>\n<tr>\n<td>Alarm in\/out<\/td>\n<\/tr>\n<tr>\n<td>N\/a<\/td>\n<\/tr>\n<tr>\n<td>Serial interface<\/td>\n<\/tr>\n<tr>\n<td>N\/a<\/td>\n<\/tr>\n<tr>\n<td>Power<\/td>\n<\/tr>\n<tr>\n<td>1 dc jack<\/td>\n<\/tr>\n<tr>\n<td>Reset button<\/td>\n<\/tr>\n<tr>\n<td>1<\/td>\n<\/tr>\n<tr>\n<td>Speaker<\/td>\n<\/tr>\n<tr>\n<td>N\/a<\/td>\n<\/tr>\n<tr>\n<td>Esata<\/td>\n<\/tr>\n<tr>\n<td>N\/a<\/td>\n<\/tr>\n<tr>\n<td>Hdmi<\/td>\n<\/tr>\n<tr>\n<td>1<\/td>\n<\/tr>\n<tr>\n<td>Vga<\/td>\n<\/tr>\n<tr>\n<td>1<\/td>\n<\/tr>\n<tr>\n<td>Hard disk<\/td>\n<\/tr>\n<tr>\n<td>Sata<\/td>\n<\/tr>\n<tr>\n<td>1 interfaz sata<\/td>\n<\/tr>\n<tr>\n<td>Capacity<\/td>\n<\/tr>\n<tr>\n<td>Hasta 10 tb<\/td>\n<\/tr>\n<tr>\n<td>Poe<\/td>\n<\/tr>\n<tr>\n<td>Standard<\/td>\n<\/tr>\n<tr>\n<td>802.3at\/af compliant<\/td>\n<\/tr>\n<tr>\n<td>Poe budget<\/td>\n<\/tr>\n<tr>\n<td>113 w available for all poe ports, 30 w max per port<\/td>\n<\/tr>\n<tr>\n<td>Capacity<\/td>\n<\/tr>\n<tr>\n<td>1- 8, rj-45 10\/100 mbps self-adaptive ethernet interface<\/td>\n<\/tr>\n<tr>\n<td>Alarm<\/td>\n<\/tr>\n<tr>\n<td>General alarm<\/td>\n<\/tr>\n<tr>\n<td>\u0095 motion detection<\/td>\n<\/tr>\n<tr>\n<td>\u0095 video tampering<\/td>\n<\/tr>\n<tr>\n<td>\u0095 line-crossing detection<\/td>\n<\/tr>\n<tr>\n<td>\u0095 intrusion detection<\/td>\n<\/tr>\n<tr>\n<td>\u0095 region entering detection<\/td>\n<\/tr>\n<tr>\n<td>\u0095 region exiting detection<\/td>\n<\/tr>\n<tr>\n<td>\u0095 object abandoned\/removal detection<\/td>\n<\/tr>\n<tr>\n<td>\u0095 vehicle detection<\/td>\n<\/tr>\n<tr>\n<td>\u0095 human detection<\/td>\n<\/tr>\n<tr>\n<td>\u0095 smart frame<\/td>\n<\/tr>\n<tr>\n<td>Anomaly alarm<\/td>\n<\/tr>\n<tr>\n<td>\u0095 video loss<\/td>\n<\/tr>\n<tr>\n<td>\u0095 offline and ip conflict<\/td>\n<\/tr>\n<tr>\n<td>\u0095 disk exception<\/td>\n<\/tr>\n<tr>\n<td>\u0095 login exception<\/td>\n<\/tr>\n<tr>\n<td>\u0095 fan exception<\/td>\n<\/tr>\n<tr>\n<td>Alarm linkage<\/td>\n<\/tr>\n<tr>\n<td>\u0095 recording<\/td>\n<\/tr>\n<tr>\n<td>\u0095 white light alarm<\/td>\n<\/tr>\n<tr>\n<td>\u0095 buzzer<\/td>\n<\/tr>\n<tr>\n<td>\u0095 log<\/td>\n<\/tr>\n<tr>\n<td>\u0095 audible alarm<\/td>\n<\/tr>\n<tr>\n<td>Interfaces<\/td>\n<\/tr>\n<tr>\n<td>Network interface<\/td>\n<\/tr>\n<tr>\n<td>1 interfaz ethernet autoadaptable rj-45 10\/100 mbps<\/td>\n<\/tr>\n<tr>\n<td>Usb interface<\/td>\n<\/tr>\n<tr>\n<td>2 usb 2.0<\/td>\n<\/tr>\n<tr>\n<td>General<\/td>\n<\/tr>\n<tr>\n<td>Temperatura de funcionamiento<\/td>\n<\/tr>\n<tr>\n<td>-10\u009655 \u00b0c<\/td>\n<\/tr>\n<tr>\n<td>Storage temperature<\/td>\n<\/tr>\n<tr>\n<td>-40\u009670 \u00b0c<\/td>\n<\/tr>\n<tr>\n<td>Storage humidity<\/td>\n<\/tr>\n<tr>\n<td>10~90 rh non-condensing<\/td>\n<\/tr>\n<tr>\n<td>Contenidos del paquete<\/td>\n<\/tr>\n<tr>\n<td>Videograbadora en red vigi<\/td>\n<\/tr>\n<tr>\n<td>Adaptador de corriente<\/td>\n<\/tr>\n<tr>\n<td>Tornillos hdd<\/td>\n<\/tr>\n<tr>\n<td>Ratn<\/td>\n<\/tr>\n<tr>\n<td>Gua r\u00e1pida de instalacin<\/td>\n<\/tr>\n<tr>\n<td>Working temperature<\/td>\n<\/tr>\n<tr>\n<td>\u0095 nvr: -10\u009655 \u00b0c<\/td>\n<\/tr>\n<tr>\n<td>\u0095 power adapter: 0\u009640 \u00b0c<\/td>\n<\/tr>\n<tr>\n<td>Working humidity<\/td>\n<\/tr>\n<tr>\n<td>10~90 rh non-condensing<\/td>\n<\/tr>\n<tr>\n<td>Dimensiones w x d x h<\/td>\n<\/tr>\n<tr>\n<td>294  180  44 mm<\/td>\n<\/tr>\n<tr>\n<td>Poe<\/td>\n<\/tr>\n<tr>\n<td>Est\u00e1ndar: 802.3af\/at<\/td>\n<\/tr>\n<tr>\n<td>Puertos poe: puertos 1-8<\/td>\n<\/tr>\n<tr>\n<td>Presupuesto poe: 113 w<\/td>\n<\/tr>\n<tr>\n<td>External power supply<\/td>\n<\/tr>\n<tr>\n<td>53.5v dc\/2.43 a<\/td>\n<\/tr>\n<tr>\n<td>Net weight<\/td>\n<\/tr>\n<tr>\n<td>1.12 kg<\/td>\n<\/tr>\n<tr>\n<td>Gross weight<\/td>\n<\/tr>\n<tr>\n<td>2.2 kg<\/td>\n<\/tr>\n<tr>\n<td>Power supply<\/td>\n<\/tr>\n<tr>\n<td>53.5v dc\/2.43 a<\/td>\n<\/tr>\n<tr>\n<td>Power consumption<\/td>\n<\/tr>\n<tr>\n<td>4,82 w sin disco<\/td>\n<\/tr>\n<tr>\n<td>Certificaciones<\/td>\n<\/tr>\n<tr>\n<td>Ce, eac, ukca, rcm, triman, bsmi, vcci, fcc, ic, hdmi<\/td>\n<\/tr>\n<tr>\n<td>Video\/imagen<\/td>\n<\/tr>\n<tr>\n<td>Video input<\/td>\n<\/tr>\n<tr>\n<td>Entrada de vdeo ip de 8 canales, resolucin de hasta 8 mp<\/td>\n<\/tr>\n<tr>\n<td>Recording resolution<\/td>\n<\/tr>\n<tr>\n<td>8mp\/5mp\/4mp\/3mp\/1080p\/uxga\/720p\/vga\/4cif\/dcif\/ 2cif\/cif\/qcif<\/td>\n<\/tr>\n<tr>\n<td>Hdmi output resolution<\/td>\n<\/tr>\n<tr>\n<td>1 canal, resolucin: 3840&#215;2160\/30hz,1920&#215;1080\/60hz,<\/td>\n<\/tr>\n<tr>\n<td>1680&#215;1050\/60hz, 1440&#215;900\/60hz, 1280&#215;1024\/60hz,<\/td>\n<\/tr>\n<tr>\n<td>1024&#215;768\/60hz, 1280&#215;720\/60hz<\/td>\n<\/tr>\n<tr>\n<td>Vga output resolution<\/td>\n<\/tr>\n<tr>\n<td>1 canal, resolucin: 1920&#215;1080\/60hz,1680&#215;1050\/60hz,<\/td>\n<\/tr>\n<tr>\n<td>1440&#215;900\/60hz, 1280&#215;1024\/60hz, 1280&#215;720\/60hz,<\/td>\n<\/tr>\n<tr>\n<td>1024&#215;768\/60hz,<\/td>\n<\/tr>\n<\/table>\n","protected":false},"excerpt":{"rendered":"<p>Vigi nvr1008h-8mp. Nvr vigi poe de 8 canales. Salida de video hdmi 4k y capacidad de decodificacin de 16mp.  La definicin de imagen de hasta 8mp y una pantalla de 8 canales garantizan capturar cada detalle, desde todos los \u00e1ngulos \u0087 . F\u00e1cil instalacin con poe. Conecta y enciende f\u00e1cilmente la c\u00e1mara vigi a travs de cable rj45 que transmite datos y energa, sin necesidad de ningn adaptador de corriente. Reproduccin simult\u00e1nea de 8 canales  . Reproduce la seal de hasta 8 c\u00e1maras al mismo tiempo. Aumente la velocidad de reproduccin y encuentra eventos para revisar m\u00e1s f\u00e1cil y r\u00e1pidamente cada uno de los vdeos. Vdeo h.265. Ahorra espacio de almacenamiento y ancho de banda sin sacrificar la calidad de imagen de los vdeos. Con ello puedes ahorrar en costes de monitorizacin. Compatibilidad con onvif  and 9651;. Las c\u00e1maras vigi se integran f\u00e1cilmente en un sistema de seguridad de otras marcas. Plug  and  play. Las c\u00e1maras vigi se aaden autom\u00e1ticamente al nvr y se activan al momento. Grabacin continua 24\/7. Los 10tb de almacenaje seguro para los videos de las c\u00e1maras conectadas permiten un acceso r\u00e1pido y sencillo. Control sencillo y remoto. La aplicacin vigi y el administrador de seguridad vigi se han desarrollado para monitorizar las distintas c\u00e1maras desde cualquier lugar, facilitando su acceso y control. Instalacin flexible: elige el mtodo de instalacin adecuado simplemente alojando tu nvr en un bastidor o coloc\u00e1ndolo sobre o debajo de un escritorio para mayor comodidad. Audio bidireccional. Permite la comunicacin a travs del micrfono y altavoz integrados en la c\u00e1mara, mientras se visualiza el vdeo.<\/p>\n","protected":false},"featured_media":243036,"comment_status":"open","ping_status":"open","template":"","meta":[],"product_cat":[1689,1768],"product_tag":[1562],"acf":[],"yoast_head":"<!-- This site is optimized with the Yoast SEO plugin v21.7 - https:\/\/yoast.com\/wordpress\/plugins\/seo\/ -->\n<title>[ Tp Link ] &#129351; Vigi Nvr1008h-8mp Nvr Tp-link Nvr Vigi Poe De 8 Canales Poe Video H.265 Onvif Plug And Play Audio Bidireccional 8- Channel<\/title>\n<meta name=\"description\" content=\"Compra Vigi Nvr1008h-8mp Nvr Tp-link Nvr Vigi Poe De 8 Canales Poe Video H.265 Onvif Plug And Play Audio Bidireccional 8- Channel + Env\u00edo a domicilio + Pago seguro + Garant\u00eda\" \/>\n<meta name=\"robots\" content=\"index, follow, max-snippet:-1, max-image-preview:large, max-video-preview:-1\" \/>\n<link rel=\"canonical\" href=\"https:\/\/compuviper.mx\/tienda\/producto\/tp-link-vigi-nvr1008h-8mp-nvr-tp-link-nvr-vigi-poe-de-8-canales-poe-video-h-265-onvif-plug-and-play-audio-bidireccional-8-channel\/\" \/>\n<meta property=\"og:locale\" content=\"es_MX\" \/>\n<meta property=\"og:type\" content=\"article\" \/>\n<meta property=\"og:title\" content=\"[ Tp Link ] &#129351; Vigi Nvr1008h-8mp Nvr Tp-link Nvr Vigi Poe De 8 Canales Poe Video H.265 Onvif Plug And Play Audio Bidireccional 8- Channel\" \/>\n<meta property=\"og:description\" content=\"Compra Vigi Nvr1008h-8mp Nvr Tp-link Nvr Vigi Poe De 8 Canales Poe Video H.265 Onvif Plug And Play Audio Bidireccional 8- Channel + Env\u00edo a domicilio + Pago seguro + Garant\u00eda\" \/>\n<meta property=\"og:url\" content=\"https:\/\/compuviper.mx\/tienda\/producto\/tp-link-vigi-nvr1008h-8mp-nvr-tp-link-nvr-vigi-poe-de-8-canales-poe-video-h-265-onvif-plug-and-play-audio-bidireccional-8-channel\/\" \/>\n<meta property=\"og:site_name\" content=\"Compuviper\" \/>\n<meta property=\"article:publisher\" content=\"https:\/\/www.facebook.com\/compuviper\" \/>\n<meta property=\"og:image\" content=\"https:\/\/compuviper.mx\/tienda\/wp-content\/uploads\/2024\/09\/Nvr-tp-link-vigi-nvr1008h-8mp-nvr-vigi-poe-de-8-canales-poe-video-h.265-onvif-plug-and-play-audio-bidireccional-8-channel.jpg\" \/>\n\t<meta property=\"og:image:width\" content=\"200\" \/>\n\t<meta property=\"og:image:height\" content=\"200\" \/>\n\t<meta property=\"og:image:type\" content=\"image\/jpeg\" \/>\n<meta name=\"twitter:card\" content=\"summary_large_image\" \/>\n<meta name=\"twitter:label1\" content=\"Precio\" \/>\n\t<meta name=\"twitter:data1\" content=\"&#36;2,001 con IVA\" \/>\n\t<meta name=\"twitter:label2\" content=\"Availability\" \/>\n\t<meta name=\"twitter:data2\" content=\"On backorder\" \/>\n<script type=\"application\/ld+json\" class=\"yoast-schema-graph\">{\"@context\":\"https:\/\/schema.org\",\"@graph\":[{\"@type\":\"WebPage\",\"@id\":\"https:\/\/compuviper.mx\/tienda\/producto\/tp-link-vigi-nvr1008h-8mp-nvr-tp-link-nvr-vigi-poe-de-8-canales-poe-video-h-265-onvif-plug-and-play-audio-bidireccional-8-channel\/\",\"url\":\"https:\/\/compuviper.mx\/tienda\/producto\/tp-link-vigi-nvr1008h-8mp-nvr-tp-link-nvr-vigi-poe-de-8-canales-poe-video-h-265-onvif-plug-and-play-audio-bidireccional-8-channel\/\",\"name\":\"[ Tp Link ] &#129351; Vigi Nvr1008h-8mp Nvr Tp-link Nvr Vigi Poe De 8 Canales Poe Video H.265 Onvif Plug And Play Audio Bidireccional 8- Channel\",\"isPartOf\":{\"@id\":\"https:\/\/compuviper.mx\/tienda\/#website\"},\"datePublished\":\"2026-04-11T07:22:32+00:00\",\"dateModified\":\"2026-04-11T07:22:32+00:00\",\"description\":\"Compra Vigi Nvr1008h-8mp Nvr Tp-link Nvr Vigi Poe De 8 Canales Poe Video H.265 Onvif Plug And Play Audio Bidireccional 8- Channel + Env\u00edo a domicilio + Pago seguro + Garant\u00eda\",\"breadcrumb\":{\"@id\":\"https:\/\/compuviper.mx\/tienda\/producto\/tp-link-vigi-nvr1008h-8mp-nvr-tp-link-nvr-vigi-poe-de-8-canales-poe-video-h-265-onvif-plug-and-play-audio-bidireccional-8-channel\/#breadcrumb\"},\"inLanguage\":\"es-MX\",\"potentialAction\":[{\"@type\":\"ReadAction\",\"target\":[\"https:\/\/compuviper.mx\/tienda\/producto\/tp-link-vigi-nvr1008h-8mp-nvr-tp-link-nvr-vigi-poe-de-8-canales-poe-video-h-265-onvif-plug-and-play-audio-bidireccional-8-channel\/\"]}]},{\"@type\":\"BreadcrumbList\",\"@id\":\"https:\/\/compuviper.mx\/tienda\/producto\/tp-link-vigi-nvr1008h-8mp-nvr-tp-link-nvr-vigi-poe-de-8-canales-poe-video-h-265-onvif-plug-and-play-audio-bidireccional-8-channel\/#breadcrumb\",\"itemListElement\":[{\"@type\":\"ListItem\",\"position\":1,\"name\":\"Inicio\",\"item\":\"https:\/\/compuviper.mx\/tienda\/\"},{\"@type\":\"ListItem\",\"position\":2,\"name\":\"Productos\",\"item\":\"https:\/\/compuviper.mx\/tienda\/productos\/\"},{\"@type\":\"ListItem\",\"position\":3,\"name\":\"Videograbadores\",\"item\":\"https:\/\/compuviper.mx\/tienda\/categoria-producto\/videograbadores\/\"},{\"@type\":\"ListItem\",\"position\":4,\"name\":\"Nvr\",\"item\":\"https:\/\/compuviper.mx\/tienda\/categoria-producto\/videograbadores\/nvr\/\"},{\"@type\":\"ListItem\",\"position\":5,\"name\":\"Tp Link Vigi Nvr1008h-8mp Nvr Tp-link Nvr Vigi Poe De 8 Canales Poe Video H.265 Onvif Plug And Play Audio Bidireccional 8- Channel\"}]},{\"@type\":\"WebSite\",\"@id\":\"https:\/\/compuviper.mx\/tienda\/#website\",\"url\":\"https:\/\/compuviper.mx\/tienda\/\",\"name\":\"Compuviper\",\"description\":\"Proveedor de Computadoras, Laptops, Servidores, Monitores, Puntos de Venta, Teclados,   Impresoras, T\u00f3ner, C\u00e1maras de Seguridad y m\u00e1s en tu tienda en l\u00ednea\",\"publisher\":{\"@id\":\"https:\/\/compuviper.mx\/tienda\/#organization\"},\"potentialAction\":[{\"@type\":\"SearchAction\",\"target\":{\"@type\":\"EntryPoint\",\"urlTemplate\":\"https:\/\/compuviper.mx\/tienda\/?s={search_term_string}\"},\"query-input\":\"required name=search_term_string\"}],\"inLanguage\":\"es-MX\"},{\"@type\":\"Organization\",\"@id\":\"https:\/\/compuviper.mx\/tienda\/#organization\",\"name\":\"Compuviper\",\"url\":\"https:\/\/compuviper.mx\/tienda\/\",\"logo\":{\"@type\":\"ImageObject\",\"inLanguage\":\"es-MX\",\"@id\":\"https:\/\/compuviper.mx\/tienda\/#\/schema\/logo\/image\/\",\"url\":\"https:\/\/compuviper.mx\/tienda\/wp-content\/uploads\/2021\/08\/Logo-Compuviper-10.png\",\"contentUrl\":\"https:\/\/compuviper.mx\/tienda\/wp-content\/uploads\/2021\/08\/Logo-Compuviper-10.png\",\"width\":1000,\"height\":500,\"caption\":\"Compuviper\"},\"image\":{\"@id\":\"https:\/\/compuviper.mx\/tienda\/#\/schema\/logo\/image\/\"},\"sameAs\":[\"https:\/\/www.facebook.com\/compuviper\",\"https:\/\/www.youtube.com\/channel\/UCf73dERp9Y3cfOq7q8BhLjA?view_as=subscriber\"]}]}<\/script>\n<meta property=\"product:brand\" content=\"TP LINK\" \/>\n<meta property=\"product:price:amount\" content=\"2001\" \/>\n<meta property=\"product:price:currency\" content=\"MXN\" \/>\n<meta property=\"og:availability\" content=\"backorder\" \/>\n<meta property=\"product:availability\" content=\"available for order\" \/>\n<meta property=\"product:retailer_item_id\" content=\"VIGI NVR1008H-8MP\" \/>\n<meta property=\"product:condition\" content=\"new\" \/>\n<!-- \/ Yoast SEO plugin. -->","yoast_head_json":{"title":"[ Tp Link ] &#129351; Vigi Nvr1008h-8mp Nvr Tp-link Nvr Vigi Poe De 8 Canales Poe Video H.265 Onvif Plug And Play Audio Bidireccional 8- Channel","description":"Compra Vigi Nvr1008h-8mp Nvr Tp-link Nvr Vigi Poe De 8 Canales Poe Video H.265 Onvif Plug And Play Audio Bidireccional 8- Channel + Env\u00edo a domicilio + Pago seguro + Garant\u00eda","robots":{"index":"index","follow":"follow","max-snippet":"max-snippet:-1","max-image-preview":"max-image-preview:large","max-video-preview":"max-video-preview:-1"},"canonical":"https:\/\/compuviper.mx\/tienda\/producto\/tp-link-vigi-nvr1008h-8mp-nvr-tp-link-nvr-vigi-poe-de-8-canales-poe-video-h-265-onvif-plug-and-play-audio-bidireccional-8-channel\/","og_locale":"es_MX","og_type":"article","og_title":"[ Tp Link ] &#129351; Vigi Nvr1008h-8mp Nvr Tp-link Nvr Vigi Poe De 8 Canales Poe Video H.265 Onvif Plug And Play Audio Bidireccional 8- Channel","og_description":"Compra Vigi Nvr1008h-8mp Nvr Tp-link Nvr Vigi Poe De 8 Canales Poe Video H.265 Onvif Plug And Play Audio Bidireccional 8- Channel + Env\u00edo a domicilio + Pago seguro + Garant\u00eda","og_url":"https:\/\/compuviper.mx\/tienda\/producto\/tp-link-vigi-nvr1008h-8mp-nvr-tp-link-nvr-vigi-poe-de-8-canales-poe-video-h-265-onvif-plug-and-play-audio-bidireccional-8-channel\/","og_site_name":"Compuviper","article_publisher":"https:\/\/www.facebook.com\/compuviper","og_image":[{"width":200,"height":200,"url":"https:\/\/compuviper.mx\/tienda\/wp-content\/uploads\/2024\/09\/Nvr-tp-link-vigi-nvr1008h-8mp-nvr-vigi-poe-de-8-canales-poe-video-h.265-onvif-plug-and-play-audio-bidireccional-8-channel.jpg","type":"image\/jpeg"}],"twitter_card":"summary_large_image","twitter_misc":{"Precio":"&#36;2,001 con IVA","Availability":"On backorder"},"schema":{"@context":"https:\/\/schema.org","@graph":[{"@type":"WebPage","@id":"https:\/\/compuviper.mx\/tienda\/producto\/tp-link-vigi-nvr1008h-8mp-nvr-tp-link-nvr-vigi-poe-de-8-canales-poe-video-h-265-onvif-plug-and-play-audio-bidireccional-8-channel\/","url":"https:\/\/compuviper.mx\/tienda\/producto\/tp-link-vigi-nvr1008h-8mp-nvr-tp-link-nvr-vigi-poe-de-8-canales-poe-video-h-265-onvif-plug-and-play-audio-bidireccional-8-channel\/","name":"[ Tp Link ] &#129351; Vigi Nvr1008h-8mp Nvr Tp-link Nvr Vigi Poe De 8 Canales Poe Video H.265 Onvif Plug And Play Audio Bidireccional 8- Channel","isPartOf":{"@id":"https:\/\/compuviper.mx\/tienda\/#website"},"datePublished":"2026-04-11T07:22:32+00:00","dateModified":"2026-04-11T07:22:32+00:00","description":"Compra Vigi Nvr1008h-8mp Nvr Tp-link Nvr Vigi Poe De 8 Canales Poe Video H.265 Onvif Plug And Play Audio Bidireccional 8- Channel + Env\u00edo a domicilio + Pago seguro + Garant\u00eda","breadcrumb":{"@id":"https:\/\/compuviper.mx\/tienda\/producto\/tp-link-vigi-nvr1008h-8mp-nvr-tp-link-nvr-vigi-poe-de-8-canales-poe-video-h-265-onvif-plug-and-play-audio-bidireccional-8-channel\/#breadcrumb"},"inLanguage":"es-MX","potentialAction":[{"@type":"ReadAction","target":["https:\/\/compuviper.mx\/tienda\/producto\/tp-link-vigi-nvr1008h-8mp-nvr-tp-link-nvr-vigi-poe-de-8-canales-poe-video-h-265-onvif-plug-and-play-audio-bidireccional-8-channel\/"]}]},{"@type":"BreadcrumbList","@id":"https:\/\/compuviper.mx\/tienda\/producto\/tp-link-vigi-nvr1008h-8mp-nvr-tp-link-nvr-vigi-poe-de-8-canales-poe-video-h-265-onvif-plug-and-play-audio-bidireccional-8-channel\/#breadcrumb","itemListElement":[{"@type":"ListItem","position":1,"name":"Inicio","item":"https:\/\/compuviper.mx\/tienda\/"},{"@type":"ListItem","position":2,"name":"Productos","item":"https:\/\/compuviper.mx\/tienda\/productos\/"},{"@type":"ListItem","position":3,"name":"Videograbadores","item":"https:\/\/compuviper.mx\/tienda\/categoria-producto\/videograbadores\/"},{"@type":"ListItem","position":4,"name":"Nvr","item":"https:\/\/compuviper.mx\/tienda\/categoria-producto\/videograbadores\/nvr\/"},{"@type":"ListItem","position":5,"name":"Tp Link Vigi Nvr1008h-8mp Nvr Tp-link Nvr Vigi Poe De 8 Canales Poe Video H.265 Onvif Plug And Play Audio Bidireccional 8- Channel"}]},{"@type":"WebSite","@id":"https:\/\/compuviper.mx\/tienda\/#website","url":"https:\/\/compuviper.mx\/tienda\/","name":"Compuviper","description":"Proveedor de Computadoras, Laptops, Servidores, Monitores, Puntos de Venta, Teclados,   Impresoras, T\u00f3ner, C\u00e1maras de Seguridad y m\u00e1s en tu tienda en l\u00ednea","publisher":{"@id":"https:\/\/compuviper.mx\/tienda\/#organization"},"potentialAction":[{"@type":"SearchAction","target":{"@type":"EntryPoint","urlTemplate":"https:\/\/compuviper.mx\/tienda\/?s={search_term_string}"},"query-input":"required name=search_term_string"}],"inLanguage":"es-MX"},{"@type":"Organization","@id":"https:\/\/compuviper.mx\/tienda\/#organization","name":"Compuviper","url":"https:\/\/compuviper.mx\/tienda\/","logo":{"@type":"ImageObject","inLanguage":"es-MX","@id":"https:\/\/compuviper.mx\/tienda\/#\/schema\/logo\/image\/","url":"https:\/\/compuviper.mx\/tienda\/wp-content\/uploads\/2021\/08\/Logo-Compuviper-10.png","contentUrl":"https:\/\/compuviper.mx\/tienda\/wp-content\/uploads\/2021\/08\/Logo-Compuviper-10.png","width":1000,"height":500,"caption":"Compuviper"},"image":{"@id":"https:\/\/compuviper.mx\/tienda\/#\/schema\/logo\/image\/"},"sameAs":["https:\/\/www.facebook.com\/compuviper","https:\/\/www.youtube.com\/channel\/UCf73dERp9Y3cfOq7q8BhLjA?view_as=subscriber"]}]},"product_brand":"TP LINK","product_price_amount":"2001","product_price_currency":"MXN","og_availability":"backorder","product_availability":"available for order","product_retailer_item_id":"VIGI NVR1008H-8MP","product_condition":"new"},"_links":{"self":[{"href":"https:\/\/compuviper.mx\/tienda\/wp-json\/wp\/v2\/product\/238863"}],"collection":[{"href":"https:\/\/compuviper.mx\/tienda\/wp-json\/wp\/v2\/product"}],"about":[{"href":"https:\/\/compuviper.mx\/tienda\/wp-json\/wp\/v2\/types\/product"}],"replies":[{"embeddable":true,"href":"https:\/\/compuviper.mx\/tienda\/wp-json\/wp\/v2\/comments?post=238863"}],"wp:featuredmedia":[{"embeddable":true,"href":"https:\/\/compuviper.mx\/tienda\/wp-json\/wp\/v2\/media\/243036"}],"wp:attachment":[{"href":"https:\/\/compuviper.mx\/tienda\/wp-json\/wp\/v2\/media?parent=238863"}],"wp:term":[{"taxonomy":"product_cat","embeddable":true,"href":"https:\/\/compuviper.mx\/tienda\/wp-json\/wp\/v2\/product_cat?post=238863"},{"taxonomy":"product_tag","embeddable":true,"href":"https:\/\/compuviper.mx\/tienda\/wp-json\/wp\/v2\/product_tag?post=238863"}],"curies":[{"name":"wp","href":"https:\/\/api.w.org\/{rel}","templated":true}]}}