{"id":238641,"date":"2026-04-07T00:37:28","date_gmt":"2026-04-07T06:37:28","guid":{"rendered":"https:\/\/compuviper.mx\/tienda\/producto\/seagate-stgx5000400-disco-duro-externo-expansion-5tb-2-5-portatil-usb-3-0-negro-win-mac\/"},"modified":"2026-04-07T00:37:28","modified_gmt":"2026-04-07T06:37:28","slug":"seagate-stgx5000400-disco-duro-externo-expansion-5tb-2-5-portatil-usb-3-0-negro-win-mac","status":"publish","type":"product","link":"https:\/\/compuviper.mx\/tienda\/producto\/seagate-stgx5000400-disco-duro-externo-expansion-5tb-2-5-portatil-usb-3-0-negro-win-mac\/","title":{"rendered":"Seagate Stgx5000400 Disco Duro Externo  Expansion 5tb 2.5 Portatil Usb 3.0 Negro Win Mac ()"},"content":{"rendered":"<table class=\"descripcion\">\n<tr>\n<td>Capacidad de almacenamiento digital: 5tb<\/td>\n<\/tr>\n<tr>\n<td>Tecnolog\u00eda de conectividad: usb<\/td>\n<\/tr>\n<tr>\n<td>Factor de forma de disco duro: 2,5 pulgadas<\/td>\n<\/tr>\n<tr>\n<td>Color: negro<\/td>\n<\/tr>\n<tr>\n<td>La unidad port\u00e1til expansion de seagate\u00ae es compacta e ideal para llevarla a todas partes. agregue m\u00e1s espacio de almacenamiento instant\u00e1neamente a su pc o mac y lleve consigo archivos grandes dondequiera que vaya.<\/td>\n<\/tr>\n<\/table>\n","protected":false},"excerpt":{"rendered":"<p>Sencilla, compacta y compatible con pc, la unidad port\u00e1til de seagate\u00ae le ofrece almacenamiento adicional sobre la marcha y le permite llevar consigo archivos de gran tama\u00f1o cuando cuando viaje. Ampl\u00ede la capacidad de su ordenador con una soluci\u00f3n ligera y compacta, aproveche la compatibilidad instant\u00e1nea plug-and-play con pc. La unidad se alimenta del cable usb por lo que no necesita una fuente de alimentaci\u00f3n externa. Adem\u00e1s, es reconocida autom\u00e1ticamente por el sistema operativo windows por lo que no es necesario que instalar ni nada que configurar. S\u00f3lo tiene que conectarlo y aprovechar las de transferencia de datos de la interfaz usb 3.0 conect\u00e1ndolo a un puerto puerto usb 3.0 superspeed.<\/p>\n","protected":false},"featured_media":238642,"comment_status":"open","ping_status":"open","template":"","meta":[],"product_cat":[1703,1706],"product_tag":[1710],"acf":[],"yoast_head":"<!-- This site is optimized with the Yoast SEO plugin v21.7 - https:\/\/yoast.com\/wordpress\/plugins\/seo\/ -->\n<title>[ Seagate ] &#129351; Stgx5000400 Disco Duro Externo Expansion 5tb 2.5 Portatil Usb 3.0 Negro Win Mac ()<\/title>\n<meta name=\"description\" content=\"Compra Stgx5000400 Disco Duro Externo Expansion 5tb 2.5 Portatil Usb 3.0 Negro Win Mac () + Env\u00edo a domicilio + Pago seguro + Garant\u00eda\" \/>\n<meta name=\"robots\" content=\"index, follow, max-snippet:-1, max-image-preview:large, max-video-preview:-1\" \/>\n<link rel=\"canonical\" href=\"https:\/\/compuviper.mx\/tienda\/producto\/seagate-stgx5000400-disco-duro-externo-expansion-5tb-2-5-portatil-usb-3-0-negro-win-mac\/\" \/>\n<meta property=\"og:locale\" content=\"es_MX\" \/>\n<meta property=\"og:type\" content=\"article\" \/>\n<meta property=\"og:title\" content=\"[ Seagate ] &#129351; Stgx5000400 Disco Duro Externo Expansion 5tb 2.5 Portatil Usb 3.0 Negro Win Mac ()\" \/>\n<meta property=\"og:description\" content=\"Compra Stgx5000400 Disco Duro Externo Expansion 5tb 2.5 Portatil Usb 3.0 Negro Win Mac () + Env\u00edo a domicilio + Pago seguro + Garant\u00eda\" \/>\n<meta property=\"og:url\" content=\"https:\/\/compuviper.mx\/tienda\/producto\/seagate-stgx5000400-disco-duro-externo-expansion-5tb-2-5-portatil-usb-3-0-negro-win-mac\/\" \/>\n<meta property=\"og:site_name\" content=\"Compuviper\" \/>\n<meta property=\"article:publisher\" content=\"https:\/\/www.facebook.com\/compuviper\" \/>\n<meta property=\"og:image\" content=\"https:\/\/compuviper.mx\/tienda\/wp-content\/uploads\/2024\/07\/Disco-duro-externo-seagate-expansion-5tb-2.5-portatil-usb-3.0-negro-win-mac-stgx5000400.jpg\" \/>\n\t<meta property=\"og:image:width\" content=\"200\" \/>\n\t<meta property=\"og:image:height\" content=\"200\" \/>\n\t<meta property=\"og:image:type\" content=\"image\/jpeg\" \/>\n<meta name=\"twitter:card\" content=\"summary_large_image\" \/>\n<meta name=\"twitter:label1\" content=\"Precio\" \/>\n\t<meta name=\"twitter:data1\" content=\"&#36;2,429 con IVA\" \/>\n\t<meta name=\"twitter:label2\" content=\"Availability\" \/>\n\t<meta name=\"twitter:data2\" content=\"Out of stock\" \/>\n<script type=\"application\/ld+json\" class=\"yoast-schema-graph\">{\"@context\":\"https:\/\/schema.org\",\"@graph\":[{\"@type\":\"WebPage\",\"@id\":\"https:\/\/compuviper.mx\/tienda\/producto\/seagate-stgx5000400-disco-duro-externo-expansion-5tb-2-5-portatil-usb-3-0-negro-win-mac\/\",\"url\":\"https:\/\/compuviper.mx\/tienda\/producto\/seagate-stgx5000400-disco-duro-externo-expansion-5tb-2-5-portatil-usb-3-0-negro-win-mac\/\",\"name\":\"[ Seagate ] &#129351; Stgx5000400 Disco Duro Externo Expansion 5tb 2.5 Portatil Usb 3.0 Negro Win Mac ()\",\"isPartOf\":{\"@id\":\"https:\/\/compuviper.mx\/tienda\/#website\"},\"datePublished\":\"2026-04-07T06:37:28+00:00\",\"dateModified\":\"2026-04-07T06:37:28+00:00\",\"description\":\"Compra Stgx5000400 Disco Duro Externo Expansion 5tb 2.5 Portatil Usb 3.0 Negro Win Mac () + Env\u00edo a domicilio + Pago seguro + Garant\u00eda\",\"breadcrumb\":{\"@id\":\"https:\/\/compuviper.mx\/tienda\/producto\/seagate-stgx5000400-disco-duro-externo-expansion-5tb-2-5-portatil-usb-3-0-negro-win-mac\/#breadcrumb\"},\"inLanguage\":\"es-MX\",\"potentialAction\":[{\"@type\":\"ReadAction\",\"target\":[\"https:\/\/compuviper.mx\/tienda\/producto\/seagate-stgx5000400-disco-duro-externo-expansion-5tb-2-5-portatil-usb-3-0-negro-win-mac\/\"]}]},{\"@type\":\"BreadcrumbList\",\"@id\":\"https:\/\/compuviper.mx\/tienda\/producto\/seagate-stgx5000400-disco-duro-externo-expansion-5tb-2-5-portatil-usb-3-0-negro-win-mac\/#breadcrumb\",\"itemListElement\":[{\"@type\":\"ListItem\",\"position\":1,\"name\":\"Inicio\",\"item\":\"https:\/\/compuviper.mx\/tienda\/\"},{\"@type\":\"ListItem\",\"position\":2,\"name\":\"Productos\",\"item\":\"https:\/\/compuviper.mx\/tienda\/productos\/\"},{\"@type\":\"ListItem\",\"position\":3,\"name\":\"Discos Duros\",\"item\":\"https:\/\/compuviper.mx\/tienda\/categoria-producto\/discos-duros\/\"},{\"@type\":\"ListItem\",\"position\":4,\"name\":\"Disco Duro\",\"item\":\"https:\/\/compuviper.mx\/tienda\/categoria-producto\/discos-duros\/disco-duro\/\"},{\"@type\":\"ListItem\",\"position\":5,\"name\":\"Seagate Stgx5000400 Disco Duro Externo Expansion 5tb 2.5 Portatil Usb 3.0 Negro Win Mac ()\"}]},{\"@type\":\"WebSite\",\"@id\":\"https:\/\/compuviper.mx\/tienda\/#website\",\"url\":\"https:\/\/compuviper.mx\/tienda\/\",\"name\":\"Compuviper\",\"description\":\"Proveedor de Computadoras, Laptops, Servidores, Monitores, Puntos de Venta, Teclados,   Impresoras, T\u00f3ner, C\u00e1maras de Seguridad y m\u00e1s en tu tienda en l\u00ednea\",\"publisher\":{\"@id\":\"https:\/\/compuviper.mx\/tienda\/#organization\"},\"potentialAction\":[{\"@type\":\"SearchAction\",\"target\":{\"@type\":\"EntryPoint\",\"urlTemplate\":\"https:\/\/compuviper.mx\/tienda\/?s={search_term_string}\"},\"query-input\":\"required name=search_term_string\"}],\"inLanguage\":\"es-MX\"},{\"@type\":\"Organization\",\"@id\":\"https:\/\/compuviper.mx\/tienda\/#organization\",\"name\":\"Compuviper\",\"url\":\"https:\/\/compuviper.mx\/tienda\/\",\"logo\":{\"@type\":\"ImageObject\",\"inLanguage\":\"es-MX\",\"@id\":\"https:\/\/compuviper.mx\/tienda\/#\/schema\/logo\/image\/\",\"url\":\"https:\/\/compuviper.mx\/tienda\/wp-content\/uploads\/2021\/08\/Logo-Compuviper-10.png\",\"contentUrl\":\"https:\/\/compuviper.mx\/tienda\/wp-content\/uploads\/2021\/08\/Logo-Compuviper-10.png\",\"width\":1000,\"height\":500,\"caption\":\"Compuviper\"},\"image\":{\"@id\":\"https:\/\/compuviper.mx\/tienda\/#\/schema\/logo\/image\/\"},\"sameAs\":[\"https:\/\/www.facebook.com\/compuviper\",\"https:\/\/www.youtube.com\/channel\/UCf73dERp9Y3cfOq7q8BhLjA?view_as=subscriber\"]}]}<\/script>\n<meta property=\"product:brand\" content=\"SEAGATE\" \/>\n<meta property=\"product:price:amount\" content=\"2429\" \/>\n<meta property=\"product:price:currency\" content=\"MXN\" \/>\n<meta property=\"og:availability\" content=\"out of stock\" \/>\n<meta property=\"product:availability\" content=\"out of stock\" \/>\n<meta property=\"product:retailer_item_id\" content=\"STGX5000400\" \/>\n<meta property=\"product:condition\" content=\"new\" \/>\n<!-- \/ Yoast SEO plugin. -->","yoast_head_json":{"title":"[ Seagate ] &#129351; Stgx5000400 Disco Duro Externo Expansion 5tb 2.5 Portatil Usb 3.0 Negro Win Mac ()","description":"Compra Stgx5000400 Disco Duro Externo Expansion 5tb 2.5 Portatil Usb 3.0 Negro Win Mac () + Env\u00edo a domicilio + Pago seguro + Garant\u00eda","robots":{"index":"index","follow":"follow","max-snippet":"max-snippet:-1","max-image-preview":"max-image-preview:large","max-video-preview":"max-video-preview:-1"},"canonical":"https:\/\/compuviper.mx\/tienda\/producto\/seagate-stgx5000400-disco-duro-externo-expansion-5tb-2-5-portatil-usb-3-0-negro-win-mac\/","og_locale":"es_MX","og_type":"article","og_title":"[ Seagate ] &#129351; Stgx5000400 Disco Duro Externo Expansion 5tb 2.5 Portatil Usb 3.0 Negro Win Mac ()","og_description":"Compra Stgx5000400 Disco Duro Externo Expansion 5tb 2.5 Portatil Usb 3.0 Negro Win Mac () + Env\u00edo a domicilio + Pago seguro + Garant\u00eda","og_url":"https:\/\/compuviper.mx\/tienda\/producto\/seagate-stgx5000400-disco-duro-externo-expansion-5tb-2-5-portatil-usb-3-0-negro-win-mac\/","og_site_name":"Compuviper","article_publisher":"https:\/\/www.facebook.com\/compuviper","og_image":[{"width":200,"height":200,"url":"https:\/\/compuviper.mx\/tienda\/wp-content\/uploads\/2024\/07\/Disco-duro-externo-seagate-expansion-5tb-2.5-portatil-usb-3.0-negro-win-mac-stgx5000400.jpg","type":"image\/jpeg"}],"twitter_card":"summary_large_image","twitter_misc":{"Precio":"&#36;2,429 con IVA","Availability":"Out of stock"},"schema":{"@context":"https:\/\/schema.org","@graph":[{"@type":"WebPage","@id":"https:\/\/compuviper.mx\/tienda\/producto\/seagate-stgx5000400-disco-duro-externo-expansion-5tb-2-5-portatil-usb-3-0-negro-win-mac\/","url":"https:\/\/compuviper.mx\/tienda\/producto\/seagate-stgx5000400-disco-duro-externo-expansion-5tb-2-5-portatil-usb-3-0-negro-win-mac\/","name":"[ Seagate ] &#129351; Stgx5000400 Disco Duro Externo Expansion 5tb 2.5 Portatil Usb 3.0 Negro Win Mac ()","isPartOf":{"@id":"https:\/\/compuviper.mx\/tienda\/#website"},"datePublished":"2026-04-07T06:37:28+00:00","dateModified":"2026-04-07T06:37:28+00:00","description":"Compra Stgx5000400 Disco Duro Externo Expansion 5tb 2.5 Portatil Usb 3.0 Negro Win Mac () + Env\u00edo a domicilio + Pago seguro + Garant\u00eda","breadcrumb":{"@id":"https:\/\/compuviper.mx\/tienda\/producto\/seagate-stgx5000400-disco-duro-externo-expansion-5tb-2-5-portatil-usb-3-0-negro-win-mac\/#breadcrumb"},"inLanguage":"es-MX","potentialAction":[{"@type":"ReadAction","target":["https:\/\/compuviper.mx\/tienda\/producto\/seagate-stgx5000400-disco-duro-externo-expansion-5tb-2-5-portatil-usb-3-0-negro-win-mac\/"]}]},{"@type":"BreadcrumbList","@id":"https:\/\/compuviper.mx\/tienda\/producto\/seagate-stgx5000400-disco-duro-externo-expansion-5tb-2-5-portatil-usb-3-0-negro-win-mac\/#breadcrumb","itemListElement":[{"@type":"ListItem","position":1,"name":"Inicio","item":"https:\/\/compuviper.mx\/tienda\/"},{"@type":"ListItem","position":2,"name":"Productos","item":"https:\/\/compuviper.mx\/tienda\/productos\/"},{"@type":"ListItem","position":3,"name":"Discos Duros","item":"https:\/\/compuviper.mx\/tienda\/categoria-producto\/discos-duros\/"},{"@type":"ListItem","position":4,"name":"Disco Duro","item":"https:\/\/compuviper.mx\/tienda\/categoria-producto\/discos-duros\/disco-duro\/"},{"@type":"ListItem","position":5,"name":"Seagate Stgx5000400 Disco Duro Externo Expansion 5tb 2.5 Portatil Usb 3.0 Negro Win Mac ()"}]},{"@type":"WebSite","@id":"https:\/\/compuviper.mx\/tienda\/#website","url":"https:\/\/compuviper.mx\/tienda\/","name":"Compuviper","description":"Proveedor de Computadoras, Laptops, Servidores, Monitores, Puntos de Venta, Teclados,   Impresoras, T\u00f3ner, C\u00e1maras de Seguridad y m\u00e1s en tu tienda en l\u00ednea","publisher":{"@id":"https:\/\/compuviper.mx\/tienda\/#organization"},"potentialAction":[{"@type":"SearchAction","target":{"@type":"EntryPoint","urlTemplate":"https:\/\/compuviper.mx\/tienda\/?s={search_term_string}"},"query-input":"required name=search_term_string"}],"inLanguage":"es-MX"},{"@type":"Organization","@id":"https:\/\/compuviper.mx\/tienda\/#organization","name":"Compuviper","url":"https:\/\/compuviper.mx\/tienda\/","logo":{"@type":"ImageObject","inLanguage":"es-MX","@id":"https:\/\/compuviper.mx\/tienda\/#\/schema\/logo\/image\/","url":"https:\/\/compuviper.mx\/tienda\/wp-content\/uploads\/2021\/08\/Logo-Compuviper-10.png","contentUrl":"https:\/\/compuviper.mx\/tienda\/wp-content\/uploads\/2021\/08\/Logo-Compuviper-10.png","width":1000,"height":500,"caption":"Compuviper"},"image":{"@id":"https:\/\/compuviper.mx\/tienda\/#\/schema\/logo\/image\/"},"sameAs":["https:\/\/www.facebook.com\/compuviper","https:\/\/www.youtube.com\/channel\/UCf73dERp9Y3cfOq7q8BhLjA?view_as=subscriber"]}]},"product_brand":"SEAGATE","product_price_amount":"2429","product_price_currency":"MXN","og_availability":"out of stock","product_availability":"out of stock","product_retailer_item_id":"STGX5000400","product_condition":"new"},"_links":{"self":[{"href":"https:\/\/compuviper.mx\/tienda\/wp-json\/wp\/v2\/product\/238641"}],"collection":[{"href":"https:\/\/compuviper.mx\/tienda\/wp-json\/wp\/v2\/product"}],"about":[{"href":"https:\/\/compuviper.mx\/tienda\/wp-json\/wp\/v2\/types\/product"}],"replies":[{"embeddable":true,"href":"https:\/\/compuviper.mx\/tienda\/wp-json\/wp\/v2\/comments?post=238641"}],"wp:featuredmedia":[{"embeddable":true,"href":"https:\/\/compuviper.mx\/tienda\/wp-json\/wp\/v2\/media\/238642"}],"wp:attachment":[{"href":"https:\/\/compuviper.mx\/tienda\/wp-json\/wp\/v2\/media?parent=238641"}],"wp:term":[{"taxonomy":"product_cat","embeddable":true,"href":"https:\/\/compuviper.mx\/tienda\/wp-json\/wp\/v2\/product_cat?post=238641"},{"taxonomy":"product_tag","embeddable":true,"href":"https:\/\/compuviper.mx\/tienda\/wp-json\/wp\/v2\/product_tag?post=238641"}],"curies":[{"name":"wp","href":"https:\/\/api.w.org\/{rel}","templated":true}]}}