{"id":238483,"date":"2026-04-28T01:56:51","date_gmt":"2026-04-28T07:56:51","guid":{"rendered":"https:\/\/compuviper.mx\/tienda\/producto\/epson-b11b269201-escaner-workforce-es-c380w-30-ppm-60ipm-600d-pi1200-dpi-led-rgb-usb-wifi\/"},"modified":"2026-04-28T01:56:51","modified_gmt":"2026-04-28T07:56:51","slug":"epson-b11b269201-escaner-workforce-es-c380w-30-ppm-60ipm-600d-pi1200-dpi-led-rgb-usb-wifi","status":"publish","type":"product","link":"https:\/\/compuviper.mx\/tienda\/producto\/epson-b11b269201-escaner-workforce-es-c380w-30-ppm-60ipm-600d-pi1200-dpi-led-rgb-usb-wifi\/","title":{"rendered":"Epson B11b269201 Escaner  Workforce Es-c380w, 30 Ppm \/ 60ipm, 600d Pi,1200 Dpi, Led Rgb, Usb, Wifi"},"content":{"rendered":"<table class=\"descripcion\">\n<tr>\n<td>Especificaciones t\u00e9cnicas<\/td>\n<\/tr>\n<tr>\n<td>Tipo esc\u00e1ner color a doble faz con una pasada y alimentaci\u00f3n de hojas<\/td>\n<\/tr>\n<tr>\n<td>Tipo de sensor sensor de imagen de contacto (cis)<\/td>\n<\/tr>\n<tr>\n<td>Fuente de luz led rgb de 3 colores<\/td>\n<\/tr>\n<tr>\n<td>Resoluci\u00f3n \u00f3ptica 600 dpi<\/td>\n<\/tr>\n<tr>\n<td>Resoluci\u00f3n interpolada m\u00e1xima: 1.200 dpi<\/td>\n<\/tr>\n<tr>\n<td>Resoluci\u00f3n m\u00e1xima del hardware 600 dpi<\/td>\n<\/tr>\n<tr>\n<td>Modo de escaneado en color entrada: 30 bits<\/td>\n<\/tr>\n<tr>\n<td>(profundidad de bits) salida: 24 bits<\/td>\n<\/tr>\n<tr>\n<td>Botones encendido\/apagado, inicio y pantalla t\u00e1ctil en color de 2,4\u0093<\/td>\n<\/tr>\n<tr>\n<td>Alimentador automatico de<\/td>\n<\/tr>\n<tr>\n<td>Documentos 20 hojas<\/td>\n<\/tr>\n<tr>\n<td>Tama\u00f1o del documento 21,5 x 304,8 cm m\u00e1ximo y 5,08 x 5,08 cm m\u00e1ximo<\/td>\n<\/tr>\n<tr>\n<td>Peso del papel<\/td>\n<\/tr>\n<tr>\n<td> 40 &#8211; 127 g\/m^{2} para recorrido vertical;<\/td>\n<\/tr>\n<tr>\n<td>40 &#8211; 413 g\/m^{2} para recorrido recto<\/td>\n<\/tr>\n<tr>\n<td>Velocidad de escaneo 30 ppm\/60 ipm: 300 dpi en blanco y negro, color,<\/td>\n<\/tr>\n<tr>\n<td>(tama\u00f1o carta)^{5} escala de grises (alta velocidad)<\/td>\n<\/tr>\n<tr>\n<td>Conectividad usb 2.0 tipo-c, wi-fi 802.11 b\/g\/n\/a\/ac<\/td>\n<\/tr>\n<tr>\n<td>(2,4 ghz y 5 ghz, usb 2.0 host)<\/td>\n<\/tr>\n<tr>\n<td>Ciclo de trabajo diario maximo^{8}<\/td>\n<\/tr>\n<tr>\n<td>Consumibles hasta 3.500 hojas<\/td>\n<\/tr>\n<tr>\n<td>Rodillos de recogida y separaci\u00f3n 50.000 hojas<\/td>\n<\/tr>\n<tr>\n<td>Requisitos del sistema<\/td>\n<\/tr>\n<tr>\n<td>Windows^{\u00ae} 11 (64-bits), windows^{\u00ae} 10 (32-bits, 64-bits), windows^{\u00ae} 8\/8.1 (32-bits, 64-bits),<\/td>\n<\/tr>\n<tr>\n<td>Windows^{\u00ae} 7 (32-bits, 64-bits) sp1, macos^{\u00ae} x 10.11.x a macos^{\u00ae} 13.x<\/td>\n<\/tr>\n<tr>\n<td>Garant\u00eda<\/td>\n<\/tr>\n<tr>\n<td>1 a\u00f1o de garant\u00eda limitada<\/td>\n<\/tr>\n<tr>\n<td>Que incluye<\/td>\n<\/tr>\n<tr>\n<td>Escaner de documentos workforce^{\u00ae} es-c380w, guia de inicio rapido, cable usb<\/td>\n<\/tr>\n<tr>\n<td>De alta velocidad, adaptador ac y cable de alimentaci\u00f3n<\/td>\n<\/tr>\n<\/table>\n","protected":false},"excerpt":{"rendered":"<p>Organice el desorden con el organizador en la nube. Que le dar\u00e1 tranquilidad.<\/p>\n","protected":false},"featured_media":243403,"comment_status":"open","ping_status":"open","template":"","meta":[],"product_cat":[1805,1807],"product_tag":[1624],"acf":[],"yoast_head":"<!-- This site is optimized with the Yoast SEO plugin v21.7 - https:\/\/yoast.com\/wordpress\/plugins\/seo\/ -->\n<title>[ Epson ] &#129351; B11b269201 Escaner Workforce Es-c380w, 30 Ppm \/ 60ipm, 600d Pi,1200 Dpi, Led Rgb, Usb, Wifi<\/title>\n<meta name=\"description\" content=\"Compra B11b269201 Escaner Workforce Es-c380w, 30 Ppm \/ 60ipm, 600d Pi,1200 Dpi, Led Rgb, Usb, Wifi + Env\u00edo a domicilio + Pago seguro + Garant\u00eda\" \/>\n<meta name=\"robots\" content=\"index, follow, max-snippet:-1, max-image-preview:large, max-video-preview:-1\" \/>\n<link rel=\"canonical\" href=\"https:\/\/compuviper.mx\/tienda\/producto\/epson-b11b269201-escaner-workforce-es-c380w-30-ppm-60ipm-600d-pi1200-dpi-led-rgb-usb-wifi\/\" \/>\n<meta property=\"og:locale\" content=\"es_MX\" \/>\n<meta property=\"og:type\" content=\"article\" \/>\n<meta property=\"og:title\" content=\"[ Epson ] &#129351; B11b269201 Escaner Workforce Es-c380w, 30 Ppm \/ 60ipm, 600d Pi,1200 Dpi, Led Rgb, Usb, Wifi\" \/>\n<meta property=\"og:description\" content=\"Compra B11b269201 Escaner Workforce Es-c380w, 30 Ppm \/ 60ipm, 600d Pi,1200 Dpi, Led Rgb, Usb, Wifi + Env\u00edo a domicilio + Pago seguro + Garant\u00eda\" \/>\n<meta property=\"og:url\" content=\"https:\/\/compuviper.mx\/tienda\/producto\/epson-b11b269201-escaner-workforce-es-c380w-30-ppm-60ipm-600d-pi1200-dpi-led-rgb-usb-wifi\/\" \/>\n<meta property=\"og:site_name\" content=\"Compuviper\" \/>\n<meta property=\"article:publisher\" content=\"https:\/\/www.facebook.com\/compuviper\" \/>\n<meta property=\"og:image\" content=\"https:\/\/compuviper.mx\/tienda\/wp-content\/uploads\/2024\/09\/Escaner-epson-workforce-es-c380w-30-ppm-60ipm-600d-pi1200-dpi-led-rgb-usb-wifi.jpg\" \/>\n\t<meta property=\"og:image:width\" content=\"200\" \/>\n\t<meta property=\"og:image:height\" content=\"200\" \/>\n\t<meta property=\"og:image:type\" content=\"image\/jpeg\" \/>\n<meta name=\"twitter:card\" content=\"summary_large_image\" \/>\n<meta name=\"twitter:label1\" content=\"Precio\" \/>\n\t<meta name=\"twitter:data1\" content=\"&#36;8,423 &#36;8,014 con IVA\" \/>\n\t<meta name=\"twitter:label2\" content=\"Availability\" \/>\n\t<meta name=\"twitter:data2\" content=\"In stock\" \/>\n<script type=\"application\/ld+json\" class=\"yoast-schema-graph\">{\"@context\":\"https:\/\/schema.org\",\"@graph\":[{\"@type\":\"WebPage\",\"@id\":\"https:\/\/compuviper.mx\/tienda\/producto\/epson-b11b269201-escaner-workforce-es-c380w-30-ppm-60ipm-600d-pi1200-dpi-led-rgb-usb-wifi\/\",\"url\":\"https:\/\/compuviper.mx\/tienda\/producto\/epson-b11b269201-escaner-workforce-es-c380w-30-ppm-60ipm-600d-pi1200-dpi-led-rgb-usb-wifi\/\",\"name\":\"[ Epson ] &#129351; B11b269201 Escaner Workforce Es-c380w, 30 Ppm \/ 60ipm, 600d Pi,1200 Dpi, Led Rgb, Usb, Wifi\",\"isPartOf\":{\"@id\":\"https:\/\/compuviper.mx\/tienda\/#website\"},\"datePublished\":\"2026-04-28T07:56:51+00:00\",\"dateModified\":\"2026-04-28T07:56:51+00:00\",\"description\":\"Compra B11b269201 Escaner Workforce Es-c380w, 30 Ppm \/ 60ipm, 600d Pi,1200 Dpi, Led Rgb, Usb, Wifi + Env\u00edo a domicilio + Pago seguro + Garant\u00eda\",\"breadcrumb\":{\"@id\":\"https:\/\/compuviper.mx\/tienda\/producto\/epson-b11b269201-escaner-workforce-es-c380w-30-ppm-60ipm-600d-pi1200-dpi-led-rgb-usb-wifi\/#breadcrumb\"},\"inLanguage\":\"es-MX\",\"potentialAction\":[{\"@type\":\"ReadAction\",\"target\":[\"https:\/\/compuviper.mx\/tienda\/producto\/epson-b11b269201-escaner-workforce-es-c380w-30-ppm-60ipm-600d-pi1200-dpi-led-rgb-usb-wifi\/\"]}]},{\"@type\":\"BreadcrumbList\",\"@id\":\"https:\/\/compuviper.mx\/tienda\/producto\/epson-b11b269201-escaner-workforce-es-c380w-30-ppm-60ipm-600d-pi1200-dpi-led-rgb-usb-wifi\/#breadcrumb\",\"itemListElement\":[{\"@type\":\"ListItem\",\"position\":1,\"name\":\"Inicio\",\"item\":\"https:\/\/compuviper.mx\/tienda\/\"},{\"@type\":\"ListItem\",\"position\":2,\"name\":\"Productos\",\"item\":\"https:\/\/compuviper.mx\/tienda\/productos\/\"},{\"@type\":\"ListItem\",\"position\":3,\"name\":\"Scanner\",\"item\":\"https:\/\/compuviper.mx\/tienda\/categoria-producto\/scanner\/\"},{\"@type\":\"ListItem\",\"position\":4,\"name\":\"Scanner Documentos\",\"item\":\"https:\/\/compuviper.mx\/tienda\/categoria-producto\/scanner\/scanner-documentos\/\"},{\"@type\":\"ListItem\",\"position\":5,\"name\":\"Epson B11b269201 Escaner Workforce Es-c380w, 30 Ppm \/ 60ipm, 600d Pi,1200 Dpi, Led Rgb, Usb, Wifi\"}]},{\"@type\":\"WebSite\",\"@id\":\"https:\/\/compuviper.mx\/tienda\/#website\",\"url\":\"https:\/\/compuviper.mx\/tienda\/\",\"name\":\"Compuviper\",\"description\":\"Proveedor de Computadoras, Laptops, Servidores, Monitores, Puntos de Venta, Teclados,   Impresoras, T\u00f3ner, C\u00e1maras de Seguridad y m\u00e1s en tu tienda en l\u00ednea\",\"publisher\":{\"@id\":\"https:\/\/compuviper.mx\/tienda\/#organization\"},\"potentialAction\":[{\"@type\":\"SearchAction\",\"target\":{\"@type\":\"EntryPoint\",\"urlTemplate\":\"https:\/\/compuviper.mx\/tienda\/?s={search_term_string}\"},\"query-input\":\"required name=search_term_string\"}],\"inLanguage\":\"es-MX\"},{\"@type\":\"Organization\",\"@id\":\"https:\/\/compuviper.mx\/tienda\/#organization\",\"name\":\"Compuviper\",\"url\":\"https:\/\/compuviper.mx\/tienda\/\",\"logo\":{\"@type\":\"ImageObject\",\"inLanguage\":\"es-MX\",\"@id\":\"https:\/\/compuviper.mx\/tienda\/#\/schema\/logo\/image\/\",\"url\":\"https:\/\/compuviper.mx\/tienda\/wp-content\/uploads\/2021\/08\/Logo-Compuviper-10.png\",\"contentUrl\":\"https:\/\/compuviper.mx\/tienda\/wp-content\/uploads\/2021\/08\/Logo-Compuviper-10.png\",\"width\":1000,\"height\":500,\"caption\":\"Compuviper\"},\"image\":{\"@id\":\"https:\/\/compuviper.mx\/tienda\/#\/schema\/logo\/image\/\"},\"sameAs\":[\"https:\/\/www.facebook.com\/compuviper\",\"https:\/\/www.youtube.com\/channel\/UCf73dERp9Y3cfOq7q8BhLjA?view_as=subscriber\"]}]}<\/script>\n<meta property=\"product:brand\" content=\"EPSON\" \/>\n<meta property=\"product:price:amount\" content=\"8014\" \/>\n<meta property=\"product:price:currency\" content=\"MXN\" \/>\n<meta property=\"og:availability\" content=\"instock\" \/>\n<meta property=\"product:availability\" content=\"instock\" \/>\n<meta property=\"product:retailer_item_id\" content=\"B11B269201\" \/>\n<meta property=\"product:condition\" content=\"new\" \/>\n<!-- \/ Yoast SEO plugin. -->","yoast_head_json":{"title":"[ Epson ] &#129351; B11b269201 Escaner Workforce Es-c380w, 30 Ppm \/ 60ipm, 600d Pi,1200 Dpi, Led Rgb, Usb, Wifi","description":"Compra B11b269201 Escaner Workforce Es-c380w, 30 Ppm \/ 60ipm, 600d Pi,1200 Dpi, Led Rgb, Usb, Wifi + Env\u00edo a domicilio + Pago seguro + Garant\u00eda","robots":{"index":"index","follow":"follow","max-snippet":"max-snippet:-1","max-image-preview":"max-image-preview:large","max-video-preview":"max-video-preview:-1"},"canonical":"https:\/\/compuviper.mx\/tienda\/producto\/epson-b11b269201-escaner-workforce-es-c380w-30-ppm-60ipm-600d-pi1200-dpi-led-rgb-usb-wifi\/","og_locale":"es_MX","og_type":"article","og_title":"[ Epson ] &#129351; B11b269201 Escaner Workforce Es-c380w, 30 Ppm \/ 60ipm, 600d Pi,1200 Dpi, Led Rgb, Usb, Wifi","og_description":"Compra B11b269201 Escaner Workforce Es-c380w, 30 Ppm \/ 60ipm, 600d Pi,1200 Dpi, Led Rgb, Usb, Wifi + Env\u00edo a domicilio + Pago seguro + Garant\u00eda","og_url":"https:\/\/compuviper.mx\/tienda\/producto\/epson-b11b269201-escaner-workforce-es-c380w-30-ppm-60ipm-600d-pi1200-dpi-led-rgb-usb-wifi\/","og_site_name":"Compuviper","article_publisher":"https:\/\/www.facebook.com\/compuviper","og_image":[{"width":200,"height":200,"url":"https:\/\/compuviper.mx\/tienda\/wp-content\/uploads\/2024\/09\/Escaner-epson-workforce-es-c380w-30-ppm-60ipm-600d-pi1200-dpi-led-rgb-usb-wifi.jpg","type":"image\/jpeg"}],"twitter_card":"summary_large_image","twitter_misc":{"Precio":"&#36;8,423 &#36;8,014 con IVA","Availability":"In stock"},"schema":{"@context":"https:\/\/schema.org","@graph":[{"@type":"WebPage","@id":"https:\/\/compuviper.mx\/tienda\/producto\/epson-b11b269201-escaner-workforce-es-c380w-30-ppm-60ipm-600d-pi1200-dpi-led-rgb-usb-wifi\/","url":"https:\/\/compuviper.mx\/tienda\/producto\/epson-b11b269201-escaner-workforce-es-c380w-30-ppm-60ipm-600d-pi1200-dpi-led-rgb-usb-wifi\/","name":"[ Epson ] &#129351; B11b269201 Escaner Workforce Es-c380w, 30 Ppm \/ 60ipm, 600d Pi,1200 Dpi, Led Rgb, Usb, Wifi","isPartOf":{"@id":"https:\/\/compuviper.mx\/tienda\/#website"},"datePublished":"2026-04-28T07:56:51+00:00","dateModified":"2026-04-28T07:56:51+00:00","description":"Compra B11b269201 Escaner Workforce Es-c380w, 30 Ppm \/ 60ipm, 600d Pi,1200 Dpi, Led Rgb, Usb, Wifi + Env\u00edo a domicilio + Pago seguro + Garant\u00eda","breadcrumb":{"@id":"https:\/\/compuviper.mx\/tienda\/producto\/epson-b11b269201-escaner-workforce-es-c380w-30-ppm-60ipm-600d-pi1200-dpi-led-rgb-usb-wifi\/#breadcrumb"},"inLanguage":"es-MX","potentialAction":[{"@type":"ReadAction","target":["https:\/\/compuviper.mx\/tienda\/producto\/epson-b11b269201-escaner-workforce-es-c380w-30-ppm-60ipm-600d-pi1200-dpi-led-rgb-usb-wifi\/"]}]},{"@type":"BreadcrumbList","@id":"https:\/\/compuviper.mx\/tienda\/producto\/epson-b11b269201-escaner-workforce-es-c380w-30-ppm-60ipm-600d-pi1200-dpi-led-rgb-usb-wifi\/#breadcrumb","itemListElement":[{"@type":"ListItem","position":1,"name":"Inicio","item":"https:\/\/compuviper.mx\/tienda\/"},{"@type":"ListItem","position":2,"name":"Productos","item":"https:\/\/compuviper.mx\/tienda\/productos\/"},{"@type":"ListItem","position":3,"name":"Scanner","item":"https:\/\/compuviper.mx\/tienda\/categoria-producto\/scanner\/"},{"@type":"ListItem","position":4,"name":"Scanner Documentos","item":"https:\/\/compuviper.mx\/tienda\/categoria-producto\/scanner\/scanner-documentos\/"},{"@type":"ListItem","position":5,"name":"Epson B11b269201 Escaner Workforce Es-c380w, 30 Ppm \/ 60ipm, 600d Pi,1200 Dpi, Led Rgb, Usb, Wifi"}]},{"@type":"WebSite","@id":"https:\/\/compuviper.mx\/tienda\/#website","url":"https:\/\/compuviper.mx\/tienda\/","name":"Compuviper","description":"Proveedor de Computadoras, Laptops, Servidores, Monitores, Puntos de Venta, Teclados,   Impresoras, T\u00f3ner, C\u00e1maras de Seguridad y m\u00e1s en tu tienda en l\u00ednea","publisher":{"@id":"https:\/\/compuviper.mx\/tienda\/#organization"},"potentialAction":[{"@type":"SearchAction","target":{"@type":"EntryPoint","urlTemplate":"https:\/\/compuviper.mx\/tienda\/?s={search_term_string}"},"query-input":"required name=search_term_string"}],"inLanguage":"es-MX"},{"@type":"Organization","@id":"https:\/\/compuviper.mx\/tienda\/#organization","name":"Compuviper","url":"https:\/\/compuviper.mx\/tienda\/","logo":{"@type":"ImageObject","inLanguage":"es-MX","@id":"https:\/\/compuviper.mx\/tienda\/#\/schema\/logo\/image\/","url":"https:\/\/compuviper.mx\/tienda\/wp-content\/uploads\/2021\/08\/Logo-Compuviper-10.png","contentUrl":"https:\/\/compuviper.mx\/tienda\/wp-content\/uploads\/2021\/08\/Logo-Compuviper-10.png","width":1000,"height":500,"caption":"Compuviper"},"image":{"@id":"https:\/\/compuviper.mx\/tienda\/#\/schema\/logo\/image\/"},"sameAs":["https:\/\/www.facebook.com\/compuviper","https:\/\/www.youtube.com\/channel\/UCf73dERp9Y3cfOq7q8BhLjA?view_as=subscriber"]}]},"product_brand":"EPSON","product_price_amount":"8014","product_price_currency":"MXN","og_availability":"instock","product_availability":"instock","product_retailer_item_id":"B11B269201","product_condition":"new"},"_links":{"self":[{"href":"https:\/\/compuviper.mx\/tienda\/wp-json\/wp\/v2\/product\/238483"}],"collection":[{"href":"https:\/\/compuviper.mx\/tienda\/wp-json\/wp\/v2\/product"}],"about":[{"href":"https:\/\/compuviper.mx\/tienda\/wp-json\/wp\/v2\/types\/product"}],"replies":[{"embeddable":true,"href":"https:\/\/compuviper.mx\/tienda\/wp-json\/wp\/v2\/comments?post=238483"}],"wp:featuredmedia":[{"embeddable":true,"href":"https:\/\/compuviper.mx\/tienda\/wp-json\/wp\/v2\/media\/243403"}],"wp:attachment":[{"href":"https:\/\/compuviper.mx\/tienda\/wp-json\/wp\/v2\/media?parent=238483"}],"wp:term":[{"taxonomy":"product_cat","embeddable":true,"href":"https:\/\/compuviper.mx\/tienda\/wp-json\/wp\/v2\/product_cat?post=238483"},{"taxonomy":"product_tag","embeddable":true,"href":"https:\/\/compuviper.mx\/tienda\/wp-json\/wp\/v2\/product_tag?post=238483"}],"curies":[{"name":"wp","href":"https:\/\/api.w.org\/{rel}","templated":true}]}}