{"id":238481,"date":"2026-04-28T01:56:51","date_gmt":"2026-04-28T07:56:51","guid":{"rendered":"https:\/\/compuviper.mx\/tienda\/producto\/epson-b11b272201-escaner-ds-c330-30-ppm-60ipm-600dpi-usb-duplex\/"},"modified":"2026-04-28T01:56:51","modified_gmt":"2026-04-28T07:56:51","slug":"epson-b11b272201-escaner-ds-c330-30-ppm-60ipm-600dpi-usb-duplex","status":"publish","type":"product","link":"https:\/\/compuviper.mx\/tienda\/producto\/epson-b11b272201-escaner-ds-c330-30-ppm-60ipm-600dpi-usb-duplex\/","title":{"rendered":"Epson B11b272201 Escaner  Ds-c330 30 Ppm \/ 60ipm, 600dpi, Usb, Duplex"},"content":{"rendered":"<table class=\"descripcion\">\n<tr>\n<td>Tipo esc\u00e1ner en color d\u00faplex de 1 pasada con alimentador de documentos<\/td>\n<\/tr>\n<tr>\n<td>Tipo de sensor sensor de imagen por contacto (cis x2)<\/td>\n<\/tr>\n<tr>\n<td>Fuente de luz led rgb de 3 colores x2<\/td>\n<\/tr>\n<tr>\n<td>Resoluci\u00f3n \u00f3ptica 600 ppp<\/td>\n<\/tr>\n<tr>\n<td>Resoluci\u00f3n m\u00e1xima interpolada 1.200 ppp<\/td>\n<\/tr>\n<tr>\n<td>Modo de escaneado en color entrada: 30 bits<\/td>\n<\/tr>\n<tr>\n<td>(profundidad de bits) salida: 24 bits<\/td>\n<\/tr>\n<tr>\n<td>Botones encender, escanear, detener<\/td>\n<\/tr>\n<tr>\n<td>Alimentador autom\u00e1tico de<\/td>\n<\/tr>\n<tr>\n<td>Documentos 20 hojas<\/td>\n<\/tr>\n<tr>\n<td>Tama\u00f1o del documento 21,59 x 304,8 cm m\u00e1ximo\u00b3, 5,08 x 5,08 cm m\u00ednimo\u00b3<\/td>\n<\/tr>\n<tr>\n<td>Peso del papel 40 g\/m\u00b2 &#8211; 413 g\/m\u00b2<\/td>\n<\/tr>\n<tr>\n<td>Velocidad de escaneado 30 ppm\/60 ipm: 300 ppp, blanco y negro,<\/td>\n<\/tr>\n<tr>\n<td>(tama\u00f1o carta)^{2} color, escala de grises (usb de alta velocidad)\u00b2<\/td>\n<\/tr>\n<tr>\n<td>Conectividad usb 2.0 de alta velocidad tipo-c<\/td>\n<\/tr>\n<tr>\n<td>Ciclo de trabajo diario^{7} m\u00e1ximo hasta 5.000 p\u00e1ginas<\/td>\n<\/tr>\n<tr>\n<td>Consumibles<\/td>\n<\/tr>\n<tr>\n<td>Rodillo de recogida: 50.000 hojas<\/td>\n<\/tr>\n<tr>\n<td>Rodillo de separaci\u00f3n: 50.000 hojas<\/td>\n<\/tr>\n<tr>\n<td>Condiciones ambientales<\/td>\n<\/tr>\n<tr>\n<td>Temperatura (de funcionamiento) 41 \u00b0f a 95 \u00b0f (5 \u00b0c a 35 \u00b0c)<\/td>\n<\/tr>\n<tr>\n<td>Almacenamiento -13 \u00b0f a 140 \u00b0f (-25 \u00b0c a 60 \u00b0c)<\/td>\n<\/tr>\n<tr>\n<td>Humedad (de funcionamiento) 15 % &#8211; 80 % (sin condensaci\u00f3n)<\/td>\n<\/tr>\n<tr>\n<td>Requisitos de alimentaci\u00f3n adaptador de ca: 100 v &#8211; 240 v<\/td>\n<\/tr>\n<tr>\n<td>Consumo el\u00e9ctrico<\/td>\n<\/tr>\n<tr>\n<td>Funcionamiento 10 w<\/td>\n<\/tr>\n<tr>\n<td>En reposo 1,0 w<\/td>\n<\/tr>\n<tr>\n<td>Preparada 3,3 w<\/td>\n<\/tr>\n<tr>\n<td>Apagada 0,1 w<\/td>\n<\/tr>\n<tr>\n<td>Pa\u00eds de origen indonesia<\/td>\n<\/tr>\n<tr>\n<td>Peso y dimensiones (ancho x fondo x alto)<\/td>\n<\/tr>\n<tr>\n<td>S\u00f3lo producto<\/td>\n<\/tr>\n<tr>\n<td>Posici\u00f3n de almacenamiento 29,72 x 10,67 x 12,45 cm<\/td>\n<\/tr>\n<tr>\n<td>Posici\u00f3n de escaneado vertical 29,72 x 20,07 x 29,21 cm<\/td>\n<\/tr>\n<tr>\n<td>Posici\u00f3n de escaneado reclinada 29,72 x 27,69 x 23,37 cm<\/td>\n<\/tr>\n<tr>\n<td>Peso 1,8 kg<\/td>\n<\/tr>\n<tr>\n<td>Producto en el paquete 37,34 x 23,11 x 21,59 cm, 2,9 kg<\/td>\n<\/tr>\n<\/table>\n","protected":false},"excerpt":{"rendered":"<p>Esc\u00e1ner compacto de documentos de alto rendimiento. Para espacios de trabajo eficientes<\/p>\n","protected":false},"featured_media":243401,"comment_status":"open","ping_status":"open","template":"","meta":[],"product_cat":[1805,1807],"product_tag":[1624],"acf":[],"yoast_head":"<!-- This site is optimized with the Yoast SEO plugin v21.7 - https:\/\/yoast.com\/wordpress\/plugins\/seo\/ -->\n<title>[ Epson ] &#129351; B11b272201 Escaner Ds-c330 30 Ppm \/ 60ipm, 600dpi, Usb, Duplex<\/title>\n<meta name=\"description\" content=\"Compra B11b272201 Escaner Ds-c330 30 Ppm \/ 60ipm, 600dpi, Usb, Duplex + Env\u00edo a domicilio + Pago seguro + Garant\u00eda\" \/>\n<meta name=\"robots\" content=\"index, follow, max-snippet:-1, max-image-preview:large, max-video-preview:-1\" \/>\n<link rel=\"canonical\" href=\"https:\/\/compuviper.mx\/tienda\/producto\/epson-b11b272201-escaner-ds-c330-30-ppm-60ipm-600dpi-usb-duplex\/\" \/>\n<meta property=\"og:locale\" content=\"es_MX\" \/>\n<meta property=\"og:type\" content=\"article\" \/>\n<meta property=\"og:title\" content=\"[ Epson ] &#129351; B11b272201 Escaner Ds-c330 30 Ppm \/ 60ipm, 600dpi, Usb, Duplex\" \/>\n<meta property=\"og:description\" content=\"Compra B11b272201 Escaner Ds-c330 30 Ppm \/ 60ipm, 600dpi, Usb, Duplex + Env\u00edo a domicilio + Pago seguro + Garant\u00eda\" \/>\n<meta property=\"og:url\" content=\"https:\/\/compuviper.mx\/tienda\/producto\/epson-b11b272201-escaner-ds-c330-30-ppm-60ipm-600dpi-usb-duplex\/\" \/>\n<meta property=\"og:site_name\" content=\"Compuviper\" \/>\n<meta property=\"article:publisher\" content=\"https:\/\/www.facebook.com\/compuviper\" \/>\n<meta property=\"og:image\" content=\"https:\/\/compuviper.mx\/tienda\/wp-content\/uploads\/2024\/09\/Escaner-epson-ds-c330-30-ppm-60ipm-600dpi-usb-duplex.jpg\" \/>\n\t<meta property=\"og:image:width\" content=\"200\" \/>\n\t<meta property=\"og:image:height\" content=\"200\" \/>\n\t<meta property=\"og:image:type\" content=\"image\/jpeg\" \/>\n<meta name=\"twitter:card\" content=\"summary_large_image\" \/>\n<meta name=\"twitter:label1\" content=\"Precio\" \/>\n\t<meta name=\"twitter:data1\" content=\"&#36;6,617 &#36;6,208 con IVA\" \/>\n\t<meta name=\"twitter:label2\" content=\"Availability\" \/>\n\t<meta name=\"twitter:data2\" content=\"In stock\" \/>\n<script type=\"application\/ld+json\" class=\"yoast-schema-graph\">{\"@context\":\"https:\/\/schema.org\",\"@graph\":[{\"@type\":\"WebPage\",\"@id\":\"https:\/\/compuviper.mx\/tienda\/producto\/epson-b11b272201-escaner-ds-c330-30-ppm-60ipm-600dpi-usb-duplex\/\",\"url\":\"https:\/\/compuviper.mx\/tienda\/producto\/epson-b11b272201-escaner-ds-c330-30-ppm-60ipm-600dpi-usb-duplex\/\",\"name\":\"[ Epson ] &#129351; B11b272201 Escaner Ds-c330 30 Ppm \/ 60ipm, 600dpi, Usb, Duplex\",\"isPartOf\":{\"@id\":\"https:\/\/compuviper.mx\/tienda\/#website\"},\"datePublished\":\"2026-04-28T07:56:51+00:00\",\"dateModified\":\"2026-04-28T07:56:51+00:00\",\"description\":\"Compra B11b272201 Escaner Ds-c330 30 Ppm \/ 60ipm, 600dpi, Usb, Duplex + Env\u00edo a domicilio + Pago seguro + Garant\u00eda\",\"breadcrumb\":{\"@id\":\"https:\/\/compuviper.mx\/tienda\/producto\/epson-b11b272201-escaner-ds-c330-30-ppm-60ipm-600dpi-usb-duplex\/#breadcrumb\"},\"inLanguage\":\"es-MX\",\"potentialAction\":[{\"@type\":\"ReadAction\",\"target\":[\"https:\/\/compuviper.mx\/tienda\/producto\/epson-b11b272201-escaner-ds-c330-30-ppm-60ipm-600dpi-usb-duplex\/\"]}]},{\"@type\":\"BreadcrumbList\",\"@id\":\"https:\/\/compuviper.mx\/tienda\/producto\/epson-b11b272201-escaner-ds-c330-30-ppm-60ipm-600dpi-usb-duplex\/#breadcrumb\",\"itemListElement\":[{\"@type\":\"ListItem\",\"position\":1,\"name\":\"Inicio\",\"item\":\"https:\/\/compuviper.mx\/tienda\/\"},{\"@type\":\"ListItem\",\"position\":2,\"name\":\"Productos\",\"item\":\"https:\/\/compuviper.mx\/tienda\/productos\/\"},{\"@type\":\"ListItem\",\"position\":3,\"name\":\"Scanner\",\"item\":\"https:\/\/compuviper.mx\/tienda\/categoria-producto\/scanner\/\"},{\"@type\":\"ListItem\",\"position\":4,\"name\":\"Scanner Documentos\",\"item\":\"https:\/\/compuviper.mx\/tienda\/categoria-producto\/scanner\/scanner-documentos\/\"},{\"@type\":\"ListItem\",\"position\":5,\"name\":\"Epson B11b272201 Escaner Ds-c330 30 Ppm \/ 60ipm, 600dpi, Usb, Duplex\"}]},{\"@type\":\"WebSite\",\"@id\":\"https:\/\/compuviper.mx\/tienda\/#website\",\"url\":\"https:\/\/compuviper.mx\/tienda\/\",\"name\":\"Compuviper\",\"description\":\"Proveedor de Computadoras, Laptops, Servidores, Monitores, Puntos de Venta, Teclados,   Impresoras, T\u00f3ner, C\u00e1maras de Seguridad y m\u00e1s en tu tienda en l\u00ednea\",\"publisher\":{\"@id\":\"https:\/\/compuviper.mx\/tienda\/#organization\"},\"potentialAction\":[{\"@type\":\"SearchAction\",\"target\":{\"@type\":\"EntryPoint\",\"urlTemplate\":\"https:\/\/compuviper.mx\/tienda\/?s={search_term_string}\"},\"query-input\":\"required name=search_term_string\"}],\"inLanguage\":\"es-MX\"},{\"@type\":\"Organization\",\"@id\":\"https:\/\/compuviper.mx\/tienda\/#organization\",\"name\":\"Compuviper\",\"url\":\"https:\/\/compuviper.mx\/tienda\/\",\"logo\":{\"@type\":\"ImageObject\",\"inLanguage\":\"es-MX\",\"@id\":\"https:\/\/compuviper.mx\/tienda\/#\/schema\/logo\/image\/\",\"url\":\"https:\/\/compuviper.mx\/tienda\/wp-content\/uploads\/2021\/08\/Logo-Compuviper-10.png\",\"contentUrl\":\"https:\/\/compuviper.mx\/tienda\/wp-content\/uploads\/2021\/08\/Logo-Compuviper-10.png\",\"width\":1000,\"height\":500,\"caption\":\"Compuviper\"},\"image\":{\"@id\":\"https:\/\/compuviper.mx\/tienda\/#\/schema\/logo\/image\/\"},\"sameAs\":[\"https:\/\/www.facebook.com\/compuviper\",\"https:\/\/www.youtube.com\/channel\/UCf73dERp9Y3cfOq7q8BhLjA?view_as=subscriber\"]}]}<\/script>\n<meta property=\"product:brand\" content=\"EPSON\" \/>\n<meta property=\"product:price:amount\" content=\"6208\" \/>\n<meta property=\"product:price:currency\" content=\"MXN\" \/>\n<meta property=\"og:availability\" content=\"instock\" \/>\n<meta property=\"product:availability\" content=\"instock\" \/>\n<meta property=\"product:retailer_item_id\" content=\"B11B272201\" \/>\n<meta property=\"product:condition\" content=\"new\" \/>\n<!-- \/ Yoast SEO plugin. -->","yoast_head_json":{"title":"[ Epson ] &#129351; B11b272201 Escaner Ds-c330 30 Ppm \/ 60ipm, 600dpi, Usb, Duplex","description":"Compra B11b272201 Escaner Ds-c330 30 Ppm \/ 60ipm, 600dpi, Usb, Duplex + Env\u00edo a domicilio + Pago seguro + Garant\u00eda","robots":{"index":"index","follow":"follow","max-snippet":"max-snippet:-1","max-image-preview":"max-image-preview:large","max-video-preview":"max-video-preview:-1"},"canonical":"https:\/\/compuviper.mx\/tienda\/producto\/epson-b11b272201-escaner-ds-c330-30-ppm-60ipm-600dpi-usb-duplex\/","og_locale":"es_MX","og_type":"article","og_title":"[ Epson ] &#129351; B11b272201 Escaner Ds-c330 30 Ppm \/ 60ipm, 600dpi, Usb, Duplex","og_description":"Compra B11b272201 Escaner Ds-c330 30 Ppm \/ 60ipm, 600dpi, Usb, Duplex + Env\u00edo a domicilio + Pago seguro + Garant\u00eda","og_url":"https:\/\/compuviper.mx\/tienda\/producto\/epson-b11b272201-escaner-ds-c330-30-ppm-60ipm-600dpi-usb-duplex\/","og_site_name":"Compuviper","article_publisher":"https:\/\/www.facebook.com\/compuviper","og_image":[{"width":200,"height":200,"url":"https:\/\/compuviper.mx\/tienda\/wp-content\/uploads\/2024\/09\/Escaner-epson-ds-c330-30-ppm-60ipm-600dpi-usb-duplex.jpg","type":"image\/jpeg"}],"twitter_card":"summary_large_image","twitter_misc":{"Precio":"&#36;6,617 &#36;6,208 con IVA","Availability":"In stock"},"schema":{"@context":"https:\/\/schema.org","@graph":[{"@type":"WebPage","@id":"https:\/\/compuviper.mx\/tienda\/producto\/epson-b11b272201-escaner-ds-c330-30-ppm-60ipm-600dpi-usb-duplex\/","url":"https:\/\/compuviper.mx\/tienda\/producto\/epson-b11b272201-escaner-ds-c330-30-ppm-60ipm-600dpi-usb-duplex\/","name":"[ Epson ] &#129351; B11b272201 Escaner Ds-c330 30 Ppm \/ 60ipm, 600dpi, Usb, Duplex","isPartOf":{"@id":"https:\/\/compuviper.mx\/tienda\/#website"},"datePublished":"2026-04-28T07:56:51+00:00","dateModified":"2026-04-28T07:56:51+00:00","description":"Compra B11b272201 Escaner Ds-c330 30 Ppm \/ 60ipm, 600dpi, Usb, Duplex + Env\u00edo a domicilio + Pago seguro + Garant\u00eda","breadcrumb":{"@id":"https:\/\/compuviper.mx\/tienda\/producto\/epson-b11b272201-escaner-ds-c330-30-ppm-60ipm-600dpi-usb-duplex\/#breadcrumb"},"inLanguage":"es-MX","potentialAction":[{"@type":"ReadAction","target":["https:\/\/compuviper.mx\/tienda\/producto\/epson-b11b272201-escaner-ds-c330-30-ppm-60ipm-600dpi-usb-duplex\/"]}]},{"@type":"BreadcrumbList","@id":"https:\/\/compuviper.mx\/tienda\/producto\/epson-b11b272201-escaner-ds-c330-30-ppm-60ipm-600dpi-usb-duplex\/#breadcrumb","itemListElement":[{"@type":"ListItem","position":1,"name":"Inicio","item":"https:\/\/compuviper.mx\/tienda\/"},{"@type":"ListItem","position":2,"name":"Productos","item":"https:\/\/compuviper.mx\/tienda\/productos\/"},{"@type":"ListItem","position":3,"name":"Scanner","item":"https:\/\/compuviper.mx\/tienda\/categoria-producto\/scanner\/"},{"@type":"ListItem","position":4,"name":"Scanner Documentos","item":"https:\/\/compuviper.mx\/tienda\/categoria-producto\/scanner\/scanner-documentos\/"},{"@type":"ListItem","position":5,"name":"Epson B11b272201 Escaner Ds-c330 30 Ppm \/ 60ipm, 600dpi, Usb, Duplex"}]},{"@type":"WebSite","@id":"https:\/\/compuviper.mx\/tienda\/#website","url":"https:\/\/compuviper.mx\/tienda\/","name":"Compuviper","description":"Proveedor de Computadoras, Laptops, Servidores, Monitores, Puntos de Venta, Teclados,   Impresoras, T\u00f3ner, C\u00e1maras de Seguridad y m\u00e1s en tu tienda en l\u00ednea","publisher":{"@id":"https:\/\/compuviper.mx\/tienda\/#organization"},"potentialAction":[{"@type":"SearchAction","target":{"@type":"EntryPoint","urlTemplate":"https:\/\/compuviper.mx\/tienda\/?s={search_term_string}"},"query-input":"required name=search_term_string"}],"inLanguage":"es-MX"},{"@type":"Organization","@id":"https:\/\/compuviper.mx\/tienda\/#organization","name":"Compuviper","url":"https:\/\/compuviper.mx\/tienda\/","logo":{"@type":"ImageObject","inLanguage":"es-MX","@id":"https:\/\/compuviper.mx\/tienda\/#\/schema\/logo\/image\/","url":"https:\/\/compuviper.mx\/tienda\/wp-content\/uploads\/2021\/08\/Logo-Compuviper-10.png","contentUrl":"https:\/\/compuviper.mx\/tienda\/wp-content\/uploads\/2021\/08\/Logo-Compuviper-10.png","width":1000,"height":500,"caption":"Compuviper"},"image":{"@id":"https:\/\/compuviper.mx\/tienda\/#\/schema\/logo\/image\/"},"sameAs":["https:\/\/www.facebook.com\/compuviper","https:\/\/www.youtube.com\/channel\/UCf73dERp9Y3cfOq7q8BhLjA?view_as=subscriber"]}]},"product_brand":"EPSON","product_price_amount":"6208","product_price_currency":"MXN","og_availability":"instock","product_availability":"instock","product_retailer_item_id":"B11B272201","product_condition":"new"},"_links":{"self":[{"href":"https:\/\/compuviper.mx\/tienda\/wp-json\/wp\/v2\/product\/238481"}],"collection":[{"href":"https:\/\/compuviper.mx\/tienda\/wp-json\/wp\/v2\/product"}],"about":[{"href":"https:\/\/compuviper.mx\/tienda\/wp-json\/wp\/v2\/types\/product"}],"replies":[{"embeddable":true,"href":"https:\/\/compuviper.mx\/tienda\/wp-json\/wp\/v2\/comments?post=238481"}],"wp:featuredmedia":[{"embeddable":true,"href":"https:\/\/compuviper.mx\/tienda\/wp-json\/wp\/v2\/media\/243401"}],"wp:attachment":[{"href":"https:\/\/compuviper.mx\/tienda\/wp-json\/wp\/v2\/media?parent=238481"}],"wp:term":[{"taxonomy":"product_cat","embeddable":true,"href":"https:\/\/compuviper.mx\/tienda\/wp-json\/wp\/v2\/product_cat?post=238481"},{"taxonomy":"product_tag","embeddable":true,"href":"https:\/\/compuviper.mx\/tienda\/wp-json\/wp\/v2\/product_tag?post=238481"}],"curies":[{"name":"wp","href":"https:\/\/api.w.org\/{rel}","templated":true}]}}