{"id":238420,"date":"2026-04-09T00:58:15","date_gmt":"2026-04-09T06:58:15","guid":{"rendered":"https:\/\/compuviper.mx\/tienda\/producto\/lg-32mr50c-monitor-pc-curvo-b-31-5-full-hd-con-amd-freesync-resolucion-1920x1080-panel-va-tr-5ms-100-hz-curvatura-1500r-d-sub-hdmi-montable-pared-100x100-mm\/"},"modified":"2026-04-09T00:58:16","modified_gmt":"2026-04-09T06:58:16","slug":"lg-32mr50c-monitor-pc-curvo-b-31-5-full-hd-con-amd-freesync-resolucion-1920x1080-panel-va-tr-5ms-100-hz-curvatura-1500r-d-sub-hdmi-montable-pared-100x100-mm","status":"publish","type":"product","link":"https:\/\/compuviper.mx\/tienda\/producto\/lg-32mr50c-monitor-pc-curvo-b-31-5-full-hd-con-amd-freesync-resolucion-1920x1080-panel-va-tr-5ms-100-hz-curvatura-1500r-d-sub-hdmi-montable-pared-100x100-mm\/","title":{"rendered":"Lg 32mr50c Monitor Pc  Curvo -b 31.5 Full Hd Con Amd Freesync, Resolucion 1920&#215;1080, Panel Va, Tr 5ms, 100 Hz, Curvatura 1500r, D-sub, Hdmi, Montable Pared 100&#215;100 Mm"},"content":{"rendered":"<table class=\"descripcion\">\n<tr>\n<td>Monitor pc lg curvo 32mr50c-b 31.5 full hd con amd freesync<\/td>\n<\/tr>\n<tr>\n<td>Caracteristicas<\/td>\n<\/tr>\n<tr>\n<td>Debilidad de color<\/td>\n<\/tr>\n<tr>\n<td>S\u00ed<\/td>\n<\/tr>\n<tr>\n<td>Amd freesync\u0099<\/td>\n<\/tr>\n<tr>\n<td>Freesync<\/td>\n<\/tr>\n<tr>\n<td>Estabilizador de negros<\/td>\n<\/tr>\n<tr>\n<td>S\u00ed<\/td>\n<\/tr>\n<tr>\n<td>Dynamic action sync<\/td>\n<\/tr>\n<tr>\n<td>S\u00ed<\/td>\n<\/tr>\n<tr>\n<td>Ahorro inteligente de energia<\/td>\n<\/tr>\n<tr>\n<td>S\u00ed<\/td>\n<\/tr>\n<tr>\n<td>Info<\/td>\n<\/tr>\n<tr>\n<td>Nombre del producto<\/td>\n<\/tr>\n<tr>\n<td>Monitor para pc<\/td>\n<\/tr>\n<tr>\n<td>Conectividad<\/td>\n<\/tr>\n<tr>\n<td>D-sub<\/td>\n<\/tr>\n<tr>\n<td>S\u00ed (1ea)<\/td>\n<\/tr>\n<tr>\n<td>Hdmi<\/td>\n<\/tr>\n<tr>\n<td>S\u00ed (2ea)<\/td>\n<\/tr>\n<tr>\n<td>Pantalla<\/td>\n<\/tr>\n<tr>\n<td>Tama\u00f1o [cm]<\/td>\n<\/tr>\n<tr>\n<td>80<\/td>\n<\/tr>\n<tr>\n<td>Resolucion<\/td>\n<\/tr>\n<tr>\n<td>1920 x 1080<\/td>\n<\/tr>\n<tr>\n<td>Tipo de panel<\/td>\n<\/tr>\n<tr>\n<td>Va<\/td>\n<\/tr>\n<tr>\n<td>Tiempo de respuesta<\/td>\n<\/tr>\n<tr>\n<td>5ms (gtg en faster)<\/td>\n<\/tr>\n<tr>\n<td>Curvatura<\/td>\n<\/tr>\n<tr>\n<td>1500r<\/td>\n<\/tr>\n<tr>\n<td>Sound<\/td>\n<\/tr>\n<tr>\n<td>Dts hp:x<\/td>\n<\/tr>\n<tr>\n<td>No<\/td>\n<\/tr>\n<tr>\n<td>Maxx audio<\/td>\n<\/tr>\n<tr>\n<td>No<\/td>\n<\/tr>\n<tr>\n<td>Rich bass<\/td>\n<\/tr>\n<tr>\n<td>No<\/td>\n<\/tr>\n<tr>\n<td>Accesorio<\/td>\n<\/tr>\n<tr>\n<td>Hdmi<\/td>\n<\/tr>\n<tr>\n<td>S\u00ed<\/td>\n<\/tr>\n<\/table>\n","protected":false},"excerpt":{"rendered":"<p>Pantalla curva full hd de 31.5?. Colores m\u00e1s vibrantes y exactos. Esta pantalla full hd (1920&#215;1080) ofrece un color claro al mostrar varios programas a la vez en la pantalla ancha de 31.5 pulgadas con curvatura 1500r, elevando la productividad laboral. Tasa de actualizaci\u00f3n de 100 hz. Visuales flu\u00eddas.Flujo de trabajo impecable. Una rapidez de 100 hz que ofrece una carga de fotogramas fluida en varios programas. Ademas, puedes disfrutar de una jugabilidad realista con menor parpadeo y efecto de movimiento. Modo lectura. El modo lectura ajusta la temperatura de color y la luminosidad, lo cual admite una experiencia de visualizaci\u00f3na adecuada para leer en un monitor. Flicker safe. Flicker safe reduce el parpadeo invisible en la pantalla, y ayuda a ofrecer un entorno m\u00e1s c\u00f3modo de trabajo durante m\u00e1s tiempo. Movimiento r\u00e1pido y fluido. Con la tecnolog\u00eda amd freesync\u0099, los jugadores pueden disfrutar de un movimiento flu\u00eddo y claro en juegos de alta resoluci\u00f3n y ritmo r\u00e1pido. Elimina virtualmente el parpadeo y rasgado de la pantalla, ofreciendo una experiencia de juego inmersiva. Avent\u00farate en la oscuridad. El estabilizador de negros ayuda a los jugadores a detectar a los francotiradores que acechan desde esquinas oscuras y atravesar r\u00e1pidamente las explosiones brillantes. Control eficiente. Controla f\u00e1cilmente la configuraci\u00f3n de la pantalla con unos pocos clics gracias al software control onscreen. Tambi\u00e9n podr\u00e1s dividir f\u00e1cilmente toda el \u00e1rea de visualizaci\u00f3n con divisi\u00f3n de la pantalla. Soluci\u00f3n sencilla y c\u00f3moda. Esta pantalla tiene un aro delgado en tres lados, lo cual te permite crear un entorno de trabajo adecuado a trav\u00e9s de un ajuste de inclinaci\u00f3n conveniente.<\/p>\n","protected":false},"featured_media":242760,"comment_status":"open","ping_status":"open","template":"","meta":[],"product_cat":[1740,1741],"product_tag":[1687],"acf":[],"yoast_head":"<!-- This site is optimized with the Yoast SEO plugin v21.7 - https:\/\/yoast.com\/wordpress\/plugins\/seo\/ -->\n<title>[ Lg ] &#129351; 32mr50c Monitor Pc Curvo -b 31.5 Full Hd Con Amd Freesync, Resolucion 1920x1080, Panel Va, Tr 5ms, 100 Hz, Curvatura 1500r, D-sub, Hdmi, Montable Pared 100x100 Mm<\/title>\n<meta name=\"description\" content=\"Compra 32mr50c Monitor Pc Curvo -b 31.5 Full Hd Con Amd Freesync, Resolucion 1920x1080, Panel Va, Tr 5ms, 100 Hz, Curvatura 1500r, D-sub, Hdmi, Montable Pared 100x100 Mm + Env\u00edo a domicilio + Pago seguro + Garant\u00eda\" \/>\n<meta name=\"robots\" content=\"index, follow, max-snippet:-1, max-image-preview:large, max-video-preview:-1\" \/>\n<link rel=\"canonical\" href=\"https:\/\/compuviper.mx\/tienda\/producto\/lg-32mr50c-monitor-pc-curvo-b-31-5-full-hd-con-amd-freesync-resolucion-1920x1080-panel-va-tr-5ms-100-hz-curvatura-1500r-d-sub-hdmi-montable-pared-100x100-mm\/\" \/>\n<meta property=\"og:locale\" content=\"es_MX\" \/>\n<meta property=\"og:type\" content=\"article\" \/>\n<meta property=\"og:title\" content=\"[ Lg ] &#129351; 32mr50c Monitor Pc Curvo -b 31.5 Full Hd Con Amd Freesync, Resolucion 1920x1080, Panel Va, Tr 5ms, 100 Hz, Curvatura 1500r, D-sub, Hdmi, Montable Pared 100x100 Mm\" \/>\n<meta property=\"og:description\" content=\"Compra 32mr50c Monitor Pc Curvo -b 31.5 Full Hd Con Amd Freesync, Resolucion 1920x1080, Panel Va, Tr 5ms, 100 Hz, Curvatura 1500r, D-sub, Hdmi, Montable Pared 100x100 Mm + Env\u00edo a domicilio + Pago seguro + Garant\u00eda\" \/>\n<meta property=\"og:url\" content=\"https:\/\/compuviper.mx\/tienda\/producto\/lg-32mr50c-monitor-pc-curvo-b-31-5-full-hd-con-amd-freesync-resolucion-1920x1080-panel-va-tr-5ms-100-hz-curvatura-1500r-d-sub-hdmi-montable-pared-100x100-mm\/\" \/>\n<meta property=\"og:site_name\" content=\"Compuviper\" \/>\n<meta property=\"article:publisher\" content=\"https:\/\/www.facebook.com\/compuviper\" \/>\n<meta property=\"article:modified_time\" content=\"2026-04-09T06:58:16+00:00\" \/>\n<meta property=\"og:image\" content=\"https:\/\/compuviper.mx\/tienda\/wp-content\/uploads\/2024\/09\/Monitor-pc-lg-curvo-32mr50c-b-31.5-full-hd-con-amd-freesync-resolucion-1920x1080-panel-va-tr-5ms-100-hz-curvatura-1500r-d-sub-hdmi-montable-pared-100x100-mm.jpg\" \/>\n\t<meta property=\"og:image:width\" content=\"200\" \/>\n\t<meta property=\"og:image:height\" content=\"200\" \/>\n\t<meta property=\"og:image:type\" content=\"image\/jpeg\" \/>\n<meta name=\"twitter:card\" content=\"summary_large_image\" \/>\n<meta name=\"twitter:label1\" content=\"Precio\" \/>\n\t<meta name=\"twitter:data1\" content=\"&#36;3,763 &#36;3,351 con IVA\" \/>\n\t<meta name=\"twitter:label2\" content=\"Availability\" \/>\n\t<meta name=\"twitter:data2\" content=\"In stock\" \/>\n<script type=\"application\/ld+json\" class=\"yoast-schema-graph\">{\"@context\":\"https:\/\/schema.org\",\"@graph\":[{\"@type\":\"WebPage\",\"@id\":\"https:\/\/compuviper.mx\/tienda\/producto\/lg-32mr50c-monitor-pc-curvo-b-31-5-full-hd-con-amd-freesync-resolucion-1920x1080-panel-va-tr-5ms-100-hz-curvatura-1500r-d-sub-hdmi-montable-pared-100x100-mm\/\",\"url\":\"https:\/\/compuviper.mx\/tienda\/producto\/lg-32mr50c-monitor-pc-curvo-b-31-5-full-hd-con-amd-freesync-resolucion-1920x1080-panel-va-tr-5ms-100-hz-curvatura-1500r-d-sub-hdmi-montable-pared-100x100-mm\/\",\"name\":\"[ Lg ] &#129351; 32mr50c Monitor Pc Curvo -b 31.5 Full Hd Con Amd Freesync, Resolucion 1920x1080, Panel Va, Tr 5ms, 100 Hz, Curvatura 1500r, D-sub, Hdmi, Montable Pared 100x100 Mm\",\"isPartOf\":{\"@id\":\"https:\/\/compuviper.mx\/tienda\/#website\"},\"datePublished\":\"2026-04-09T06:58:15+00:00\",\"dateModified\":\"2026-04-09T06:58:16+00:00\",\"description\":\"Compra 32mr50c Monitor Pc Curvo -b 31.5 Full Hd Con Amd Freesync, Resolucion 1920x1080, Panel Va, Tr 5ms, 100 Hz, Curvatura 1500r, D-sub, Hdmi, Montable Pared 100x100 Mm + Env\u00edo a domicilio + Pago seguro + Garant\u00eda\",\"breadcrumb\":{\"@id\":\"https:\/\/compuviper.mx\/tienda\/producto\/lg-32mr50c-monitor-pc-curvo-b-31-5-full-hd-con-amd-freesync-resolucion-1920x1080-panel-va-tr-5ms-100-hz-curvatura-1500r-d-sub-hdmi-montable-pared-100x100-mm\/#breadcrumb\"},\"inLanguage\":\"es-MX\",\"potentialAction\":[{\"@type\":\"ReadAction\",\"target\":[\"https:\/\/compuviper.mx\/tienda\/producto\/lg-32mr50c-monitor-pc-curvo-b-31-5-full-hd-con-amd-freesync-resolucion-1920x1080-panel-va-tr-5ms-100-hz-curvatura-1500r-d-sub-hdmi-montable-pared-100x100-mm\/\"]}]},{\"@type\":\"BreadcrumbList\",\"@id\":\"https:\/\/compuviper.mx\/tienda\/producto\/lg-32mr50c-monitor-pc-curvo-b-31-5-full-hd-con-amd-freesync-resolucion-1920x1080-panel-va-tr-5ms-100-hz-curvatura-1500r-d-sub-hdmi-montable-pared-100x100-mm\/#breadcrumb\",\"itemListElement\":[{\"@type\":\"ListItem\",\"position\":1,\"name\":\"Inicio\",\"item\":\"https:\/\/compuviper.mx\/tienda\/\"},{\"@type\":\"ListItem\",\"position\":2,\"name\":\"Productos\",\"item\":\"https:\/\/compuviper.mx\/tienda\/productos\/\"},{\"@type\":\"ListItem\",\"position\":3,\"name\":\"Monitores\",\"item\":\"https:\/\/compuviper.mx\/tienda\/categoria-producto\/monitores\/\"},{\"@type\":\"ListItem\",\"position\":4,\"name\":\"Led\",\"item\":\"https:\/\/compuviper.mx\/tienda\/categoria-producto\/monitores\/led\/\"},{\"@type\":\"ListItem\",\"position\":5,\"name\":\"Lg 32mr50c Monitor Pc Curvo -b 31.5 Full Hd Con Amd Freesync, Resolucion 1920&#215;1080, Panel Va, Tr 5ms, 100 Hz, Curvatura 1500r, D-sub, Hdmi, Montable Pared 100&#215;100 Mm\"}]},{\"@type\":\"WebSite\",\"@id\":\"https:\/\/compuviper.mx\/tienda\/#website\",\"url\":\"https:\/\/compuviper.mx\/tienda\/\",\"name\":\"Compuviper\",\"description\":\"Proveedor de Computadoras, Laptops, Servidores, Monitores, Puntos de Venta, Teclados,   Impresoras, T\u00f3ner, C\u00e1maras de Seguridad y m\u00e1s en tu tienda en l\u00ednea\",\"publisher\":{\"@id\":\"https:\/\/compuviper.mx\/tienda\/#organization\"},\"potentialAction\":[{\"@type\":\"SearchAction\",\"target\":{\"@type\":\"EntryPoint\",\"urlTemplate\":\"https:\/\/compuviper.mx\/tienda\/?s={search_term_string}\"},\"query-input\":\"required name=search_term_string\"}],\"inLanguage\":\"es-MX\"},{\"@type\":\"Organization\",\"@id\":\"https:\/\/compuviper.mx\/tienda\/#organization\",\"name\":\"Compuviper\",\"url\":\"https:\/\/compuviper.mx\/tienda\/\",\"logo\":{\"@type\":\"ImageObject\",\"inLanguage\":\"es-MX\",\"@id\":\"https:\/\/compuviper.mx\/tienda\/#\/schema\/logo\/image\/\",\"url\":\"https:\/\/compuviper.mx\/tienda\/wp-content\/uploads\/2021\/08\/Logo-Compuviper-10.png\",\"contentUrl\":\"https:\/\/compuviper.mx\/tienda\/wp-content\/uploads\/2021\/08\/Logo-Compuviper-10.png\",\"width\":1000,\"height\":500,\"caption\":\"Compuviper\"},\"image\":{\"@id\":\"https:\/\/compuviper.mx\/tienda\/#\/schema\/logo\/image\/\"},\"sameAs\":[\"https:\/\/www.facebook.com\/compuviper\",\"https:\/\/www.youtube.com\/channel\/UCf73dERp9Y3cfOq7q8BhLjA?view_as=subscriber\"]}]}<\/script>\n<meta property=\"product:brand\" content=\"LG\" \/>\n<meta property=\"product:price:amount\" content=\"3351\" \/>\n<meta property=\"product:price:currency\" content=\"MXN\" \/>\n<meta property=\"og:availability\" content=\"instock\" \/>\n<meta property=\"product:availability\" content=\"instock\" \/>\n<meta property=\"product:retailer_item_id\" content=\"32MR50C\" \/>\n<meta property=\"product:condition\" content=\"new\" \/>\n<!-- \/ Yoast SEO plugin. -->","yoast_head_json":{"title":"[ Lg ] &#129351; 32mr50c Monitor Pc Curvo -b 31.5 Full Hd Con Amd Freesync, Resolucion 1920x1080, Panel Va, Tr 5ms, 100 Hz, Curvatura 1500r, D-sub, Hdmi, Montable Pared 100x100 Mm","description":"Compra 32mr50c Monitor Pc Curvo -b 31.5 Full Hd Con Amd Freesync, Resolucion 1920x1080, Panel Va, Tr 5ms, 100 Hz, Curvatura 1500r, D-sub, Hdmi, Montable Pared 100x100 Mm + Env\u00edo a domicilio + Pago seguro + Garant\u00eda","robots":{"index":"index","follow":"follow","max-snippet":"max-snippet:-1","max-image-preview":"max-image-preview:large","max-video-preview":"max-video-preview:-1"},"canonical":"https:\/\/compuviper.mx\/tienda\/producto\/lg-32mr50c-monitor-pc-curvo-b-31-5-full-hd-con-amd-freesync-resolucion-1920x1080-panel-va-tr-5ms-100-hz-curvatura-1500r-d-sub-hdmi-montable-pared-100x100-mm\/","og_locale":"es_MX","og_type":"article","og_title":"[ Lg ] &#129351; 32mr50c Monitor Pc Curvo -b 31.5 Full Hd Con Amd Freesync, Resolucion 1920x1080, Panel Va, Tr 5ms, 100 Hz, Curvatura 1500r, D-sub, Hdmi, Montable Pared 100x100 Mm","og_description":"Compra 32mr50c Monitor Pc Curvo -b 31.5 Full Hd Con Amd Freesync, Resolucion 1920x1080, Panel Va, Tr 5ms, 100 Hz, Curvatura 1500r, D-sub, Hdmi, Montable Pared 100x100 Mm + Env\u00edo a domicilio + Pago seguro + Garant\u00eda","og_url":"https:\/\/compuviper.mx\/tienda\/producto\/lg-32mr50c-monitor-pc-curvo-b-31-5-full-hd-con-amd-freesync-resolucion-1920x1080-panel-va-tr-5ms-100-hz-curvatura-1500r-d-sub-hdmi-montable-pared-100x100-mm\/","og_site_name":"Compuviper","article_publisher":"https:\/\/www.facebook.com\/compuviper","article_modified_time":"2026-04-09T06:58:16+00:00","og_image":[{"width":200,"height":200,"url":"https:\/\/compuviper.mx\/tienda\/wp-content\/uploads\/2024\/09\/Monitor-pc-lg-curvo-32mr50c-b-31.5-full-hd-con-amd-freesync-resolucion-1920x1080-panel-va-tr-5ms-100-hz-curvatura-1500r-d-sub-hdmi-montable-pared-100x100-mm.jpg","type":"image\/jpeg"}],"twitter_card":"summary_large_image","twitter_misc":{"Precio":"&#36;3,763 &#36;3,351 con IVA","Availability":"In stock"},"schema":{"@context":"https:\/\/schema.org","@graph":[{"@type":"WebPage","@id":"https:\/\/compuviper.mx\/tienda\/producto\/lg-32mr50c-monitor-pc-curvo-b-31-5-full-hd-con-amd-freesync-resolucion-1920x1080-panel-va-tr-5ms-100-hz-curvatura-1500r-d-sub-hdmi-montable-pared-100x100-mm\/","url":"https:\/\/compuviper.mx\/tienda\/producto\/lg-32mr50c-monitor-pc-curvo-b-31-5-full-hd-con-amd-freesync-resolucion-1920x1080-panel-va-tr-5ms-100-hz-curvatura-1500r-d-sub-hdmi-montable-pared-100x100-mm\/","name":"[ Lg ] &#129351; 32mr50c Monitor Pc Curvo -b 31.5 Full Hd Con Amd Freesync, Resolucion 1920x1080, Panel Va, Tr 5ms, 100 Hz, Curvatura 1500r, D-sub, Hdmi, Montable Pared 100x100 Mm","isPartOf":{"@id":"https:\/\/compuviper.mx\/tienda\/#website"},"datePublished":"2026-04-09T06:58:15+00:00","dateModified":"2026-04-09T06:58:16+00:00","description":"Compra 32mr50c Monitor Pc Curvo -b 31.5 Full Hd Con Amd Freesync, Resolucion 1920x1080, Panel Va, Tr 5ms, 100 Hz, Curvatura 1500r, D-sub, Hdmi, Montable Pared 100x100 Mm + Env\u00edo a domicilio + Pago seguro + Garant\u00eda","breadcrumb":{"@id":"https:\/\/compuviper.mx\/tienda\/producto\/lg-32mr50c-monitor-pc-curvo-b-31-5-full-hd-con-amd-freesync-resolucion-1920x1080-panel-va-tr-5ms-100-hz-curvatura-1500r-d-sub-hdmi-montable-pared-100x100-mm\/#breadcrumb"},"inLanguage":"es-MX","potentialAction":[{"@type":"ReadAction","target":["https:\/\/compuviper.mx\/tienda\/producto\/lg-32mr50c-monitor-pc-curvo-b-31-5-full-hd-con-amd-freesync-resolucion-1920x1080-panel-va-tr-5ms-100-hz-curvatura-1500r-d-sub-hdmi-montable-pared-100x100-mm\/"]}]},{"@type":"BreadcrumbList","@id":"https:\/\/compuviper.mx\/tienda\/producto\/lg-32mr50c-monitor-pc-curvo-b-31-5-full-hd-con-amd-freesync-resolucion-1920x1080-panel-va-tr-5ms-100-hz-curvatura-1500r-d-sub-hdmi-montable-pared-100x100-mm\/#breadcrumb","itemListElement":[{"@type":"ListItem","position":1,"name":"Inicio","item":"https:\/\/compuviper.mx\/tienda\/"},{"@type":"ListItem","position":2,"name":"Productos","item":"https:\/\/compuviper.mx\/tienda\/productos\/"},{"@type":"ListItem","position":3,"name":"Monitores","item":"https:\/\/compuviper.mx\/tienda\/categoria-producto\/monitores\/"},{"@type":"ListItem","position":4,"name":"Led","item":"https:\/\/compuviper.mx\/tienda\/categoria-producto\/monitores\/led\/"},{"@type":"ListItem","position":5,"name":"Lg 32mr50c Monitor Pc Curvo -b 31.5 Full Hd Con Amd Freesync, Resolucion 1920&#215;1080, Panel Va, Tr 5ms, 100 Hz, Curvatura 1500r, D-sub, Hdmi, Montable Pared 100&#215;100 Mm"}]},{"@type":"WebSite","@id":"https:\/\/compuviper.mx\/tienda\/#website","url":"https:\/\/compuviper.mx\/tienda\/","name":"Compuviper","description":"Proveedor de Computadoras, Laptops, Servidores, Monitores, Puntos de Venta, Teclados,   Impresoras, T\u00f3ner, C\u00e1maras de Seguridad y m\u00e1s en tu tienda en l\u00ednea","publisher":{"@id":"https:\/\/compuviper.mx\/tienda\/#organization"},"potentialAction":[{"@type":"SearchAction","target":{"@type":"EntryPoint","urlTemplate":"https:\/\/compuviper.mx\/tienda\/?s={search_term_string}"},"query-input":"required name=search_term_string"}],"inLanguage":"es-MX"},{"@type":"Organization","@id":"https:\/\/compuviper.mx\/tienda\/#organization","name":"Compuviper","url":"https:\/\/compuviper.mx\/tienda\/","logo":{"@type":"ImageObject","inLanguage":"es-MX","@id":"https:\/\/compuviper.mx\/tienda\/#\/schema\/logo\/image\/","url":"https:\/\/compuviper.mx\/tienda\/wp-content\/uploads\/2021\/08\/Logo-Compuviper-10.png","contentUrl":"https:\/\/compuviper.mx\/tienda\/wp-content\/uploads\/2021\/08\/Logo-Compuviper-10.png","width":1000,"height":500,"caption":"Compuviper"},"image":{"@id":"https:\/\/compuviper.mx\/tienda\/#\/schema\/logo\/image\/"},"sameAs":["https:\/\/www.facebook.com\/compuviper","https:\/\/www.youtube.com\/channel\/UCf73dERp9Y3cfOq7q8BhLjA?view_as=subscriber"]}]},"product_brand":"LG","product_price_amount":"3351","product_price_currency":"MXN","og_availability":"instock","product_availability":"instock","product_retailer_item_id":"32MR50C","product_condition":"new"},"_links":{"self":[{"href":"https:\/\/compuviper.mx\/tienda\/wp-json\/wp\/v2\/product\/238420"}],"collection":[{"href":"https:\/\/compuviper.mx\/tienda\/wp-json\/wp\/v2\/product"}],"about":[{"href":"https:\/\/compuviper.mx\/tienda\/wp-json\/wp\/v2\/types\/product"}],"replies":[{"embeddable":true,"href":"https:\/\/compuviper.mx\/tienda\/wp-json\/wp\/v2\/comments?post=238420"}],"wp:featuredmedia":[{"embeddable":true,"href":"https:\/\/compuviper.mx\/tienda\/wp-json\/wp\/v2\/media\/242760"}],"wp:attachment":[{"href":"https:\/\/compuviper.mx\/tienda\/wp-json\/wp\/v2\/media?parent=238420"}],"wp:term":[{"taxonomy":"product_cat","embeddable":true,"href":"https:\/\/compuviper.mx\/tienda\/wp-json\/wp\/v2\/product_cat?post=238420"},{"taxonomy":"product_tag","embeddable":true,"href":"https:\/\/compuviper.mx\/tienda\/wp-json\/wp\/v2\/product_tag?post=238420"}],"curies":[{"name":"wp","href":"https:\/\/api.w.org\/{rel}","templated":true}]}}