{"id":237410,"date":"2026-04-25T00:40:56","date_gmt":"2026-04-25T06:40:56","guid":{"rendered":"https:\/\/compuviper.mx\/tienda\/producto\/biostar-a320mh-mb-a320-amd-s-am4-2x-ddr4-2933-requiere-tarjeta-de-video-hdmi-vga-3x-usb-3-1-micro-atx-gama-basica\/"},"modified":"2026-04-26T00:00:21","modified_gmt":"2026-04-26T06:00:21","slug":"biostar-a320mh-mb-a320-amd-s-am4-2x-ddr4-2933-requiere-tarjeta-de-video-hdmi-vga-3x-usb-3-1-micro-atx-gama-basica","status":"publish","type":"product","link":"https:\/\/compuviper.mx\/tienda\/producto\/biostar-a320mh-mb-a320-amd-s-am4-2x-ddr4-2933-requiere-tarjeta-de-video-hdmi-vga-3x-usb-3-1-micro-atx-gama-basica\/","title":{"rendered":"Biostar A320mh Mb  A320 Amd S-am4\/ 2x Ddr4 2933\/requiere Tarjeta De Video\/hdmi\/vga\/ 3x Usb 3.1\/micro-atx\/gama Basica"},"content":{"rendered":"<table class=\"descripcion\">\n<tr>\n<td>Nombre del producto: a320mh<\/td>\n<\/tr>\n<tr>\n<td>Apoyo de la cpu: amd a-series apu \/ ryzen cpu \/ npu para el zocalo am4<\/td>\n<\/tr>\n<tr>\n<td>Amd socket am4<\/td>\n<\/tr>\n<tr>\n<td>Cpu:<\/td>\n<\/tr>\n<tr>\n<td>Amd a-series apu \/ ryzen cpu \/ npu for socket am4<\/td>\n<\/tr>\n<tr>\n<td>Maximum cpu tdp (thermal design power): 95watt<\/td>\n<\/tr>\n<tr>\n<td>Memoria:<\/td>\n<\/tr>\n<tr>\n<td>Soporta dual channel ddr4 2933\/2667\/2400\/2133\/1866 mhz<\/td>\n<\/tr>\n<tr>\n<td>Soporta non-ecc  and  ecc un-buffered dimm memory modules<\/td>\n<\/tr>\n<tr>\n<td>2 x ddr4 dimm memory slot<\/td>\n<\/tr>\n<tr>\n<td>Soportar memoria hasta max. de 32gb<\/td>\n<\/tr>\n<tr>\n<td>* ddr4 2933 for amd ryzen cpu<\/td>\n<\/tr>\n<tr>\n<td>Ddr4 la velocidad depende del tipo de cpu<\/td>\n<\/tr>\n<tr>\n<td>Dimensi\u00f3n de factor de forma micro atx: 22.6cm x 17.4cm ( w x l )<\/td>\n<\/tr>\n<tr>\n<td>Ranura de expansion<\/td>\n<\/tr>\n<tr>\n<td>1 x pci-e 3.0 x16 slot (x16 solo para la cpu ryzen, npu \/ apu funciona a velocidad x8)<\/td>\n<\/tr>\n<tr>\n<td>2 x ranura pci-e 3.0 x1<\/td>\n<\/tr>\n<tr>\n<td>Almacenaje:<\/td>\n<\/tr>\n<tr>\n<td>4 x conector sata3<\/td>\n<\/tr>\n<tr>\n<td>Soportar sata raid: 0,1,10<\/td>\n<\/tr>\n<tr>\n<td>Puerto usb:<\/td>\n<\/tr>\n<tr>\n<td>2 x usb 3.1 gen1<\/td>\n<\/tr>\n<tr>\n<td>1 x usb 3.1 gen1 encabezado<\/td>\n<\/tr>\n<tr>\n<td>2 x usb 2.0 puerto<\/td>\n<\/tr>\n<tr>\n<td>2 x usb 2.0 encabezamiento<\/td>\n<\/tr>\n<tr>\n<td>Lan:<\/td>\n<\/tr>\n<tr>\n<td>Realtek rtl8111h &#8211; 10\/100\/1000 controlador<\/td>\n<\/tr>\n<tr>\n<td>Soporte super lan surge protection<\/td>\n<\/tr>\n<tr>\n<td>Video integrado por modelo de cpu<\/td>\n<\/tr>\n<tr>\n<td>Soportar dx12<\/td>\n<\/tr>\n<tr>\n<td>Soportar hdcp<\/td>\n<\/tr>\n<tr>\n<td>Codec realtek alc887 audio de alta definicion de 8 canales<\/td>\n<\/tr>\n<tr>\n<td>E\/s:<\/td>\n<\/tr>\n<tr>\n<td>1 x ps \/ 2 mouse<\/td>\n<\/tr>\n<tr>\n<td>1 x teclado ps \/ 2<\/td>\n<\/tr>\n<tr>\n<td>2 x usb 3.1 gen1 port<\/td>\n<\/tr>\n<tr>\n<td>2 x usb 2.0 puerto<\/td>\n<\/tr>\n<tr>\n<td>1 x conector hdmi, resolucion de hasta 4096 x 2160 @ 24hz o 3840 x 2160 @ 30hz<\/td>\n<\/tr>\n<tr>\n<td>1 x vga puerto, resolucion hasta 1920 x 1200 @ 60hz<\/td>\n<\/tr>\n<tr>\n<td>1 x rj-45 puerto (lan)<\/td>\n<\/tr>\n<tr>\n<td>3 x conector de audio<\/td>\n<\/tr>\n<tr>\n<td>E \/ s internas 1 x usb 3.1 gen1 encabezado<\/td>\n<\/tr>\n<tr>\n<td>2 x usb 2.0 encabezamiento<\/td>\n<\/tr>\n<tr>\n<td>Conector 4 x sata3 6gb \/ s<\/td>\n<\/tr>\n<tr>\n<td>1 x encabezamiento de audio frontal<\/td>\n<\/tr>\n<tr>\n<td>1 x encabezamiento de panel frontal<\/td>\n<\/tr>\n<tr>\n<td>1 x cpu fan header<\/td>\n<\/tr>\n<tr>\n<td>1 x encabezado de ventilador del sistema<\/td>\n<\/tr>\n<tr>\n<td>1 x encabezamiento serie<\/td>\n<\/tr>\n<tr>\n<td>Monitoreo h \/ w<\/td>\n<\/tr>\n<tr>\n<td>Monitoreo de la temperatura del sistema de cpu<\/td>\n<\/tr>\n<tr>\n<td>Monitoreo de ventilador del sistema de cpu<\/td>\n<\/tr>\n<tr>\n<td>Control de inteligente \/ cpu manual de ventilador<\/td>\n<\/tr>\n<tr>\n<td>Monitoreo de voltaje del sistema<\/td>\n<\/tr>\n<tr>\n<td>Soporte de os<\/td>\n<\/tr>\n<tr>\n<td>Soporta windows 10(x64)<\/td>\n<\/tr>\n<tr>\n<td>Soporta windows 7 (x64) for bristol \/ summit \/pinnacle ridge only<\/td>\n<\/tr>\n<tr>\n<td>Paquete de software bullguard<\/td>\n<\/tr>\n<tr>\n<td>Smart speed lan (solo windows 7)<\/td>\n<\/tr>\n<tr>\n<td>Accesorios<\/td>\n<\/tr>\n<tr>\n<td>2 x cable sata<\/td>\n<\/tr>\n<tr>\n<td>1 x escudo i \/ o<\/td>\n<\/tr>\n<tr>\n<td>1 x dvd de conducto<\/td>\n<\/tr>\n<tr>\n<td>1 x guia rapida<\/td>\n<\/tr>\n<tr>\n<td>Caracteristica:<\/td>\n<\/tr>\n<tr>\n<td>Soportar condensador solido 100%<\/td>\n<\/tr>\n<tr>\n<td>Admite bios-flasher<\/td>\n<\/tr>\n<tr>\n<td>Soportar actualizacion de bios en linea<\/td>\n<\/tr>\n<\/table>\n","protected":false},"excerpt":{"rendered":"<p>Proteccion, profesional y providencia. La serie pro redefine la norma de la placa base con mejoras avanzadas como audioart capacitor y tough power enhanced para transformar la pc en un centro profesional de entretenimiento y oficinas<\/p>\n","protected":false},"featured_media":237411,"comment_status":"open","ping_status":"open","template":"","meta":[],"product_cat":[1727,1734],"product_tag":[1731],"acf":[],"yoast_head":"<!-- This site is optimized with the Yoast SEO plugin v21.7 - https:\/\/yoast.com\/wordpress\/plugins\/seo\/ -->\n<title>[ Biostar ] &#129351; A320mh Mb A320 Amd S-am4\/ 2x Ddr4 2933\/requiere Tarjeta De Video\/hdmi\/vga\/ 3x Usb 3.1\/micro-atx\/gama Basica<\/title>\n<meta name=\"description\" content=\"Compra A320mh Mb A320 Amd S-am4\/ 2x Ddr4 2933\/requiere Tarjeta De Video\/hdmi\/vga\/ 3x Usb 3.1\/micro-atx\/gama Basica + Env\u00edo a domicilio + Pago seguro + Garant\u00eda\" \/>\n<meta name=\"robots\" content=\"index, follow, max-snippet:-1, max-image-preview:large, max-video-preview:-1\" \/>\n<link rel=\"canonical\" href=\"https:\/\/compuviper.mx\/tienda\/producto\/biostar-a320mh-mb-a320-amd-s-am4-2x-ddr4-2933-requiere-tarjeta-de-video-hdmi-vga-3x-usb-3-1-micro-atx-gama-basica\/\" \/>\n<meta property=\"og:locale\" content=\"es_MX\" \/>\n<meta property=\"og:type\" content=\"article\" \/>\n<meta property=\"og:title\" content=\"[ Biostar ] &#129351; A320mh Mb A320 Amd S-am4\/ 2x Ddr4 2933\/requiere Tarjeta De Video\/hdmi\/vga\/ 3x Usb 3.1\/micro-atx\/gama Basica\" \/>\n<meta property=\"og:description\" content=\"Compra A320mh Mb A320 Amd S-am4\/ 2x Ddr4 2933\/requiere Tarjeta De Video\/hdmi\/vga\/ 3x Usb 3.1\/micro-atx\/gama Basica + Env\u00edo a domicilio + Pago seguro + Garant\u00eda\" \/>\n<meta property=\"og:url\" content=\"https:\/\/compuviper.mx\/tienda\/producto\/biostar-a320mh-mb-a320-amd-s-am4-2x-ddr4-2933-requiere-tarjeta-de-video-hdmi-vga-3x-usb-3-1-micro-atx-gama-basica\/\" \/>\n<meta property=\"og:site_name\" content=\"Compuviper\" \/>\n<meta property=\"article:publisher\" content=\"https:\/\/www.facebook.com\/compuviper\" \/>\n<meta property=\"article:modified_time\" content=\"2026-04-26T06:00:21+00:00\" \/>\n<meta property=\"og:image\" content=\"https:\/\/compuviper.mx\/tienda\/wp-content\/uploads\/2024\/07\/Mb-biostar-a320-amd-s-am4-2x-ddr4-2933requiere-tarjeta-de-videohdmivga-3x-usb-3.1micro-atxgama-basica.jpg\" \/>\n\t<meta property=\"og:image:width\" content=\"200\" \/>\n\t<meta property=\"og:image:height\" content=\"200\" \/>\n\t<meta property=\"og:image:type\" content=\"image\/jpeg\" \/>\n<meta name=\"twitter:card\" content=\"summary_large_image\" \/>\n<meta name=\"twitter:label1\" content=\"Precio\" \/>\n\t<meta name=\"twitter:data1\" content=\"&#36;754 con IVA\" \/>\n\t<meta name=\"twitter:label2\" content=\"Availability\" \/>\n\t<meta name=\"twitter:data2\" content=\"Out of stock\" \/>\n<script type=\"application\/ld+json\" class=\"yoast-schema-graph\">{\"@context\":\"https:\/\/schema.org\",\"@graph\":[{\"@type\":\"WebPage\",\"@id\":\"https:\/\/compuviper.mx\/tienda\/producto\/biostar-a320mh-mb-a320-amd-s-am4-2x-ddr4-2933-requiere-tarjeta-de-video-hdmi-vga-3x-usb-3-1-micro-atx-gama-basica\/\",\"url\":\"https:\/\/compuviper.mx\/tienda\/producto\/biostar-a320mh-mb-a320-amd-s-am4-2x-ddr4-2933-requiere-tarjeta-de-video-hdmi-vga-3x-usb-3-1-micro-atx-gama-basica\/\",\"name\":\"[ Biostar ] &#129351; A320mh Mb A320 Amd S-am4\/ 2x Ddr4 2933\/requiere Tarjeta De Video\/hdmi\/vga\/ 3x Usb 3.1\/micro-atx\/gama Basica\",\"isPartOf\":{\"@id\":\"https:\/\/compuviper.mx\/tienda\/#website\"},\"datePublished\":\"2026-04-25T06:40:56+00:00\",\"dateModified\":\"2026-04-26T06:00:21+00:00\",\"description\":\"Compra A320mh Mb A320 Amd S-am4\/ 2x Ddr4 2933\/requiere Tarjeta De Video\/hdmi\/vga\/ 3x Usb 3.1\/micro-atx\/gama Basica + Env\u00edo a domicilio + Pago seguro + Garant\u00eda\",\"breadcrumb\":{\"@id\":\"https:\/\/compuviper.mx\/tienda\/producto\/biostar-a320mh-mb-a320-amd-s-am4-2x-ddr4-2933-requiere-tarjeta-de-video-hdmi-vga-3x-usb-3-1-micro-atx-gama-basica\/#breadcrumb\"},\"inLanguage\":\"es-MX\",\"potentialAction\":[{\"@type\":\"ReadAction\",\"target\":[\"https:\/\/compuviper.mx\/tienda\/producto\/biostar-a320mh-mb-a320-amd-s-am4-2x-ddr4-2933-requiere-tarjeta-de-video-hdmi-vga-3x-usb-3-1-micro-atx-gama-basica\/\"]}]},{\"@type\":\"BreadcrumbList\",\"@id\":\"https:\/\/compuviper.mx\/tienda\/producto\/biostar-a320mh-mb-a320-amd-s-am4-2x-ddr4-2933-requiere-tarjeta-de-video-hdmi-vga-3x-usb-3-1-micro-atx-gama-basica\/#breadcrumb\",\"itemListElement\":[{\"@type\":\"ListItem\",\"position\":1,\"name\":\"Inicio\",\"item\":\"https:\/\/compuviper.mx\/tienda\/\"},{\"@type\":\"ListItem\",\"position\":2,\"name\":\"Productos\",\"item\":\"https:\/\/compuviper.mx\/tienda\/productos\/\"},{\"@type\":\"ListItem\",\"position\":3,\"name\":\"Tarjeta Madre\",\"item\":\"https:\/\/compuviper.mx\/tienda\/categoria-producto\/tarjeta-madre\/\"},{\"@type\":\"ListItem\",\"position\":4,\"name\":\"Socket Am4\",\"item\":\"https:\/\/compuviper.mx\/tienda\/categoria-producto\/tarjeta-madre\/socket-am4\/\"},{\"@type\":\"ListItem\",\"position\":5,\"name\":\"Biostar A320mh Mb A320 Amd S-am4\/ 2x Ddr4 2933\/requiere Tarjeta De Video\/hdmi\/vga\/ 3x Usb 3.1\/micro-atx\/gama Basica\"}]},{\"@type\":\"WebSite\",\"@id\":\"https:\/\/compuviper.mx\/tienda\/#website\",\"url\":\"https:\/\/compuviper.mx\/tienda\/\",\"name\":\"Compuviper\",\"description\":\"Proveedor de Computadoras, Laptops, Servidores, Monitores, Puntos de Venta, Teclados,   Impresoras, T\u00f3ner, C\u00e1maras de Seguridad y m\u00e1s en tu tienda en l\u00ednea\",\"publisher\":{\"@id\":\"https:\/\/compuviper.mx\/tienda\/#organization\"},\"potentialAction\":[{\"@type\":\"SearchAction\",\"target\":{\"@type\":\"EntryPoint\",\"urlTemplate\":\"https:\/\/compuviper.mx\/tienda\/?s={search_term_string}\"},\"query-input\":\"required name=search_term_string\"}],\"inLanguage\":\"es-MX\"},{\"@type\":\"Organization\",\"@id\":\"https:\/\/compuviper.mx\/tienda\/#organization\",\"name\":\"Compuviper\",\"url\":\"https:\/\/compuviper.mx\/tienda\/\",\"logo\":{\"@type\":\"ImageObject\",\"inLanguage\":\"es-MX\",\"@id\":\"https:\/\/compuviper.mx\/tienda\/#\/schema\/logo\/image\/\",\"url\":\"https:\/\/compuviper.mx\/tienda\/wp-content\/uploads\/2021\/08\/Logo-Compuviper-10.png\",\"contentUrl\":\"https:\/\/compuviper.mx\/tienda\/wp-content\/uploads\/2021\/08\/Logo-Compuviper-10.png\",\"width\":1000,\"height\":500,\"caption\":\"Compuviper\"},\"image\":{\"@id\":\"https:\/\/compuviper.mx\/tienda\/#\/schema\/logo\/image\/\"},\"sameAs\":[\"https:\/\/www.facebook.com\/compuviper\",\"https:\/\/www.youtube.com\/channel\/UCf73dERp9Y3cfOq7q8BhLjA?view_as=subscriber\"]}]}<\/script>\n<meta property=\"product:brand\" content=\"BIOSTAR\" \/>\n<meta property=\"product:price:amount\" content=\"754\" \/>\n<meta property=\"product:price:currency\" content=\"MXN\" \/>\n<meta property=\"og:availability\" content=\"out of stock\" \/>\n<meta property=\"product:availability\" content=\"out of stock\" \/>\n<meta property=\"product:retailer_item_id\" content=\"A320MH\" \/>\n<meta property=\"product:condition\" content=\"new\" \/>\n<!-- \/ Yoast SEO plugin. -->","yoast_head_json":{"title":"[ Biostar ] &#129351; A320mh Mb A320 Amd S-am4\/ 2x Ddr4 2933\/requiere Tarjeta De Video\/hdmi\/vga\/ 3x Usb 3.1\/micro-atx\/gama Basica","description":"Compra A320mh Mb A320 Amd S-am4\/ 2x Ddr4 2933\/requiere Tarjeta De Video\/hdmi\/vga\/ 3x Usb 3.1\/micro-atx\/gama Basica + Env\u00edo a domicilio + Pago seguro + Garant\u00eda","robots":{"index":"index","follow":"follow","max-snippet":"max-snippet:-1","max-image-preview":"max-image-preview:large","max-video-preview":"max-video-preview:-1"},"canonical":"https:\/\/compuviper.mx\/tienda\/producto\/biostar-a320mh-mb-a320-amd-s-am4-2x-ddr4-2933-requiere-tarjeta-de-video-hdmi-vga-3x-usb-3-1-micro-atx-gama-basica\/","og_locale":"es_MX","og_type":"article","og_title":"[ Biostar ] &#129351; A320mh Mb A320 Amd S-am4\/ 2x Ddr4 2933\/requiere Tarjeta De Video\/hdmi\/vga\/ 3x Usb 3.1\/micro-atx\/gama Basica","og_description":"Compra A320mh Mb A320 Amd S-am4\/ 2x Ddr4 2933\/requiere Tarjeta De Video\/hdmi\/vga\/ 3x Usb 3.1\/micro-atx\/gama Basica + Env\u00edo a domicilio + Pago seguro + Garant\u00eda","og_url":"https:\/\/compuviper.mx\/tienda\/producto\/biostar-a320mh-mb-a320-amd-s-am4-2x-ddr4-2933-requiere-tarjeta-de-video-hdmi-vga-3x-usb-3-1-micro-atx-gama-basica\/","og_site_name":"Compuviper","article_publisher":"https:\/\/www.facebook.com\/compuviper","article_modified_time":"2026-04-26T06:00:21+00:00","og_image":[{"width":200,"height":200,"url":"https:\/\/compuviper.mx\/tienda\/wp-content\/uploads\/2024\/07\/Mb-biostar-a320-amd-s-am4-2x-ddr4-2933requiere-tarjeta-de-videohdmivga-3x-usb-3.1micro-atxgama-basica.jpg","type":"image\/jpeg"}],"twitter_card":"summary_large_image","twitter_misc":{"Precio":"&#36;754 con IVA","Availability":"Out of stock"},"schema":{"@context":"https:\/\/schema.org","@graph":[{"@type":"WebPage","@id":"https:\/\/compuviper.mx\/tienda\/producto\/biostar-a320mh-mb-a320-amd-s-am4-2x-ddr4-2933-requiere-tarjeta-de-video-hdmi-vga-3x-usb-3-1-micro-atx-gama-basica\/","url":"https:\/\/compuviper.mx\/tienda\/producto\/biostar-a320mh-mb-a320-amd-s-am4-2x-ddr4-2933-requiere-tarjeta-de-video-hdmi-vga-3x-usb-3-1-micro-atx-gama-basica\/","name":"[ Biostar ] &#129351; A320mh Mb A320 Amd S-am4\/ 2x Ddr4 2933\/requiere Tarjeta De Video\/hdmi\/vga\/ 3x Usb 3.1\/micro-atx\/gama Basica","isPartOf":{"@id":"https:\/\/compuviper.mx\/tienda\/#website"},"datePublished":"2026-04-25T06:40:56+00:00","dateModified":"2026-04-26T06:00:21+00:00","description":"Compra A320mh Mb A320 Amd S-am4\/ 2x Ddr4 2933\/requiere Tarjeta De Video\/hdmi\/vga\/ 3x Usb 3.1\/micro-atx\/gama Basica + Env\u00edo a domicilio + Pago seguro + Garant\u00eda","breadcrumb":{"@id":"https:\/\/compuviper.mx\/tienda\/producto\/biostar-a320mh-mb-a320-amd-s-am4-2x-ddr4-2933-requiere-tarjeta-de-video-hdmi-vga-3x-usb-3-1-micro-atx-gama-basica\/#breadcrumb"},"inLanguage":"es-MX","potentialAction":[{"@type":"ReadAction","target":["https:\/\/compuviper.mx\/tienda\/producto\/biostar-a320mh-mb-a320-amd-s-am4-2x-ddr4-2933-requiere-tarjeta-de-video-hdmi-vga-3x-usb-3-1-micro-atx-gama-basica\/"]}]},{"@type":"BreadcrumbList","@id":"https:\/\/compuviper.mx\/tienda\/producto\/biostar-a320mh-mb-a320-amd-s-am4-2x-ddr4-2933-requiere-tarjeta-de-video-hdmi-vga-3x-usb-3-1-micro-atx-gama-basica\/#breadcrumb","itemListElement":[{"@type":"ListItem","position":1,"name":"Inicio","item":"https:\/\/compuviper.mx\/tienda\/"},{"@type":"ListItem","position":2,"name":"Productos","item":"https:\/\/compuviper.mx\/tienda\/productos\/"},{"@type":"ListItem","position":3,"name":"Tarjeta Madre","item":"https:\/\/compuviper.mx\/tienda\/categoria-producto\/tarjeta-madre\/"},{"@type":"ListItem","position":4,"name":"Socket Am4","item":"https:\/\/compuviper.mx\/tienda\/categoria-producto\/tarjeta-madre\/socket-am4\/"},{"@type":"ListItem","position":5,"name":"Biostar A320mh Mb A320 Amd S-am4\/ 2x Ddr4 2933\/requiere Tarjeta De Video\/hdmi\/vga\/ 3x Usb 3.1\/micro-atx\/gama Basica"}]},{"@type":"WebSite","@id":"https:\/\/compuviper.mx\/tienda\/#website","url":"https:\/\/compuviper.mx\/tienda\/","name":"Compuviper","description":"Proveedor de Computadoras, Laptops, Servidores, Monitores, Puntos de Venta, Teclados,   Impresoras, T\u00f3ner, C\u00e1maras de Seguridad y m\u00e1s en tu tienda en l\u00ednea","publisher":{"@id":"https:\/\/compuviper.mx\/tienda\/#organization"},"potentialAction":[{"@type":"SearchAction","target":{"@type":"EntryPoint","urlTemplate":"https:\/\/compuviper.mx\/tienda\/?s={search_term_string}"},"query-input":"required name=search_term_string"}],"inLanguage":"es-MX"},{"@type":"Organization","@id":"https:\/\/compuviper.mx\/tienda\/#organization","name":"Compuviper","url":"https:\/\/compuviper.mx\/tienda\/","logo":{"@type":"ImageObject","inLanguage":"es-MX","@id":"https:\/\/compuviper.mx\/tienda\/#\/schema\/logo\/image\/","url":"https:\/\/compuviper.mx\/tienda\/wp-content\/uploads\/2021\/08\/Logo-Compuviper-10.png","contentUrl":"https:\/\/compuviper.mx\/tienda\/wp-content\/uploads\/2021\/08\/Logo-Compuviper-10.png","width":1000,"height":500,"caption":"Compuviper"},"image":{"@id":"https:\/\/compuviper.mx\/tienda\/#\/schema\/logo\/image\/"},"sameAs":["https:\/\/www.facebook.com\/compuviper","https:\/\/www.youtube.com\/channel\/UCf73dERp9Y3cfOq7q8BhLjA?view_as=subscriber"]}]},"product_brand":"BIOSTAR","product_price_amount":"754","product_price_currency":"MXN","og_availability":"out of stock","product_availability":"out of stock","product_retailer_item_id":"A320MH","product_condition":"new"},"_links":{"self":[{"href":"https:\/\/compuviper.mx\/tienda\/wp-json\/wp\/v2\/product\/237410"}],"collection":[{"href":"https:\/\/compuviper.mx\/tienda\/wp-json\/wp\/v2\/product"}],"about":[{"href":"https:\/\/compuviper.mx\/tienda\/wp-json\/wp\/v2\/types\/product"}],"replies":[{"embeddable":true,"href":"https:\/\/compuviper.mx\/tienda\/wp-json\/wp\/v2\/comments?post=237410"}],"wp:featuredmedia":[{"embeddable":true,"href":"https:\/\/compuviper.mx\/tienda\/wp-json\/wp\/v2\/media\/237411"}],"wp:attachment":[{"href":"https:\/\/compuviper.mx\/tienda\/wp-json\/wp\/v2\/media?parent=237410"}],"wp:term":[{"taxonomy":"product_cat","embeddable":true,"href":"https:\/\/compuviper.mx\/tienda\/wp-json\/wp\/v2\/product_cat?post=237410"},{"taxonomy":"product_tag","embeddable":true,"href":"https:\/\/compuviper.mx\/tienda\/wp-json\/wp\/v2\/product_tag?post=237410"}],"curies":[{"name":"wp","href":"https:\/\/api.w.org\/{rel}","templated":true}]}}