{"id":237116,"date":"2026-04-02T00:38:42","date_gmt":"2026-04-02T06:38:42","guid":{"rendered":"https:\/\/compuviper.mx\/tienda\/producto\/seagate-st22000nt001-disco-duro-interno-ironwolf-pro-22tb-3-5-escritorio-sata3-6gb-s-512mb-7200rpm-24x7-hot-plug-nas-sin-limite-de-bahias\/"},"modified":"2026-04-02T00:38:42","modified_gmt":"2026-04-02T06:38:42","slug":"seagate-st22000nt001-disco-duro-interno-ironwolf-pro-22tb-3-5-escritorio-sata3-6gb-s-512mb-7200rpm-24x7-hot-plug-nas-sin-limite-de-bahias","status":"publish","type":"product","link":"https:\/\/compuviper.mx\/tienda\/producto\/seagate-st22000nt001-disco-duro-interno-ironwolf-pro-22tb-3-5-escritorio-sata3-6gb-s-512mb-7200rpm-24x7-hot-plug-nas-sin-limite-de-bahias\/","title":{"rendered":"Seagate St22000nt001 Disco Duro Interno  Ironwolf Pro 22tb 3.5 Escritorio Sata3 6gb\/s 512mb 7200rpm 24&#215;7 Hot-plug Nas Sin Limite De Bahias"},"content":{"rendered":"<table class=\"descripcion\">\n<tr>\n<td>Capacidad<\/td>\n<\/tr>\n<tr>\n<td>22 tb<\/td>\n<\/tr>\n<tr>\n<td>N\u00famero de n\u00famero de modelo est\u00e1ndar<\/td>\n<\/tr>\n<tr>\n<td>St22000nt001<\/td>\n<\/tr>\n<tr>\n<td>Interfaz<\/td>\n<\/tr>\n<tr>\n<td>Sata de 6 gb\/s<\/td>\n<\/tr>\n<tr>\n<td>Caracter\u00edsticas<\/td>\n<\/tr>\n<tr>\n<td>Bah\u00edas de unidad admitidas<\/td>\n<\/tr>\n<tr>\n<td>Ilimitado<\/td>\n<\/tr>\n<tr>\n<td>Tecnolog\u00eda de grabaci\u00f3n<\/td>\n<\/tr>\n<tr>\n<td>Cmr<\/td>\n<\/tr>\n<tr>\n<td>Dise\u00f1o de la unidad (aire o helio)<\/td>\n<\/tr>\n<tr>\n<td>Helio<\/td>\n<\/tr>\n<tr>\n<td>L\u00edmite de carga de trabajo (wrl)<\/td>\n<\/tr>\n<tr>\n<td>550<\/td>\n<\/tr>\n<tr>\n<td>Sensores de vibraci\u00f3n giratoria (vg)<\/td>\n<\/tr>\n<tr>\n<td>S\u00ed<\/td>\n<\/tr>\n<tr>\n<td>Cach\u00e9 (mb)<\/td>\n<\/tr>\n<tr>\n<td>512 mb<\/td>\n<\/tr>\n<tr>\n<td>Fiabilidad\/integridad de los datos<\/td>\n<\/tr>\n<tr>\n<td>Tiempo medio entre fallos (mtbf, horas)<\/td>\n<\/tr>\n<tr>\n<td>2500000 hr<\/td>\n<\/tr>\n<tr>\n<td>Errores de lectura no recuperables por bits le\u00eddos, m\u00e1x.<\/td>\n<\/tr>\n<tr>\n<td>1 por 10e15<\/td>\n<\/tr>\n<tr>\n<td>Horas de encendido (por a\u00f1o)<\/td>\n<\/tr>\n<tr>\n<td>8.760<\/td>\n<\/tr>\n<tr>\n<td>Tama\u00f1o por sector (bytes por sector l\u00f3gico)<\/td>\n<\/tr>\n<tr>\n<td>512e<\/td>\n<\/tr>\n<tr>\n<td>Rescue data recovery services para la recuperaci\u00f3n de datos (a\u00f1os)<\/td>\n<\/tr>\n<tr>\n<td>3<\/td>\n<\/tr>\n<tr>\n<td>Garant\u00eda limitada (a\u00f1os)<\/td>\n<\/tr>\n<tr>\n<td>5<\/td>\n<\/tr>\n<tr>\n<td>Rendimiento<\/td>\n<\/tr>\n<tr>\n<td>Velocidad del eje (rpm)<\/td>\n<\/tr>\n<tr>\n<td>7200rpm<\/td>\n<\/tr>\n<tr>\n<td>Velocidad de acceso a la interfaz (gb\/s)<\/td>\n<\/tr>\n<tr>\n<td>6,0; 3,0; 1,5<\/td>\n<\/tr>\n<tr>\n<td>M\u00e1x. velocidad de transferencia continua od (mb\/s)<\/td>\n<\/tr>\n<tr>\n<td>285<\/td>\n<\/tr>\n<tr>\n<td>Vibraci\u00f3n giratoria @ 10-1.500 hz (rad\/s)<\/td>\n<\/tr>\n<tr>\n<td>12,5<\/td>\n<\/tr>\n<tr>\n<td>Consumo de energ\u00eda<\/td>\n<\/tr>\n<tr>\n<td>Corriente de arranque, t\u00edpica (12 v, a)<\/td>\n<\/tr>\n<tr>\n<td>2.0 a<\/td>\n<\/tr>\n<tr>\n<td>Potencia en reposo, promedio (w)<\/td>\n<\/tr>\n<tr>\n<td>6.0 w<\/td>\n<\/tr>\n<tr>\n<td>Consumo de energ\u00eda promedio en funcionamiento (w)<\/td>\n<\/tr>\n<tr>\n<td>7.9 w<\/td>\n<\/tr>\n<tr>\n<td>Modo en espera, t\u00edpico (w)<\/td>\n<\/tr>\n<tr>\n<td>1.2 w<\/td>\n<\/tr>\n<tr>\n<td>Modo de reposo, t\u00edpico (w)<\/td>\n<\/tr>\n<tr>\n<td>1.2 w<\/td>\n<\/tr>\n<tr>\n<td>Requisitos de fuente de alimentaci\u00f3n<\/td>\n<\/tr>\n<tr>\n<td>+12 v y +5 v<\/td>\n<\/tr>\n<tr>\n<td>Ambiental\/temperatura<\/td>\n<\/tr>\n<tr>\n<td>Temperatura en funcionamiento (\u00b0c m\u00edn. del ambiente)<\/td>\n<\/tr>\n<tr>\n<td>0 \u00b0c<\/td>\n<\/tr>\n<tr>\n<td>Temperatura en funcionamiento (\u00b0c m\u00e1x. reportados para la unidad)<\/td>\n<\/tr>\n<tr>\n<td>65 \u00b0c<\/td>\n<\/tr>\n<tr>\n<td>Temperatura en estado no operativo (\u00b0c m\u00edn. del ambiente)<\/td>\n<\/tr>\n<tr>\n<td>-40 \u00b0c<\/td>\n<\/tr>\n<tr>\n<td>Temperatura en estado no operativo (\u00b0c m\u00e1x. del ambiente)<\/td>\n<\/tr>\n<tr>\n<td>70 \u00b0c<\/td>\n<\/tr>\n<tr>\n<td>Ambiental\/ac\u00fastica<\/td>\n<\/tr>\n<tr>\n<td>Vibraci\u00f3n, no en funcionamiento: 10 hz a 500 hz (grms)<\/td>\n<\/tr>\n<tr>\n<td>2.27<\/td>\n<\/tr>\n<tr>\n<td>Ac\u00fastica, idle (t\u00edpica, medida en estado idle1) (dba)<\/td>\n<\/tr>\n<tr>\n<td>20<\/td>\n<\/tr>\n<tr>\n<td>Ac\u00fastica, b\u00fasqueda (t\u00edpica) (dba)<\/td>\n<\/tr>\n<tr>\n<td>26<\/td>\n<\/tr>\n<tr>\n<td>Ambiental\/golpes<\/td>\n<\/tr>\n<tr>\n<td>Tolerancia a golpes, en estado operativo, 2 ms (lectura\/escritura) (gs)<\/td>\n<\/tr>\n<tr>\n<td>40\/40 g<\/td>\n<\/tr>\n<tr>\n<td>Tolerancia a golpes, en estado no operativo, 1 ms y 2 ms (gs)<\/td>\n<\/tr>\n<tr>\n<td>200<\/td>\n<\/tr>\n<tr>\n<td>Datos f\u00edsicos<\/td>\n<\/tr>\n<tr>\n<td>Altura (mm\/pulg.)<\/td>\n<\/tr>\n<tr>\n<td>26.11 mm\/1.028 pulg.<\/td>\n<\/tr>\n<tr>\n<td>Ancho (mm\/pulg., m\u00e1x.)<\/td>\n<\/tr>\n<tr>\n<td>101.85 mm\/4.01 pulg.<\/td>\n<\/tr>\n<tr>\n<td>Profundidad (mm\/pulg., m\u00e1x.)<\/td>\n<\/tr>\n<tr>\n<td>146.99 mm\/5.787 pulg.<\/td>\n<\/tr>\n<tr>\n<td>Peso (g\/lb, t\u00edpico)<\/td>\n<\/tr>\n<tr>\n<td>690 g\/1.512 lb<\/td>\n<\/tr>\n<tr>\n<td>Cantidad de unidades por caja<\/td>\n<\/tr>\n<tr>\n<td>20<\/td>\n<\/tr>\n<\/table>\n","protected":false},"excerpt":{"rendered":"<p>Ironwolf pro est\u00e1 dise\u00f1ada para nas comercial y empresarial. Ofrece un rendimiento resistente, diligente y expansible en entornos de varios usuarios y m\u00faltiples bah\u00edas todos los d\u00edas y a toda hora<\/p>\n","protected":false},"featured_media":237117,"comment_status":"open","ping_status":"open","template":"","meta":[],"product_cat":[1703,1706],"product_tag":[1710],"acf":[],"yoast_head":"<!-- This site is optimized with the Yoast SEO plugin v21.7 - https:\/\/yoast.com\/wordpress\/plugins\/seo\/ -->\n<title>[ Seagate ] &#129351; St22000nt001 Disco Duro Interno Ironwolf Pro 22tb 3.5 Escritorio Sata3 6gb\/s 512mb 7200rpm 24x7 Hot-plug Nas Sin Limite De Bahias<\/title>\n<meta name=\"description\" content=\"Compra St22000nt001 Disco Duro Interno Ironwolf Pro 22tb 3.5 Escritorio Sata3 6gb\/s 512mb 7200rpm 24x7 Hot-plug Nas Sin Limite De Bahias + Env\u00edo a domicilio + Pago seguro + Garant\u00eda\" \/>\n<meta name=\"robots\" content=\"index, follow, max-snippet:-1, max-image-preview:large, max-video-preview:-1\" \/>\n<link rel=\"canonical\" href=\"https:\/\/compuviper.mx\/tienda\/producto\/seagate-st22000nt001-disco-duro-interno-ironwolf-pro-22tb-3-5-escritorio-sata3-6gb-s-512mb-7200rpm-24x7-hot-plug-nas-sin-limite-de-bahias\/\" \/>\n<meta property=\"og:locale\" content=\"es_MX\" \/>\n<meta property=\"og:type\" content=\"article\" \/>\n<meta property=\"og:title\" content=\"[ Seagate ] &#129351; St22000nt001 Disco Duro Interno Ironwolf Pro 22tb 3.5 Escritorio Sata3 6gb\/s 512mb 7200rpm 24x7 Hot-plug Nas Sin Limite De Bahias\" \/>\n<meta property=\"og:description\" content=\"Compra St22000nt001 Disco Duro Interno Ironwolf Pro 22tb 3.5 Escritorio Sata3 6gb\/s 512mb 7200rpm 24x7 Hot-plug Nas Sin Limite De Bahias + Env\u00edo a domicilio + Pago seguro + Garant\u00eda\" \/>\n<meta property=\"og:url\" content=\"https:\/\/compuviper.mx\/tienda\/producto\/seagate-st22000nt001-disco-duro-interno-ironwolf-pro-22tb-3-5-escritorio-sata3-6gb-s-512mb-7200rpm-24x7-hot-plug-nas-sin-limite-de-bahias\/\" \/>\n<meta property=\"og:site_name\" content=\"Compuviper\" \/>\n<meta property=\"article:publisher\" content=\"https:\/\/www.facebook.com\/compuviper\" \/>\n<meta property=\"og:image\" content=\"https:\/\/compuviper.mx\/tienda\/wp-content\/uploads\/2024\/07\/Disco-duro-interno-seagate-ironwolf-pro-22tb-3.5-escritorio-sata3-6gbs-512mb-7200rpm-24x7-hot-plug-nas-sin-limite-de-bahias.jpg\" \/>\n\t<meta property=\"og:image:width\" content=\"200\" \/>\n\t<meta property=\"og:image:height\" content=\"200\" \/>\n\t<meta property=\"og:image:type\" content=\"image\/jpeg\" \/>\n<meta name=\"twitter:card\" content=\"summary_large_image\" \/>\n<meta name=\"twitter:label1\" content=\"Precio\" \/>\n\t<meta name=\"twitter:data1\" content=\"&#36;10,481 &#36;10,258 con IVA\" \/>\n\t<meta name=\"twitter:label2\" content=\"Availability\" \/>\n\t<meta name=\"twitter:data2\" content=\"In stock\" \/>\n<script type=\"application\/ld+json\" class=\"yoast-schema-graph\">{\"@context\":\"https:\/\/schema.org\",\"@graph\":[{\"@type\":\"WebPage\",\"@id\":\"https:\/\/compuviper.mx\/tienda\/producto\/seagate-st22000nt001-disco-duro-interno-ironwolf-pro-22tb-3-5-escritorio-sata3-6gb-s-512mb-7200rpm-24x7-hot-plug-nas-sin-limite-de-bahias\/\",\"url\":\"https:\/\/compuviper.mx\/tienda\/producto\/seagate-st22000nt001-disco-duro-interno-ironwolf-pro-22tb-3-5-escritorio-sata3-6gb-s-512mb-7200rpm-24x7-hot-plug-nas-sin-limite-de-bahias\/\",\"name\":\"[ Seagate ] &#129351; St22000nt001 Disco Duro Interno Ironwolf Pro 22tb 3.5 Escritorio Sata3 6gb\/s 512mb 7200rpm 24x7 Hot-plug Nas Sin Limite De Bahias\",\"isPartOf\":{\"@id\":\"https:\/\/compuviper.mx\/tienda\/#website\"},\"datePublished\":\"2026-04-02T06:38:42+00:00\",\"dateModified\":\"2026-04-02T06:38:42+00:00\",\"description\":\"Compra St22000nt001 Disco Duro Interno Ironwolf Pro 22tb 3.5 Escritorio Sata3 6gb\/s 512mb 7200rpm 24x7 Hot-plug Nas Sin Limite De Bahias + Env\u00edo a domicilio + Pago seguro + Garant\u00eda\",\"breadcrumb\":{\"@id\":\"https:\/\/compuviper.mx\/tienda\/producto\/seagate-st22000nt001-disco-duro-interno-ironwolf-pro-22tb-3-5-escritorio-sata3-6gb-s-512mb-7200rpm-24x7-hot-plug-nas-sin-limite-de-bahias\/#breadcrumb\"},\"inLanguage\":\"es-MX\",\"potentialAction\":[{\"@type\":\"ReadAction\",\"target\":[\"https:\/\/compuviper.mx\/tienda\/producto\/seagate-st22000nt001-disco-duro-interno-ironwolf-pro-22tb-3-5-escritorio-sata3-6gb-s-512mb-7200rpm-24x7-hot-plug-nas-sin-limite-de-bahias\/\"]}]},{\"@type\":\"BreadcrumbList\",\"@id\":\"https:\/\/compuviper.mx\/tienda\/producto\/seagate-st22000nt001-disco-duro-interno-ironwolf-pro-22tb-3-5-escritorio-sata3-6gb-s-512mb-7200rpm-24x7-hot-plug-nas-sin-limite-de-bahias\/#breadcrumb\",\"itemListElement\":[{\"@type\":\"ListItem\",\"position\":1,\"name\":\"Inicio\",\"item\":\"https:\/\/compuviper.mx\/tienda\/\"},{\"@type\":\"ListItem\",\"position\":2,\"name\":\"Productos\",\"item\":\"https:\/\/compuviper.mx\/tienda\/productos\/\"},{\"@type\":\"ListItem\",\"position\":3,\"name\":\"Discos Duros\",\"item\":\"https:\/\/compuviper.mx\/tienda\/categoria-producto\/discos-duros\/\"},{\"@type\":\"ListItem\",\"position\":4,\"name\":\"Disco Duro\",\"item\":\"https:\/\/compuviper.mx\/tienda\/categoria-producto\/discos-duros\/disco-duro\/\"},{\"@type\":\"ListItem\",\"position\":5,\"name\":\"Seagate St22000nt001 Disco Duro Interno Ironwolf Pro 22tb 3.5 Escritorio Sata3 6gb\/s 512mb 7200rpm 24&#215;7 Hot-plug Nas Sin Limite De Bahias\"}]},{\"@type\":\"WebSite\",\"@id\":\"https:\/\/compuviper.mx\/tienda\/#website\",\"url\":\"https:\/\/compuviper.mx\/tienda\/\",\"name\":\"Compuviper\",\"description\":\"Proveedor de Computadoras, Laptops, Servidores, Monitores, Puntos de Venta, Teclados,   Impresoras, T\u00f3ner, C\u00e1maras de Seguridad y m\u00e1s en tu tienda en l\u00ednea\",\"publisher\":{\"@id\":\"https:\/\/compuviper.mx\/tienda\/#organization\"},\"potentialAction\":[{\"@type\":\"SearchAction\",\"target\":{\"@type\":\"EntryPoint\",\"urlTemplate\":\"https:\/\/compuviper.mx\/tienda\/?s={search_term_string}\"},\"query-input\":\"required name=search_term_string\"}],\"inLanguage\":\"es-MX\"},{\"@type\":\"Organization\",\"@id\":\"https:\/\/compuviper.mx\/tienda\/#organization\",\"name\":\"Compuviper\",\"url\":\"https:\/\/compuviper.mx\/tienda\/\",\"logo\":{\"@type\":\"ImageObject\",\"inLanguage\":\"es-MX\",\"@id\":\"https:\/\/compuviper.mx\/tienda\/#\/schema\/logo\/image\/\",\"url\":\"https:\/\/compuviper.mx\/tienda\/wp-content\/uploads\/2021\/08\/Logo-Compuviper-10.png\",\"contentUrl\":\"https:\/\/compuviper.mx\/tienda\/wp-content\/uploads\/2021\/08\/Logo-Compuviper-10.png\",\"width\":1000,\"height\":500,\"caption\":\"Compuviper\"},\"image\":{\"@id\":\"https:\/\/compuviper.mx\/tienda\/#\/schema\/logo\/image\/\"},\"sameAs\":[\"https:\/\/www.facebook.com\/compuviper\",\"https:\/\/www.youtube.com\/channel\/UCf73dERp9Y3cfOq7q8BhLjA?view_as=subscriber\"]}]}<\/script>\n<meta property=\"product:brand\" content=\"SEAGATE\" \/>\n<meta property=\"product:price:amount\" content=\"10258\" \/>\n<meta property=\"product:price:currency\" content=\"MXN\" \/>\n<meta property=\"og:availability\" content=\"instock\" \/>\n<meta property=\"product:availability\" content=\"instock\" \/>\n<meta property=\"product:retailer_item_id\" content=\"ST22000NT001\" \/>\n<meta property=\"product:condition\" content=\"new\" \/>\n<!-- \/ Yoast SEO plugin. -->","yoast_head_json":{"title":"[ Seagate ] &#129351; St22000nt001 Disco Duro Interno Ironwolf Pro 22tb 3.5 Escritorio Sata3 6gb\/s 512mb 7200rpm 24x7 Hot-plug Nas Sin Limite De Bahias","description":"Compra St22000nt001 Disco Duro Interno Ironwolf Pro 22tb 3.5 Escritorio Sata3 6gb\/s 512mb 7200rpm 24x7 Hot-plug Nas Sin Limite De Bahias + Env\u00edo a domicilio + Pago seguro + Garant\u00eda","robots":{"index":"index","follow":"follow","max-snippet":"max-snippet:-1","max-image-preview":"max-image-preview:large","max-video-preview":"max-video-preview:-1"},"canonical":"https:\/\/compuviper.mx\/tienda\/producto\/seagate-st22000nt001-disco-duro-interno-ironwolf-pro-22tb-3-5-escritorio-sata3-6gb-s-512mb-7200rpm-24x7-hot-plug-nas-sin-limite-de-bahias\/","og_locale":"es_MX","og_type":"article","og_title":"[ Seagate ] &#129351; St22000nt001 Disco Duro Interno Ironwolf Pro 22tb 3.5 Escritorio Sata3 6gb\/s 512mb 7200rpm 24x7 Hot-plug Nas Sin Limite De Bahias","og_description":"Compra St22000nt001 Disco Duro Interno Ironwolf Pro 22tb 3.5 Escritorio Sata3 6gb\/s 512mb 7200rpm 24x7 Hot-plug Nas Sin Limite De Bahias + Env\u00edo a domicilio + Pago seguro + Garant\u00eda","og_url":"https:\/\/compuviper.mx\/tienda\/producto\/seagate-st22000nt001-disco-duro-interno-ironwolf-pro-22tb-3-5-escritorio-sata3-6gb-s-512mb-7200rpm-24x7-hot-plug-nas-sin-limite-de-bahias\/","og_site_name":"Compuviper","article_publisher":"https:\/\/www.facebook.com\/compuviper","og_image":[{"width":200,"height":200,"url":"https:\/\/compuviper.mx\/tienda\/wp-content\/uploads\/2024\/07\/Disco-duro-interno-seagate-ironwolf-pro-22tb-3.5-escritorio-sata3-6gbs-512mb-7200rpm-24x7-hot-plug-nas-sin-limite-de-bahias.jpg","type":"image\/jpeg"}],"twitter_card":"summary_large_image","twitter_misc":{"Precio":"&#36;10,481 &#36;10,258 con IVA","Availability":"In stock"},"schema":{"@context":"https:\/\/schema.org","@graph":[{"@type":"WebPage","@id":"https:\/\/compuviper.mx\/tienda\/producto\/seagate-st22000nt001-disco-duro-interno-ironwolf-pro-22tb-3-5-escritorio-sata3-6gb-s-512mb-7200rpm-24x7-hot-plug-nas-sin-limite-de-bahias\/","url":"https:\/\/compuviper.mx\/tienda\/producto\/seagate-st22000nt001-disco-duro-interno-ironwolf-pro-22tb-3-5-escritorio-sata3-6gb-s-512mb-7200rpm-24x7-hot-plug-nas-sin-limite-de-bahias\/","name":"[ Seagate ] &#129351; St22000nt001 Disco Duro Interno Ironwolf Pro 22tb 3.5 Escritorio Sata3 6gb\/s 512mb 7200rpm 24x7 Hot-plug Nas Sin Limite De Bahias","isPartOf":{"@id":"https:\/\/compuviper.mx\/tienda\/#website"},"datePublished":"2026-04-02T06:38:42+00:00","dateModified":"2026-04-02T06:38:42+00:00","description":"Compra St22000nt001 Disco Duro Interno Ironwolf Pro 22tb 3.5 Escritorio Sata3 6gb\/s 512mb 7200rpm 24x7 Hot-plug Nas Sin Limite De Bahias + Env\u00edo a domicilio + Pago seguro + Garant\u00eda","breadcrumb":{"@id":"https:\/\/compuviper.mx\/tienda\/producto\/seagate-st22000nt001-disco-duro-interno-ironwolf-pro-22tb-3-5-escritorio-sata3-6gb-s-512mb-7200rpm-24x7-hot-plug-nas-sin-limite-de-bahias\/#breadcrumb"},"inLanguage":"es-MX","potentialAction":[{"@type":"ReadAction","target":["https:\/\/compuviper.mx\/tienda\/producto\/seagate-st22000nt001-disco-duro-interno-ironwolf-pro-22tb-3-5-escritorio-sata3-6gb-s-512mb-7200rpm-24x7-hot-plug-nas-sin-limite-de-bahias\/"]}]},{"@type":"BreadcrumbList","@id":"https:\/\/compuviper.mx\/tienda\/producto\/seagate-st22000nt001-disco-duro-interno-ironwolf-pro-22tb-3-5-escritorio-sata3-6gb-s-512mb-7200rpm-24x7-hot-plug-nas-sin-limite-de-bahias\/#breadcrumb","itemListElement":[{"@type":"ListItem","position":1,"name":"Inicio","item":"https:\/\/compuviper.mx\/tienda\/"},{"@type":"ListItem","position":2,"name":"Productos","item":"https:\/\/compuviper.mx\/tienda\/productos\/"},{"@type":"ListItem","position":3,"name":"Discos Duros","item":"https:\/\/compuviper.mx\/tienda\/categoria-producto\/discos-duros\/"},{"@type":"ListItem","position":4,"name":"Disco Duro","item":"https:\/\/compuviper.mx\/tienda\/categoria-producto\/discos-duros\/disco-duro\/"},{"@type":"ListItem","position":5,"name":"Seagate St22000nt001 Disco Duro Interno Ironwolf Pro 22tb 3.5 Escritorio Sata3 6gb\/s 512mb 7200rpm 24&#215;7 Hot-plug Nas Sin Limite De Bahias"}]},{"@type":"WebSite","@id":"https:\/\/compuviper.mx\/tienda\/#website","url":"https:\/\/compuviper.mx\/tienda\/","name":"Compuviper","description":"Proveedor de Computadoras, Laptops, Servidores, Monitores, Puntos de Venta, Teclados,   Impresoras, T\u00f3ner, C\u00e1maras de Seguridad y m\u00e1s en tu tienda en l\u00ednea","publisher":{"@id":"https:\/\/compuviper.mx\/tienda\/#organization"},"potentialAction":[{"@type":"SearchAction","target":{"@type":"EntryPoint","urlTemplate":"https:\/\/compuviper.mx\/tienda\/?s={search_term_string}"},"query-input":"required name=search_term_string"}],"inLanguage":"es-MX"},{"@type":"Organization","@id":"https:\/\/compuviper.mx\/tienda\/#organization","name":"Compuviper","url":"https:\/\/compuviper.mx\/tienda\/","logo":{"@type":"ImageObject","inLanguage":"es-MX","@id":"https:\/\/compuviper.mx\/tienda\/#\/schema\/logo\/image\/","url":"https:\/\/compuviper.mx\/tienda\/wp-content\/uploads\/2021\/08\/Logo-Compuviper-10.png","contentUrl":"https:\/\/compuviper.mx\/tienda\/wp-content\/uploads\/2021\/08\/Logo-Compuviper-10.png","width":1000,"height":500,"caption":"Compuviper"},"image":{"@id":"https:\/\/compuviper.mx\/tienda\/#\/schema\/logo\/image\/"},"sameAs":["https:\/\/www.facebook.com\/compuviper","https:\/\/www.youtube.com\/channel\/UCf73dERp9Y3cfOq7q8BhLjA?view_as=subscriber"]}]},"product_brand":"SEAGATE","product_price_amount":"10258","product_price_currency":"MXN","og_availability":"instock","product_availability":"instock","product_retailer_item_id":"ST22000NT001","product_condition":"new"},"_links":{"self":[{"href":"https:\/\/compuviper.mx\/tienda\/wp-json\/wp\/v2\/product\/237116"}],"collection":[{"href":"https:\/\/compuviper.mx\/tienda\/wp-json\/wp\/v2\/product"}],"about":[{"href":"https:\/\/compuviper.mx\/tienda\/wp-json\/wp\/v2\/types\/product"}],"replies":[{"embeddable":true,"href":"https:\/\/compuviper.mx\/tienda\/wp-json\/wp\/v2\/comments?post=237116"}],"wp:featuredmedia":[{"embeddable":true,"href":"https:\/\/compuviper.mx\/tienda\/wp-json\/wp\/v2\/media\/237117"}],"wp:attachment":[{"href":"https:\/\/compuviper.mx\/tienda\/wp-json\/wp\/v2\/media?parent=237116"}],"wp:term":[{"taxonomy":"product_cat","embeddable":true,"href":"https:\/\/compuviper.mx\/tienda\/wp-json\/wp\/v2\/product_cat?post=237116"},{"taxonomy":"product_tag","embeddable":true,"href":"https:\/\/compuviper.mx\/tienda\/wp-json\/wp\/v2\/product_tag?post=237116"}],"curies":[{"name":"wp","href":"https:\/\/api.w.org\/{rel}","templated":true}]}}