{"id":237033,"date":"2026-04-02T00:38:20","date_gmt":"2026-04-02T06:38:20","guid":{"rendered":"https:\/\/compuviper.mx\/tienda\/producto\/seagate-st8000dm004-disco-duro-interno-barracuda-8tb-3-5-escritorio-sata3-6gb-s-256mb-5400rpm-pc\/"},"modified":"2026-04-03T00:00:11","modified_gmt":"2026-04-03T06:00:11","slug":"seagate-st8000dm004-disco-duro-interno-barracuda-8tb-3-5-escritorio-sata3-6gb-s-256mb-5400rpm-pc","status":"publish","type":"product","link":"https:\/\/compuviper.mx\/tienda\/producto\/seagate-st8000dm004-disco-duro-interno-barracuda-8tb-3-5-escritorio-sata3-6gb-s-256mb-5400rpm-pc\/","title":{"rendered":"Seagate St8000dm004 Disco Duro Interno  Barracuda 8tb 3.5 Escritorio Sata3 6gb\/s 256mb 5400rpm Pc"},"content":{"rendered":"<table class=\"descripcion\">\n<tr>\n<td>Especificaciones 8 tb<\/td>\n<\/tr>\n<tr>\n<td>Numeros de modelo estandar st8000dm004<\/td>\n<\/tr>\n<tr>\n<td>Bytes por sector 4.096<\/td>\n<\/tr>\n<tr>\n<td>Rendimiento<\/td>\n<\/tr>\n<tr>\n<td>Interfaz sata a 6 gb\/s<\/td>\n<\/tr>\n<tr>\n<td>Compatible con transferencias de datos<\/td>\n<\/tr>\n<tr>\n<td>Sata (gb\/s) 6,0 \/ 3,0 \/ 1,5<\/td>\n<\/tr>\n<tr>\n<td>Max. velocidad de transferencia sostenida od (mb\/s) 190mb\/s<\/td>\n<\/tr>\n<tr>\n<td>Cache multisegmentada (mb) 256<\/td>\n<\/tr>\n<tr>\n<td>Velocidad de giro (rpm) 5.400<\/td>\n<\/tr>\n<tr>\n<td>Fiabilidad\/integridad de los datos<\/td>\n<\/tr>\n<tr>\n<td>Ciclos de carga\/descarga 600.000<\/td>\n<\/tr>\n<tr>\n<td>Errores de lectura no recuperables por bits leidos, max. 1 por 10e15<\/td>\n<\/tr>\n<tr>\n<td>Horas de encendido al a\u00f1o<\/td>\n<\/tr>\n<tr>\n<td>(ininterrumpido) 2.400<\/td>\n<\/tr>\n<tr>\n<td>Limite del indice de carga de trabajo<\/td>\n<\/tr>\n<tr>\n<td>(tb\/a\u00f1o) 55<\/td>\n<\/tr>\n<tr>\n<td>Garantia limitada (a\u00f1os) 2<\/td>\n<\/tr>\n<tr>\n<td>Administracion de energia<\/td>\n<\/tr>\n<tr>\n<td>Corriente de arranque (a) 2<\/td>\n<\/tr>\n<tr>\n<td>Modo operativo, tipico (w) 5,3<\/td>\n<\/tr>\n<tr>\n<td>Media en reposo (w) 3,4 w<\/td>\n<\/tr>\n<tr>\n<td>Modo en espera\/en suspension, tipico<\/td>\n<\/tr>\n<tr>\n<td>(w) 0,25\/0,25<\/td>\n<\/tr>\n<tr>\n<td>Tolerancia del voltaje, incluido el ruido (5<\/td>\n<\/tr>\n<tr>\n<td>V) \u00b15%<\/td>\n<\/tr>\n<tr>\n<td>Tolerancia del voltaje, incluido el ruido<\/td>\n<\/tr>\n<tr>\n<td>(12 v) \u00b110%<\/td>\n<\/tr>\n<tr>\n<td>Informacion medioambiental\/temperatura<\/td>\n<\/tr>\n<tr>\n<td>Operativa (ambiente, min.) 0 \u00b0c<\/td>\n<\/tr>\n<tr>\n<td>Operativa (carcasa de la unidad, max.) 60 \u00b0c<\/td>\n<\/tr>\n<tr>\n<td>No operativa (ambiente) -40 \u00b0c \u0096 70 \u00b0c<\/td>\n<\/tr>\n<tr>\n<td>Sin halogenos s\u00ed<\/td>\n<\/tr>\n<tr>\n<td>Cumplimiento de la directiva rohs si<\/td>\n<\/tr>\n<tr>\n<td>Datos fisicos<\/td>\n<\/tr>\n<tr>\n<td>Altura (mm\/pulg., max.) 26,11 mm\/1,028 pulg.<\/td>\n<\/tr>\n<tr>\n<td>Ancho (mm\/pulg., max.) 101,85 mm\/4,01 pulg.<\/td>\n<\/tr>\n<tr>\n<td>Profundidad (mm\/pulg., max.) 146,99 mm\/5,787 pulg.<\/td>\n<\/tr>\n<tr>\n<td>Peso (g\/lb) 630 g\/1,389 lb<\/td>\n<\/tr>\n<tr>\n<td>Cantidad de unidades por embalaje 20<\/td>\n<\/tr>\n<tr>\n<td>Embalajes por pale \/ embalajes por capa 40 \/ 8<\/td>\n<\/tr>\n<\/table>\n","protected":false},"excerpt":{"rendered":"<p>Seagate incorpora mas de 20 a\u00f1os de rendimiento y fiabilidad dignos. De confianza a las unidades de disco duro seagate barracuda de. 3,5 pulgadas, ahora disponibles en capacidades de hasta 8 tb<\/p>\n","protected":false},"featured_media":237034,"comment_status":"open","ping_status":"open","template":"","meta":[],"product_cat":[1703,1706],"product_tag":[1710],"acf":[],"yoast_head":"<!-- This site is optimized with the Yoast SEO plugin v21.7 - https:\/\/yoast.com\/wordpress\/plugins\/seo\/ -->\n<title>[ Seagate ] &#129351; St8000dm004 Disco Duro Interno Barracuda 8tb 3.5 Escritorio Sata3 6gb\/s 256mb 5400rpm Pc<\/title>\n<meta name=\"description\" content=\"Compra St8000dm004 Disco Duro Interno Barracuda 8tb 3.5 Escritorio Sata3 6gb\/s 256mb 5400rpm Pc + Env\u00edo a domicilio + Pago seguro + Garant\u00eda\" \/>\n<meta name=\"robots\" content=\"index, follow, max-snippet:-1, max-image-preview:large, max-video-preview:-1\" \/>\n<link rel=\"canonical\" href=\"https:\/\/compuviper.mx\/tienda\/producto\/seagate-st8000dm004-disco-duro-interno-barracuda-8tb-3-5-escritorio-sata3-6gb-s-256mb-5400rpm-pc\/\" \/>\n<meta property=\"og:locale\" content=\"es_MX\" \/>\n<meta property=\"og:type\" content=\"article\" \/>\n<meta property=\"og:title\" content=\"[ Seagate ] &#129351; St8000dm004 Disco Duro Interno Barracuda 8tb 3.5 Escritorio Sata3 6gb\/s 256mb 5400rpm Pc\" \/>\n<meta property=\"og:description\" content=\"Compra St8000dm004 Disco Duro Interno Barracuda 8tb 3.5 Escritorio Sata3 6gb\/s 256mb 5400rpm Pc + Env\u00edo a domicilio + Pago seguro + Garant\u00eda\" \/>\n<meta property=\"og:url\" content=\"https:\/\/compuviper.mx\/tienda\/producto\/seagate-st8000dm004-disco-duro-interno-barracuda-8tb-3-5-escritorio-sata3-6gb-s-256mb-5400rpm-pc\/\" \/>\n<meta property=\"og:site_name\" content=\"Compuviper\" \/>\n<meta property=\"article:publisher\" content=\"https:\/\/www.facebook.com\/compuviper\" \/>\n<meta property=\"article:modified_time\" content=\"2026-04-03T06:00:11+00:00\" \/>\n<meta property=\"og:image\" content=\"https:\/\/compuviper.mx\/tienda\/wp-content\/uploads\/2024\/07\/Disco-duro-interno-seagate-barracuda-8tb-3.5-escritorio-sata3-6gbs-256mb-5400rpm-pc.jpg\" \/>\n\t<meta property=\"og:image:width\" content=\"200\" \/>\n\t<meta property=\"og:image:height\" content=\"200\" \/>\n\t<meta property=\"og:image:type\" content=\"image\/jpeg\" \/>\n<meta name=\"twitter:card\" content=\"summary_large_image\" \/>\n<meta name=\"twitter:label1\" content=\"Precio\" \/>\n\t<meta name=\"twitter:data1\" content=\"&#36;2,370 con IVA\" \/>\n\t<meta name=\"twitter:label2\" content=\"Availability\" \/>\n\t<meta name=\"twitter:data2\" content=\"Out of stock\" \/>\n<script type=\"application\/ld+json\" class=\"yoast-schema-graph\">{\"@context\":\"https:\/\/schema.org\",\"@graph\":[{\"@type\":\"WebPage\",\"@id\":\"https:\/\/compuviper.mx\/tienda\/producto\/seagate-st8000dm004-disco-duro-interno-barracuda-8tb-3-5-escritorio-sata3-6gb-s-256mb-5400rpm-pc\/\",\"url\":\"https:\/\/compuviper.mx\/tienda\/producto\/seagate-st8000dm004-disco-duro-interno-barracuda-8tb-3-5-escritorio-sata3-6gb-s-256mb-5400rpm-pc\/\",\"name\":\"[ Seagate ] &#129351; St8000dm004 Disco Duro Interno Barracuda 8tb 3.5 Escritorio Sata3 6gb\/s 256mb 5400rpm Pc\",\"isPartOf\":{\"@id\":\"https:\/\/compuviper.mx\/tienda\/#website\"},\"datePublished\":\"2026-04-02T06:38:20+00:00\",\"dateModified\":\"2026-04-03T06:00:11+00:00\",\"description\":\"Compra St8000dm004 Disco Duro Interno Barracuda 8tb 3.5 Escritorio Sata3 6gb\/s 256mb 5400rpm Pc + Env\u00edo a domicilio + Pago seguro + Garant\u00eda\",\"breadcrumb\":{\"@id\":\"https:\/\/compuviper.mx\/tienda\/producto\/seagate-st8000dm004-disco-duro-interno-barracuda-8tb-3-5-escritorio-sata3-6gb-s-256mb-5400rpm-pc\/#breadcrumb\"},\"inLanguage\":\"es-MX\",\"potentialAction\":[{\"@type\":\"ReadAction\",\"target\":[\"https:\/\/compuviper.mx\/tienda\/producto\/seagate-st8000dm004-disco-duro-interno-barracuda-8tb-3-5-escritorio-sata3-6gb-s-256mb-5400rpm-pc\/\"]}]},{\"@type\":\"BreadcrumbList\",\"@id\":\"https:\/\/compuviper.mx\/tienda\/producto\/seagate-st8000dm004-disco-duro-interno-barracuda-8tb-3-5-escritorio-sata3-6gb-s-256mb-5400rpm-pc\/#breadcrumb\",\"itemListElement\":[{\"@type\":\"ListItem\",\"position\":1,\"name\":\"Inicio\",\"item\":\"https:\/\/compuviper.mx\/tienda\/\"},{\"@type\":\"ListItem\",\"position\":2,\"name\":\"Productos\",\"item\":\"https:\/\/compuviper.mx\/tienda\/productos\/\"},{\"@type\":\"ListItem\",\"position\":3,\"name\":\"Discos Duros\",\"item\":\"https:\/\/compuviper.mx\/tienda\/categoria-producto\/discos-duros\/\"},{\"@type\":\"ListItem\",\"position\":4,\"name\":\"Disco Duro\",\"item\":\"https:\/\/compuviper.mx\/tienda\/categoria-producto\/discos-duros\/disco-duro\/\"},{\"@type\":\"ListItem\",\"position\":5,\"name\":\"Seagate St8000dm004 Disco Duro Interno Barracuda 8tb 3.5 Escritorio Sata3 6gb\/s 256mb 5400rpm Pc\"}]},{\"@type\":\"WebSite\",\"@id\":\"https:\/\/compuviper.mx\/tienda\/#website\",\"url\":\"https:\/\/compuviper.mx\/tienda\/\",\"name\":\"Compuviper\",\"description\":\"Proveedor de Computadoras, Laptops, Servidores, Monitores, Puntos de Venta, Teclados,   Impresoras, T\u00f3ner, C\u00e1maras de Seguridad y m\u00e1s en tu tienda en l\u00ednea\",\"publisher\":{\"@id\":\"https:\/\/compuviper.mx\/tienda\/#organization\"},\"potentialAction\":[{\"@type\":\"SearchAction\",\"target\":{\"@type\":\"EntryPoint\",\"urlTemplate\":\"https:\/\/compuviper.mx\/tienda\/?s={search_term_string}\"},\"query-input\":\"required name=search_term_string\"}],\"inLanguage\":\"es-MX\"},{\"@type\":\"Organization\",\"@id\":\"https:\/\/compuviper.mx\/tienda\/#organization\",\"name\":\"Compuviper\",\"url\":\"https:\/\/compuviper.mx\/tienda\/\",\"logo\":{\"@type\":\"ImageObject\",\"inLanguage\":\"es-MX\",\"@id\":\"https:\/\/compuviper.mx\/tienda\/#\/schema\/logo\/image\/\",\"url\":\"https:\/\/compuviper.mx\/tienda\/wp-content\/uploads\/2021\/08\/Logo-Compuviper-10.png\",\"contentUrl\":\"https:\/\/compuviper.mx\/tienda\/wp-content\/uploads\/2021\/08\/Logo-Compuviper-10.png\",\"width\":1000,\"height\":500,\"caption\":\"Compuviper\"},\"image\":{\"@id\":\"https:\/\/compuviper.mx\/tienda\/#\/schema\/logo\/image\/\"},\"sameAs\":[\"https:\/\/www.facebook.com\/compuviper\",\"https:\/\/www.youtube.com\/channel\/UCf73dERp9Y3cfOq7q8BhLjA?view_as=subscriber\"]}]}<\/script>\n<meta property=\"product:brand\" content=\"SEAGATE\" \/>\n<meta property=\"product:price:amount\" content=\"2370\" \/>\n<meta property=\"product:price:currency\" content=\"MXN\" \/>\n<meta property=\"og:availability\" content=\"out of stock\" \/>\n<meta property=\"product:availability\" content=\"out of stock\" \/>\n<meta property=\"product:retailer_item_id\" content=\"ST8000DM004\" \/>\n<meta property=\"product:condition\" content=\"new\" \/>\n<!-- \/ Yoast SEO plugin. -->","yoast_head_json":{"title":"[ Seagate ] &#129351; St8000dm004 Disco Duro Interno Barracuda 8tb 3.5 Escritorio Sata3 6gb\/s 256mb 5400rpm Pc","description":"Compra St8000dm004 Disco Duro Interno Barracuda 8tb 3.5 Escritorio Sata3 6gb\/s 256mb 5400rpm Pc + Env\u00edo a domicilio + Pago seguro + Garant\u00eda","robots":{"index":"index","follow":"follow","max-snippet":"max-snippet:-1","max-image-preview":"max-image-preview:large","max-video-preview":"max-video-preview:-1"},"canonical":"https:\/\/compuviper.mx\/tienda\/producto\/seagate-st8000dm004-disco-duro-interno-barracuda-8tb-3-5-escritorio-sata3-6gb-s-256mb-5400rpm-pc\/","og_locale":"es_MX","og_type":"article","og_title":"[ Seagate ] &#129351; St8000dm004 Disco Duro Interno Barracuda 8tb 3.5 Escritorio Sata3 6gb\/s 256mb 5400rpm Pc","og_description":"Compra St8000dm004 Disco Duro Interno Barracuda 8tb 3.5 Escritorio Sata3 6gb\/s 256mb 5400rpm Pc + Env\u00edo a domicilio + Pago seguro + Garant\u00eda","og_url":"https:\/\/compuviper.mx\/tienda\/producto\/seagate-st8000dm004-disco-duro-interno-barracuda-8tb-3-5-escritorio-sata3-6gb-s-256mb-5400rpm-pc\/","og_site_name":"Compuviper","article_publisher":"https:\/\/www.facebook.com\/compuviper","article_modified_time":"2026-04-03T06:00:11+00:00","og_image":[{"width":200,"height":200,"url":"https:\/\/compuviper.mx\/tienda\/wp-content\/uploads\/2024\/07\/Disco-duro-interno-seagate-barracuda-8tb-3.5-escritorio-sata3-6gbs-256mb-5400rpm-pc.jpg","type":"image\/jpeg"}],"twitter_card":"summary_large_image","twitter_misc":{"Precio":"&#36;2,370 con IVA","Availability":"Out of stock"},"schema":{"@context":"https:\/\/schema.org","@graph":[{"@type":"WebPage","@id":"https:\/\/compuviper.mx\/tienda\/producto\/seagate-st8000dm004-disco-duro-interno-barracuda-8tb-3-5-escritorio-sata3-6gb-s-256mb-5400rpm-pc\/","url":"https:\/\/compuviper.mx\/tienda\/producto\/seagate-st8000dm004-disco-duro-interno-barracuda-8tb-3-5-escritorio-sata3-6gb-s-256mb-5400rpm-pc\/","name":"[ Seagate ] &#129351; St8000dm004 Disco Duro Interno Barracuda 8tb 3.5 Escritorio Sata3 6gb\/s 256mb 5400rpm Pc","isPartOf":{"@id":"https:\/\/compuviper.mx\/tienda\/#website"},"datePublished":"2026-04-02T06:38:20+00:00","dateModified":"2026-04-03T06:00:11+00:00","description":"Compra St8000dm004 Disco Duro Interno Barracuda 8tb 3.5 Escritorio Sata3 6gb\/s 256mb 5400rpm Pc + Env\u00edo a domicilio + Pago seguro + Garant\u00eda","breadcrumb":{"@id":"https:\/\/compuviper.mx\/tienda\/producto\/seagate-st8000dm004-disco-duro-interno-barracuda-8tb-3-5-escritorio-sata3-6gb-s-256mb-5400rpm-pc\/#breadcrumb"},"inLanguage":"es-MX","potentialAction":[{"@type":"ReadAction","target":["https:\/\/compuviper.mx\/tienda\/producto\/seagate-st8000dm004-disco-duro-interno-barracuda-8tb-3-5-escritorio-sata3-6gb-s-256mb-5400rpm-pc\/"]}]},{"@type":"BreadcrumbList","@id":"https:\/\/compuviper.mx\/tienda\/producto\/seagate-st8000dm004-disco-duro-interno-barracuda-8tb-3-5-escritorio-sata3-6gb-s-256mb-5400rpm-pc\/#breadcrumb","itemListElement":[{"@type":"ListItem","position":1,"name":"Inicio","item":"https:\/\/compuviper.mx\/tienda\/"},{"@type":"ListItem","position":2,"name":"Productos","item":"https:\/\/compuviper.mx\/tienda\/productos\/"},{"@type":"ListItem","position":3,"name":"Discos Duros","item":"https:\/\/compuviper.mx\/tienda\/categoria-producto\/discos-duros\/"},{"@type":"ListItem","position":4,"name":"Disco Duro","item":"https:\/\/compuviper.mx\/tienda\/categoria-producto\/discos-duros\/disco-duro\/"},{"@type":"ListItem","position":5,"name":"Seagate St8000dm004 Disco Duro Interno Barracuda 8tb 3.5 Escritorio Sata3 6gb\/s 256mb 5400rpm Pc"}]},{"@type":"WebSite","@id":"https:\/\/compuviper.mx\/tienda\/#website","url":"https:\/\/compuviper.mx\/tienda\/","name":"Compuviper","description":"Proveedor de Computadoras, Laptops, Servidores, Monitores, Puntos de Venta, Teclados,   Impresoras, T\u00f3ner, C\u00e1maras de Seguridad y m\u00e1s en tu tienda en l\u00ednea","publisher":{"@id":"https:\/\/compuviper.mx\/tienda\/#organization"},"potentialAction":[{"@type":"SearchAction","target":{"@type":"EntryPoint","urlTemplate":"https:\/\/compuviper.mx\/tienda\/?s={search_term_string}"},"query-input":"required name=search_term_string"}],"inLanguage":"es-MX"},{"@type":"Organization","@id":"https:\/\/compuviper.mx\/tienda\/#organization","name":"Compuviper","url":"https:\/\/compuviper.mx\/tienda\/","logo":{"@type":"ImageObject","inLanguage":"es-MX","@id":"https:\/\/compuviper.mx\/tienda\/#\/schema\/logo\/image\/","url":"https:\/\/compuviper.mx\/tienda\/wp-content\/uploads\/2021\/08\/Logo-Compuviper-10.png","contentUrl":"https:\/\/compuviper.mx\/tienda\/wp-content\/uploads\/2021\/08\/Logo-Compuviper-10.png","width":1000,"height":500,"caption":"Compuviper"},"image":{"@id":"https:\/\/compuviper.mx\/tienda\/#\/schema\/logo\/image\/"},"sameAs":["https:\/\/www.facebook.com\/compuviper","https:\/\/www.youtube.com\/channel\/UCf73dERp9Y3cfOq7q8BhLjA?view_as=subscriber"]}]},"product_brand":"SEAGATE","product_price_amount":"2370","product_price_currency":"MXN","og_availability":"out of stock","product_availability":"out of stock","product_retailer_item_id":"ST8000DM004","product_condition":"new"},"_links":{"self":[{"href":"https:\/\/compuviper.mx\/tienda\/wp-json\/wp\/v2\/product\/237033"}],"collection":[{"href":"https:\/\/compuviper.mx\/tienda\/wp-json\/wp\/v2\/product"}],"about":[{"href":"https:\/\/compuviper.mx\/tienda\/wp-json\/wp\/v2\/types\/product"}],"replies":[{"embeddable":true,"href":"https:\/\/compuviper.mx\/tienda\/wp-json\/wp\/v2\/comments?post=237033"}],"wp:featuredmedia":[{"embeddable":true,"href":"https:\/\/compuviper.mx\/tienda\/wp-json\/wp\/v2\/media\/237034"}],"wp:attachment":[{"href":"https:\/\/compuviper.mx\/tienda\/wp-json\/wp\/v2\/media?parent=237033"}],"wp:term":[{"taxonomy":"product_cat","embeddable":true,"href":"https:\/\/compuviper.mx\/tienda\/wp-json\/wp\/v2\/product_cat?post=237033"},{"taxonomy":"product_tag","embeddable":true,"href":"https:\/\/compuviper.mx\/tienda\/wp-json\/wp\/v2\/product_tag?post=237033"}],"curies":[{"name":"wp","href":"https:\/\/api.w.org\/{rel}","templated":true}]}}