{"id":236094,"date":"2026-04-22T00:10:56","date_gmt":"2026-04-22T06:10:56","guid":{"rendered":"https:\/\/compuviper.mx\/tienda\/producto\/dahua-dh-hac-hdbw1200ean-camara-analoga-hac-hdbw1200ea-domo-de-2-megapixeles-antivandalica-1080p-lente-2-8-mm-115-grados-de-apertura-ir-de-40-mts-super-adapt-proteccion-ik10-uso-exterior-ip6\/"},"modified":"2026-04-22T00:10:57","modified_gmt":"2026-04-22T06:10:57","slug":"dahua-dh-hac-hdbw1200ean-camara-analoga-hac-hdbw1200ea-domo-de-2-megapixeles-antivandalica-1080p-lente-2-8-mm-115-grados-de-apertura-ir-de-40-mts-super-adapt-proteccion-ik10-uso-exterior-ip6","status":"publish","type":"product","link":"https:\/\/compuviper.mx\/tienda\/producto\/dahua-dh-hac-hdbw1200ean-camara-analoga-hac-hdbw1200ea-domo-de-2-megapixeles-antivandalica-1080p-lente-2-8-mm-115-grados-de-apertura-ir-de-40-mts-super-adapt-proteccion-ik10-uso-exterior-ip6\/","title":{"rendered":"Dahua Dh-hac-hdbw1200ean Camara Analoga\/\/ Hac-hdbw1200ea\/ Domo De 2 Megapixeles Antivandalica\/ 1080p\/ Lente 2.8 Mm\/ 115 Grados De Apertura\/ Ir De 40 Mts\/ Super Adapt\/ Proteccion Ik10\/ Uso Exterior Ip67\/ Soporta Hdcvi\/t"},"content":{"rendered":"<table class=\"descripcion\">\n<tr>\n<td>Caractersticas principales<\/td>\n<\/tr>\n<tr>\n<td>\u0095los par\u00e1metros y hojas de datos siguientes solo se pueden aplicar a la serie 1200-s5.<\/td>\n<\/tr>\n<tr>\n<td>\u0095m\u00e1ximo 30 fps a 1080p<\/td>\n<\/tr>\n<tr>\n<td>\u0095salida hd y sd conmutable<\/td>\n<\/tr>\n<tr>\n<td>\u0095lente fijo de 2,8 mm.<\/td>\n<\/tr>\n<tr>\n<td>\u0095m\u00e1x. longitud de infrarrojos 40 m, ir inteligente<\/td>\n<\/tr>\n<tr>\n<td>\u0095ip67, 12v cc<\/td>\n<\/tr>\n<\/table>\n","protected":false},"excerpt":{"rendered":"<p>Informacion general. Experimente vdeo full hd de 1080p y la simplicidad de utilizar la infraestructura de cableado existente con hdcvi. La c\u00e1mara hdcvi 1080p de la serie lite presenta un diseo compacto y ofrece una imagen de alta calidad a un precio asequible. Ofrece varios modelos de lentes motorizados\/fijos con un osd multilinge y salida conmutable hd\/sd. Su flexibilidad estructural y su alto costo-rendimiento hacen de la c\u00e1mara una opcin ideal para soluciones para pymes. Proteccin ip67, amplio voltaje. La extraordinaria fiabilidad de la c\u00e1mara es insuperable gracias a su diseo resistente. La c\u00e1mara est\u00e1 protegida contra el agua y el polvo con clasificacin ip67, lo que la hace adecuada para entornos interiores o exteriores. Con un rango de temperatura de trabajo de -40 \u00b0c a 60 \u00b0c -40 \u00b0f a 140 \u00b0f, la c\u00e1mara est\u00e1 diseada para entornos de temperaturas extremas. Al admitir una tolerancia de voltaje de entrada de \u00b130, esta c\u00e1mara se adapta incluso a las condiciones de suministro de energa m\u00e1s inestables. Su clasificacin de rayos de 4kv brinda proteccin contra la c\u00e1mara y su estructura contra los efectos de los rayos. Iluminacin ir inteligente. La c\u00e1mara est\u00e1 diseada con iluminacin led ir para un mejor rendimiento con poca luz. Smart ir es una tecnologa que garantiza la uniformidad del brillo en im\u00e1genes en blanco y negro con poca iluminacin. El exclusivo smart ir de dahua se ajusta a la intensidad de los led infrarrojos de la c\u00e1mara para compensar la distancia de un objeto y evita que los led ir sobreexpongan las im\u00e1genes a medida que el objeto se acerca a la c\u00e1mara.<\/p>\n","protected":false},"featured_media":242466,"comment_status":"open","ping_status":"open","template":"","meta":[],"product_cat":[1681,1608],"product_tag":[1555],"acf":[],"yoast_head":"<!-- This site is optimized with the Yoast SEO plugin v21.7 - https:\/\/yoast.com\/wordpress\/plugins\/seo\/ -->\n<title>[ Dahua ] &#129351; Dh-hac-hdbw1200ean Camara Analoga\/\/ Hac-hdbw1200ea\/ Domo De 2 Megapixeles Antivandalica\/ 1080p\/ Lente 2.8 Mm\/ 115 Grados De Apertura\/ Ir De 40 Mts\/ Super Adapt\/ Proteccion Ik10\/ Uso Exterior Ip67\/ Soporta Hdcvi\/t<\/title>\n<meta name=\"description\" content=\"Compra Dh-hac-hdbw1200ean Camara Analoga\/\/ Hac-hdbw1200ea\/ Domo De 2 Megapixeles Antivandalica\/ 1080p\/ Lente 2.8 Mm\/ 115 Grados De Apertura\/ Ir De 40 Mts\/ Super Adapt\/ Proteccion Ik10\/ Uso Exterior Ip67\/ Soporta Hdcvi\/t + Env\u00edo a domicilio + Pago seguro + Garant\u00eda\" \/>\n<meta name=\"robots\" content=\"index, follow, max-snippet:-1, max-image-preview:large, max-video-preview:-1\" \/>\n<link rel=\"canonical\" href=\"https:\/\/compuviper.mx\/tienda\/producto\/dahua-dh-hac-hdbw1200ean-camara-analoga-hac-hdbw1200ea-domo-de-2-megapixeles-antivandalica-1080p-lente-2-8-mm-115-grados-de-apertura-ir-de-40-mts-super-adapt-proteccion-ik10-uso-exterior-ip6\/\" \/>\n<meta property=\"og:locale\" content=\"es_MX\" \/>\n<meta property=\"og:type\" content=\"article\" \/>\n<meta property=\"og:title\" content=\"[ Dahua ] &#129351; Dh-hac-hdbw1200ean Camara Analoga\/\/ Hac-hdbw1200ea\/ Domo De 2 Megapixeles Antivandalica\/ 1080p\/ Lente 2.8 Mm\/ 115 Grados De Apertura\/ Ir De 40 Mts\/ Super Adapt\/ Proteccion Ik10\/ Uso Exterior Ip67\/ Soporta Hdcvi\/t\" \/>\n<meta property=\"og:description\" content=\"Compra Dh-hac-hdbw1200ean Camara Analoga\/\/ Hac-hdbw1200ea\/ Domo De 2 Megapixeles Antivandalica\/ 1080p\/ Lente 2.8 Mm\/ 115 Grados De Apertura\/ Ir De 40 Mts\/ Super Adapt\/ Proteccion Ik10\/ Uso Exterior Ip67\/ Soporta Hdcvi\/t + Env\u00edo a domicilio + Pago seguro + Garant\u00eda\" \/>\n<meta property=\"og:url\" content=\"https:\/\/compuviper.mx\/tienda\/producto\/dahua-dh-hac-hdbw1200ean-camara-analoga-hac-hdbw1200ea-domo-de-2-megapixeles-antivandalica-1080p-lente-2-8-mm-115-grados-de-apertura-ir-de-40-mts-super-adapt-proteccion-ik10-uso-exterior-ip6\/\" \/>\n<meta property=\"og:site_name\" content=\"Compuviper\" \/>\n<meta property=\"article:publisher\" content=\"https:\/\/www.facebook.com\/compuviper\" \/>\n<meta property=\"article:modified_time\" content=\"2026-04-22T06:10:57+00:00\" \/>\n<meta property=\"og:image\" content=\"https:\/\/compuviper.mx\/tienda\/wp-content\/uploads\/2024\/09\/Camara-analogadahua-hac-hdbw1200ea-domo-de-2-megapixeles-antivandalica-1080p-lente-2.8-mm-115-grados-de-apertura-ir-de-40-mts-super-adapt-proteccion-ik10-uso-exterior-ip67-soporta-hdcvit.jpg\" \/>\n\t<meta property=\"og:image:width\" content=\"200\" \/>\n\t<meta property=\"og:image:height\" content=\"200\" \/>\n\t<meta property=\"og:image:type\" content=\"image\/jpeg\" \/>\n<meta name=\"twitter:card\" content=\"summary_large_image\" \/>\n<meta name=\"twitter:label1\" content=\"Precio\" \/>\n\t<meta name=\"twitter:data1\" content=\"&#36;479 &#36;474 con IVA\" \/>\n\t<meta name=\"twitter:label2\" content=\"Availability\" \/>\n\t<meta name=\"twitter:data2\" content=\"In stock\" \/>\n<script type=\"application\/ld+json\" class=\"yoast-schema-graph\">{\"@context\":\"https:\/\/schema.org\",\"@graph\":[{\"@type\":\"WebPage\",\"@id\":\"https:\/\/compuviper.mx\/tienda\/producto\/dahua-dh-hac-hdbw1200ean-camara-analoga-hac-hdbw1200ea-domo-de-2-megapixeles-antivandalica-1080p-lente-2-8-mm-115-grados-de-apertura-ir-de-40-mts-super-adapt-proteccion-ik10-uso-exterior-ip6\/\",\"url\":\"https:\/\/compuviper.mx\/tienda\/producto\/dahua-dh-hac-hdbw1200ean-camara-analoga-hac-hdbw1200ea-domo-de-2-megapixeles-antivandalica-1080p-lente-2-8-mm-115-grados-de-apertura-ir-de-40-mts-super-adapt-proteccion-ik10-uso-exterior-ip6\/\",\"name\":\"[ Dahua ] &#129351; Dh-hac-hdbw1200ean Camara Analoga\/\/ Hac-hdbw1200ea\/ Domo De 2 Megapixeles Antivandalica\/ 1080p\/ Lente 2.8 Mm\/ 115 Grados De Apertura\/ Ir De 40 Mts\/ Super Adapt\/ Proteccion Ik10\/ Uso Exterior Ip67\/ Soporta Hdcvi\/t\",\"isPartOf\":{\"@id\":\"https:\/\/compuviper.mx\/tienda\/#website\"},\"datePublished\":\"2026-04-22T06:10:56+00:00\",\"dateModified\":\"2026-04-22T06:10:57+00:00\",\"description\":\"Compra Dh-hac-hdbw1200ean Camara Analoga\/\/ Hac-hdbw1200ea\/ Domo De 2 Megapixeles Antivandalica\/ 1080p\/ Lente 2.8 Mm\/ 115 Grados De Apertura\/ Ir De 40 Mts\/ Super Adapt\/ Proteccion Ik10\/ Uso Exterior Ip67\/ Soporta Hdcvi\/t + Env\u00edo a domicilio + Pago seguro + Garant\u00eda\",\"breadcrumb\":{\"@id\":\"https:\/\/compuviper.mx\/tienda\/producto\/dahua-dh-hac-hdbw1200ean-camara-analoga-hac-hdbw1200ea-domo-de-2-megapixeles-antivandalica-1080p-lente-2-8-mm-115-grados-de-apertura-ir-de-40-mts-super-adapt-proteccion-ik10-uso-exterior-ip6\/#breadcrumb\"},\"inLanguage\":\"es-MX\",\"potentialAction\":[{\"@type\":\"ReadAction\",\"target\":[\"https:\/\/compuviper.mx\/tienda\/producto\/dahua-dh-hac-hdbw1200ean-camara-analoga-hac-hdbw1200ea-domo-de-2-megapixeles-antivandalica-1080p-lente-2-8-mm-115-grados-de-apertura-ir-de-40-mts-super-adapt-proteccion-ik10-uso-exterior-ip6\/\"]}]},{\"@type\":\"BreadcrumbList\",\"@id\":\"https:\/\/compuviper.mx\/tienda\/producto\/dahua-dh-hac-hdbw1200ean-camara-analoga-hac-hdbw1200ea-domo-de-2-megapixeles-antivandalica-1080p-lente-2-8-mm-115-grados-de-apertura-ir-de-40-mts-super-adapt-proteccion-ik10-uso-exterior-ip6\/#breadcrumb\",\"itemListElement\":[{\"@type\":\"ListItem\",\"position\":1,\"name\":\"Inicio\",\"item\":\"https:\/\/compuviper.mx\/tienda\/\"},{\"@type\":\"ListItem\",\"position\":2,\"name\":\"Productos\",\"item\":\"https:\/\/compuviper.mx\/tienda\/productos\/\"},{\"@type\":\"ListItem\",\"position\":3,\"name\":\"Camaras\",\"item\":\"https:\/\/compuviper.mx\/tienda\/categoria-producto\/camaras-2\/\"},{\"@type\":\"ListItem\",\"position\":4,\"name\":\"Camara De Videovigilancia\",\"item\":\"https:\/\/compuviper.mx\/tienda\/categoria-producto\/camaras-2\/camara-de-videovigilancia\/\"},{\"@type\":\"ListItem\",\"position\":5,\"name\":\"Dahua Dh-hac-hdbw1200ean Camara Analoga\/\/ Hac-hdbw1200ea\/ Domo De 2 Megapixeles Antivandalica\/ 1080p\/ Lente 2.8 Mm\/ 115 Grados De Apertura\/ Ir De 40 Mts\/ Super Adapt\/ Proteccion Ik10\/ Uso Exterior Ip67\/ Soporta Hdcvi\/t\"}]},{\"@type\":\"WebSite\",\"@id\":\"https:\/\/compuviper.mx\/tienda\/#website\",\"url\":\"https:\/\/compuviper.mx\/tienda\/\",\"name\":\"Compuviper\",\"description\":\"Proveedor de Computadoras, Laptops, Servidores, Monitores, Puntos de Venta, Teclados,   Impresoras, T\u00f3ner, C\u00e1maras de Seguridad y m\u00e1s en tu tienda en l\u00ednea\",\"publisher\":{\"@id\":\"https:\/\/compuviper.mx\/tienda\/#organization\"},\"potentialAction\":[{\"@type\":\"SearchAction\",\"target\":{\"@type\":\"EntryPoint\",\"urlTemplate\":\"https:\/\/compuviper.mx\/tienda\/?s={search_term_string}\"},\"query-input\":\"required name=search_term_string\"}],\"inLanguage\":\"es-MX\"},{\"@type\":\"Organization\",\"@id\":\"https:\/\/compuviper.mx\/tienda\/#organization\",\"name\":\"Compuviper\",\"url\":\"https:\/\/compuviper.mx\/tienda\/\",\"logo\":{\"@type\":\"ImageObject\",\"inLanguage\":\"es-MX\",\"@id\":\"https:\/\/compuviper.mx\/tienda\/#\/schema\/logo\/image\/\",\"url\":\"https:\/\/compuviper.mx\/tienda\/wp-content\/uploads\/2021\/08\/Logo-Compuviper-10.png\",\"contentUrl\":\"https:\/\/compuviper.mx\/tienda\/wp-content\/uploads\/2021\/08\/Logo-Compuviper-10.png\",\"width\":1000,\"height\":500,\"caption\":\"Compuviper\"},\"image\":{\"@id\":\"https:\/\/compuviper.mx\/tienda\/#\/schema\/logo\/image\/\"},\"sameAs\":[\"https:\/\/www.facebook.com\/compuviper\",\"https:\/\/www.youtube.com\/channel\/UCf73dERp9Y3cfOq7q8BhLjA?view_as=subscriber\"]}]}<\/script>\n<meta property=\"product:brand\" content=\"DAHUA\" \/>\n<meta property=\"product:price:amount\" content=\"474\" \/>\n<meta property=\"product:price:currency\" content=\"MXN\" \/>\n<meta property=\"og:availability\" content=\"instock\" \/>\n<meta property=\"product:availability\" content=\"instock\" \/>\n<meta property=\"product:retailer_item_id\" content=\"DH-HAC-HDBW1200EAN\" \/>\n<meta property=\"product:condition\" content=\"new\" \/>\n<!-- \/ Yoast SEO plugin. -->","yoast_head_json":{"title":"[ Dahua ] &#129351; Dh-hac-hdbw1200ean Camara Analoga\/\/ Hac-hdbw1200ea\/ Domo De 2 Megapixeles Antivandalica\/ 1080p\/ Lente 2.8 Mm\/ 115 Grados De Apertura\/ Ir De 40 Mts\/ Super Adapt\/ Proteccion Ik10\/ Uso Exterior Ip67\/ Soporta Hdcvi\/t","description":"Compra Dh-hac-hdbw1200ean Camara Analoga\/\/ Hac-hdbw1200ea\/ Domo De 2 Megapixeles Antivandalica\/ 1080p\/ Lente 2.8 Mm\/ 115 Grados De Apertura\/ Ir De 40 Mts\/ Super Adapt\/ Proteccion Ik10\/ Uso Exterior Ip67\/ Soporta Hdcvi\/t + Env\u00edo a domicilio + Pago seguro + Garant\u00eda","robots":{"index":"index","follow":"follow","max-snippet":"max-snippet:-1","max-image-preview":"max-image-preview:large","max-video-preview":"max-video-preview:-1"},"canonical":"https:\/\/compuviper.mx\/tienda\/producto\/dahua-dh-hac-hdbw1200ean-camara-analoga-hac-hdbw1200ea-domo-de-2-megapixeles-antivandalica-1080p-lente-2-8-mm-115-grados-de-apertura-ir-de-40-mts-super-adapt-proteccion-ik10-uso-exterior-ip6\/","og_locale":"es_MX","og_type":"article","og_title":"[ Dahua ] &#129351; Dh-hac-hdbw1200ean Camara Analoga\/\/ Hac-hdbw1200ea\/ Domo De 2 Megapixeles Antivandalica\/ 1080p\/ Lente 2.8 Mm\/ 115 Grados De Apertura\/ Ir De 40 Mts\/ Super Adapt\/ Proteccion Ik10\/ Uso Exterior Ip67\/ Soporta Hdcvi\/t","og_description":"Compra Dh-hac-hdbw1200ean Camara Analoga\/\/ Hac-hdbw1200ea\/ Domo De 2 Megapixeles Antivandalica\/ 1080p\/ Lente 2.8 Mm\/ 115 Grados De Apertura\/ Ir De 40 Mts\/ Super Adapt\/ Proteccion Ik10\/ Uso Exterior Ip67\/ Soporta Hdcvi\/t + Env\u00edo a domicilio + Pago seguro + Garant\u00eda","og_url":"https:\/\/compuviper.mx\/tienda\/producto\/dahua-dh-hac-hdbw1200ean-camara-analoga-hac-hdbw1200ea-domo-de-2-megapixeles-antivandalica-1080p-lente-2-8-mm-115-grados-de-apertura-ir-de-40-mts-super-adapt-proteccion-ik10-uso-exterior-ip6\/","og_site_name":"Compuviper","article_publisher":"https:\/\/www.facebook.com\/compuviper","article_modified_time":"2026-04-22T06:10:57+00:00","og_image":[{"width":200,"height":200,"url":"https:\/\/compuviper.mx\/tienda\/wp-content\/uploads\/2024\/09\/Camara-analogadahua-hac-hdbw1200ea-domo-de-2-megapixeles-antivandalica-1080p-lente-2.8-mm-115-grados-de-apertura-ir-de-40-mts-super-adapt-proteccion-ik10-uso-exterior-ip67-soporta-hdcvit.jpg","type":"image\/jpeg"}],"twitter_card":"summary_large_image","twitter_misc":{"Precio":"&#36;479 &#36;474 con IVA","Availability":"In stock"},"schema":{"@context":"https:\/\/schema.org","@graph":[{"@type":"WebPage","@id":"https:\/\/compuviper.mx\/tienda\/producto\/dahua-dh-hac-hdbw1200ean-camara-analoga-hac-hdbw1200ea-domo-de-2-megapixeles-antivandalica-1080p-lente-2-8-mm-115-grados-de-apertura-ir-de-40-mts-super-adapt-proteccion-ik10-uso-exterior-ip6\/","url":"https:\/\/compuviper.mx\/tienda\/producto\/dahua-dh-hac-hdbw1200ean-camara-analoga-hac-hdbw1200ea-domo-de-2-megapixeles-antivandalica-1080p-lente-2-8-mm-115-grados-de-apertura-ir-de-40-mts-super-adapt-proteccion-ik10-uso-exterior-ip6\/","name":"[ Dahua ] &#129351; Dh-hac-hdbw1200ean Camara Analoga\/\/ Hac-hdbw1200ea\/ Domo De 2 Megapixeles Antivandalica\/ 1080p\/ Lente 2.8 Mm\/ 115 Grados De Apertura\/ Ir De 40 Mts\/ Super Adapt\/ Proteccion Ik10\/ Uso Exterior Ip67\/ Soporta Hdcvi\/t","isPartOf":{"@id":"https:\/\/compuviper.mx\/tienda\/#website"},"datePublished":"2026-04-22T06:10:56+00:00","dateModified":"2026-04-22T06:10:57+00:00","description":"Compra Dh-hac-hdbw1200ean Camara Analoga\/\/ Hac-hdbw1200ea\/ Domo De 2 Megapixeles Antivandalica\/ 1080p\/ Lente 2.8 Mm\/ 115 Grados De Apertura\/ Ir De 40 Mts\/ Super Adapt\/ Proteccion Ik10\/ Uso Exterior Ip67\/ Soporta Hdcvi\/t + Env\u00edo a domicilio + Pago seguro + Garant\u00eda","breadcrumb":{"@id":"https:\/\/compuviper.mx\/tienda\/producto\/dahua-dh-hac-hdbw1200ean-camara-analoga-hac-hdbw1200ea-domo-de-2-megapixeles-antivandalica-1080p-lente-2-8-mm-115-grados-de-apertura-ir-de-40-mts-super-adapt-proteccion-ik10-uso-exterior-ip6\/#breadcrumb"},"inLanguage":"es-MX","potentialAction":[{"@type":"ReadAction","target":["https:\/\/compuviper.mx\/tienda\/producto\/dahua-dh-hac-hdbw1200ean-camara-analoga-hac-hdbw1200ea-domo-de-2-megapixeles-antivandalica-1080p-lente-2-8-mm-115-grados-de-apertura-ir-de-40-mts-super-adapt-proteccion-ik10-uso-exterior-ip6\/"]}]},{"@type":"BreadcrumbList","@id":"https:\/\/compuviper.mx\/tienda\/producto\/dahua-dh-hac-hdbw1200ean-camara-analoga-hac-hdbw1200ea-domo-de-2-megapixeles-antivandalica-1080p-lente-2-8-mm-115-grados-de-apertura-ir-de-40-mts-super-adapt-proteccion-ik10-uso-exterior-ip6\/#breadcrumb","itemListElement":[{"@type":"ListItem","position":1,"name":"Inicio","item":"https:\/\/compuviper.mx\/tienda\/"},{"@type":"ListItem","position":2,"name":"Productos","item":"https:\/\/compuviper.mx\/tienda\/productos\/"},{"@type":"ListItem","position":3,"name":"Camaras","item":"https:\/\/compuviper.mx\/tienda\/categoria-producto\/camaras-2\/"},{"@type":"ListItem","position":4,"name":"Camara De Videovigilancia","item":"https:\/\/compuviper.mx\/tienda\/categoria-producto\/camaras-2\/camara-de-videovigilancia\/"},{"@type":"ListItem","position":5,"name":"Dahua Dh-hac-hdbw1200ean Camara Analoga\/\/ Hac-hdbw1200ea\/ Domo De 2 Megapixeles Antivandalica\/ 1080p\/ Lente 2.8 Mm\/ 115 Grados De Apertura\/ Ir De 40 Mts\/ Super Adapt\/ Proteccion Ik10\/ Uso Exterior Ip67\/ Soporta Hdcvi\/t"}]},{"@type":"WebSite","@id":"https:\/\/compuviper.mx\/tienda\/#website","url":"https:\/\/compuviper.mx\/tienda\/","name":"Compuviper","description":"Proveedor de Computadoras, Laptops, Servidores, Monitores, Puntos de Venta, Teclados,   Impresoras, T\u00f3ner, C\u00e1maras de Seguridad y m\u00e1s en tu tienda en l\u00ednea","publisher":{"@id":"https:\/\/compuviper.mx\/tienda\/#organization"},"potentialAction":[{"@type":"SearchAction","target":{"@type":"EntryPoint","urlTemplate":"https:\/\/compuviper.mx\/tienda\/?s={search_term_string}"},"query-input":"required name=search_term_string"}],"inLanguage":"es-MX"},{"@type":"Organization","@id":"https:\/\/compuviper.mx\/tienda\/#organization","name":"Compuviper","url":"https:\/\/compuviper.mx\/tienda\/","logo":{"@type":"ImageObject","inLanguage":"es-MX","@id":"https:\/\/compuviper.mx\/tienda\/#\/schema\/logo\/image\/","url":"https:\/\/compuviper.mx\/tienda\/wp-content\/uploads\/2021\/08\/Logo-Compuviper-10.png","contentUrl":"https:\/\/compuviper.mx\/tienda\/wp-content\/uploads\/2021\/08\/Logo-Compuviper-10.png","width":1000,"height":500,"caption":"Compuviper"},"image":{"@id":"https:\/\/compuviper.mx\/tienda\/#\/schema\/logo\/image\/"},"sameAs":["https:\/\/www.facebook.com\/compuviper","https:\/\/www.youtube.com\/channel\/UCf73dERp9Y3cfOq7q8BhLjA?view_as=subscriber"]}]},"product_brand":"DAHUA","product_price_amount":"474","product_price_currency":"MXN","og_availability":"instock","product_availability":"instock","product_retailer_item_id":"DH-HAC-HDBW1200EAN","product_condition":"new"},"_links":{"self":[{"href":"https:\/\/compuviper.mx\/tienda\/wp-json\/wp\/v2\/product\/236094"}],"collection":[{"href":"https:\/\/compuviper.mx\/tienda\/wp-json\/wp\/v2\/product"}],"about":[{"href":"https:\/\/compuviper.mx\/tienda\/wp-json\/wp\/v2\/types\/product"}],"replies":[{"embeddable":true,"href":"https:\/\/compuviper.mx\/tienda\/wp-json\/wp\/v2\/comments?post=236094"}],"wp:featuredmedia":[{"embeddable":true,"href":"https:\/\/compuviper.mx\/tienda\/wp-json\/wp\/v2\/media\/242466"}],"wp:attachment":[{"href":"https:\/\/compuviper.mx\/tienda\/wp-json\/wp\/v2\/media?parent=236094"}],"wp:term":[{"taxonomy":"product_cat","embeddable":true,"href":"https:\/\/compuviper.mx\/tienda\/wp-json\/wp\/v2\/product_cat?post=236094"},{"taxonomy":"product_tag","embeddable":true,"href":"https:\/\/compuviper.mx\/tienda\/wp-json\/wp\/v2\/product_tag?post=236094"}],"curies":[{"name":"wp","href":"https:\/\/api.w.org\/{rel}","templated":true}]}}