{"id":236087,"date":"2026-04-23T00:14:22","date_gmt":"2026-04-23T06:14:22","guid":{"rendered":"https:\/\/compuviper.mx\/tienda\/producto\/dahua-dh-hac-hdw1801tn-camara-analiga-hd-domo-4k-8-megapixeles-lente-de-2-8mm-106-grados-de-apertura-ir-de-60-metros-metalica-wdr-real-de-120-db-ip67-soporta-cvi-cvbs-ahd-tvi\/"},"modified":"2026-04-23T00:14:23","modified_gmt":"2026-04-23T06:14:23","slug":"dahua-dh-hac-hdw1801tn-camara-analiga-hd-domo-4k-8-megapixeles-lente-de-2-8mm-106-grados-de-apertura-ir-de-60-metros-metalica-wdr-real-de-120-db-ip67-soporta-cvi-cvbs-ahd-tvi","status":"publish","type":"product","link":"https:\/\/compuviper.mx\/tienda\/producto\/dahua-dh-hac-hdw1801tn-camara-analiga-hd-domo-4k-8-megapixeles-lente-de-2-8mm-106-grados-de-apertura-ir-de-60-metros-metalica-wdr-real-de-120-db-ip67-soporta-cvi-cvbs-ahd-tvi\/","title":{"rendered":"Dahua Dh-hac-hdw1801tn Camara Analiga Hd\/\/ \/ Domo 4k\/ 8 Megapixeles\/ Lente De 2.8mm\/ 106 Grados De Apertura\/ Ir De 60 Metros\/ Metalica\/ Wdr Real De 120 Db\/ Ip67\/ Soporta Cvi\/cvbs\/ahd\/tvi"},"content":{"rendered":"<table class=\"descripcion\">\n<tr>\n<td>Caracter\u00edsticas principales<\/td>\n<\/tr>\n<tr>\n<td>\u0095 resoluci\u00f3n: 8 megap\u00edxeles (1920 x 1080)<\/td>\n<\/tr>\n<tr>\n<td>\u0095 sensor de imagen: 4k cmos<\/td>\n<\/tr>\n<tr>\n<td>\u0095 lente: focal fijo<\/td>\n<\/tr>\n<tr>\n<td>\u0095 longitud focal: 2,8 mm; 3,6 mm; 6mm<\/td>\n<\/tr>\n<tr>\n<td>\u0095 campo de visi\u00f3n: 2.8 mm 106\u00b0 (horizontal), 56\u00b0 (vertical), 125\u00b0 (profundidad)<\/td>\n<\/tr>\n<tr>\n<td>\u0095 iluminaci\u00f3n m\u00ednima: 0.01 lux a f2,0 (color) 0.001 lux a f2,0 (b\/n) 0 lux (iluminador encendido)<\/td>\n<\/tr>\n<tr>\n<td>\u0095 compresi\u00f3n de video: h.265\/h.264<\/td>\n<\/tr>\n<tr>\n<td>\u0095 salida de video: 1 salida bnc (cvi\/tvi\/ahd\/cvbs)<\/td>\n<\/tr>\n<tr>\n<td>Especificaciones t\u00e9cnicas<\/td>\n<\/tr>\n<tr>\n<td>\u0095 material: metal<\/td>\n<\/tr>\n<tr>\n<td>\u0095 dimensiones:  and #934;106,0 mm \u00d7 93,6 mm ( and #934;4,17 \u00d7 3,69)<\/td>\n<\/tr>\n<tr>\n<td>\u0095 peso: 500g<\/td>\n<\/tr>\n<tr>\n<td>\u0095 protecci\u00f3n ambiental: ip67<\/td>\n<\/tr>\n<tr>\n<td>\u0095 temperatura de trabajo: -40\u00b0c a 60\u00b0c<\/td>\n<\/tr>\n<tr>\n<td>\u0095 humedad de trabajo:  95 % (hr), sin condensaci\u00f3n<\/td>\n<\/tr>\n<tr>\n<td>\u0095 alimentaci\u00f3n: dc 12v<\/td>\n<\/tr>\n<tr>\n<td>\u0095 consumo de energ\u00eda: m\u00e1x. 6.4 w (12 v cc, ir activado)<\/td>\n<\/tr>\n<tr>\n<td>\u0095 men\u00fa osd: varios idiomas *no puede bajar la resoluci\u00f3n a 720p<\/td>\n<\/tr>\n<\/table>\n","protected":false},"excerpt":{"rendered":"<p>Informaci\u00f3n general. La serie lite es una excelente opci\u00f3n para los consumidores que buscan productos de monitoreo de alta calidad a un precio razonable. Su bajo costo y alto rendimiento lo hacen ideal para \u00e1reas residenciales y soluciones para pymes. Esta serie est\u00e1 equipada con una amplia gama de tecnolog\u00edas, como full-color y starlight, brindando diversas soluciones para diferentes escenarios. Protecci\u00f3n ip67. \u0095 totalmente resistente al polvo. \u0095 resistente al agua a una profundidad de 1 metro durante 30 minutos. Es importante tener en cuenta que la clasificaci\u00f3n ip67 no significa que el dispositivo sea impermeable. Si bien puede soportar la inmersi\u00f3n accidental en agua, no es recomendable sumergirlo durante largos per\u00edodos de tiempo ni exponerlo a chorros de agua a alta presi\u00f3n. Iluminaci\u00f3n ir inteligente. La iluminaci\u00f3n ir inteligente es una tecnolog\u00eda que se utiliza en c\u00e1maras de seguridad para mejorar la visi\u00f3n nocturna. Funciona utilizando leds infrarrojos (ir) para iluminar la escena sin ser visible para el ojo humano. Esto permite a la c\u00e1mara capturar im\u00e1genes claras y n\u00edtidas incluso en condiciones de oscuridad total. 4 se\u00f1ales sobre 1 cable coaxial. Las c\u00e1maras dahua utilizan tecnolog\u00eda hdcvi de transmisi\u00f3n de video anal\u00f3gica y digital a trav\u00e9s de cable coaxial, esta tecnolog\u00eda admite 4 se\u00f1ales que se transmiten a trav\u00e9s de 1 cable coaxial simult\u00e1neamente. \u0095 video. \u0095 audio. \u0095 datos. \u0095 energ\u00eda. Esto es compatible con c\u00e1maras anal\u00f3gicas tradicionales y nos ofrece mayor distancia de transmisi\u00f3n que la tecnolog\u00eda anal\u00f3gica tradicional. Menu osd. El men\u00fa osd (on screen display &#8211; visualizaci\u00f3n en pantalla) es una caracter\u00edstica com\u00fan en c\u00e1maras de seguridad, monitores, proyectores y otros dispositivos audiovisuales. Sirve para configurar y ajustar diversos par\u00e1metros del dispositivo sin necesidad de utilizar software o controles f\u00edsicos externos. \u0095 opciones de visualizaci\u00f3n: brillo, contraste, nitidez, saturaci\u00f3n, balance de blancos, temperatura de color, etc. \u0095 operaciones de tecnolog\u00edas: hdcvi\/ahd\/tvi\/cvbs. \u0095 operaciones de resoluci\u00f3n: bajar resoluci\u00f3n 2mp ,4mp , 5mp, 8mp<\/p>\n","protected":false},"featured_media":242459,"comment_status":"open","ping_status":"open","template":"","meta":[],"product_cat":[1681,1608],"product_tag":[1555],"acf":[],"yoast_head":"<!-- This site is optimized with the Yoast SEO plugin v21.7 - https:\/\/yoast.com\/wordpress\/plugins\/seo\/ -->\n<title>[ Dahua ] &#129351; Dh-hac-hdw1801tn Camara Analiga Hd\/\/ \/ Domo 4k\/ 8 Megapixeles\/ Lente De 2.8mm\/ 106 Grados De Apertura\/ Ir De 60 Metros\/ Metalica\/ Wdr Real De 120 Db\/ Ip67\/ Soporta Cvi\/cvbs\/ahd\/tvi<\/title>\n<meta name=\"description\" content=\"Compra Dh-hac-hdw1801tn Camara Analiga Hd\/\/ \/ Domo 4k\/ 8 Megapixeles\/ Lente De 2.8mm\/ 106 Grados De Apertura\/ Ir De 60 Metros\/ Metalica\/ Wdr Real De 120 Db\/ Ip67\/ Soporta Cvi\/cvbs\/ahd\/tvi + Env\u00edo a domicilio + Pago seguro + Garant\u00eda\" \/>\n<meta name=\"robots\" content=\"index, follow, max-snippet:-1, max-image-preview:large, max-video-preview:-1\" \/>\n<link rel=\"canonical\" href=\"https:\/\/compuviper.mx\/tienda\/producto\/dahua-dh-hac-hdw1801tn-camara-analiga-hd-domo-4k-8-megapixeles-lente-de-2-8mm-106-grados-de-apertura-ir-de-60-metros-metalica-wdr-real-de-120-db-ip67-soporta-cvi-cvbs-ahd-tvi\/\" \/>\n<meta property=\"og:locale\" content=\"es_MX\" \/>\n<meta property=\"og:type\" content=\"article\" \/>\n<meta property=\"og:title\" content=\"[ Dahua ] &#129351; Dh-hac-hdw1801tn Camara Analiga Hd\/\/ \/ Domo 4k\/ 8 Megapixeles\/ Lente De 2.8mm\/ 106 Grados De Apertura\/ Ir De 60 Metros\/ Metalica\/ Wdr Real De 120 Db\/ Ip67\/ Soporta Cvi\/cvbs\/ahd\/tvi\" \/>\n<meta property=\"og:description\" content=\"Compra Dh-hac-hdw1801tn Camara Analiga Hd\/\/ \/ Domo 4k\/ 8 Megapixeles\/ Lente De 2.8mm\/ 106 Grados De Apertura\/ Ir De 60 Metros\/ Metalica\/ Wdr Real De 120 Db\/ Ip67\/ Soporta Cvi\/cvbs\/ahd\/tvi + Env\u00edo a domicilio + Pago seguro + Garant\u00eda\" \/>\n<meta property=\"og:url\" content=\"https:\/\/compuviper.mx\/tienda\/producto\/dahua-dh-hac-hdw1801tn-camara-analiga-hd-domo-4k-8-megapixeles-lente-de-2-8mm-106-grados-de-apertura-ir-de-60-metros-metalica-wdr-real-de-120-db-ip67-soporta-cvi-cvbs-ahd-tvi\/\" \/>\n<meta property=\"og:site_name\" content=\"Compuviper\" \/>\n<meta property=\"article:publisher\" content=\"https:\/\/www.facebook.com\/compuviper\" \/>\n<meta property=\"article:modified_time\" content=\"2026-04-23T06:14:23+00:00\" \/>\n<meta property=\"og:image\" content=\"https:\/\/compuviper.mx\/tienda\/wp-content\/uploads\/2024\/09\/Camara-analiga-hddahua-dh-hac-hdw1801tn-domo-4k-8-megapixeles-lente-de-2.8mm-106-grados-de-apertura-ir-de-60-metros-metalica-wdr-real-de-120-db-ip67-soporta-cvicvbsahdtvi.jpg\" \/>\n\t<meta property=\"og:image:width\" content=\"200\" \/>\n\t<meta property=\"og:image:height\" content=\"200\" \/>\n\t<meta property=\"og:image:type\" content=\"image\/jpeg\" \/>\n<meta name=\"twitter:card\" content=\"summary_large_image\" \/>\n<meta name=\"twitter:label1\" content=\"Precio\" \/>\n\t<meta name=\"twitter:data1\" content=\"&#36;804 con IVA\" \/>\n\t<meta name=\"twitter:label2\" content=\"Availability\" \/>\n\t<meta name=\"twitter:data2\" content=\"Out of stock\" \/>\n<script type=\"application\/ld+json\" class=\"yoast-schema-graph\">{\"@context\":\"https:\/\/schema.org\",\"@graph\":[{\"@type\":\"WebPage\",\"@id\":\"https:\/\/compuviper.mx\/tienda\/producto\/dahua-dh-hac-hdw1801tn-camara-analiga-hd-domo-4k-8-megapixeles-lente-de-2-8mm-106-grados-de-apertura-ir-de-60-metros-metalica-wdr-real-de-120-db-ip67-soporta-cvi-cvbs-ahd-tvi\/\",\"url\":\"https:\/\/compuviper.mx\/tienda\/producto\/dahua-dh-hac-hdw1801tn-camara-analiga-hd-domo-4k-8-megapixeles-lente-de-2-8mm-106-grados-de-apertura-ir-de-60-metros-metalica-wdr-real-de-120-db-ip67-soporta-cvi-cvbs-ahd-tvi\/\",\"name\":\"[ Dahua ] &#129351; Dh-hac-hdw1801tn Camara Analiga Hd\/\/ \/ Domo 4k\/ 8 Megapixeles\/ Lente De 2.8mm\/ 106 Grados De Apertura\/ Ir De 60 Metros\/ Metalica\/ Wdr Real De 120 Db\/ Ip67\/ Soporta Cvi\/cvbs\/ahd\/tvi\",\"isPartOf\":{\"@id\":\"https:\/\/compuviper.mx\/tienda\/#website\"},\"datePublished\":\"2026-04-23T06:14:22+00:00\",\"dateModified\":\"2026-04-23T06:14:23+00:00\",\"description\":\"Compra Dh-hac-hdw1801tn Camara Analiga Hd\/\/ \/ Domo 4k\/ 8 Megapixeles\/ Lente De 2.8mm\/ 106 Grados De Apertura\/ Ir De 60 Metros\/ Metalica\/ Wdr Real De 120 Db\/ Ip67\/ Soporta Cvi\/cvbs\/ahd\/tvi + Env\u00edo a domicilio + Pago seguro + Garant\u00eda\",\"breadcrumb\":{\"@id\":\"https:\/\/compuviper.mx\/tienda\/producto\/dahua-dh-hac-hdw1801tn-camara-analiga-hd-domo-4k-8-megapixeles-lente-de-2-8mm-106-grados-de-apertura-ir-de-60-metros-metalica-wdr-real-de-120-db-ip67-soporta-cvi-cvbs-ahd-tvi\/#breadcrumb\"},\"inLanguage\":\"es-MX\",\"potentialAction\":[{\"@type\":\"ReadAction\",\"target\":[\"https:\/\/compuviper.mx\/tienda\/producto\/dahua-dh-hac-hdw1801tn-camara-analiga-hd-domo-4k-8-megapixeles-lente-de-2-8mm-106-grados-de-apertura-ir-de-60-metros-metalica-wdr-real-de-120-db-ip67-soporta-cvi-cvbs-ahd-tvi\/\"]}]},{\"@type\":\"BreadcrumbList\",\"@id\":\"https:\/\/compuviper.mx\/tienda\/producto\/dahua-dh-hac-hdw1801tn-camara-analiga-hd-domo-4k-8-megapixeles-lente-de-2-8mm-106-grados-de-apertura-ir-de-60-metros-metalica-wdr-real-de-120-db-ip67-soporta-cvi-cvbs-ahd-tvi\/#breadcrumb\",\"itemListElement\":[{\"@type\":\"ListItem\",\"position\":1,\"name\":\"Inicio\",\"item\":\"https:\/\/compuviper.mx\/tienda\/\"},{\"@type\":\"ListItem\",\"position\":2,\"name\":\"Productos\",\"item\":\"https:\/\/compuviper.mx\/tienda\/productos\/\"},{\"@type\":\"ListItem\",\"position\":3,\"name\":\"Camaras\",\"item\":\"https:\/\/compuviper.mx\/tienda\/categoria-producto\/camaras-2\/\"},{\"@type\":\"ListItem\",\"position\":4,\"name\":\"Camara De Videovigilancia\",\"item\":\"https:\/\/compuviper.mx\/tienda\/categoria-producto\/camaras-2\/camara-de-videovigilancia\/\"},{\"@type\":\"ListItem\",\"position\":5,\"name\":\"Dahua Dh-hac-hdw1801tn Camara Analiga Hd\/\/ \/ Domo 4k\/ 8 Megapixeles\/ Lente De 2.8mm\/ 106 Grados De Apertura\/ Ir De 60 Metros\/ Metalica\/ Wdr Real De 120 Db\/ Ip67\/ Soporta Cvi\/cvbs\/ahd\/tvi\"}]},{\"@type\":\"WebSite\",\"@id\":\"https:\/\/compuviper.mx\/tienda\/#website\",\"url\":\"https:\/\/compuviper.mx\/tienda\/\",\"name\":\"Compuviper\",\"description\":\"Proveedor de Computadoras, Laptops, Servidores, Monitores, Puntos de Venta, Teclados,   Impresoras, T\u00f3ner, C\u00e1maras de Seguridad y m\u00e1s en tu tienda en l\u00ednea\",\"publisher\":{\"@id\":\"https:\/\/compuviper.mx\/tienda\/#organization\"},\"potentialAction\":[{\"@type\":\"SearchAction\",\"target\":{\"@type\":\"EntryPoint\",\"urlTemplate\":\"https:\/\/compuviper.mx\/tienda\/?s={search_term_string}\"},\"query-input\":\"required name=search_term_string\"}],\"inLanguage\":\"es-MX\"},{\"@type\":\"Organization\",\"@id\":\"https:\/\/compuviper.mx\/tienda\/#organization\",\"name\":\"Compuviper\",\"url\":\"https:\/\/compuviper.mx\/tienda\/\",\"logo\":{\"@type\":\"ImageObject\",\"inLanguage\":\"es-MX\",\"@id\":\"https:\/\/compuviper.mx\/tienda\/#\/schema\/logo\/image\/\",\"url\":\"https:\/\/compuviper.mx\/tienda\/wp-content\/uploads\/2021\/08\/Logo-Compuviper-10.png\",\"contentUrl\":\"https:\/\/compuviper.mx\/tienda\/wp-content\/uploads\/2021\/08\/Logo-Compuviper-10.png\",\"width\":1000,\"height\":500,\"caption\":\"Compuviper\"},\"image\":{\"@id\":\"https:\/\/compuviper.mx\/tienda\/#\/schema\/logo\/image\/\"},\"sameAs\":[\"https:\/\/www.facebook.com\/compuviper\",\"https:\/\/www.youtube.com\/channel\/UCf73dERp9Y3cfOq7q8BhLjA?view_as=subscriber\"]}]}<\/script>\n<meta property=\"product:brand\" content=\"DAHUA\" \/>\n<meta property=\"product:price:amount\" content=\"804\" \/>\n<meta property=\"product:price:currency\" content=\"MXN\" \/>\n<meta property=\"og:availability\" content=\"out of stock\" \/>\n<meta property=\"product:availability\" content=\"out of stock\" \/>\n<meta property=\"product:retailer_item_id\" content=\"DH-HAC-HDW1801TN\" \/>\n<meta property=\"product:condition\" content=\"new\" \/>\n<!-- \/ Yoast SEO plugin. -->","yoast_head_json":{"title":"[ Dahua ] &#129351; Dh-hac-hdw1801tn Camara Analiga Hd\/\/ \/ Domo 4k\/ 8 Megapixeles\/ Lente De 2.8mm\/ 106 Grados De Apertura\/ Ir De 60 Metros\/ Metalica\/ Wdr Real De 120 Db\/ Ip67\/ Soporta Cvi\/cvbs\/ahd\/tvi","description":"Compra Dh-hac-hdw1801tn Camara Analiga Hd\/\/ \/ Domo 4k\/ 8 Megapixeles\/ Lente De 2.8mm\/ 106 Grados De Apertura\/ Ir De 60 Metros\/ Metalica\/ Wdr Real De 120 Db\/ Ip67\/ Soporta Cvi\/cvbs\/ahd\/tvi + Env\u00edo a domicilio + Pago seguro + Garant\u00eda","robots":{"index":"index","follow":"follow","max-snippet":"max-snippet:-1","max-image-preview":"max-image-preview:large","max-video-preview":"max-video-preview:-1"},"canonical":"https:\/\/compuviper.mx\/tienda\/producto\/dahua-dh-hac-hdw1801tn-camara-analiga-hd-domo-4k-8-megapixeles-lente-de-2-8mm-106-grados-de-apertura-ir-de-60-metros-metalica-wdr-real-de-120-db-ip67-soporta-cvi-cvbs-ahd-tvi\/","og_locale":"es_MX","og_type":"article","og_title":"[ Dahua ] &#129351; Dh-hac-hdw1801tn Camara Analiga Hd\/\/ \/ Domo 4k\/ 8 Megapixeles\/ Lente De 2.8mm\/ 106 Grados De Apertura\/ Ir De 60 Metros\/ Metalica\/ Wdr Real De 120 Db\/ Ip67\/ Soporta Cvi\/cvbs\/ahd\/tvi","og_description":"Compra Dh-hac-hdw1801tn Camara Analiga Hd\/\/ \/ Domo 4k\/ 8 Megapixeles\/ Lente De 2.8mm\/ 106 Grados De Apertura\/ Ir De 60 Metros\/ Metalica\/ Wdr Real De 120 Db\/ Ip67\/ Soporta Cvi\/cvbs\/ahd\/tvi + Env\u00edo a domicilio + Pago seguro + Garant\u00eda","og_url":"https:\/\/compuviper.mx\/tienda\/producto\/dahua-dh-hac-hdw1801tn-camara-analiga-hd-domo-4k-8-megapixeles-lente-de-2-8mm-106-grados-de-apertura-ir-de-60-metros-metalica-wdr-real-de-120-db-ip67-soporta-cvi-cvbs-ahd-tvi\/","og_site_name":"Compuviper","article_publisher":"https:\/\/www.facebook.com\/compuviper","article_modified_time":"2026-04-23T06:14:23+00:00","og_image":[{"width":200,"height":200,"url":"https:\/\/compuviper.mx\/tienda\/wp-content\/uploads\/2024\/09\/Camara-analiga-hddahua-dh-hac-hdw1801tn-domo-4k-8-megapixeles-lente-de-2.8mm-106-grados-de-apertura-ir-de-60-metros-metalica-wdr-real-de-120-db-ip67-soporta-cvicvbsahdtvi.jpg","type":"image\/jpeg"}],"twitter_card":"summary_large_image","twitter_misc":{"Precio":"&#36;804 con IVA","Availability":"Out of stock"},"schema":{"@context":"https:\/\/schema.org","@graph":[{"@type":"WebPage","@id":"https:\/\/compuviper.mx\/tienda\/producto\/dahua-dh-hac-hdw1801tn-camara-analiga-hd-domo-4k-8-megapixeles-lente-de-2-8mm-106-grados-de-apertura-ir-de-60-metros-metalica-wdr-real-de-120-db-ip67-soporta-cvi-cvbs-ahd-tvi\/","url":"https:\/\/compuviper.mx\/tienda\/producto\/dahua-dh-hac-hdw1801tn-camara-analiga-hd-domo-4k-8-megapixeles-lente-de-2-8mm-106-grados-de-apertura-ir-de-60-metros-metalica-wdr-real-de-120-db-ip67-soporta-cvi-cvbs-ahd-tvi\/","name":"[ Dahua ] &#129351; Dh-hac-hdw1801tn Camara Analiga Hd\/\/ \/ Domo 4k\/ 8 Megapixeles\/ Lente De 2.8mm\/ 106 Grados De Apertura\/ Ir De 60 Metros\/ Metalica\/ Wdr Real De 120 Db\/ Ip67\/ Soporta Cvi\/cvbs\/ahd\/tvi","isPartOf":{"@id":"https:\/\/compuviper.mx\/tienda\/#website"},"datePublished":"2026-04-23T06:14:22+00:00","dateModified":"2026-04-23T06:14:23+00:00","description":"Compra Dh-hac-hdw1801tn Camara Analiga Hd\/\/ \/ Domo 4k\/ 8 Megapixeles\/ Lente De 2.8mm\/ 106 Grados De Apertura\/ Ir De 60 Metros\/ Metalica\/ Wdr Real De 120 Db\/ Ip67\/ Soporta Cvi\/cvbs\/ahd\/tvi + Env\u00edo a domicilio + Pago seguro + Garant\u00eda","breadcrumb":{"@id":"https:\/\/compuviper.mx\/tienda\/producto\/dahua-dh-hac-hdw1801tn-camara-analiga-hd-domo-4k-8-megapixeles-lente-de-2-8mm-106-grados-de-apertura-ir-de-60-metros-metalica-wdr-real-de-120-db-ip67-soporta-cvi-cvbs-ahd-tvi\/#breadcrumb"},"inLanguage":"es-MX","potentialAction":[{"@type":"ReadAction","target":["https:\/\/compuviper.mx\/tienda\/producto\/dahua-dh-hac-hdw1801tn-camara-analiga-hd-domo-4k-8-megapixeles-lente-de-2-8mm-106-grados-de-apertura-ir-de-60-metros-metalica-wdr-real-de-120-db-ip67-soporta-cvi-cvbs-ahd-tvi\/"]}]},{"@type":"BreadcrumbList","@id":"https:\/\/compuviper.mx\/tienda\/producto\/dahua-dh-hac-hdw1801tn-camara-analiga-hd-domo-4k-8-megapixeles-lente-de-2-8mm-106-grados-de-apertura-ir-de-60-metros-metalica-wdr-real-de-120-db-ip67-soporta-cvi-cvbs-ahd-tvi\/#breadcrumb","itemListElement":[{"@type":"ListItem","position":1,"name":"Inicio","item":"https:\/\/compuviper.mx\/tienda\/"},{"@type":"ListItem","position":2,"name":"Productos","item":"https:\/\/compuviper.mx\/tienda\/productos\/"},{"@type":"ListItem","position":3,"name":"Camaras","item":"https:\/\/compuviper.mx\/tienda\/categoria-producto\/camaras-2\/"},{"@type":"ListItem","position":4,"name":"Camara De Videovigilancia","item":"https:\/\/compuviper.mx\/tienda\/categoria-producto\/camaras-2\/camara-de-videovigilancia\/"},{"@type":"ListItem","position":5,"name":"Dahua Dh-hac-hdw1801tn Camara Analiga Hd\/\/ \/ Domo 4k\/ 8 Megapixeles\/ Lente De 2.8mm\/ 106 Grados De Apertura\/ Ir De 60 Metros\/ Metalica\/ Wdr Real De 120 Db\/ Ip67\/ Soporta Cvi\/cvbs\/ahd\/tvi"}]},{"@type":"WebSite","@id":"https:\/\/compuviper.mx\/tienda\/#website","url":"https:\/\/compuviper.mx\/tienda\/","name":"Compuviper","description":"Proveedor de Computadoras, Laptops, Servidores, Monitores, Puntos de Venta, Teclados,   Impresoras, T\u00f3ner, C\u00e1maras de Seguridad y m\u00e1s en tu tienda en l\u00ednea","publisher":{"@id":"https:\/\/compuviper.mx\/tienda\/#organization"},"potentialAction":[{"@type":"SearchAction","target":{"@type":"EntryPoint","urlTemplate":"https:\/\/compuviper.mx\/tienda\/?s={search_term_string}"},"query-input":"required name=search_term_string"}],"inLanguage":"es-MX"},{"@type":"Organization","@id":"https:\/\/compuviper.mx\/tienda\/#organization","name":"Compuviper","url":"https:\/\/compuviper.mx\/tienda\/","logo":{"@type":"ImageObject","inLanguage":"es-MX","@id":"https:\/\/compuviper.mx\/tienda\/#\/schema\/logo\/image\/","url":"https:\/\/compuviper.mx\/tienda\/wp-content\/uploads\/2021\/08\/Logo-Compuviper-10.png","contentUrl":"https:\/\/compuviper.mx\/tienda\/wp-content\/uploads\/2021\/08\/Logo-Compuviper-10.png","width":1000,"height":500,"caption":"Compuviper"},"image":{"@id":"https:\/\/compuviper.mx\/tienda\/#\/schema\/logo\/image\/"},"sameAs":["https:\/\/www.facebook.com\/compuviper","https:\/\/www.youtube.com\/channel\/UCf73dERp9Y3cfOq7q8BhLjA?view_as=subscriber"]}]},"product_brand":"DAHUA","product_price_amount":"804","product_price_currency":"MXN","og_availability":"out of stock","product_availability":"out of stock","product_retailer_item_id":"DH-HAC-HDW1801TN","product_condition":"new"},"_links":{"self":[{"href":"https:\/\/compuviper.mx\/tienda\/wp-json\/wp\/v2\/product\/236087"}],"collection":[{"href":"https:\/\/compuviper.mx\/tienda\/wp-json\/wp\/v2\/product"}],"about":[{"href":"https:\/\/compuviper.mx\/tienda\/wp-json\/wp\/v2\/types\/product"}],"replies":[{"embeddable":true,"href":"https:\/\/compuviper.mx\/tienda\/wp-json\/wp\/v2\/comments?post=236087"}],"wp:featuredmedia":[{"embeddable":true,"href":"https:\/\/compuviper.mx\/tienda\/wp-json\/wp\/v2\/media\/242459"}],"wp:attachment":[{"href":"https:\/\/compuviper.mx\/tienda\/wp-json\/wp\/v2\/media?parent=236087"}],"wp:term":[{"taxonomy":"product_cat","embeddable":true,"href":"https:\/\/compuviper.mx\/tienda\/wp-json\/wp\/v2\/product_cat?post=236087"},{"taxonomy":"product_tag","embeddable":true,"href":"https:\/\/compuviper.mx\/tienda\/wp-json\/wp\/v2\/product_tag?post=236087"}],"curies":[{"name":"wp","href":"https:\/\/api.w.org\/{rel}","templated":true}]}}