{"id":236082,"date":"2026-04-23T00:14:20","date_gmt":"2026-04-23T06:14:20","guid":{"rendered":"https:\/\/compuviper.mx\/tienda\/producto\/dahua-dh-hac-hfw1801tn-a-0280b-camara-analoga-hd-hac-hfw1801t-a-bullet-4k-con-microfono-integrado-8-mp-lente-de-2-8mm-wdr-real-ir-de-30-mts-soporta-cvi-cvbs-ahd-tvi-ip67-metalica\/"},"modified":"2026-04-23T00:14:20","modified_gmt":"2026-04-23T06:14:20","slug":"dahua-dh-hac-hfw1801tn-a-0280b-camara-analoga-hd-hac-hfw1801t-a-bullet-4k-con-microfono-integrado-8-mp-lente-de-2-8mm-wdr-real-ir-de-30-mts-soporta-cvi-cvbs-ahd-tvi-ip67-metalica","status":"publish","type":"product","link":"https:\/\/compuviper.mx\/tienda\/producto\/dahua-dh-hac-hfw1801tn-a-0280b-camara-analoga-hd-hac-hfw1801t-a-bullet-4k-con-microfono-integrado-8-mp-lente-de-2-8mm-wdr-real-ir-de-30-mts-soporta-cvi-cvbs-ahd-tvi-ip67-metalica\/","title":{"rendered":"Dahua Dh-hac-hfw1801tn-a-0280b Camara Analoga Hd\/ \/ Hac-hfw1801t-a\/ Bullet 4k Con Microfono Integrado\/ 8 Mp\/ Lente De 2.8mm \/ Wdr Real\/ Ir De 30 Mts\/ Soporta Cvi\/cvbs\/ahd\/tvi\/ Ip67\/ Metalica"},"content":{"rendered":"<table class=\"descripcion\">\n<tr>\n<td>Principales caracteristicas<\/td>\n<\/tr>\n<tr>\n<td>\u0095 d\u00eda \/ noche auto (icr) \/ color \/ b \/ w.<\/td>\n<\/tr>\n<tr>\n<td>\u0095 compensaci\u00f3n de contraluz blc \/ hlc \/ wdr (120db).<\/td>\n<\/tr>\n<tr>\n<td>\u0095 ir inteligente<\/td>\n<\/tr>\n<tr>\n<td>\u0095 \u00edndice de protecci\u00f3n ip67.<\/td>\n<\/tr>\n<tr>\n<td>\u0095 micr\u00f3fono integrado.<\/td>\n<\/tr>\n<tr>\n<td>\u0095 wdr<\/td>\n<\/tr>\n<tr>\n<td>\u0095 3dnr<\/td>\n<\/tr>\n<tr>\n<td>\u0095 m\u00e1x. resoluci\u00f3n 4k<\/td>\n<\/tr>\n<tr>\n<td>\u0095 cvi \/ cvbs \/ ahd \/ tvi conmutable<\/td>\n<\/tr>\n<tr>\n<td>Especificaciones<\/td>\n<\/tr>\n<tr>\n<td>\u0095 cmos de 1 \/ 2,7 pulgadas<\/td>\n<\/tr>\n<tr>\n<td>\u0095 distancia ir hasta 30 m<\/td>\n<\/tr>\n<tr>\n<td>\u0095 lente fijo 2.8mm<\/td>\n<\/tr>\n<tr>\n<td>\u0095 punto de vista 105\u00b0<\/td>\n<\/tr>\n<tr>\n<td>\u0095 resoluci\u00f3n: 4k (3840 \u00d7 2160); 5 m (2592 \u00d7 1944); 4 m (2560 \u00d7 1440); 960h (960 \u00d7 576\/960 \u00d7 480)<\/td>\n<\/tr>\n<tr>\n<td>\u0095 blc \/ hlc \/ wdr real 120db<\/td>\n<\/tr>\n<tr>\n<td>\u0095 reducci\u00f3n de ruido 2d y 3d nr<\/td>\n<\/tr>\n<tr>\n<td>\u0095 zoom digital 4x<\/td>\n<\/tr>\n<tr>\n<td>\u0095 interfaz de audio micr\u00f3fono incorporado (-una)<\/td>\n<\/tr>\n<tr>\n<td>\u0095 opciones de salida de video de cvi \/ tvi \/ ahd \/ cvbs por un puerto bnc<\/td>\n<\/tr>\n<tr>\n<td>\u0095 fuente de alimentaci\u00f3n: 12v \u00b1 30% cc<\/td>\n<\/tr>\n<tr>\n<td>\u0095 ip67<\/td>\n<\/tr>\n<tr>\n<td>\u0095 metal en toda la carcasa<\/td>\n<\/tr>\n<\/table>\n","protected":false},"excerpt":{"rendered":"<p>Informaci\u00f3n general. La c\u00e1mara modelo hfw1801ta es una c\u00e1mara bullet de 8mp ( 4k ) de resoluci\u00f3n, con la cual podemos apreciar una imagen con mayor nitidez, brillo y claridad que cualquier otra c\u00e1mara de video-vigilancia. Este modelo incorpora un lente de 2.8mm, potentes ir con alcance de hasta 30m para la visi\u00f3n nocturna y tambi\u00e9n dispone de la tecnolog\u00eda wdr real 120db que ofrece im\u00e1genes m\u00e1s n\u00edtidas incluso en las condiciones de contraste de luz intensas, adem\u00e1s cuenta con \u00edndice de protecci\u00f3n ip67 por lo que ofrece protecci\u00f3n contra polvo y agua. Tecnolog\u00eda 4k. La tecnolog\u00eda 4k es un avance revolucionario en cctv,mejora la imagen expresiva de la esencia, permitiendo a los usuarios experimentar la mejor calidad de imagen producida por la fiesta visual. A los efectos de la vigilancia 4k con cuatro veces la resoluci\u00f3n de 1080p, presentado al usuario con m\u00e1s detalles. En el mismo escenario al subir los p\u00edxeles, reduzca el costo de la c\u00e1mara. Wdr real. La c\u00e1mara logra obtener im\u00e1genes n\u00edtdas en escenarios donde hay variaci\u00f3n en las condiciones de iluminaci\u00f3n ya sea baja y\/o brillante,la funci\u00f3n wdr real120db se encarga de medir, compensar y ajustar la luz en la imagen captada para despues combinar los espacios de luces brillantes con los espacios de sombras,creando un equilibrio en la imagen final. Smart ir. Con la iluminaci\u00f3n ir, las im\u00e1genes detalladas se pueden capturar con poca luz o oscuridad total. La tecnolog\u00eda smart ir ajusta la intensidad de los led infrarrojos para compensar la distancia de un objeto evitando que los leds ir borren las im\u00e1genes a medida que se acercan a la c\u00e1mara. La iluminaci\u00f3n infrarroja integrada de la c\u00e1mara proporciona un alto rendimiento en entornos con poca luz extrema de hasta 30 mts. 3dnr reducci\u00f3n de ruido. 3dnr es una tecnolog\u00eda de reducci\u00f3n de ruido que detecta y elimina ruidos aleatorios al comparar dos cuadros secuenciales, permitiendo una notable reducci\u00f3n del ruido con un ligero impacto hasta la nitidez, especialmente en condiciones de iluminaci\u00f3n limitadas. Adem\u00e1s, el 3dnr disminuye efectivamente el ancho de banda y ahorra espacio de. Almacenamiento. Audio hdcvi. Cuenta con un micr\u00f3fono integrado de esta manera se puede transmitir la se\u00f1al de video y audio utilizando un solo cable (coaxial o utp) hacia un dvr dahua hdcvi, para poder ver y escuchar dichas se\u00f1ales desde nuestra pc por software o smart pone por la app.<\/p>\n","protected":false},"featured_media":242454,"comment_status":"open","ping_status":"open","template":"","meta":[],"product_cat":[1681,1608],"product_tag":[1555],"acf":[],"yoast_head":"<!-- This site is optimized with the Yoast SEO plugin v21.7 - https:\/\/yoast.com\/wordpress\/plugins\/seo\/ -->\n<title>[ Dahua ] &#129351; Dh-hac-hfw1801tn-a-0280b Camara Analoga Hd\/ \/ Hac-hfw1801t-a\/ Bullet 4k Con Microfono Integrado\/ 8 Mp\/ Lente De 2.8mm \/ Wdr Real\/ Ir De 30 Mts\/ Soporta Cvi\/cvbs\/ahd\/tvi\/ Ip67\/ Metalica<\/title>\n<meta name=\"description\" content=\"Compra Dh-hac-hfw1801tn-a-0280b Camara Analoga Hd\/ \/ Hac-hfw1801t-a\/ Bullet 4k Con Microfono Integrado\/ 8 Mp\/ Lente De 2.8mm \/ Wdr Real\/ Ir De 30 Mts\/ Soporta Cvi\/cvbs\/ahd\/tvi\/ Ip67\/ Metalica + Env\u00edo a domicilio + Pago seguro + Garant\u00eda\" \/>\n<meta name=\"robots\" content=\"index, follow, max-snippet:-1, max-image-preview:large, max-video-preview:-1\" \/>\n<link rel=\"canonical\" href=\"https:\/\/compuviper.mx\/tienda\/producto\/dahua-dh-hac-hfw1801tn-a-0280b-camara-analoga-hd-hac-hfw1801t-a-bullet-4k-con-microfono-integrado-8-mp-lente-de-2-8mm-wdr-real-ir-de-30-mts-soporta-cvi-cvbs-ahd-tvi-ip67-metalica\/\" \/>\n<meta property=\"og:locale\" content=\"es_MX\" \/>\n<meta property=\"og:type\" content=\"article\" \/>\n<meta property=\"og:title\" content=\"[ Dahua ] &#129351; Dh-hac-hfw1801tn-a-0280b Camara Analoga Hd\/ \/ Hac-hfw1801t-a\/ Bullet 4k Con Microfono Integrado\/ 8 Mp\/ Lente De 2.8mm \/ Wdr Real\/ Ir De 30 Mts\/ Soporta Cvi\/cvbs\/ahd\/tvi\/ Ip67\/ Metalica\" \/>\n<meta property=\"og:description\" content=\"Compra Dh-hac-hfw1801tn-a-0280b Camara Analoga Hd\/ \/ Hac-hfw1801t-a\/ Bullet 4k Con Microfono Integrado\/ 8 Mp\/ Lente De 2.8mm \/ Wdr Real\/ Ir De 30 Mts\/ Soporta Cvi\/cvbs\/ahd\/tvi\/ Ip67\/ Metalica + Env\u00edo a domicilio + Pago seguro + Garant\u00eda\" \/>\n<meta property=\"og:url\" content=\"https:\/\/compuviper.mx\/tienda\/producto\/dahua-dh-hac-hfw1801tn-a-0280b-camara-analoga-hd-hac-hfw1801t-a-bullet-4k-con-microfono-integrado-8-mp-lente-de-2-8mm-wdr-real-ir-de-30-mts-soporta-cvi-cvbs-ahd-tvi-ip67-metalica\/\" \/>\n<meta property=\"og:site_name\" content=\"Compuviper\" \/>\n<meta property=\"article:publisher\" content=\"https:\/\/www.facebook.com\/compuviper\" \/>\n<meta property=\"og:image\" content=\"https:\/\/compuviper.mx\/tienda\/wp-content\/uploads\/2024\/09\/Camara-analoga-hd-dahua-hac-hfw1801t-a-bullet-4k-con-microfono-integrado-8-mp-lente-de-2.8mm-wdr-real-ir-de-30-mts-soporta-cvicvbsahdtvi-ip67-metalica.jpg\" \/>\n\t<meta property=\"og:image:width\" content=\"200\" \/>\n\t<meta property=\"og:image:height\" content=\"200\" \/>\n\t<meta property=\"og:image:type\" content=\"image\/jpeg\" \/>\n<meta name=\"twitter:card\" content=\"summary_large_image\" \/>\n<meta name=\"twitter:label1\" content=\"Precio\" \/>\n\t<meta name=\"twitter:data1\" content=\"&#36;798 &#36;789 con IVA\" \/>\n\t<meta name=\"twitter:label2\" content=\"Availability\" \/>\n\t<meta name=\"twitter:data2\" content=\"Out of stock\" \/>\n<script type=\"application\/ld+json\" class=\"yoast-schema-graph\">{\"@context\":\"https:\/\/schema.org\",\"@graph\":[{\"@type\":\"WebPage\",\"@id\":\"https:\/\/compuviper.mx\/tienda\/producto\/dahua-dh-hac-hfw1801tn-a-0280b-camara-analoga-hd-hac-hfw1801t-a-bullet-4k-con-microfono-integrado-8-mp-lente-de-2-8mm-wdr-real-ir-de-30-mts-soporta-cvi-cvbs-ahd-tvi-ip67-metalica\/\",\"url\":\"https:\/\/compuviper.mx\/tienda\/producto\/dahua-dh-hac-hfw1801tn-a-0280b-camara-analoga-hd-hac-hfw1801t-a-bullet-4k-con-microfono-integrado-8-mp-lente-de-2-8mm-wdr-real-ir-de-30-mts-soporta-cvi-cvbs-ahd-tvi-ip67-metalica\/\",\"name\":\"[ Dahua ] &#129351; Dh-hac-hfw1801tn-a-0280b Camara Analoga Hd\/ \/ Hac-hfw1801t-a\/ Bullet 4k Con Microfono Integrado\/ 8 Mp\/ Lente De 2.8mm \/ Wdr Real\/ Ir De 30 Mts\/ Soporta Cvi\/cvbs\/ahd\/tvi\/ Ip67\/ Metalica\",\"isPartOf\":{\"@id\":\"https:\/\/compuviper.mx\/tienda\/#website\"},\"datePublished\":\"2026-04-23T06:14:20+00:00\",\"dateModified\":\"2026-04-23T06:14:20+00:00\",\"description\":\"Compra Dh-hac-hfw1801tn-a-0280b Camara Analoga Hd\/ \/ Hac-hfw1801t-a\/ Bullet 4k Con Microfono Integrado\/ 8 Mp\/ Lente De 2.8mm \/ Wdr Real\/ Ir De 30 Mts\/ Soporta Cvi\/cvbs\/ahd\/tvi\/ Ip67\/ Metalica + Env\u00edo a domicilio + Pago seguro + Garant\u00eda\",\"breadcrumb\":{\"@id\":\"https:\/\/compuviper.mx\/tienda\/producto\/dahua-dh-hac-hfw1801tn-a-0280b-camara-analoga-hd-hac-hfw1801t-a-bullet-4k-con-microfono-integrado-8-mp-lente-de-2-8mm-wdr-real-ir-de-30-mts-soporta-cvi-cvbs-ahd-tvi-ip67-metalica\/#breadcrumb\"},\"inLanguage\":\"es-MX\",\"potentialAction\":[{\"@type\":\"ReadAction\",\"target\":[\"https:\/\/compuviper.mx\/tienda\/producto\/dahua-dh-hac-hfw1801tn-a-0280b-camara-analoga-hd-hac-hfw1801t-a-bullet-4k-con-microfono-integrado-8-mp-lente-de-2-8mm-wdr-real-ir-de-30-mts-soporta-cvi-cvbs-ahd-tvi-ip67-metalica\/\"]}]},{\"@type\":\"BreadcrumbList\",\"@id\":\"https:\/\/compuviper.mx\/tienda\/producto\/dahua-dh-hac-hfw1801tn-a-0280b-camara-analoga-hd-hac-hfw1801t-a-bullet-4k-con-microfono-integrado-8-mp-lente-de-2-8mm-wdr-real-ir-de-30-mts-soporta-cvi-cvbs-ahd-tvi-ip67-metalica\/#breadcrumb\",\"itemListElement\":[{\"@type\":\"ListItem\",\"position\":1,\"name\":\"Inicio\",\"item\":\"https:\/\/compuviper.mx\/tienda\/\"},{\"@type\":\"ListItem\",\"position\":2,\"name\":\"Productos\",\"item\":\"https:\/\/compuviper.mx\/tienda\/productos\/\"},{\"@type\":\"ListItem\",\"position\":3,\"name\":\"Camaras\",\"item\":\"https:\/\/compuviper.mx\/tienda\/categoria-producto\/camaras-2\/\"},{\"@type\":\"ListItem\",\"position\":4,\"name\":\"Camara De Videovigilancia\",\"item\":\"https:\/\/compuviper.mx\/tienda\/categoria-producto\/camaras-2\/camara-de-videovigilancia\/\"},{\"@type\":\"ListItem\",\"position\":5,\"name\":\"Dahua Dh-hac-hfw1801tn-a-0280b Camara Analoga Hd\/ \/ Hac-hfw1801t-a\/ Bullet 4k Con Microfono Integrado\/ 8 Mp\/ Lente De 2.8mm \/ Wdr Real\/ Ir De 30 Mts\/ Soporta Cvi\/cvbs\/ahd\/tvi\/ Ip67\/ Metalica\"}]},{\"@type\":\"WebSite\",\"@id\":\"https:\/\/compuviper.mx\/tienda\/#website\",\"url\":\"https:\/\/compuviper.mx\/tienda\/\",\"name\":\"Compuviper\",\"description\":\"Proveedor de Computadoras, Laptops, Servidores, Monitores, Puntos de Venta, Teclados,   Impresoras, T\u00f3ner, C\u00e1maras de Seguridad y m\u00e1s en tu tienda en l\u00ednea\",\"publisher\":{\"@id\":\"https:\/\/compuviper.mx\/tienda\/#organization\"},\"potentialAction\":[{\"@type\":\"SearchAction\",\"target\":{\"@type\":\"EntryPoint\",\"urlTemplate\":\"https:\/\/compuviper.mx\/tienda\/?s={search_term_string}\"},\"query-input\":\"required name=search_term_string\"}],\"inLanguage\":\"es-MX\"},{\"@type\":\"Organization\",\"@id\":\"https:\/\/compuviper.mx\/tienda\/#organization\",\"name\":\"Compuviper\",\"url\":\"https:\/\/compuviper.mx\/tienda\/\",\"logo\":{\"@type\":\"ImageObject\",\"inLanguage\":\"es-MX\",\"@id\":\"https:\/\/compuviper.mx\/tienda\/#\/schema\/logo\/image\/\",\"url\":\"https:\/\/compuviper.mx\/tienda\/wp-content\/uploads\/2021\/08\/Logo-Compuviper-10.png\",\"contentUrl\":\"https:\/\/compuviper.mx\/tienda\/wp-content\/uploads\/2021\/08\/Logo-Compuviper-10.png\",\"width\":1000,\"height\":500,\"caption\":\"Compuviper\"},\"image\":{\"@id\":\"https:\/\/compuviper.mx\/tienda\/#\/schema\/logo\/image\/\"},\"sameAs\":[\"https:\/\/www.facebook.com\/compuviper\",\"https:\/\/www.youtube.com\/channel\/UCf73dERp9Y3cfOq7q8BhLjA?view_as=subscriber\"]}]}<\/script>\n<meta property=\"product:brand\" content=\"DAHUA\" \/>\n<meta property=\"product:price:amount\" content=\"789\" \/>\n<meta property=\"product:price:currency\" content=\"MXN\" \/>\n<meta property=\"og:availability\" content=\"out of stock\" \/>\n<meta property=\"product:availability\" content=\"out of stock\" \/>\n<meta property=\"product:retailer_item_id\" content=\"DH-HAC-HFW1801TN-A-0280B\" \/>\n<meta property=\"product:condition\" content=\"new\" \/>\n<!-- \/ Yoast SEO plugin. -->","yoast_head_json":{"title":"[ Dahua ] &#129351; Dh-hac-hfw1801tn-a-0280b Camara Analoga Hd\/ \/ Hac-hfw1801t-a\/ Bullet 4k Con Microfono Integrado\/ 8 Mp\/ Lente De 2.8mm \/ Wdr Real\/ Ir De 30 Mts\/ Soporta Cvi\/cvbs\/ahd\/tvi\/ Ip67\/ Metalica","description":"Compra Dh-hac-hfw1801tn-a-0280b Camara Analoga Hd\/ \/ Hac-hfw1801t-a\/ Bullet 4k Con Microfono Integrado\/ 8 Mp\/ Lente De 2.8mm \/ Wdr Real\/ Ir De 30 Mts\/ Soporta Cvi\/cvbs\/ahd\/tvi\/ Ip67\/ Metalica + Env\u00edo a domicilio + Pago seguro + Garant\u00eda","robots":{"index":"index","follow":"follow","max-snippet":"max-snippet:-1","max-image-preview":"max-image-preview:large","max-video-preview":"max-video-preview:-1"},"canonical":"https:\/\/compuviper.mx\/tienda\/producto\/dahua-dh-hac-hfw1801tn-a-0280b-camara-analoga-hd-hac-hfw1801t-a-bullet-4k-con-microfono-integrado-8-mp-lente-de-2-8mm-wdr-real-ir-de-30-mts-soporta-cvi-cvbs-ahd-tvi-ip67-metalica\/","og_locale":"es_MX","og_type":"article","og_title":"[ Dahua ] &#129351; Dh-hac-hfw1801tn-a-0280b Camara Analoga Hd\/ \/ Hac-hfw1801t-a\/ Bullet 4k Con Microfono Integrado\/ 8 Mp\/ Lente De 2.8mm \/ Wdr Real\/ Ir De 30 Mts\/ Soporta Cvi\/cvbs\/ahd\/tvi\/ Ip67\/ Metalica","og_description":"Compra Dh-hac-hfw1801tn-a-0280b Camara Analoga Hd\/ \/ Hac-hfw1801t-a\/ Bullet 4k Con Microfono Integrado\/ 8 Mp\/ Lente De 2.8mm \/ Wdr Real\/ Ir De 30 Mts\/ Soporta Cvi\/cvbs\/ahd\/tvi\/ Ip67\/ Metalica + Env\u00edo a domicilio + Pago seguro + Garant\u00eda","og_url":"https:\/\/compuviper.mx\/tienda\/producto\/dahua-dh-hac-hfw1801tn-a-0280b-camara-analoga-hd-hac-hfw1801t-a-bullet-4k-con-microfono-integrado-8-mp-lente-de-2-8mm-wdr-real-ir-de-30-mts-soporta-cvi-cvbs-ahd-tvi-ip67-metalica\/","og_site_name":"Compuviper","article_publisher":"https:\/\/www.facebook.com\/compuviper","og_image":[{"width":200,"height":200,"url":"https:\/\/compuviper.mx\/tienda\/wp-content\/uploads\/2024\/09\/Camara-analoga-hd-dahua-hac-hfw1801t-a-bullet-4k-con-microfono-integrado-8-mp-lente-de-2.8mm-wdr-real-ir-de-30-mts-soporta-cvicvbsahdtvi-ip67-metalica.jpg","type":"image\/jpeg"}],"twitter_card":"summary_large_image","twitter_misc":{"Precio":"&#36;798 &#36;789 con IVA","Availability":"Out of stock"},"schema":{"@context":"https:\/\/schema.org","@graph":[{"@type":"WebPage","@id":"https:\/\/compuviper.mx\/tienda\/producto\/dahua-dh-hac-hfw1801tn-a-0280b-camara-analoga-hd-hac-hfw1801t-a-bullet-4k-con-microfono-integrado-8-mp-lente-de-2-8mm-wdr-real-ir-de-30-mts-soporta-cvi-cvbs-ahd-tvi-ip67-metalica\/","url":"https:\/\/compuviper.mx\/tienda\/producto\/dahua-dh-hac-hfw1801tn-a-0280b-camara-analoga-hd-hac-hfw1801t-a-bullet-4k-con-microfono-integrado-8-mp-lente-de-2-8mm-wdr-real-ir-de-30-mts-soporta-cvi-cvbs-ahd-tvi-ip67-metalica\/","name":"[ Dahua ] &#129351; Dh-hac-hfw1801tn-a-0280b Camara Analoga Hd\/ \/ Hac-hfw1801t-a\/ Bullet 4k Con Microfono Integrado\/ 8 Mp\/ Lente De 2.8mm \/ Wdr Real\/ Ir De 30 Mts\/ Soporta Cvi\/cvbs\/ahd\/tvi\/ Ip67\/ Metalica","isPartOf":{"@id":"https:\/\/compuviper.mx\/tienda\/#website"},"datePublished":"2026-04-23T06:14:20+00:00","dateModified":"2026-04-23T06:14:20+00:00","description":"Compra Dh-hac-hfw1801tn-a-0280b Camara Analoga Hd\/ \/ Hac-hfw1801t-a\/ Bullet 4k Con Microfono Integrado\/ 8 Mp\/ Lente De 2.8mm \/ Wdr Real\/ Ir De 30 Mts\/ Soporta Cvi\/cvbs\/ahd\/tvi\/ Ip67\/ Metalica + Env\u00edo a domicilio + Pago seguro + Garant\u00eda","breadcrumb":{"@id":"https:\/\/compuviper.mx\/tienda\/producto\/dahua-dh-hac-hfw1801tn-a-0280b-camara-analoga-hd-hac-hfw1801t-a-bullet-4k-con-microfono-integrado-8-mp-lente-de-2-8mm-wdr-real-ir-de-30-mts-soporta-cvi-cvbs-ahd-tvi-ip67-metalica\/#breadcrumb"},"inLanguage":"es-MX","potentialAction":[{"@type":"ReadAction","target":["https:\/\/compuviper.mx\/tienda\/producto\/dahua-dh-hac-hfw1801tn-a-0280b-camara-analoga-hd-hac-hfw1801t-a-bullet-4k-con-microfono-integrado-8-mp-lente-de-2-8mm-wdr-real-ir-de-30-mts-soporta-cvi-cvbs-ahd-tvi-ip67-metalica\/"]}]},{"@type":"BreadcrumbList","@id":"https:\/\/compuviper.mx\/tienda\/producto\/dahua-dh-hac-hfw1801tn-a-0280b-camara-analoga-hd-hac-hfw1801t-a-bullet-4k-con-microfono-integrado-8-mp-lente-de-2-8mm-wdr-real-ir-de-30-mts-soporta-cvi-cvbs-ahd-tvi-ip67-metalica\/#breadcrumb","itemListElement":[{"@type":"ListItem","position":1,"name":"Inicio","item":"https:\/\/compuviper.mx\/tienda\/"},{"@type":"ListItem","position":2,"name":"Productos","item":"https:\/\/compuviper.mx\/tienda\/productos\/"},{"@type":"ListItem","position":3,"name":"Camaras","item":"https:\/\/compuviper.mx\/tienda\/categoria-producto\/camaras-2\/"},{"@type":"ListItem","position":4,"name":"Camara De Videovigilancia","item":"https:\/\/compuviper.mx\/tienda\/categoria-producto\/camaras-2\/camara-de-videovigilancia\/"},{"@type":"ListItem","position":5,"name":"Dahua Dh-hac-hfw1801tn-a-0280b Camara Analoga Hd\/ \/ Hac-hfw1801t-a\/ Bullet 4k Con Microfono Integrado\/ 8 Mp\/ Lente De 2.8mm \/ Wdr Real\/ Ir De 30 Mts\/ Soporta Cvi\/cvbs\/ahd\/tvi\/ Ip67\/ Metalica"}]},{"@type":"WebSite","@id":"https:\/\/compuviper.mx\/tienda\/#website","url":"https:\/\/compuviper.mx\/tienda\/","name":"Compuviper","description":"Proveedor de Computadoras, Laptops, Servidores, Monitores, Puntos de Venta, Teclados,   Impresoras, T\u00f3ner, C\u00e1maras de Seguridad y m\u00e1s en tu tienda en l\u00ednea","publisher":{"@id":"https:\/\/compuviper.mx\/tienda\/#organization"},"potentialAction":[{"@type":"SearchAction","target":{"@type":"EntryPoint","urlTemplate":"https:\/\/compuviper.mx\/tienda\/?s={search_term_string}"},"query-input":"required name=search_term_string"}],"inLanguage":"es-MX"},{"@type":"Organization","@id":"https:\/\/compuviper.mx\/tienda\/#organization","name":"Compuviper","url":"https:\/\/compuviper.mx\/tienda\/","logo":{"@type":"ImageObject","inLanguage":"es-MX","@id":"https:\/\/compuviper.mx\/tienda\/#\/schema\/logo\/image\/","url":"https:\/\/compuviper.mx\/tienda\/wp-content\/uploads\/2021\/08\/Logo-Compuviper-10.png","contentUrl":"https:\/\/compuviper.mx\/tienda\/wp-content\/uploads\/2021\/08\/Logo-Compuviper-10.png","width":1000,"height":500,"caption":"Compuviper"},"image":{"@id":"https:\/\/compuviper.mx\/tienda\/#\/schema\/logo\/image\/"},"sameAs":["https:\/\/www.facebook.com\/compuviper","https:\/\/www.youtube.com\/channel\/UCf73dERp9Y3cfOq7q8BhLjA?view_as=subscriber"]}]},"product_brand":"DAHUA","product_price_amount":"789","product_price_currency":"MXN","og_availability":"out of stock","product_availability":"out of stock","product_retailer_item_id":"DH-HAC-HFW1801TN-A-0280B","product_condition":"new"},"_links":{"self":[{"href":"https:\/\/compuviper.mx\/tienda\/wp-json\/wp\/v2\/product\/236082"}],"collection":[{"href":"https:\/\/compuviper.mx\/tienda\/wp-json\/wp\/v2\/product"}],"about":[{"href":"https:\/\/compuviper.mx\/tienda\/wp-json\/wp\/v2\/types\/product"}],"replies":[{"embeddable":true,"href":"https:\/\/compuviper.mx\/tienda\/wp-json\/wp\/v2\/comments?post=236082"}],"wp:featuredmedia":[{"embeddable":true,"href":"https:\/\/compuviper.mx\/tienda\/wp-json\/wp\/v2\/media\/242454"}],"wp:attachment":[{"href":"https:\/\/compuviper.mx\/tienda\/wp-json\/wp\/v2\/media?parent=236082"}],"wp:term":[{"taxonomy":"product_cat","embeddable":true,"href":"https:\/\/compuviper.mx\/tienda\/wp-json\/wp\/v2\/product_cat?post=236082"},{"taxonomy":"product_tag","embeddable":true,"href":"https:\/\/compuviper.mx\/tienda\/wp-json\/wp\/v2\/product_tag?post=236082"}],"curies":[{"name":"wp","href":"https:\/\/api.w.org\/{rel}","templated":true}]}}