{"id":235600,"date":"2026-04-16T00:58:13","date_gmt":"2026-04-16T06:58:13","guid":{"rendered":"https:\/\/compuviper.mx\/tienda\/producto\/manhattan-176071-mouse-optico-gaming-usb-6-botones-negro-c-luz\/"},"modified":"2026-04-16T00:58:13","modified_gmt":"2026-04-16T06:58:13","slug":"manhattan-176071-mouse-optico-gaming-usb-6-botones-negro-c-luz","status":"publish","type":"product","link":"https:\/\/compuviper.mx\/tienda\/producto\/manhattan-176071-mouse-optico-gaming-usb-6-botones-negro-c-luz\/","title":{"rendered":"Manhattan 176071 Mouse Optico Gaming,,, Usb 6 Botones Negro C\/luz"},"content":{"rendered":"<table class=\"descripcion\">\n<tr>\n<td>Est\u00e1ndares y certificaciones<\/td>\n<\/tr>\n<tr>\n<td>Usb 2.0<\/td>\n<\/tr>\n<tr>\n<td>Ce<\/td>\n<\/tr>\n<tr>\n<td>Fcc<\/td>\n<\/tr>\n<tr>\n<td>Rohs2<\/td>\n<\/tr>\n<tr>\n<td>Weee<\/td>\n<\/tr>\n<tr>\n<td>General<\/td>\n<\/tr>\n<tr>\n<td>Rat\u00f3n: sensor \u00f3ptico (r168b); 800\/1200\/1600\/2400 dpi de resoluci\u00f3n<\/td>\n<\/tr>\n<tr>\n<td>Controles: botones izquierdo y derecho con rueda de desplazamiento (auto-desplazamiento), avance y retroceso de p\u00e1gina y ajuste de resoluci\u00f3n<\/td>\n<\/tr>\n<tr>\n<td>Led<\/td>\n<\/tr>\n<tr>\n<td>Material: pl\u00e1stico abs<\/td>\n<\/tr>\n<tr>\n<td>Dise\u00f1o<\/td>\n<\/tr>\n<tr>\n<td>Dimensiones del rat\u00f3n: 13.2 x 7 x 4.2 cm<\/td>\n<\/tr>\n<tr>\n<td>Longitud del cable: 1.5 m<\/td>\n<\/tr>\n<tr>\n<td>Peso: 133 g<\/td>\n<\/tr>\n<tr>\n<td>Dise\u00f1o<\/td>\n<\/tr>\n<tr>\n<td>Temperatura de operaci\u00f3n: 0 \u0096 45\u00b0c<\/td>\n<\/tr>\n<tr>\n<td>Temperatura de almacenamiento: -15 \u0096 60\u00b0c<\/td>\n<\/tr>\n<tr>\n<td>Factor de humedad:   85%<\/td>\n<\/tr>\n<tr>\n<td>Contenido del paquete<\/td>\n<\/tr>\n<tr>\n<td>Rat\u00f3n \u00f3ptico cableado para videojuegos<\/td>\n<\/tr>\n<tr>\n<td>Gu\u00eda r\u00e1pida de instrucciones<\/td>\n<\/tr>\n<\/table>\n","protected":false},"excerpt":{"rendered":"<p>El rat\u00f3n \u00f3ptico cableado para videojuegos manhattan combina un dise\u00f1o moderno con una precisi\u00f3n avanzada y un rendimiento de alta estabilizaci\u00f3n. Su pulsador de montaje superior cambia instant\u00e1neamente la resoluci\u00f3n de 800, 1200, 1600 y 2400 ppp (dpi) para adaptarse a una amplia gama de aplicaciones, incluidas las tareas de juego o de computaci\u00f3n diaria. Su forma de tama\u00f1o completo y la configuraci\u00f3n de seis botones proporcionan acceso directo a comandos esenciales con un m\u00ednimo movimiento de la mu\u00f1eca. Una textura antideslizante aplicada a superficies cr\u00edticas proporciona un agarre seguro y c\u00f3modo. La capacidad plug-and-play y la compatibilidad con windows y mac os ofrecen una instalaci\u00f3n r\u00e1pida y sencilla. Preciso, sensor \u00f3ptico exacto, construcci\u00f3n robusta pero \u00e1gil, desempe\u00f1o confiable. Forma ergon\u00f3mica c\u00f3moda para la mayor\u00eda de las posiciones de la mano soporte para mu\u00f1eca que reduce la fatiga incluso durante un uso prolongado. Base de baja fricci\u00f3n para un deslizamiento suave sobre la mayor\u00eda de las superficies y el control final, ya sea en apuntar a un enemigo o atacar una planilla. Control de bot\u00f3n de montaje en la parte superior para cambiar instant\u00e1neamente la resoluci\u00f3n de 800, 1200, 1600 y 2400 dpi, perfecto para el trabajo o v\u00eddeo juegos. Leds que cambian de color que destacan clara y sutilmente el rat\u00f3n en situaciones de poca luz. Seis botones f\u00e1ciles de alcanzar en la punta de los dedos para un control c\u00f3modo sin retrasos. Cable trenzado extra largo con n\u00facleo de ferrita para reforzar las conexiones sin sacrificar la precisi\u00f3n y el rendimiento. Plug and play. Compatibilidad total con windows; mac admite el clic con los botones izquierdo y derecho, desplazamiento hacia arriba y hacia abajo y ajuste de dpi<\/p>\n","protected":false},"featured_media":235630,"comment_status":"open","ping_status":"open","template":"","meta":[],"product_cat":[1748,1752],"product_tag":[1487],"acf":[],"yoast_head":"<!-- This site is optimized with the Yoast SEO plugin v21.7 - https:\/\/yoast.com\/wordpress\/plugins\/seo\/ -->\n<title>[ Manhattan ] &#129351; 176071 Mouse Optico Gaming,,, Usb 6 Botones Negro C\/luz<\/title>\n<meta name=\"description\" content=\"Compra 176071 Mouse Optico Gaming,,, Usb 6 Botones Negro C\/luz + Env\u00edo a domicilio + Pago seguro + Garant\u00eda\" \/>\n<meta name=\"robots\" content=\"index, follow, max-snippet:-1, max-image-preview:large, max-video-preview:-1\" \/>\n<link rel=\"canonical\" href=\"https:\/\/compuviper.mx\/tienda\/producto\/manhattan-176071-mouse-optico-gaming-usb-6-botones-negro-c-luz\/\" \/>\n<meta property=\"og:locale\" content=\"es_MX\" \/>\n<meta property=\"og:type\" content=\"article\" \/>\n<meta property=\"og:title\" content=\"[ Manhattan ] &#129351; 176071 Mouse Optico Gaming,,, Usb 6 Botones Negro C\/luz\" \/>\n<meta property=\"og:description\" content=\"Compra 176071 Mouse Optico Gaming,,, Usb 6 Botones Negro C\/luz + Env\u00edo a domicilio + Pago seguro + Garant\u00eda\" \/>\n<meta property=\"og:url\" content=\"https:\/\/compuviper.mx\/tienda\/producto\/manhattan-176071-mouse-optico-gaming-usb-6-botones-negro-c-luz\/\" \/>\n<meta property=\"og:site_name\" content=\"Compuviper\" \/>\n<meta property=\"article:publisher\" content=\"https:\/\/www.facebook.com\/compuviper\" \/>\n<meta property=\"og:image\" content=\"https:\/\/compuviper.mx\/tienda\/wp-content\/uploads\/2024\/06\/Mouse-optico-gamingmanhattan176071-usb-6-botones-negro-cluz.jpg\" \/>\n\t<meta property=\"og:image:width\" content=\"200\" \/>\n\t<meta property=\"og:image:height\" content=\"200\" \/>\n\t<meta property=\"og:image:type\" content=\"image\/jpeg\" \/>\n<meta name=\"twitter:card\" content=\"summary_large_image\" \/>\n<meta name=\"twitter:label1\" content=\"Precio\" \/>\n\t<meta name=\"twitter:data1\" content=\"&#36;167 con IVA\" \/>\n\t<meta name=\"twitter:label2\" content=\"Availability\" \/>\n\t<meta name=\"twitter:data2\" content=\"In stock\" \/>\n<script type=\"application\/ld+json\" class=\"yoast-schema-graph\">{\"@context\":\"https:\/\/schema.org\",\"@graph\":[{\"@type\":\"WebPage\",\"@id\":\"https:\/\/compuviper.mx\/tienda\/producto\/manhattan-176071-mouse-optico-gaming-usb-6-botones-negro-c-luz\/\",\"url\":\"https:\/\/compuviper.mx\/tienda\/producto\/manhattan-176071-mouse-optico-gaming-usb-6-botones-negro-c-luz\/\",\"name\":\"[ Manhattan ] &#129351; 176071 Mouse Optico Gaming,,, Usb 6 Botones Negro C\/luz\",\"isPartOf\":{\"@id\":\"https:\/\/compuviper.mx\/tienda\/#website\"},\"datePublished\":\"2026-04-16T06:58:13+00:00\",\"dateModified\":\"2026-04-16T06:58:13+00:00\",\"description\":\"Compra 176071 Mouse Optico Gaming,,, Usb 6 Botones Negro C\/luz + Env\u00edo a domicilio + Pago seguro + Garant\u00eda\",\"breadcrumb\":{\"@id\":\"https:\/\/compuviper.mx\/tienda\/producto\/manhattan-176071-mouse-optico-gaming-usb-6-botones-negro-c-luz\/#breadcrumb\"},\"inLanguage\":\"es-MX\",\"potentialAction\":[{\"@type\":\"ReadAction\",\"target\":[\"https:\/\/compuviper.mx\/tienda\/producto\/manhattan-176071-mouse-optico-gaming-usb-6-botones-negro-c-luz\/\"]}]},{\"@type\":\"BreadcrumbList\",\"@id\":\"https:\/\/compuviper.mx\/tienda\/producto\/manhattan-176071-mouse-optico-gaming-usb-6-botones-negro-c-luz\/#breadcrumb\",\"itemListElement\":[{\"@type\":\"ListItem\",\"position\":1,\"name\":\"Inicio\",\"item\":\"https:\/\/compuviper.mx\/tienda\/\"},{\"@type\":\"ListItem\",\"position\":2,\"name\":\"Productos\",\"item\":\"https:\/\/compuviper.mx\/tienda\/productos\/\"},{\"@type\":\"ListItem\",\"position\":3,\"name\":\"Mouse\",\"item\":\"https:\/\/compuviper.mx\/tienda\/categoria-producto\/mouse\/\"},{\"@type\":\"ListItem\",\"position\":4,\"name\":\"Gamers\",\"item\":\"https:\/\/compuviper.mx\/tienda\/categoria-producto\/mouse\/gamers-mouse\/\"},{\"@type\":\"ListItem\",\"position\":5,\"name\":\"Manhattan 176071 Mouse Optico Gaming,,, Usb 6 Botones Negro C\/luz\"}]},{\"@type\":\"WebSite\",\"@id\":\"https:\/\/compuviper.mx\/tienda\/#website\",\"url\":\"https:\/\/compuviper.mx\/tienda\/\",\"name\":\"Compuviper\",\"description\":\"Proveedor de Computadoras, Laptops, Servidores, Monitores, Puntos de Venta, Teclados,   Impresoras, T\u00f3ner, C\u00e1maras de Seguridad y m\u00e1s en tu tienda en l\u00ednea\",\"publisher\":{\"@id\":\"https:\/\/compuviper.mx\/tienda\/#organization\"},\"potentialAction\":[{\"@type\":\"SearchAction\",\"target\":{\"@type\":\"EntryPoint\",\"urlTemplate\":\"https:\/\/compuviper.mx\/tienda\/?s={search_term_string}\"},\"query-input\":\"required name=search_term_string\"}],\"inLanguage\":\"es-MX\"},{\"@type\":\"Organization\",\"@id\":\"https:\/\/compuviper.mx\/tienda\/#organization\",\"name\":\"Compuviper\",\"url\":\"https:\/\/compuviper.mx\/tienda\/\",\"logo\":{\"@type\":\"ImageObject\",\"inLanguage\":\"es-MX\",\"@id\":\"https:\/\/compuviper.mx\/tienda\/#\/schema\/logo\/image\/\",\"url\":\"https:\/\/compuviper.mx\/tienda\/wp-content\/uploads\/2021\/08\/Logo-Compuviper-10.png\",\"contentUrl\":\"https:\/\/compuviper.mx\/tienda\/wp-content\/uploads\/2021\/08\/Logo-Compuviper-10.png\",\"width\":1000,\"height\":500,\"caption\":\"Compuviper\"},\"image\":{\"@id\":\"https:\/\/compuviper.mx\/tienda\/#\/schema\/logo\/image\/\"},\"sameAs\":[\"https:\/\/www.facebook.com\/compuviper\",\"https:\/\/www.youtube.com\/channel\/UCf73dERp9Y3cfOq7q8BhLjA?view_as=subscriber\"]}]}<\/script>\n<meta property=\"product:brand\" content=\"MANHATTAN\" \/>\n<meta property=\"product:price:amount\" content=\"167\" \/>\n<meta property=\"product:price:currency\" content=\"MXN\" \/>\n<meta property=\"og:availability\" content=\"instock\" \/>\n<meta property=\"product:availability\" content=\"instock\" \/>\n<meta property=\"product:retailer_item_id\" content=\"176071\" \/>\n<meta property=\"product:condition\" content=\"new\" \/>\n<!-- \/ Yoast SEO plugin. -->","yoast_head_json":{"title":"[ Manhattan ] &#129351; 176071 Mouse Optico Gaming,,, Usb 6 Botones Negro C\/luz","description":"Compra 176071 Mouse Optico Gaming,,, Usb 6 Botones Negro C\/luz + Env\u00edo a domicilio + Pago seguro + Garant\u00eda","robots":{"index":"index","follow":"follow","max-snippet":"max-snippet:-1","max-image-preview":"max-image-preview:large","max-video-preview":"max-video-preview:-1"},"canonical":"https:\/\/compuviper.mx\/tienda\/producto\/manhattan-176071-mouse-optico-gaming-usb-6-botones-negro-c-luz\/","og_locale":"es_MX","og_type":"article","og_title":"[ Manhattan ] &#129351; 176071 Mouse Optico Gaming,,, Usb 6 Botones Negro C\/luz","og_description":"Compra 176071 Mouse Optico Gaming,,, Usb 6 Botones Negro C\/luz + Env\u00edo a domicilio + Pago seguro + Garant\u00eda","og_url":"https:\/\/compuviper.mx\/tienda\/producto\/manhattan-176071-mouse-optico-gaming-usb-6-botones-negro-c-luz\/","og_site_name":"Compuviper","article_publisher":"https:\/\/www.facebook.com\/compuviper","og_image":[{"width":200,"height":200,"url":"https:\/\/compuviper.mx\/tienda\/wp-content\/uploads\/2024\/06\/Mouse-optico-gamingmanhattan176071-usb-6-botones-negro-cluz.jpg","type":"image\/jpeg"}],"twitter_card":"summary_large_image","twitter_misc":{"Precio":"&#36;167 con IVA","Availability":"In stock"},"schema":{"@context":"https:\/\/schema.org","@graph":[{"@type":"WebPage","@id":"https:\/\/compuviper.mx\/tienda\/producto\/manhattan-176071-mouse-optico-gaming-usb-6-botones-negro-c-luz\/","url":"https:\/\/compuviper.mx\/tienda\/producto\/manhattan-176071-mouse-optico-gaming-usb-6-botones-negro-c-luz\/","name":"[ Manhattan ] &#129351; 176071 Mouse Optico Gaming,,, Usb 6 Botones Negro C\/luz","isPartOf":{"@id":"https:\/\/compuviper.mx\/tienda\/#website"},"datePublished":"2026-04-16T06:58:13+00:00","dateModified":"2026-04-16T06:58:13+00:00","description":"Compra 176071 Mouse Optico Gaming,,, Usb 6 Botones Negro C\/luz + Env\u00edo a domicilio + Pago seguro + Garant\u00eda","breadcrumb":{"@id":"https:\/\/compuviper.mx\/tienda\/producto\/manhattan-176071-mouse-optico-gaming-usb-6-botones-negro-c-luz\/#breadcrumb"},"inLanguage":"es-MX","potentialAction":[{"@type":"ReadAction","target":["https:\/\/compuviper.mx\/tienda\/producto\/manhattan-176071-mouse-optico-gaming-usb-6-botones-negro-c-luz\/"]}]},{"@type":"BreadcrumbList","@id":"https:\/\/compuviper.mx\/tienda\/producto\/manhattan-176071-mouse-optico-gaming-usb-6-botones-negro-c-luz\/#breadcrumb","itemListElement":[{"@type":"ListItem","position":1,"name":"Inicio","item":"https:\/\/compuviper.mx\/tienda\/"},{"@type":"ListItem","position":2,"name":"Productos","item":"https:\/\/compuviper.mx\/tienda\/productos\/"},{"@type":"ListItem","position":3,"name":"Mouse","item":"https:\/\/compuviper.mx\/tienda\/categoria-producto\/mouse\/"},{"@type":"ListItem","position":4,"name":"Gamers","item":"https:\/\/compuviper.mx\/tienda\/categoria-producto\/mouse\/gamers-mouse\/"},{"@type":"ListItem","position":5,"name":"Manhattan 176071 Mouse Optico Gaming,,, Usb 6 Botones Negro C\/luz"}]},{"@type":"WebSite","@id":"https:\/\/compuviper.mx\/tienda\/#website","url":"https:\/\/compuviper.mx\/tienda\/","name":"Compuviper","description":"Proveedor de Computadoras, Laptops, Servidores, Monitores, Puntos de Venta, Teclados,   Impresoras, T\u00f3ner, C\u00e1maras de Seguridad y m\u00e1s en tu tienda en l\u00ednea","publisher":{"@id":"https:\/\/compuviper.mx\/tienda\/#organization"},"potentialAction":[{"@type":"SearchAction","target":{"@type":"EntryPoint","urlTemplate":"https:\/\/compuviper.mx\/tienda\/?s={search_term_string}"},"query-input":"required name=search_term_string"}],"inLanguage":"es-MX"},{"@type":"Organization","@id":"https:\/\/compuviper.mx\/tienda\/#organization","name":"Compuviper","url":"https:\/\/compuviper.mx\/tienda\/","logo":{"@type":"ImageObject","inLanguage":"es-MX","@id":"https:\/\/compuviper.mx\/tienda\/#\/schema\/logo\/image\/","url":"https:\/\/compuviper.mx\/tienda\/wp-content\/uploads\/2021\/08\/Logo-Compuviper-10.png","contentUrl":"https:\/\/compuviper.mx\/tienda\/wp-content\/uploads\/2021\/08\/Logo-Compuviper-10.png","width":1000,"height":500,"caption":"Compuviper"},"image":{"@id":"https:\/\/compuviper.mx\/tienda\/#\/schema\/logo\/image\/"},"sameAs":["https:\/\/www.facebook.com\/compuviper","https:\/\/www.youtube.com\/channel\/UCf73dERp9Y3cfOq7q8BhLjA?view_as=subscriber"]}]},"product_brand":"MANHATTAN","product_price_amount":"167","product_price_currency":"MXN","og_availability":"instock","product_availability":"instock","product_retailer_item_id":"176071","product_condition":"new"},"_links":{"self":[{"href":"https:\/\/compuviper.mx\/tienda\/wp-json\/wp\/v2\/product\/235600"}],"collection":[{"href":"https:\/\/compuviper.mx\/tienda\/wp-json\/wp\/v2\/product"}],"about":[{"href":"https:\/\/compuviper.mx\/tienda\/wp-json\/wp\/v2\/types\/product"}],"replies":[{"embeddable":true,"href":"https:\/\/compuviper.mx\/tienda\/wp-json\/wp\/v2\/comments?post=235600"}],"wp:featuredmedia":[{"embeddable":true,"href":"https:\/\/compuviper.mx\/tienda\/wp-json\/wp\/v2\/media\/235630"}],"wp:attachment":[{"href":"https:\/\/compuviper.mx\/tienda\/wp-json\/wp\/v2\/media?parent=235600"}],"wp:term":[{"taxonomy":"product_cat","embeddable":true,"href":"https:\/\/compuviper.mx\/tienda\/wp-json\/wp\/v2\/product_cat?post=235600"},{"taxonomy":"product_tag","embeddable":true,"href":"https:\/\/compuviper.mx\/tienda\/wp-json\/wp\/v2\/product_tag?post=235600"}],"curies":[{"name":"wp","href":"https:\/\/api.w.org\/{rel}","templated":true}]}}