{"id":235445,"date":"2026-04-18T01:11:50","date_gmt":"2026-04-18T07:11:50","guid":{"rendered":"https:\/\/compuviper.mx\/tienda\/producto\/intellinet-561839-poe-switch-gb-5-ptos-30w-pto-62w\/"},"modified":"2026-04-18T01:11:50","modified_gmt":"2026-04-18T07:11:50","slug":"intellinet-561839-poe-switch-gb-5-ptos-30w-pto-62w","status":"publish","type":"product","link":"https:\/\/compuviper.mx\/tienda\/producto\/intellinet-561839-poe-switch-gb-5-ptos-30w-pto-62w\/","title":{"rendered":"Intellinet 561839 Poe Switch , , , Gb  5 Ptos 30w\/pto, 62w"},"content":{"rendered":"<table class=\"descripcion\">\n<tr>\n<td>Est\u00e1ndares<\/td>\n<\/tr>\n<tr>\n<td>Ieee 802.3 (10base-t ethernet)<\/td>\n<\/tr>\n<tr>\n<td>Ieee 802.3ab (gigabit ethernet en par trenzado)<\/td>\n<\/tr>\n<tr>\n<td>Ieee 802.3af (power over ethernet 802.3at tipo 1)<\/td>\n<\/tr>\n<tr>\n<td>Ieee 802.3at (power over ethernet 802.3at tipo 2)<\/td>\n<\/tr>\n<tr>\n<td>Ieee 802.3u (100base-tx fast ethernet)<\/td>\n<\/tr>\n<tr>\n<td>Ieee 802.3x (control de flujo, para modo full d\u00faplex)<\/td>\n<\/tr>\n<tr>\n<td>General<\/td>\n<\/tr>\n<tr>\n<td>Medios soportados:<\/td>\n<\/tr>\n<tr>\n<td>&#8211; 10base-t cat5e utp\/stp rj45, 8 pin<\/td>\n<\/tr>\n<tr>\n<td>&#8211; 100base-tx cat5e utp\/stp rj45, 8 pin<\/td>\n<\/tr>\n<tr>\n<td>&#8211; 1000base-t cat5e utp\/stp rj45, de 8 pines<\/td>\n<\/tr>\n<tr>\n<td>Filtrado de paquetes\/ tasa de env\u00edo:<\/td>\n<\/tr>\n<tr>\n<td>&#8211; 1,488,000 pps (1000 mbps)<\/td>\n<\/tr>\n<tr>\n<td>&#8211; 148,000 pps (100 mbps)<\/td>\n<\/tr>\n<tr>\n<td>&#8211; 14,880 pps (10 mbps)<\/td>\n<\/tr>\n<tr>\n<td>Tabla de direcciones mac: 2k<\/td>\n<\/tr>\n<tr>\n<td>Velocidad backplane \/ conmutaci\u00f3n: 10 gbps<\/td>\n<\/tr>\n<tr>\n<td>Arquitectura del switch: almacenaje y env\u00edo<\/td>\n<\/tr>\n<tr>\n<td>Certificaciones: fcc clase a, ce, rohs<\/td>\n<\/tr>\n<tr>\n<td>Leds<\/td>\n<\/tr>\n<tr>\n<td>Alimentaci\u00f3n<\/td>\n<\/tr>\n<tr>\n<td>Enlace\/actividad<\/td>\n<\/tr>\n<tr>\n<td>Poe<\/td>\n<\/tr>\n<tr>\n<td>Disposici\u00f3n de los pines del rj45 puertos de salida<\/td>\n<\/tr>\n<tr>\n<td>&#8211; pin 1: dc (+)<\/td>\n<\/tr>\n<tr>\n<td>&#8211; pin 2: dc (+)<\/td>\n<\/tr>\n<tr>\n<td>&#8211; pin 3: dc (-)<\/td>\n<\/tr>\n<tr>\n<td>&#8211; pin 6: dc (-)<\/td>\n<\/tr>\n<tr>\n<td>Alimentaci\u00f3n<\/td>\n<\/tr>\n<tr>\n<td>&#8211; adaptador de energ\u00eda incluido:<\/td>\n<\/tr>\n<tr>\n<td>&#8211; entrada: 100.0 &#8211; 240.0 v ca, 50 &#8211; 60 hz, 2.0 a<\/td>\n<\/tr>\n<tr>\n<td>&#8211; salida: dc, 48.0 v, 1.35 a<\/td>\n<\/tr>\n<tr>\n<td>&#8211; presupuesto poe: 62.0 watts (m\u00e1ximo)<\/td>\n<\/tr>\n<tr>\n<td>&#8211; consumo de energ\u00eda: 65.0 watts (m\u00e1ximo)<\/td>\n<\/tr>\n<tr>\n<td>Dise\u00f1o<\/td>\n<\/tr>\n<tr>\n<td>Gabinete met\u00e1lico<\/td>\n<\/tr>\n<tr>\n<td>Dimensiones (l x w x h): 86 x 130 x 29 mm (3.39 x 5.12 x 1.14 in.)<\/td>\n<\/tr>\n<tr>\n<td>Peso neto: 770 g (1.7 lbs.)<\/td>\n<\/tr>\n<tr>\n<td>Peso bruto: 850 g (1.87 lbs.)<\/td>\n<\/tr>\n<tr>\n<td>Temperatura de operaci\u00f3n: 0 &#8211; 40\u00b0c (32 &#8211; 104\u00b0f)<\/td>\n<\/tr>\n<tr>\n<td>Temperatura de almacenamiento: -10 &#8211; 70\u00b0c (14 &#8211; 158\u00b0f)<\/td>\n<\/tr>\n<tr>\n<td>Humedad de funcionamiento: 20 &#8211; 85% hr, sin condensaci\u00f3n<\/td>\n<\/tr>\n<tr>\n<td>Humedad de almacenamiento: 5 &#8211; 90% rh, sin condensaci\u00f3n<\/td>\n<\/tr>\n<tr>\n<td>Contenido del paquete:<\/td>\n<\/tr>\n<tr>\n<td>Switch poe+ con 5 puertos gigabit<\/td>\n<\/tr>\n<tr>\n<td>Adaptador de energ\u00eda<\/td>\n<\/tr>\n<tr>\n<td>Cable de alimentaci\u00f3n<\/td>\n<\/tr>\n<tr>\n<td>Instrucciones<\/td>\n<\/tr>\n<\/table>\n","protected":false},"excerpt":{"rendered":"<p>Switch poe de 5 puertos 10\/100\/100 para escritorio &#8211; soporta power over ethernet 802.3at. El switch gigabit ethernet poe+ de 5 puertos de intellinet network solutions transmite tanto datos como energ\u00eda el\u00e9ctrica a una serie de dispositivos compatibles con poe a trav\u00e9s de cables de red est\u00e1ndar cat5e o cat6. Equipado con cinco puertos gigabit ethernet -cuatro de los cuales son puertos poe+ pse de alta potencia- este switch puede alimentar puntos de acceso y puentes de lan inal\u00e1mbricos, tel\u00e9fonos voip, c\u00e1maras de v\u00eddeo ip y mucho m\u00e1s, a la vez que ofrece velocidades de red de hasta 1000 mbps. Alta potenciapoe+ con salida de hasta 30 watts. Este switch es compatible con el protocolo ieee 802.3at y puede inyectar hasta 30 watts de potencia por puerto. Los dispositivos compatibles con ieee802.3af o ieee802.3at conectados al switch no requieren alimentaci\u00f3n adicional, lo que elimina el tiempo y el gasto de recableado el\u00e9ctrico y minimiza el antiest\u00e9tico desorden causado por las fuentes de alimentaci\u00f3n y los adaptadores en lugares inc\u00f3modos como techos y paredes. Admite cualquier combinaci\u00f3n de dispositivos poe y no poe, y gracias a su funci\u00f3n de protecci\u00f3n contra cortocircuitos, sobrecargas y alta tensi\u00f3n, tu equipo estar\u00e1 bien protegido. Proporciona energ\u00eda y datos hasta cuatro dispositivos de red poe. Incluye un puerto rj45 de enlace ascendente 10\/100\/1000. Presupuesto de energ\u00eda de 62 watts (power budget. Potencia de salida de hasta 30 watts por puerto. Ahorra costos de instalaci\u00f3n, suministra datos y energ\u00eda sobre los cables de red existentes. Soporta dispositivos poe que cumplen los est\u00e1ndares ieee 802.3af\/at (access points, tel\u00e9fonos voip y c\u00e1maras ip. Soporta detecci\u00f3n de protocolo ieee 802.3at\/af, cortocircuitos, sobrecarga y protecci\u00f3n de alto voltaje. Conmutaci\u00f3n\/velocidad backplane de 10 gbps. Puertos auto-sensing 10\/100\/1000 que detectan autom\u00e1ticamente las velocidades \u00f3ptimas de la red. Todos los puertos rj-45 soportan auto-mdix y auto-negociaci\u00f3n nway. Arquitectura de almacenamiento y conmutaci\u00f3n. Control de flujo para modo full d\u00faplex, ieee 802.3x. Admite 2k entradas de direcciones mac. Formato compacto de sobremesa con carcasa met\u00e1lica resistente. Punto de conexi\u00f3n a tierra para proteger el equipo de las sobrecargas el\u00e9ctricas externas. Dise\u00f1o sin ventiladores, ideal para una operaci\u00f3n silenciosa. Ventilador de alta eficiencia que proporciona un enfriamiento silencioso y confiable. Totalmente compatible con la ndaa<\/p>\n","protected":false},"featured_media":242861,"comment_status":"open","ping_status":"open","template":"","meta":[],"product_cat":[1563,1564],"product_tag":[1489],"acf":[],"yoast_head":"<!-- This site is optimized with the Yoast SEO plugin v21.7 - https:\/\/yoast.com\/wordpress\/plugins\/seo\/ -->\n<title>[ Intellinet ] &#129351; 561839 Poe Switch , , , Gb 5 Ptos 30w\/pto, 62w<\/title>\n<meta name=\"description\" content=\"Compra 561839 Poe Switch , , , Gb 5 Ptos 30w\/pto, 62w + Env\u00edo a domicilio + Pago seguro + Garant\u00eda\" \/>\n<meta name=\"robots\" content=\"index, follow, max-snippet:-1, max-image-preview:large, max-video-preview:-1\" \/>\n<link rel=\"canonical\" href=\"https:\/\/compuviper.mx\/tienda\/producto\/intellinet-561839-poe-switch-gb-5-ptos-30w-pto-62w\/\" \/>\n<meta property=\"og:locale\" content=\"es_MX\" \/>\n<meta property=\"og:type\" content=\"article\" \/>\n<meta property=\"og:title\" content=\"[ Intellinet ] &#129351; 561839 Poe Switch , , , Gb 5 Ptos 30w\/pto, 62w\" \/>\n<meta property=\"og:description\" content=\"Compra 561839 Poe Switch , , , Gb 5 Ptos 30w\/pto, 62w + Env\u00edo a domicilio + Pago seguro + Garant\u00eda\" \/>\n<meta property=\"og:url\" content=\"https:\/\/compuviper.mx\/tienda\/producto\/intellinet-561839-poe-switch-gb-5-ptos-30w-pto-62w\/\" \/>\n<meta property=\"og:site_name\" content=\"Compuviper\" \/>\n<meta property=\"article:publisher\" content=\"https:\/\/www.facebook.com\/compuviper\" \/>\n<meta property=\"og:image\" content=\"https:\/\/compuviper.mx\/tienda\/wp-content\/uploads\/2024\/09\/Poe-switch-intellinet-561839-gb-5-ptos-30wpto-62w.jpg\" \/>\n\t<meta property=\"og:image:width\" content=\"200\" \/>\n\t<meta property=\"og:image:height\" content=\"200\" \/>\n\t<meta property=\"og:image:type\" content=\"image\/jpeg\" \/>\n<meta name=\"twitter:card\" content=\"summary_large_image\" \/>\n<meta name=\"twitter:label1\" content=\"Precio\" \/>\n\t<meta name=\"twitter:data1\" content=\"&#36;1,231 con IVA\" \/>\n\t<meta name=\"twitter:label2\" content=\"Availability\" \/>\n\t<meta name=\"twitter:data2\" content=\"On backorder\" \/>\n<script type=\"application\/ld+json\" class=\"yoast-schema-graph\">{\"@context\":\"https:\/\/schema.org\",\"@graph\":[{\"@type\":\"WebPage\",\"@id\":\"https:\/\/compuviper.mx\/tienda\/producto\/intellinet-561839-poe-switch-gb-5-ptos-30w-pto-62w\/\",\"url\":\"https:\/\/compuviper.mx\/tienda\/producto\/intellinet-561839-poe-switch-gb-5-ptos-30w-pto-62w\/\",\"name\":\"[ Intellinet ] &#129351; 561839 Poe Switch , , , Gb 5 Ptos 30w\/pto, 62w\",\"isPartOf\":{\"@id\":\"https:\/\/compuviper.mx\/tienda\/#website\"},\"datePublished\":\"2026-04-18T07:11:50+00:00\",\"dateModified\":\"2026-04-18T07:11:50+00:00\",\"description\":\"Compra 561839 Poe Switch , , , Gb 5 Ptos 30w\/pto, 62w + Env\u00edo a domicilio + Pago seguro + Garant\u00eda\",\"breadcrumb\":{\"@id\":\"https:\/\/compuviper.mx\/tienda\/producto\/intellinet-561839-poe-switch-gb-5-ptos-30w-pto-62w\/#breadcrumb\"},\"inLanguage\":\"es-MX\",\"potentialAction\":[{\"@type\":\"ReadAction\",\"target\":[\"https:\/\/compuviper.mx\/tienda\/producto\/intellinet-561839-poe-switch-gb-5-ptos-30w-pto-62w\/\"]}]},{\"@type\":\"BreadcrumbList\",\"@id\":\"https:\/\/compuviper.mx\/tienda\/producto\/intellinet-561839-poe-switch-gb-5-ptos-30w-pto-62w\/#breadcrumb\",\"itemListElement\":[{\"@type\":\"ListItem\",\"position\":1,\"name\":\"Inicio\",\"item\":\"https:\/\/compuviper.mx\/tienda\/\"},{\"@type\":\"ListItem\",\"position\":2,\"name\":\"Productos\",\"item\":\"https:\/\/compuviper.mx\/tienda\/productos\/\"},{\"@type\":\"ListItem\",\"position\":3,\"name\":\"Redes\",\"item\":\"https:\/\/compuviper.mx\/tienda\/categoria-producto\/redes\/\"},{\"@type\":\"ListItem\",\"position\":4,\"name\":\"Switch\",\"item\":\"https:\/\/compuviper.mx\/tienda\/categoria-producto\/redes\/switch\/\"},{\"@type\":\"ListItem\",\"position\":5,\"name\":\"Intellinet 561839 Poe Switch , , , Gb 5 Ptos 30w\/pto, 62w\"}]},{\"@type\":\"WebSite\",\"@id\":\"https:\/\/compuviper.mx\/tienda\/#website\",\"url\":\"https:\/\/compuviper.mx\/tienda\/\",\"name\":\"Compuviper\",\"description\":\"Proveedor de Computadoras, Laptops, Servidores, Monitores, Puntos de Venta, Teclados,   Impresoras, T\u00f3ner, C\u00e1maras de Seguridad y m\u00e1s en tu tienda en l\u00ednea\",\"publisher\":{\"@id\":\"https:\/\/compuviper.mx\/tienda\/#organization\"},\"potentialAction\":[{\"@type\":\"SearchAction\",\"target\":{\"@type\":\"EntryPoint\",\"urlTemplate\":\"https:\/\/compuviper.mx\/tienda\/?s={search_term_string}\"},\"query-input\":\"required name=search_term_string\"}],\"inLanguage\":\"es-MX\"},{\"@type\":\"Organization\",\"@id\":\"https:\/\/compuviper.mx\/tienda\/#organization\",\"name\":\"Compuviper\",\"url\":\"https:\/\/compuviper.mx\/tienda\/\",\"logo\":{\"@type\":\"ImageObject\",\"inLanguage\":\"es-MX\",\"@id\":\"https:\/\/compuviper.mx\/tienda\/#\/schema\/logo\/image\/\",\"url\":\"https:\/\/compuviper.mx\/tienda\/wp-content\/uploads\/2021\/08\/Logo-Compuviper-10.png\",\"contentUrl\":\"https:\/\/compuviper.mx\/tienda\/wp-content\/uploads\/2021\/08\/Logo-Compuviper-10.png\",\"width\":1000,\"height\":500,\"caption\":\"Compuviper\"},\"image\":{\"@id\":\"https:\/\/compuviper.mx\/tienda\/#\/schema\/logo\/image\/\"},\"sameAs\":[\"https:\/\/www.facebook.com\/compuviper\",\"https:\/\/www.youtube.com\/channel\/UCf73dERp9Y3cfOq7q8BhLjA?view_as=subscriber\"]}]}<\/script>\n<meta property=\"product:brand\" content=\"INTELLINET\" \/>\n<meta property=\"product:price:amount\" content=\"1231\" \/>\n<meta property=\"product:price:currency\" content=\"MXN\" \/>\n<meta property=\"og:availability\" content=\"backorder\" \/>\n<meta property=\"product:availability\" content=\"available for order\" \/>\n<meta property=\"product:retailer_item_id\" content=\"561839\" \/>\n<meta property=\"product:condition\" content=\"new\" \/>\n<!-- \/ Yoast SEO plugin. -->","yoast_head_json":{"title":"[ Intellinet ] &#129351; 561839 Poe Switch , , , Gb 5 Ptos 30w\/pto, 62w","description":"Compra 561839 Poe Switch , , , Gb 5 Ptos 30w\/pto, 62w + Env\u00edo a domicilio + Pago seguro + Garant\u00eda","robots":{"index":"index","follow":"follow","max-snippet":"max-snippet:-1","max-image-preview":"max-image-preview:large","max-video-preview":"max-video-preview:-1"},"canonical":"https:\/\/compuviper.mx\/tienda\/producto\/intellinet-561839-poe-switch-gb-5-ptos-30w-pto-62w\/","og_locale":"es_MX","og_type":"article","og_title":"[ Intellinet ] &#129351; 561839 Poe Switch , , , Gb 5 Ptos 30w\/pto, 62w","og_description":"Compra 561839 Poe Switch , , , Gb 5 Ptos 30w\/pto, 62w + Env\u00edo a domicilio + Pago seguro + Garant\u00eda","og_url":"https:\/\/compuviper.mx\/tienda\/producto\/intellinet-561839-poe-switch-gb-5-ptos-30w-pto-62w\/","og_site_name":"Compuviper","article_publisher":"https:\/\/www.facebook.com\/compuviper","og_image":[{"width":200,"height":200,"url":"https:\/\/compuviper.mx\/tienda\/wp-content\/uploads\/2024\/09\/Poe-switch-intellinet-561839-gb-5-ptos-30wpto-62w.jpg","type":"image\/jpeg"}],"twitter_card":"summary_large_image","twitter_misc":{"Precio":"&#36;1,231 con IVA","Availability":"On backorder"},"schema":{"@context":"https:\/\/schema.org","@graph":[{"@type":"WebPage","@id":"https:\/\/compuviper.mx\/tienda\/producto\/intellinet-561839-poe-switch-gb-5-ptos-30w-pto-62w\/","url":"https:\/\/compuviper.mx\/tienda\/producto\/intellinet-561839-poe-switch-gb-5-ptos-30w-pto-62w\/","name":"[ Intellinet ] &#129351; 561839 Poe Switch , , , Gb 5 Ptos 30w\/pto, 62w","isPartOf":{"@id":"https:\/\/compuviper.mx\/tienda\/#website"},"datePublished":"2026-04-18T07:11:50+00:00","dateModified":"2026-04-18T07:11:50+00:00","description":"Compra 561839 Poe Switch , , , Gb 5 Ptos 30w\/pto, 62w + Env\u00edo a domicilio + Pago seguro + Garant\u00eda","breadcrumb":{"@id":"https:\/\/compuviper.mx\/tienda\/producto\/intellinet-561839-poe-switch-gb-5-ptos-30w-pto-62w\/#breadcrumb"},"inLanguage":"es-MX","potentialAction":[{"@type":"ReadAction","target":["https:\/\/compuviper.mx\/tienda\/producto\/intellinet-561839-poe-switch-gb-5-ptos-30w-pto-62w\/"]}]},{"@type":"BreadcrumbList","@id":"https:\/\/compuviper.mx\/tienda\/producto\/intellinet-561839-poe-switch-gb-5-ptos-30w-pto-62w\/#breadcrumb","itemListElement":[{"@type":"ListItem","position":1,"name":"Inicio","item":"https:\/\/compuviper.mx\/tienda\/"},{"@type":"ListItem","position":2,"name":"Productos","item":"https:\/\/compuviper.mx\/tienda\/productos\/"},{"@type":"ListItem","position":3,"name":"Redes","item":"https:\/\/compuviper.mx\/tienda\/categoria-producto\/redes\/"},{"@type":"ListItem","position":4,"name":"Switch","item":"https:\/\/compuviper.mx\/tienda\/categoria-producto\/redes\/switch\/"},{"@type":"ListItem","position":5,"name":"Intellinet 561839 Poe Switch , , , Gb 5 Ptos 30w\/pto, 62w"}]},{"@type":"WebSite","@id":"https:\/\/compuviper.mx\/tienda\/#website","url":"https:\/\/compuviper.mx\/tienda\/","name":"Compuviper","description":"Proveedor de Computadoras, Laptops, Servidores, Monitores, Puntos de Venta, Teclados,   Impresoras, T\u00f3ner, C\u00e1maras de Seguridad y m\u00e1s en tu tienda en l\u00ednea","publisher":{"@id":"https:\/\/compuviper.mx\/tienda\/#organization"},"potentialAction":[{"@type":"SearchAction","target":{"@type":"EntryPoint","urlTemplate":"https:\/\/compuviper.mx\/tienda\/?s={search_term_string}"},"query-input":"required name=search_term_string"}],"inLanguage":"es-MX"},{"@type":"Organization","@id":"https:\/\/compuviper.mx\/tienda\/#organization","name":"Compuviper","url":"https:\/\/compuviper.mx\/tienda\/","logo":{"@type":"ImageObject","inLanguage":"es-MX","@id":"https:\/\/compuviper.mx\/tienda\/#\/schema\/logo\/image\/","url":"https:\/\/compuviper.mx\/tienda\/wp-content\/uploads\/2021\/08\/Logo-Compuviper-10.png","contentUrl":"https:\/\/compuviper.mx\/tienda\/wp-content\/uploads\/2021\/08\/Logo-Compuviper-10.png","width":1000,"height":500,"caption":"Compuviper"},"image":{"@id":"https:\/\/compuviper.mx\/tienda\/#\/schema\/logo\/image\/"},"sameAs":["https:\/\/www.facebook.com\/compuviper","https:\/\/www.youtube.com\/channel\/UCf73dERp9Y3cfOq7q8BhLjA?view_as=subscriber"]}]},"product_brand":"INTELLINET","product_price_amount":"1231","product_price_currency":"MXN","og_availability":"backorder","product_availability":"available for order","product_retailer_item_id":"561839","product_condition":"new"},"_links":{"self":[{"href":"https:\/\/compuviper.mx\/tienda\/wp-json\/wp\/v2\/product\/235445"}],"collection":[{"href":"https:\/\/compuviper.mx\/tienda\/wp-json\/wp\/v2\/product"}],"about":[{"href":"https:\/\/compuviper.mx\/tienda\/wp-json\/wp\/v2\/types\/product"}],"replies":[{"embeddable":true,"href":"https:\/\/compuviper.mx\/tienda\/wp-json\/wp\/v2\/comments?post=235445"}],"wp:featuredmedia":[{"embeddable":true,"href":"https:\/\/compuviper.mx\/tienda\/wp-json\/wp\/v2\/media\/242861"}],"wp:attachment":[{"href":"https:\/\/compuviper.mx\/tienda\/wp-json\/wp\/v2\/media?parent=235445"}],"wp:term":[{"taxonomy":"product_cat","embeddable":true,"href":"https:\/\/compuviper.mx\/tienda\/wp-json\/wp\/v2\/product_cat?post=235445"},{"taxonomy":"product_tag","embeddable":true,"href":"https:\/\/compuviper.mx\/tienda\/wp-json\/wp\/v2\/product_tag?post=235445"}],"curies":[{"name":"wp","href":"https:\/\/api.w.org\/{rel}","templated":true}]}}