{"id":235410,"date":"2026-04-24T23:11:38","date_gmt":"2026-04-25T05:11:38","guid":{"rendered":"https:\/\/compuviper.mx\/tienda\/producto\/manhattan-716000-gabinete-de-carga-de-32-puertos-usb-c-12-576w\/"},"modified":"2026-04-24T23:11:38","modified_gmt":"2026-04-25T05:11:38","slug":"manhattan-716000-gabinete-de-carga-de-32-puertos-usb-c-12-576w","status":"publish","type":"product","link":"https:\/\/compuviper.mx\/tienda\/producto\/manhattan-716000-gabinete-de-carga-de-32-puertos-usb-c-12-576w\/","title":{"rendered":"Manhattan 716000 Gabinete De Carga ,, , De 32 Puertos Usb-c 12 576w"},"content":{"rendered":"<table class=\"descripcion\">\n<tr>\n<td>Est\u00e1ndares y certificaciones<\/td>\n<\/tr>\n<tr>\n<td>Pd 3.0<\/td>\n<\/tr>\n<tr>\n<td>Ce<\/td>\n<\/tr>\n<tr>\n<td>Rohs<\/td>\n<\/tr>\n<tr>\n<td>Elctrico<\/td>\n<\/tr>\n<tr>\n<td>Entrada de ca: 110 &#8211; 240 v; 16a; 50 &#8211; 60hz<\/td>\n<\/tr>\n<tr>\n<td>Salida ca: 110 &#8211; 240 v; 16a; 50 &#8211; 60 hz, 2 puertos de salida ue cee 7\/3<\/td>\n<\/tr>\n<tr>\n<td>Salida usb-c: 5 &#8211; 12 v; m\u00e1ximo 3 a; 18 w; 32 puertos de salida con 576 w en total<\/td>\n<\/tr>\n<tr>\n<td>Salida usb-a: 5 v; 2,1 a; 1 puerto de salida<\/td>\n<\/tr>\n<tr>\n<td>Hecho para tabletas y dispositivos port\u00e1tiles<\/td>\n<\/tr>\n<tr>\n<td>Ajustes de voltaje\/corriente m\u00e1ximo:<\/td>\n<\/tr>\n<tr>\n<td>&#8211; usb-c:<\/td>\n<\/tr>\n<tr>\n<td>&#8211; 5 v \/ 3 a<\/td>\n<\/tr>\n<tr>\n<td>&#8211; 9 v \/ 2 a<\/td>\n<\/tr>\n<tr>\n<td>&#8211; 12 v \/ 1,5 a<\/td>\n<\/tr>\n<tr>\n<td>Caractersticas de proteccin<\/td>\n<\/tr>\n<tr>\n<td>Cortocircuito scp con modo de recuperacin autom\u00e1tica<\/td>\n<\/tr>\n<tr>\n<td>Sobretensin ovp con modo de recuperacin autom\u00e1tica<\/td>\n<\/tr>\n<tr>\n<td>Sobrecorriente ocp: lmite de corriente: 150  m\u00e1x.<\/td>\n<\/tr>\n<tr>\n<td>Fsico<\/td>\n<\/tr>\n<tr>\n<td>Interruptor encendido \/ apagado<\/td>\n<\/tr>\n<tr>\n<td>Indicadores de estado led<\/td>\n<\/tr>\n<tr>\n<td>Cuatro ruedas giratorias<\/td>\n<\/tr>\n<tr>\n<td>Bloqueo con cdigo pin<\/td>\n<\/tr>\n<tr>\n<td>Carcasa: 1 &#8211; 1,5 mm de acero laminado en fro<\/td>\n<\/tr>\n<tr>\n<td>Dimensiones externas del gabinete, incluidas las ruedas: 375 d x 560 w x 590 h mm 14,76 x 22,05 x 23,23 pulg.<\/td>\n<\/tr>\n<tr>\n<td>Dimensiones externas del gabinete: 375 d x 560 w x 575 h mm 14,76 x 22,05 x 22,64 pulg.<\/td>\n<\/tr>\n<tr>\n<td>Dimensiones de la baha 32: 345 d x 22 w x 235 h mm 13,58 x 0,87 x 9,25 pulg.<\/td>\n<\/tr>\n<tr>\n<td>Longitud del cable de alimentacin de ca: 2 m 6,56 pies<\/td>\n<\/tr>\n<tr>\n<td>Peso neto: 35 kg 77,16 libras<\/td>\n<\/tr>\n<tr>\n<td>Peso bruto: 38,79 kg 85,52 lbs.<\/td>\n<\/tr>\n<tr>\n<td>Entorno operativo<\/td>\n<\/tr>\n<tr>\n<td>Temperatura de funcionamiento: 0 &#8211; 45\u00b0c 32 &#8211; 113\u00b0f<\/td>\n<\/tr>\n<tr>\n<td>Temperatura de almacenamiento: -15 &#8211; 45\u00b0c -5 &#8211; 113\u00b0f<\/td>\n<\/tr>\n<tr>\n<td>Humedad sin condensacin: 20 &#8211; 80<\/td>\n<\/tr>\n<tr>\n<td>Contenido del paquete<\/td>\n<\/tr>\n<tr>\n<td>Carro de carga de 32 puertos &#8211; 576 w<\/td>\n<\/tr>\n<tr>\n<td>Dos cables de alimentacin de ca, 2 m, c19 a enchufe para ue y reino unido<\/td>\n<\/tr>\n<tr>\n<td>Instrucciones<\/td>\n<\/tr>\n<\/table>\n","protected":false},"excerpt":{"rendered":"<p>Carrito de carga: una solucin de carga mvil para hostelera, entornos educativos y m\u00e1s. Visitantes, invitados y empleados llevan sus dispositivos mviles a todo tipo de lugares. Ofrezca a sus clientes una forma de cargar las bateras agotadas de sus telfonos inteligentes o tabletas con el carro de carga de 32 puertos &#8211; 576 w de manhattan. Es la solucin de carga ideal para restaurantes, escuelas, gimnasios, consultorios mdicos, universidades, hoteles, agencias de alquiler de automviles y m\u00e1s. Carga r\u00e1pida con seguridad de dispositivo de ltima generacin. Los usuarios de dispositivos mviles quieren recuperar sus dispositivos r\u00e1pidamente. Gracias a la tecnologa power delivery 3.0 en los 32 puertos usb-c, no tendr\u00e1n que esperar mucho. Con una potencia por puerto de hasta 3 a \/ 18 w, los telfonos inteligentes, tabletas y otros dispositivos usb est\u00e1n listos para funcionar en poco tiempo. Los led montados en el frente le muestran cuando una batera est\u00e1 completamente cargada. Dos salidas de ca adicionales y un puerto usb-a en la parte posterior le permiten cargar dispositivos externamente sin tener que abrir el carrito de carga. Todos estos costosos dispositivos suponen una gran responsabilidad, pero los mecanismos de seguridad de este carro de carga son igualmente amplios. Este carro de carga usb ofrece proteccin contra sobrecargas, sobrecorrientes, cortocircuitos, picos de voltaje e incluso rayos. La seguridad fsica es clave. Los ladrones y v\u00e1ndalos no tienen ninguna posibilidad contra la carcasa met\u00e1lica resistente y duradera de este carro de carga. Cirrelo de forma segura con un cdigo pin y d acceso nicamente al personal autorizado. Sus ruedas giratorias de alta resistencia le permiten desplazarlo hasta el \u00e1rea donde lo necesita. Un ventilador incorporado y ranuras de ventilacin disipan el calor y mantienen todos los dispositivos frescos. Organizado y vers\u00e1til. Mantenga sus dispositivos organizados en los 32 compartimentos que ofrecen mucho espacio [345 d x 22 w x 235 h mm \/ 13,58 x 0,87 x 9,25 in], incluso para estuches voluminosos. Utilice la gestin de cables integrada en los divisores para estructurar sus cables de carga disponible en manhattan. Como este carrito de carga cuenta con puertos usb-c en lugar de tomas de ca, no necesita cargadores de pared adicionales. La entrada de ca en la parte posterior es un conector c20 que le permite reemplazar el cable de alimentacin incluido con otros cables segn su regin. Almacena de forma segura y carga r\u00e1pidamente hasta 32 telfonos inteligentes, tabletas y otros dispositivos usb de hasta 14. Puertos de carga usb-c power delivery pd 3.0 con potencia de hasta 3 a\/18 w por puerto y 576 w en total. Proteccin contra sobrecarga, sobrecorriente, cortocircuito, picos de tensin y rayos. Carcasa met\u00e1lica robusta y segura con recubrimiento en polvo; bloqueable con un cdigo pin. Bahas espaciosas [330 d x 22 w x 235 h mm cada una] con gestin de cables integrada en los divisores. Un puerto usb-a adicional de 2,1 a\/5 v y dos salidas eu cee 7\/3 en la parte posterior para carga externa. Ventilador integrado y ranuras de ventilacin para un m\u00e1ximo flujo de aire y eficiencia de enfriamiento. Mango resistente de acero inoxidable y cuatro ruedas, dos de ellas con freno. Indicadores led para un f\u00e1cil monitoreo del estado. Cables de alimentacin con c19 a enchufe ue y reino unido, 2 m, incluidos<\/p>\n","protected":false},"featured_media":241913,"comment_status":"open","ping_status":"open","template":"","meta":[],"product_cat":[1493,1494],"product_tag":[1487],"acf":[],"yoast_head":"<!-- This site is optimized with the Yoast SEO plugin v21.7 - https:\/\/yoast.com\/wordpress\/plugins\/seo\/ -->\n<title>[ Manhattan ] &#129351; 716000 Gabinete De Carga ,, , De 32 Puertos Usb-c 12 576w<\/title>\n<meta name=\"description\" content=\"Compra 716000 Gabinete De Carga ,, , De 32 Puertos Usb-c 12 576w + Env\u00edo a domicilio + Pago seguro + Garant\u00eda\" \/>\n<meta name=\"robots\" content=\"index, follow, max-snippet:-1, max-image-preview:large, max-video-preview:-1\" \/>\n<link rel=\"canonical\" href=\"https:\/\/compuviper.mx\/tienda\/producto\/manhattan-716000-gabinete-de-carga-de-32-puertos-usb-c-12-576w\/\" \/>\n<meta property=\"og:locale\" content=\"es_MX\" \/>\n<meta property=\"og:type\" content=\"article\" \/>\n<meta property=\"og:title\" content=\"[ Manhattan ] &#129351; 716000 Gabinete De Carga ,, , De 32 Puertos Usb-c 12 576w\" \/>\n<meta property=\"og:description\" content=\"Compra 716000 Gabinete De Carga ,, , De 32 Puertos Usb-c 12 576w + Env\u00edo a domicilio + Pago seguro + Garant\u00eda\" \/>\n<meta property=\"og:url\" content=\"https:\/\/compuviper.mx\/tienda\/producto\/manhattan-716000-gabinete-de-carga-de-32-puertos-usb-c-12-576w\/\" \/>\n<meta property=\"og:site_name\" content=\"Compuviper\" \/>\n<meta property=\"article:publisher\" content=\"https:\/\/www.facebook.com\/compuviper\" \/>\n<meta property=\"og:image\" content=\"https:\/\/compuviper.mx\/tienda\/wp-content\/uploads\/2024\/09\/Gabinete-de-carga-manhattan-716000-de-32-puertos-usb-c-12-576w.jpg\" \/>\n\t<meta property=\"og:image:width\" content=\"200\" \/>\n\t<meta property=\"og:image:height\" content=\"200\" \/>\n\t<meta property=\"og:image:type\" content=\"image\/jpeg\" \/>\n<meta name=\"twitter:card\" content=\"summary_large_image\" \/>\n<meta name=\"twitter:label1\" content=\"Precio\" \/>\n\t<meta name=\"twitter:data1\" content=\"&#36;19,777 con IVA\" \/>\n\t<meta name=\"twitter:label2\" content=\"Availability\" \/>\n\t<meta name=\"twitter:data2\" content=\"In stock\" \/>\n<script type=\"application\/ld+json\" class=\"yoast-schema-graph\">{\"@context\":\"https:\/\/schema.org\",\"@graph\":[{\"@type\":\"WebPage\",\"@id\":\"https:\/\/compuviper.mx\/tienda\/producto\/manhattan-716000-gabinete-de-carga-de-32-puertos-usb-c-12-576w\/\",\"url\":\"https:\/\/compuviper.mx\/tienda\/producto\/manhattan-716000-gabinete-de-carga-de-32-puertos-usb-c-12-576w\/\",\"name\":\"[ Manhattan ] &#129351; 716000 Gabinete De Carga ,, , De 32 Puertos Usb-c 12 576w\",\"isPartOf\":{\"@id\":\"https:\/\/compuviper.mx\/tienda\/#website\"},\"datePublished\":\"2026-04-25T05:11:38+00:00\",\"dateModified\":\"2026-04-25T05:11:38+00:00\",\"description\":\"Compra 716000 Gabinete De Carga ,, , De 32 Puertos Usb-c 12 576w + Env\u00edo a domicilio + Pago seguro + Garant\u00eda\",\"breadcrumb\":{\"@id\":\"https:\/\/compuviper.mx\/tienda\/producto\/manhattan-716000-gabinete-de-carga-de-32-puertos-usb-c-12-576w\/#breadcrumb\"},\"inLanguage\":\"es-MX\",\"potentialAction\":[{\"@type\":\"ReadAction\",\"target\":[\"https:\/\/compuviper.mx\/tienda\/producto\/manhattan-716000-gabinete-de-carga-de-32-puertos-usb-c-12-576w\/\"]}]},{\"@type\":\"BreadcrumbList\",\"@id\":\"https:\/\/compuviper.mx\/tienda\/producto\/manhattan-716000-gabinete-de-carga-de-32-puertos-usb-c-12-576w\/#breadcrumb\",\"itemListElement\":[{\"@type\":\"ListItem\",\"position\":1,\"name\":\"Inicio\",\"item\":\"https:\/\/compuviper.mx\/tienda\/\"},{\"@type\":\"ListItem\",\"position\":2,\"name\":\"Productos\",\"item\":\"https:\/\/compuviper.mx\/tienda\/productos\/\"},{\"@type\":\"ListItem\",\"position\":3,\"name\":\"Gabinete De Rack\",\"item\":\"https:\/\/compuviper.mx\/tienda\/categoria-producto\/gabinete-de-rack\/\"},{\"@type\":\"ListItem\",\"position\":4,\"name\":\"Sin Categor\u00eda\",\"item\":\"https:\/\/compuviper.mx\/tienda\/categoria-producto\/gabinete-de-rack\/sin-categoria-gabinete-de-rack\/\"},{\"@type\":\"ListItem\",\"position\":5,\"name\":\"Manhattan 716000 Gabinete De Carga ,, , De 32 Puertos Usb-c 12 576w\"}]},{\"@type\":\"WebSite\",\"@id\":\"https:\/\/compuviper.mx\/tienda\/#website\",\"url\":\"https:\/\/compuviper.mx\/tienda\/\",\"name\":\"Compuviper\",\"description\":\"Proveedor de Computadoras, Laptops, Servidores, Monitores, Puntos de Venta, Teclados,   Impresoras, T\u00f3ner, C\u00e1maras de Seguridad y m\u00e1s en tu tienda en l\u00ednea\",\"publisher\":{\"@id\":\"https:\/\/compuviper.mx\/tienda\/#organization\"},\"potentialAction\":[{\"@type\":\"SearchAction\",\"target\":{\"@type\":\"EntryPoint\",\"urlTemplate\":\"https:\/\/compuviper.mx\/tienda\/?s={search_term_string}\"},\"query-input\":\"required name=search_term_string\"}],\"inLanguage\":\"es-MX\"},{\"@type\":\"Organization\",\"@id\":\"https:\/\/compuviper.mx\/tienda\/#organization\",\"name\":\"Compuviper\",\"url\":\"https:\/\/compuviper.mx\/tienda\/\",\"logo\":{\"@type\":\"ImageObject\",\"inLanguage\":\"es-MX\",\"@id\":\"https:\/\/compuviper.mx\/tienda\/#\/schema\/logo\/image\/\",\"url\":\"https:\/\/compuviper.mx\/tienda\/wp-content\/uploads\/2021\/08\/Logo-Compuviper-10.png\",\"contentUrl\":\"https:\/\/compuviper.mx\/tienda\/wp-content\/uploads\/2021\/08\/Logo-Compuviper-10.png\",\"width\":1000,\"height\":500,\"caption\":\"Compuviper\"},\"image\":{\"@id\":\"https:\/\/compuviper.mx\/tienda\/#\/schema\/logo\/image\/\"},\"sameAs\":[\"https:\/\/www.facebook.com\/compuviper\",\"https:\/\/www.youtube.com\/channel\/UCf73dERp9Y3cfOq7q8BhLjA?view_as=subscriber\"]}]}<\/script>\n<meta property=\"product:brand\" content=\"MANHATTAN\" \/>\n<meta property=\"product:price:amount\" content=\"19777\" \/>\n<meta property=\"product:price:currency\" content=\"MXN\" \/>\n<meta property=\"og:availability\" content=\"instock\" \/>\n<meta property=\"product:availability\" content=\"instock\" \/>\n<meta property=\"product:retailer_item_id\" content=\"716000\" \/>\n<meta property=\"product:condition\" content=\"new\" \/>\n<!-- \/ Yoast SEO plugin. -->","yoast_head_json":{"title":"[ Manhattan ] &#129351; 716000 Gabinete De Carga ,, , De 32 Puertos Usb-c 12 576w","description":"Compra 716000 Gabinete De Carga ,, , De 32 Puertos Usb-c 12 576w + Env\u00edo a domicilio + Pago seguro + Garant\u00eda","robots":{"index":"index","follow":"follow","max-snippet":"max-snippet:-1","max-image-preview":"max-image-preview:large","max-video-preview":"max-video-preview:-1"},"canonical":"https:\/\/compuviper.mx\/tienda\/producto\/manhattan-716000-gabinete-de-carga-de-32-puertos-usb-c-12-576w\/","og_locale":"es_MX","og_type":"article","og_title":"[ Manhattan ] &#129351; 716000 Gabinete De Carga ,, , De 32 Puertos Usb-c 12 576w","og_description":"Compra 716000 Gabinete De Carga ,, , De 32 Puertos Usb-c 12 576w + Env\u00edo a domicilio + Pago seguro + Garant\u00eda","og_url":"https:\/\/compuviper.mx\/tienda\/producto\/manhattan-716000-gabinete-de-carga-de-32-puertos-usb-c-12-576w\/","og_site_name":"Compuviper","article_publisher":"https:\/\/www.facebook.com\/compuviper","og_image":[{"width":200,"height":200,"url":"https:\/\/compuviper.mx\/tienda\/wp-content\/uploads\/2024\/09\/Gabinete-de-carga-manhattan-716000-de-32-puertos-usb-c-12-576w.jpg","type":"image\/jpeg"}],"twitter_card":"summary_large_image","twitter_misc":{"Precio":"&#36;19,777 con IVA","Availability":"In stock"},"schema":{"@context":"https:\/\/schema.org","@graph":[{"@type":"WebPage","@id":"https:\/\/compuviper.mx\/tienda\/producto\/manhattan-716000-gabinete-de-carga-de-32-puertos-usb-c-12-576w\/","url":"https:\/\/compuviper.mx\/tienda\/producto\/manhattan-716000-gabinete-de-carga-de-32-puertos-usb-c-12-576w\/","name":"[ Manhattan ] &#129351; 716000 Gabinete De Carga ,, , De 32 Puertos Usb-c 12 576w","isPartOf":{"@id":"https:\/\/compuviper.mx\/tienda\/#website"},"datePublished":"2026-04-25T05:11:38+00:00","dateModified":"2026-04-25T05:11:38+00:00","description":"Compra 716000 Gabinete De Carga ,, , De 32 Puertos Usb-c 12 576w + Env\u00edo a domicilio + Pago seguro + Garant\u00eda","breadcrumb":{"@id":"https:\/\/compuviper.mx\/tienda\/producto\/manhattan-716000-gabinete-de-carga-de-32-puertos-usb-c-12-576w\/#breadcrumb"},"inLanguage":"es-MX","potentialAction":[{"@type":"ReadAction","target":["https:\/\/compuviper.mx\/tienda\/producto\/manhattan-716000-gabinete-de-carga-de-32-puertos-usb-c-12-576w\/"]}]},{"@type":"BreadcrumbList","@id":"https:\/\/compuviper.mx\/tienda\/producto\/manhattan-716000-gabinete-de-carga-de-32-puertos-usb-c-12-576w\/#breadcrumb","itemListElement":[{"@type":"ListItem","position":1,"name":"Inicio","item":"https:\/\/compuviper.mx\/tienda\/"},{"@type":"ListItem","position":2,"name":"Productos","item":"https:\/\/compuviper.mx\/tienda\/productos\/"},{"@type":"ListItem","position":3,"name":"Gabinete De Rack","item":"https:\/\/compuviper.mx\/tienda\/categoria-producto\/gabinete-de-rack\/"},{"@type":"ListItem","position":4,"name":"Sin Categor\u00eda","item":"https:\/\/compuviper.mx\/tienda\/categoria-producto\/gabinete-de-rack\/sin-categoria-gabinete-de-rack\/"},{"@type":"ListItem","position":5,"name":"Manhattan 716000 Gabinete De Carga ,, , De 32 Puertos Usb-c 12 576w"}]},{"@type":"WebSite","@id":"https:\/\/compuviper.mx\/tienda\/#website","url":"https:\/\/compuviper.mx\/tienda\/","name":"Compuviper","description":"Proveedor de Computadoras, Laptops, Servidores, Monitores, Puntos de Venta, Teclados,   Impresoras, T\u00f3ner, C\u00e1maras de Seguridad y m\u00e1s en tu tienda en l\u00ednea","publisher":{"@id":"https:\/\/compuviper.mx\/tienda\/#organization"},"potentialAction":[{"@type":"SearchAction","target":{"@type":"EntryPoint","urlTemplate":"https:\/\/compuviper.mx\/tienda\/?s={search_term_string}"},"query-input":"required name=search_term_string"}],"inLanguage":"es-MX"},{"@type":"Organization","@id":"https:\/\/compuviper.mx\/tienda\/#organization","name":"Compuviper","url":"https:\/\/compuviper.mx\/tienda\/","logo":{"@type":"ImageObject","inLanguage":"es-MX","@id":"https:\/\/compuviper.mx\/tienda\/#\/schema\/logo\/image\/","url":"https:\/\/compuviper.mx\/tienda\/wp-content\/uploads\/2021\/08\/Logo-Compuviper-10.png","contentUrl":"https:\/\/compuviper.mx\/tienda\/wp-content\/uploads\/2021\/08\/Logo-Compuviper-10.png","width":1000,"height":500,"caption":"Compuviper"},"image":{"@id":"https:\/\/compuviper.mx\/tienda\/#\/schema\/logo\/image\/"},"sameAs":["https:\/\/www.facebook.com\/compuviper","https:\/\/www.youtube.com\/channel\/UCf73dERp9Y3cfOq7q8BhLjA?view_as=subscriber"]}]},"product_brand":"MANHATTAN","product_price_amount":"19777","product_price_currency":"MXN","og_availability":"instock","product_availability":"instock","product_retailer_item_id":"716000","product_condition":"new"},"_links":{"self":[{"href":"https:\/\/compuviper.mx\/tienda\/wp-json\/wp\/v2\/product\/235410"}],"collection":[{"href":"https:\/\/compuviper.mx\/tienda\/wp-json\/wp\/v2\/product"}],"about":[{"href":"https:\/\/compuviper.mx\/tienda\/wp-json\/wp\/v2\/types\/product"}],"replies":[{"embeddable":true,"href":"https:\/\/compuviper.mx\/tienda\/wp-json\/wp\/v2\/comments?post=235410"}],"wp:featuredmedia":[{"embeddable":true,"href":"https:\/\/compuviper.mx\/tienda\/wp-json\/wp\/v2\/media\/241913"}],"wp:attachment":[{"href":"https:\/\/compuviper.mx\/tienda\/wp-json\/wp\/v2\/media?parent=235410"}],"wp:term":[{"taxonomy":"product_cat","embeddable":true,"href":"https:\/\/compuviper.mx\/tienda\/wp-json\/wp\/v2\/product_cat?post=235410"},{"taxonomy":"product_tag","embeddable":true,"href":"https:\/\/compuviper.mx\/tienda\/wp-json\/wp\/v2\/product_tag?post=235410"}],"curies":[{"name":"wp","href":"https:\/\/api.w.org\/{rel}","templated":true}]}}