{"id":235406,"date":"2026-04-01T23:12:59","date_gmt":"2026-04-02T05:12:59","guid":{"rendered":"https:\/\/compuviper.mx\/tienda\/producto\/manhattan-180931-gabinete-de-carga-de-32-contactos-de-corriente-alterna\/"},"modified":"2026-04-01T23:12:59","modified_gmt":"2026-04-02T05:12:59","slug":"manhattan-180931-gabinete-de-carga-de-32-contactos-de-corriente-alterna","status":"publish","type":"product","link":"https:\/\/compuviper.mx\/tienda\/producto\/manhattan-180931-gabinete-de-carga-de-32-contactos-de-corriente-alterna\/","title":{"rendered":"Manhattan 180931 Gabinete De Carga, ,,de 32 Contactos De Corriente Alterna"},"content":{"rendered":"<table class=\"descripcion\">\n<tr>\n<td>Est\u00e1ndares y certificaciones<\/td>\n<\/tr>\n<tr>\n<td>Ul<\/td>\n<\/tr>\n<tr>\n<td>Ce<\/td>\n<\/tr>\n<tr>\n<td>Rohs<\/td>\n<\/tr>\n<tr>\n<td>Reach<\/td>\n<\/tr>\n<tr>\n<td>Elctrico<\/td>\n<\/tr>\n<tr>\n<td>Entrada ca: 120.0 v; 15.0 a; 60 hz; c14<\/td>\n<\/tr>\n<tr>\n<td>Enchufe\/toma de corriente est\u00e1ndar: us nema 5-15r<\/td>\n<\/tr>\n<tr>\n<td>Caractersticas de proteccin<\/td>\n<\/tr>\n<tr>\n<td>Cortocircuito scp con modo de recuperacin autom\u00e1tica<\/td>\n<\/tr>\n<tr>\n<td>Sobrevoltaje ovp con modo de autorecuperacin<\/td>\n<\/tr>\n<tr>\n<td>Sobrecorriente ocp \u0097 lmite de corriente: 150 m\u00e1x.<\/td>\n<\/tr>\n<tr>\n<td>Caractersticas fsicas<\/td>\n<\/tr>\n<tr>\n<td>Carcasa: acero laminado en fro con recubrimiento de polvo<\/td>\n<\/tr>\n<tr>\n<td>Puerta de cristal de seguridad de policarbonato<\/td>\n<\/tr>\n<tr>\n<td>Dimensiones externas de la unidad p x a x a: 22.76 x 25.2 x 34.49 pulgadas 578 x 640 x 876 mm<\/td>\n<\/tr>\n<tr>\n<td>Dimensiones internas de la ranura del dispositivo p x a x a 32: 400 x 25 x 280 mm 15.7 x 1.2 x 11 pulg.<\/td>\n<\/tr>\n<tr>\n<td>Longitud del cable de alimentacin de ca: 2 m 7 pies<\/td>\n<\/tr>\n<tr>\n<td>Cuatro ruedas de alta resistencia<\/td>\n<\/tr>\n<tr>\n<td>Peso neto: 65 kg 143.3 lb<\/td>\n<\/tr>\n<tr>\n<td>Peso bruto: 77 kg 169.76 lb<\/td>\n<\/tr>\n<tr>\n<td>Ambiente:<\/td>\n<\/tr>\n<tr>\n<td>Temperatura de funcionamiento: 0 &#8211; 45\u00b0c 32 &#8211; 113\u00b0f<\/td>\n<\/tr>\n<tr>\n<td>Temperatura de almacenamiento: -15 &#8211; 45\u00b0c -5 &#8211; 113\u00b0f<\/td>\n<\/tr>\n<tr>\n<td>Humedad sin condensacin: 20 &#8211; 80<\/td>\n<\/tr>\n<tr>\n<td>Contenido del paquete:<\/td>\n<\/tr>\n<tr>\n<td>Carrito de carga con 32 contactos ca<\/td>\n<\/tr>\n<tr>\n<td>Cable de alimentacin de ca de 2 m 7 pies<\/td>\n<\/tr>\n<tr>\n<td>Dos llaves de puerta<\/td>\n<\/tr>\n<tr>\n<td>Documentacin<\/td>\n<\/tr>\n<\/table>\n","protected":false},"excerpt":{"rendered":"<p>Solucin de carga mvil para entornos educativos, hostelera y m\u00e1s. Cargar y almacenar dispositivos es f\u00e1cil con el carrito de carga de ca de 32 puertos de manhattan. Es la solucin ideal para mantener los dispositivos listos y seguros en escuelas, restaurantes, gimnasios, consultorios mdicos, universidades, hoteles, agencias de alquiler de automviles y m\u00e1s, as podr\u00e1s brindar asistencia y soporte de manera efectiva y eficiente a tus estudiantes, invitados, pacientes, clientes y patrocinadores. Excelente para todos los dispositivos, desde telfonos inteligentes hasta laptops. Las salidas de ca integradas en las pdu en la parte posterior de la unidad facilitan la carga de dispositivos como laptops, notebooks, tabletas, telfonos y muchos otros mediante sus adaptadores de corriente o cargadores de pared. Los encargados tienen acceso a travs de la puerta posterior de la unidad para conectar los dispositivos electrnicos a los tomacorrientes y as mantenerlos cargados. Seguridad fsica. La carcasa de acero resistente y duradera de este carrito de carga ofrece una seal visible de administracin y proteccin profesional de dispositivos. La cerradura de las puertas delantera y trasera se puede abrir con una combinacin de cuatro dgitos o con las dos llaves incluidas para ayudar a mantener seguros los dispositivos mientras se cargan o cuando no est\u00e1n en uso. Las ruedas de servicio pesado te permiten mover el carro a donde lo necesites; los bloqueos de las ruedas te permiten asegurarlo r\u00e1pidamente en su lugar. Organizado y vers\u00e1til. Mantn tus dispositivos organizados en el gran espacio que ofrecen las ranuras 15.7 x 1.2 x 11 pulgadas cada una, incluso para estuches voluminosos. Los clips de gestin de cables incorporados en los divisores te permiten estructurar los cables de carga los cables usb est\u00e1n disponibles en manhattan para una mejor organizacin y una apariencia m\u00e1s limpia. El cable de alimentacin incluido es extrable para un mejor almacenamiento. Guarda y carga de forma segura laptops y otros dispositivos de hasta 15.6. 32 tomas de corriente alterna nema 5-15r, integradas en la parte posterior. Sistema inteligente de gestin de la energa que evita la sobrecarga en cualquier momento. Proteccin contra sobrecarga, sobrecorriente, cortocircuito y picos de tensin. Puerta de seguridad frontal con acero y cristal. Carcasa met\u00e1lica robusta y segura con recubrimiento en polvo; cierre de puerta de tres puntos en la parte delantera y trasera; se puede cerrar con dos llaves incluidas o con una combinacin de cuatro dgitos. Amplias ranuras para dispositivos 15.7 x 1.2 x 11 pulgadas cada una con gestin de cables integrada en los separadores. Ventilador silencioso con ranuras de ventilacin para un flujo de aire y m\u00e1xima eficiencia de enfriamiento. Asa incorporada y cuatro ruedas de alta resistencia. Bordes redondeados para evitar lesiones en entornos con mucho tr\u00e1fico. Se incluye un kit de puesta a tierra. Adaptador de corrientre externo, aprobado por ul. Entrada de ca universal con conector c14; cable de alimentacin con conector c13 a ee.Uu. Incluido. No incluye cargadores ni cables de carga disponibles por separado en manhattan<\/p>\n","protected":false},"featured_media":241909,"comment_status":"open","ping_status":"open","template":"","meta":[],"product_cat":[1493,1494],"product_tag":[1487],"acf":[],"yoast_head":"<!-- This site is optimized with the Yoast SEO plugin v21.7 - https:\/\/yoast.com\/wordpress\/plugins\/seo\/ -->\n<title>[ Manhattan ] &#129351; 180931 Gabinete De Carga, ,,de 32 Contactos De Corriente Alterna<\/title>\n<meta name=\"description\" content=\"Compra 180931 Gabinete De Carga, ,,de 32 Contactos De Corriente Alterna + Env\u00edo a domicilio + Pago seguro + Garant\u00eda\" \/>\n<meta name=\"robots\" content=\"index, follow, max-snippet:-1, max-image-preview:large, max-video-preview:-1\" \/>\n<link rel=\"canonical\" href=\"https:\/\/compuviper.mx\/tienda\/producto\/manhattan-180931-gabinete-de-carga-de-32-contactos-de-corriente-alterna\/\" \/>\n<meta property=\"og:locale\" content=\"es_MX\" \/>\n<meta property=\"og:type\" content=\"article\" \/>\n<meta property=\"og:title\" content=\"[ Manhattan ] &#129351; 180931 Gabinete De Carga, ,,de 32 Contactos De Corriente Alterna\" \/>\n<meta property=\"og:description\" content=\"Compra 180931 Gabinete De Carga, ,,de 32 Contactos De Corriente Alterna + Env\u00edo a domicilio + Pago seguro + Garant\u00eda\" \/>\n<meta property=\"og:url\" content=\"https:\/\/compuviper.mx\/tienda\/producto\/manhattan-180931-gabinete-de-carga-de-32-contactos-de-corriente-alterna\/\" \/>\n<meta property=\"og:site_name\" content=\"Compuviper\" \/>\n<meta property=\"article:publisher\" content=\"https:\/\/www.facebook.com\/compuviper\" \/>\n<meta property=\"og:image\" content=\"https:\/\/compuviper.mx\/tienda\/wp-content\/uploads\/2024\/09\/Gabinete-de-cargamanhattan-180931de-32-contactos-de-corriente-alterna.jpg\" \/>\n\t<meta property=\"og:image:width\" content=\"200\" \/>\n\t<meta property=\"og:image:height\" content=\"200\" \/>\n\t<meta property=\"og:image:type\" content=\"image\/jpeg\" \/>\n<meta name=\"twitter:card\" content=\"summary_large_image\" \/>\n<meta name=\"twitter:label1\" content=\"Precio\" \/>\n\t<meta name=\"twitter:data1\" content=\"&#36;20,815 con IVA\" \/>\n\t<meta name=\"twitter:label2\" content=\"Availability\" \/>\n\t<meta name=\"twitter:data2\" content=\"Out of stock\" \/>\n<script type=\"application\/ld+json\" class=\"yoast-schema-graph\">{\"@context\":\"https:\/\/schema.org\",\"@graph\":[{\"@type\":\"WebPage\",\"@id\":\"https:\/\/compuviper.mx\/tienda\/producto\/manhattan-180931-gabinete-de-carga-de-32-contactos-de-corriente-alterna\/\",\"url\":\"https:\/\/compuviper.mx\/tienda\/producto\/manhattan-180931-gabinete-de-carga-de-32-contactos-de-corriente-alterna\/\",\"name\":\"[ Manhattan ] &#129351; 180931 Gabinete De Carga, ,,de 32 Contactos De Corriente Alterna\",\"isPartOf\":{\"@id\":\"https:\/\/compuviper.mx\/tienda\/#website\"},\"datePublished\":\"2026-04-02T05:12:59+00:00\",\"dateModified\":\"2026-04-02T05:12:59+00:00\",\"description\":\"Compra 180931 Gabinete De Carga, ,,de 32 Contactos De Corriente Alterna + Env\u00edo a domicilio + Pago seguro + Garant\u00eda\",\"breadcrumb\":{\"@id\":\"https:\/\/compuviper.mx\/tienda\/producto\/manhattan-180931-gabinete-de-carga-de-32-contactos-de-corriente-alterna\/#breadcrumb\"},\"inLanguage\":\"es-MX\",\"potentialAction\":[{\"@type\":\"ReadAction\",\"target\":[\"https:\/\/compuviper.mx\/tienda\/producto\/manhattan-180931-gabinete-de-carga-de-32-contactos-de-corriente-alterna\/\"]}]},{\"@type\":\"BreadcrumbList\",\"@id\":\"https:\/\/compuviper.mx\/tienda\/producto\/manhattan-180931-gabinete-de-carga-de-32-contactos-de-corriente-alterna\/#breadcrumb\",\"itemListElement\":[{\"@type\":\"ListItem\",\"position\":1,\"name\":\"Inicio\",\"item\":\"https:\/\/compuviper.mx\/tienda\/\"},{\"@type\":\"ListItem\",\"position\":2,\"name\":\"Productos\",\"item\":\"https:\/\/compuviper.mx\/tienda\/productos\/\"},{\"@type\":\"ListItem\",\"position\":3,\"name\":\"Gabinete De Rack\",\"item\":\"https:\/\/compuviper.mx\/tienda\/categoria-producto\/gabinete-de-rack\/\"},{\"@type\":\"ListItem\",\"position\":4,\"name\":\"Sin Categor\u00eda\",\"item\":\"https:\/\/compuviper.mx\/tienda\/categoria-producto\/gabinete-de-rack\/sin-categoria-gabinete-de-rack\/\"},{\"@type\":\"ListItem\",\"position\":5,\"name\":\"Manhattan 180931 Gabinete De Carga, ,,de 32 Contactos De Corriente Alterna\"}]},{\"@type\":\"WebSite\",\"@id\":\"https:\/\/compuviper.mx\/tienda\/#website\",\"url\":\"https:\/\/compuviper.mx\/tienda\/\",\"name\":\"Compuviper\",\"description\":\"Proveedor de Computadoras, Laptops, Servidores, Monitores, Puntos de Venta, Teclados,   Impresoras, T\u00f3ner, C\u00e1maras de Seguridad y m\u00e1s en tu tienda en l\u00ednea\",\"publisher\":{\"@id\":\"https:\/\/compuviper.mx\/tienda\/#organization\"},\"potentialAction\":[{\"@type\":\"SearchAction\",\"target\":{\"@type\":\"EntryPoint\",\"urlTemplate\":\"https:\/\/compuviper.mx\/tienda\/?s={search_term_string}\"},\"query-input\":\"required name=search_term_string\"}],\"inLanguage\":\"es-MX\"},{\"@type\":\"Organization\",\"@id\":\"https:\/\/compuviper.mx\/tienda\/#organization\",\"name\":\"Compuviper\",\"url\":\"https:\/\/compuviper.mx\/tienda\/\",\"logo\":{\"@type\":\"ImageObject\",\"inLanguage\":\"es-MX\",\"@id\":\"https:\/\/compuviper.mx\/tienda\/#\/schema\/logo\/image\/\",\"url\":\"https:\/\/compuviper.mx\/tienda\/wp-content\/uploads\/2021\/08\/Logo-Compuviper-10.png\",\"contentUrl\":\"https:\/\/compuviper.mx\/tienda\/wp-content\/uploads\/2021\/08\/Logo-Compuviper-10.png\",\"width\":1000,\"height\":500,\"caption\":\"Compuviper\"},\"image\":{\"@id\":\"https:\/\/compuviper.mx\/tienda\/#\/schema\/logo\/image\/\"},\"sameAs\":[\"https:\/\/www.facebook.com\/compuviper\",\"https:\/\/www.youtube.com\/channel\/UCf73dERp9Y3cfOq7q8BhLjA?view_as=subscriber\"]}]}<\/script>\n<meta property=\"product:brand\" content=\"MANHATTAN\" \/>\n<meta property=\"product:price:amount\" content=\"20815\" \/>\n<meta property=\"product:price:currency\" content=\"MXN\" \/>\n<meta property=\"og:availability\" content=\"out of stock\" \/>\n<meta property=\"product:availability\" content=\"out of stock\" \/>\n<meta property=\"product:retailer_item_id\" content=\"180931\" \/>\n<meta property=\"product:condition\" content=\"new\" \/>\n<!-- \/ Yoast SEO plugin. -->","yoast_head_json":{"title":"[ Manhattan ] &#129351; 180931 Gabinete De Carga, ,,de 32 Contactos De Corriente Alterna","description":"Compra 180931 Gabinete De Carga, ,,de 32 Contactos De Corriente Alterna + Env\u00edo a domicilio + Pago seguro + Garant\u00eda","robots":{"index":"index","follow":"follow","max-snippet":"max-snippet:-1","max-image-preview":"max-image-preview:large","max-video-preview":"max-video-preview:-1"},"canonical":"https:\/\/compuviper.mx\/tienda\/producto\/manhattan-180931-gabinete-de-carga-de-32-contactos-de-corriente-alterna\/","og_locale":"es_MX","og_type":"article","og_title":"[ Manhattan ] &#129351; 180931 Gabinete De Carga, ,,de 32 Contactos De Corriente Alterna","og_description":"Compra 180931 Gabinete De Carga, ,,de 32 Contactos De Corriente Alterna + Env\u00edo a domicilio + Pago seguro + Garant\u00eda","og_url":"https:\/\/compuviper.mx\/tienda\/producto\/manhattan-180931-gabinete-de-carga-de-32-contactos-de-corriente-alterna\/","og_site_name":"Compuviper","article_publisher":"https:\/\/www.facebook.com\/compuviper","og_image":[{"width":200,"height":200,"url":"https:\/\/compuviper.mx\/tienda\/wp-content\/uploads\/2024\/09\/Gabinete-de-cargamanhattan-180931de-32-contactos-de-corriente-alterna.jpg","type":"image\/jpeg"}],"twitter_card":"summary_large_image","twitter_misc":{"Precio":"&#36;20,815 con IVA","Availability":"Out of stock"},"schema":{"@context":"https:\/\/schema.org","@graph":[{"@type":"WebPage","@id":"https:\/\/compuviper.mx\/tienda\/producto\/manhattan-180931-gabinete-de-carga-de-32-contactos-de-corriente-alterna\/","url":"https:\/\/compuviper.mx\/tienda\/producto\/manhattan-180931-gabinete-de-carga-de-32-contactos-de-corriente-alterna\/","name":"[ Manhattan ] &#129351; 180931 Gabinete De Carga, ,,de 32 Contactos De Corriente Alterna","isPartOf":{"@id":"https:\/\/compuviper.mx\/tienda\/#website"},"datePublished":"2026-04-02T05:12:59+00:00","dateModified":"2026-04-02T05:12:59+00:00","description":"Compra 180931 Gabinete De Carga, ,,de 32 Contactos De Corriente Alterna + Env\u00edo a domicilio + Pago seguro + Garant\u00eda","breadcrumb":{"@id":"https:\/\/compuviper.mx\/tienda\/producto\/manhattan-180931-gabinete-de-carga-de-32-contactos-de-corriente-alterna\/#breadcrumb"},"inLanguage":"es-MX","potentialAction":[{"@type":"ReadAction","target":["https:\/\/compuviper.mx\/tienda\/producto\/manhattan-180931-gabinete-de-carga-de-32-contactos-de-corriente-alterna\/"]}]},{"@type":"BreadcrumbList","@id":"https:\/\/compuviper.mx\/tienda\/producto\/manhattan-180931-gabinete-de-carga-de-32-contactos-de-corriente-alterna\/#breadcrumb","itemListElement":[{"@type":"ListItem","position":1,"name":"Inicio","item":"https:\/\/compuviper.mx\/tienda\/"},{"@type":"ListItem","position":2,"name":"Productos","item":"https:\/\/compuviper.mx\/tienda\/productos\/"},{"@type":"ListItem","position":3,"name":"Gabinete De Rack","item":"https:\/\/compuviper.mx\/tienda\/categoria-producto\/gabinete-de-rack\/"},{"@type":"ListItem","position":4,"name":"Sin Categor\u00eda","item":"https:\/\/compuviper.mx\/tienda\/categoria-producto\/gabinete-de-rack\/sin-categoria-gabinete-de-rack\/"},{"@type":"ListItem","position":5,"name":"Manhattan 180931 Gabinete De Carga, ,,de 32 Contactos De Corriente Alterna"}]},{"@type":"WebSite","@id":"https:\/\/compuviper.mx\/tienda\/#website","url":"https:\/\/compuviper.mx\/tienda\/","name":"Compuviper","description":"Proveedor de Computadoras, Laptops, Servidores, Monitores, Puntos de Venta, Teclados,   Impresoras, T\u00f3ner, C\u00e1maras de Seguridad y m\u00e1s en tu tienda en l\u00ednea","publisher":{"@id":"https:\/\/compuviper.mx\/tienda\/#organization"},"potentialAction":[{"@type":"SearchAction","target":{"@type":"EntryPoint","urlTemplate":"https:\/\/compuviper.mx\/tienda\/?s={search_term_string}"},"query-input":"required name=search_term_string"}],"inLanguage":"es-MX"},{"@type":"Organization","@id":"https:\/\/compuviper.mx\/tienda\/#organization","name":"Compuviper","url":"https:\/\/compuviper.mx\/tienda\/","logo":{"@type":"ImageObject","inLanguage":"es-MX","@id":"https:\/\/compuviper.mx\/tienda\/#\/schema\/logo\/image\/","url":"https:\/\/compuviper.mx\/tienda\/wp-content\/uploads\/2021\/08\/Logo-Compuviper-10.png","contentUrl":"https:\/\/compuviper.mx\/tienda\/wp-content\/uploads\/2021\/08\/Logo-Compuviper-10.png","width":1000,"height":500,"caption":"Compuviper"},"image":{"@id":"https:\/\/compuviper.mx\/tienda\/#\/schema\/logo\/image\/"},"sameAs":["https:\/\/www.facebook.com\/compuviper","https:\/\/www.youtube.com\/channel\/UCf73dERp9Y3cfOq7q8BhLjA?view_as=subscriber"]}]},"product_brand":"MANHATTAN","product_price_amount":"20815","product_price_currency":"MXN","og_availability":"out of stock","product_availability":"out of stock","product_retailer_item_id":"180931","product_condition":"new"},"_links":{"self":[{"href":"https:\/\/compuviper.mx\/tienda\/wp-json\/wp\/v2\/product\/235406"}],"collection":[{"href":"https:\/\/compuviper.mx\/tienda\/wp-json\/wp\/v2\/product"}],"about":[{"href":"https:\/\/compuviper.mx\/tienda\/wp-json\/wp\/v2\/types\/product"}],"replies":[{"embeddable":true,"href":"https:\/\/compuviper.mx\/tienda\/wp-json\/wp\/v2\/comments?post=235406"}],"wp:featuredmedia":[{"embeddable":true,"href":"https:\/\/compuviper.mx\/tienda\/wp-json\/wp\/v2\/media\/241909"}],"wp:attachment":[{"href":"https:\/\/compuviper.mx\/tienda\/wp-json\/wp\/v2\/media?parent=235406"}],"wp:term":[{"taxonomy":"product_cat","embeddable":true,"href":"https:\/\/compuviper.mx\/tienda\/wp-json\/wp\/v2\/product_cat?post=235406"},{"taxonomy":"product_tag","embeddable":true,"href":"https:\/\/compuviper.mx\/tienda\/wp-json\/wp\/v2\/product_tag?post=235406"}],"curies":[{"name":"wp","href":"https:\/\/api.w.org\/{rel}","templated":true}]}}