{"id":233258,"date":"2026-04-02T02:06:26","date_gmt":"2026-04-02T08:06:26","guid":{"rendered":"https:\/\/compuviper.mx\/tienda\/producto\/poly-76j16aa-diadema-blackwire-c3320-alambrica-binaural-usb-a-con-cancelacion-de-ruido-y-microfono-control-en-el-cable-color-negro-con-naranja\/"},"modified":"2026-04-02T02:06:27","modified_gmt":"2026-04-02T08:06:27","slug":"poly-8x220aa-diadema-hp-blackwire-c3320-alambrica-binaural-usb-a-con-cancelacion-de-ruido-y-microfono-control-en-el-cable-color-negro-con-naranja","status":"publish","type":"product","link":"https:\/\/compuviper.mx\/tienda\/producto\/poly-8x220aa-diadema-hp-blackwire-c3320-alambrica-binaural-usb-a-con-cancelacion-de-ruido-y-microfono-control-en-el-cable-color-negro-con-naranja\/","title":{"rendered":"Poly 8x220aa Diadema Hp   Blackwire C3320\/ Alambrica Binaural Usb-a Con Cancelacion De Ruido Y Microfono Control En El Cable Color Negro Con Naranja"},"content":{"rendered":"<table class=\"descripcion\">\n<tr>\n<td>Se conecta a<\/td>\n<\/tr>\n<tr>\n<td>\u0095 pc a trav\u00e9s de usb\/usb-c, se conecta a<\/td>\n<\/tr>\n<tr>\n<td>Dispositivos m\u00f3viles y tabletas a trav\u00e9s de 3,5 mm<\/td>\n<\/tr>\n<tr>\n<td>(bw3315\/bw3325) y dispositivos que<\/td>\n<\/tr>\n<tr>\n<td>Soporte usb-c<\/td>\n<\/tr>\n<tr>\n<td>Compatible con<\/td>\n<\/tr>\n<tr>\n<td>\u0095 sistema operativo windows\u00ae o mac<\/td>\n<\/tr>\n<tr>\n<td>Recepci\u00f3n de audio de pc<\/td>\n<\/tr>\n<tr>\n<td>Respuesta frecuente<\/td>\n<\/tr>\n<tr>\n<td>\u0095 eq din\u00e1mico optimizado para banda ancha de pc<\/td>\n<\/tr>\n<tr>\n<td>Telefon\u00eda de voz hasta 6,8 khz o para<\/td>\n<\/tr>\n<tr>\n<td>Multimedia 20 hz a 20 khz (hi-fi<\/td>\n<\/tr>\n<tr>\n<td>Est\u00e9reo bw3320\/bw3325)<\/td>\n<\/tr>\n<tr>\n<td>Sensibilidad del altavoz<\/td>\n<\/tr>\n<tr>\n<td>\u0095 94 dbspl\u00b1 4 db<\/td>\n<\/tr>\n<tr>\n<td>Impedancia del altavoz<\/td>\n<\/tr>\n<tr>\n<td>\u0095 32 ohmios<\/td>\n<\/tr>\n<tr>\n<td>Sensibilidad del altavoz<\/td>\n<\/tr>\n<tr>\n<td>\u0095 94 dbspl + 4 db<\/td>\n<\/tr>\n<tr>\n<td>Impedancia del altavoz<\/td>\n<\/tr>\n<tr>\n<td>\u0095 32 ohmios<\/td>\n<\/tr>\n<tr>\n<td>Tama\u00f1o del altavoz<\/td>\n<\/tr>\n<tr>\n<td>\u0095 32 mil\u00edmetros<\/td>\n<\/tr>\n<tr>\n<td>Protecci\u00f3n auditiva<\/td>\n<\/tr>\n<tr>\n<td>\u0095 soundguard: limitaci\u00f3n ac\u00fastica para<\/td>\n<\/tr>\n<tr>\n<td>Protecci\u00f3n contra sonidos superiores<\/td>\n<\/tr>\n<tr>\n<td>118 dba. la compatibilidad con g616 limita la<\/td>\n<\/tr>\n<tr>\n<td>Nivel a 102 dbspl<\/td>\n<\/tr>\n<tr>\n<td>Micr\u00f3fono y tecnolog\u00eda<\/td>\n<\/tr>\n<tr>\n<td>\u0095 micr\u00f3fono flexible con cancelaci\u00f3n de ruido<\/td>\n<\/tr>\n<tr>\n<td>Respuesta de frecuencia del micr\u00f3fono<\/td>\n<\/tr>\n<tr>\n<td>\u0095 100 hz a 10 khz optimizados para banda ancha de pc<\/td>\n<\/tr>\n<tr>\n<td>Audio hasta 6,8 khz<\/td>\n<\/tr>\n<tr>\n<td>Sensibilidad del micr\u00f3fono<\/td>\n<\/tr>\n<tr>\n<td>\u0095 -38 dbv\/pa \u00b1 4 db<\/td>\n<\/tr>\n<tr>\n<td>Peso<\/td>\n<\/tr>\n<tr>\n<td>\u0095 est\u00e9reo: 130 g \/4,59 oz incluido en l\u00ednea<\/td>\n<\/tr>\n<tr>\n<td>Control, solo auriculares de 96 g \/3,39 oz<\/td>\n<\/tr>\n<tr>\n<td>\u0095 monoaural: 102 g \/3,60 oz incluido en l\u00ednea<\/td>\n<\/tr>\n<tr>\n<td>Control, solo auriculares de 70 g \/2,47 oz<\/td>\n<\/tr>\n<tr>\n<td>Controles de llamada<\/td>\n<\/tr>\n<tr>\n<td>\u0095 bw33xx: bot\u00f3n de respuesta\/finalizaci\u00f3n de llamada,<\/td>\n<\/tr>\n<tr>\n<td>Volumen, silencio<\/td>\n<\/tr>\n<tr>\n<td>\u0095 bw33xx-m: respuesta\/finalizaci\u00f3n de llamada combinada<\/td>\n<\/tr>\n<tr>\n<td>Y bot\u00f3n dedicado de microsoft teams,<\/td>\n<\/tr>\n<tr>\n<td>Volumen, silencio<\/td>\n<\/tr>\n<tr>\n<td>Alertas de tono<\/td>\n<\/tr>\n<tr>\n<td>\u0095 alertas de tono para activar\/desactivar el silencio y el volumen<\/td>\n<\/tr>\n<tr>\n<td>M\u00e1ximo m\u00ednimo<\/td>\n<\/tr>\n<tr>\n<td>Garant\u00eda limitada mundial<\/td>\n<\/tr>\n<tr>\n<td>\u0095 2 a\u00f1os de garant\u00eda<\/td>\n<\/tr>\n<tr>\n<td>Aplicaciones soportadas<\/td>\n<\/tr>\n<tr>\n<td>\u0095 solo versi\u00f3n de escritorio de plantronics hub,<\/td>\n<\/tr>\n<tr>\n<td>Disponible para windows\/mac. plantronics<\/td>\n<\/tr>\n<tr>\n<td>Suites manager pro: gesti\u00f3n de activos<\/td>\n<\/tr>\n<tr>\n<td>Y adopci\u00f3n, calidad de llamadas y an\u00e1lisis,<\/td>\n<\/tr>\n<tr>\n<td>Salud y seguridad<\/td>\n<\/tr>\n<\/table>\n","protected":false},"excerpt":{"rendered":"<p>La serie blackwire 3300 proporciona la mejor experiencia de audio de su clase en unos auriculares dise\u00f1ados para. Implementaci\u00f3n empresarial. A\u00fan mejor, los trabajadores quieren usarlo, por lo que su inversi\u00f3n rinde frutos. Apagado. El gran atractivo de la serie blackwire 3300 es evidente a primera vista: tiene un. Dise\u00f1o moderno y elegante. Su brazo de micr\u00f3fono es flexible para que los trabajadores puedan personalizar el. Adaptar. Y el auricular es totalmente ajustable con una c\u00f3moda diadema acolchada y una almohadilla suave para la oreja. Cojines y altavoces giratorios de 180 grados. No s\u00f3lo eso, suena tan bien como parece. Con el audio de alta calidad que esperar\u00edas de poly. Y si empieza a parecer caro. Tenemos buenas noticias. El precio de la serie blackwire 3300 se ajusta a su presupuesto.<\/p>\n","protected":false},"featured_media":234598,"comment_status":"open","ping_status":"open","template":"","meta":[],"product_cat":[1552,1816],"product_tag":[2035],"acf":[],"yoast_head":"<!-- This site is optimized with the Yoast SEO plugin v21.7 - https:\/\/yoast.com\/wordpress\/plugins\/seo\/ -->\n<title>[ Poly ] &#129351; 8x220aa Diadema Hp Blackwire C3320\/ Alambrica Binaural Usb-a Con Cancelacion De Ruido Y Microfono Control En El Cable Color Negro Con Naranja<\/title>\n<meta name=\"description\" content=\"Compra 8x220aa Diadema Hp Blackwire C3320\/ Alambrica Binaural Usb-a Con Cancelacion De Ruido Y Microfono Control En El Cable Color Negro Con Naranja + Env\u00edo a domicilio + Pago seguro + Garant\u00eda\" \/>\n<meta name=\"robots\" content=\"index, follow, max-snippet:-1, max-image-preview:large, max-video-preview:-1\" \/>\n<link rel=\"canonical\" href=\"https:\/\/compuviper.mx\/tienda\/producto\/poly-8x220aa-diadema-hp-blackwire-c3320-alambrica-binaural-usb-a-con-cancelacion-de-ruido-y-microfono-control-en-el-cable-color-negro-con-naranja\/\" \/>\n<meta property=\"og:locale\" content=\"es_MX\" \/>\n<meta property=\"og:type\" content=\"article\" \/>\n<meta property=\"og:title\" content=\"[ Poly ] &#129351; 8x220aa Diadema Hp Blackwire C3320\/ Alambrica Binaural Usb-a Con Cancelacion De Ruido Y Microfono Control En El Cable Color Negro Con Naranja\" \/>\n<meta property=\"og:description\" content=\"Compra 8x220aa Diadema Hp Blackwire C3320\/ Alambrica Binaural Usb-a Con Cancelacion De Ruido Y Microfono Control En El Cable Color Negro Con Naranja + Env\u00edo a domicilio + Pago seguro + Garant\u00eda\" \/>\n<meta property=\"og:url\" content=\"https:\/\/compuviper.mx\/tienda\/producto\/poly-8x220aa-diadema-hp-blackwire-c3320-alambrica-binaural-usb-a-con-cancelacion-de-ruido-y-microfono-control-en-el-cable-color-negro-con-naranja\/\" \/>\n<meta property=\"og:site_name\" content=\"Compuviper\" \/>\n<meta property=\"article:publisher\" content=\"https:\/\/www.facebook.com\/compuviper\" \/>\n<meta property=\"article:modified_time\" content=\"2026-04-02T08:06:27+00:00\" \/>\n<meta property=\"og:image\" content=\"https:\/\/compuviper.mx\/tienda\/wp-content\/uploads\/2024\/05\/Diadema-poly-76j16aa-blackwire-c3320-alambrica-binaural-usb-a-con-cancelacion-de-ruido-y-microfono-control-en-el-cable-color-negro-con-naranja.jpg\" \/>\n\t<meta property=\"og:image:width\" content=\"200\" \/>\n\t<meta property=\"og:image:height\" content=\"200\" \/>\n\t<meta property=\"og:image:type\" content=\"image\/jpeg\" \/>\n<meta name=\"twitter:card\" content=\"summary_large_image\" \/>\n<meta name=\"twitter:label1\" content=\"Precio\" \/>\n\t<meta name=\"twitter:data1\" content=\"&#36;1,047 con IVA\" \/>\n\t<meta name=\"twitter:label2\" content=\"Availability\" \/>\n\t<meta name=\"twitter:data2\" content=\"Out of stock\" \/>\n<script type=\"application\/ld+json\" class=\"yoast-schema-graph\">{\"@context\":\"https:\/\/schema.org\",\"@graph\":[{\"@type\":\"WebPage\",\"@id\":\"https:\/\/compuviper.mx\/tienda\/producto\/poly-8x220aa-diadema-hp-blackwire-c3320-alambrica-binaural-usb-a-con-cancelacion-de-ruido-y-microfono-control-en-el-cable-color-negro-con-naranja\/\",\"url\":\"https:\/\/compuviper.mx\/tienda\/producto\/poly-8x220aa-diadema-hp-blackwire-c3320-alambrica-binaural-usb-a-con-cancelacion-de-ruido-y-microfono-control-en-el-cable-color-negro-con-naranja\/\",\"name\":\"[ Poly ] &#129351; 8x220aa Diadema Hp Blackwire C3320\/ Alambrica Binaural Usb-a Con Cancelacion De Ruido Y Microfono Control En El Cable Color Negro Con Naranja\",\"isPartOf\":{\"@id\":\"https:\/\/compuviper.mx\/tienda\/#website\"},\"datePublished\":\"2026-04-02T08:06:26+00:00\",\"dateModified\":\"2026-04-02T08:06:27+00:00\",\"description\":\"Compra 8x220aa Diadema Hp Blackwire C3320\/ Alambrica Binaural Usb-a Con Cancelacion De Ruido Y Microfono Control En El Cable Color Negro Con Naranja + Env\u00edo a domicilio + Pago seguro + Garant\u00eda\",\"breadcrumb\":{\"@id\":\"https:\/\/compuviper.mx\/tienda\/producto\/poly-8x220aa-diadema-hp-blackwire-c3320-alambrica-binaural-usb-a-con-cancelacion-de-ruido-y-microfono-control-en-el-cable-color-negro-con-naranja\/#breadcrumb\"},\"inLanguage\":\"es-MX\",\"potentialAction\":[{\"@type\":\"ReadAction\",\"target\":[\"https:\/\/compuviper.mx\/tienda\/producto\/poly-8x220aa-diadema-hp-blackwire-c3320-alambrica-binaural-usb-a-con-cancelacion-de-ruido-y-microfono-control-en-el-cable-color-negro-con-naranja\/\"]}]},{\"@type\":\"BreadcrumbList\",\"@id\":\"https:\/\/compuviper.mx\/tienda\/producto\/poly-8x220aa-diadema-hp-blackwire-c3320-alambrica-binaural-usb-a-con-cancelacion-de-ruido-y-microfono-control-en-el-cable-color-negro-con-naranja\/#breadcrumb\",\"itemListElement\":[{\"@type\":\"ListItem\",\"position\":1,\"name\":\"Inicio\",\"item\":\"https:\/\/compuviper.mx\/tienda\/\"},{\"@type\":\"ListItem\",\"position\":2,\"name\":\"Productos\",\"item\":\"https:\/\/compuviper.mx\/tienda\/productos\/\"},{\"@type\":\"ListItem\",\"position\":3,\"name\":\"Audifonos Y Micro\",\"item\":\"https:\/\/compuviper.mx\/tienda\/categoria-producto\/audifonos-y-micro\/\"},{\"@type\":\"ListItem\",\"position\":4,\"name\":\"Audifono Con Microfono\",\"item\":\"https:\/\/compuviper.mx\/tienda\/categoria-producto\/audifonos-y-micro\/audifono-con-microfono\/\"},{\"@type\":\"ListItem\",\"position\":5,\"name\":\"Poly 8x220aa Diadema Hp Blackwire C3320\/ Alambrica Binaural Usb-a Con Cancelacion De Ruido Y Microfono Control En El Cable Color Negro Con Naranja\"}]},{\"@type\":\"WebSite\",\"@id\":\"https:\/\/compuviper.mx\/tienda\/#website\",\"url\":\"https:\/\/compuviper.mx\/tienda\/\",\"name\":\"Compuviper\",\"description\":\"Proveedor de Computadoras, Laptops, Servidores, Monitores, Puntos de Venta, Teclados,   Impresoras, T\u00f3ner, C\u00e1maras de Seguridad y m\u00e1s en tu tienda en l\u00ednea\",\"publisher\":{\"@id\":\"https:\/\/compuviper.mx\/tienda\/#organization\"},\"potentialAction\":[{\"@type\":\"SearchAction\",\"target\":{\"@type\":\"EntryPoint\",\"urlTemplate\":\"https:\/\/compuviper.mx\/tienda\/?s={search_term_string}\"},\"query-input\":\"required name=search_term_string\"}],\"inLanguage\":\"es-MX\"},{\"@type\":\"Organization\",\"@id\":\"https:\/\/compuviper.mx\/tienda\/#organization\",\"name\":\"Compuviper\",\"url\":\"https:\/\/compuviper.mx\/tienda\/\",\"logo\":{\"@type\":\"ImageObject\",\"inLanguage\":\"es-MX\",\"@id\":\"https:\/\/compuviper.mx\/tienda\/#\/schema\/logo\/image\/\",\"url\":\"https:\/\/compuviper.mx\/tienda\/wp-content\/uploads\/2021\/08\/Logo-Compuviper-10.png\",\"contentUrl\":\"https:\/\/compuviper.mx\/tienda\/wp-content\/uploads\/2021\/08\/Logo-Compuviper-10.png\",\"width\":1000,\"height\":500,\"caption\":\"Compuviper\"},\"image\":{\"@id\":\"https:\/\/compuviper.mx\/tienda\/#\/schema\/logo\/image\/\"},\"sameAs\":[\"https:\/\/www.facebook.com\/compuviper\",\"https:\/\/www.youtube.com\/channel\/UCf73dERp9Y3cfOq7q8BhLjA?view_as=subscriber\"]}]}<\/script>\n<meta property=\"product:brand\" content=\"POLY\" \/>\n<meta property=\"product:price:amount\" content=\"1047\" \/>\n<meta property=\"product:price:currency\" content=\"MXN\" \/>\n<meta property=\"og:availability\" content=\"out of stock\" \/>\n<meta property=\"product:availability\" content=\"out of stock\" \/>\n<meta property=\"product:retailer_item_id\" content=\"8X220AA\" \/>\n<meta property=\"product:condition\" content=\"new\" \/>\n<!-- \/ Yoast SEO plugin. -->","yoast_head_json":{"title":"[ Poly ] &#129351; 8x220aa Diadema Hp Blackwire C3320\/ Alambrica Binaural Usb-a Con Cancelacion De Ruido Y Microfono Control En El Cable Color Negro Con Naranja","description":"Compra 8x220aa Diadema Hp Blackwire C3320\/ Alambrica Binaural Usb-a Con Cancelacion De Ruido Y Microfono Control En El Cable Color Negro Con Naranja + Env\u00edo a domicilio + Pago seguro + Garant\u00eda","robots":{"index":"index","follow":"follow","max-snippet":"max-snippet:-1","max-image-preview":"max-image-preview:large","max-video-preview":"max-video-preview:-1"},"canonical":"https:\/\/compuviper.mx\/tienda\/producto\/poly-8x220aa-diadema-hp-blackwire-c3320-alambrica-binaural-usb-a-con-cancelacion-de-ruido-y-microfono-control-en-el-cable-color-negro-con-naranja\/","og_locale":"es_MX","og_type":"article","og_title":"[ Poly ] &#129351; 8x220aa Diadema Hp Blackwire C3320\/ Alambrica Binaural Usb-a Con Cancelacion De Ruido Y Microfono Control En El Cable Color Negro Con Naranja","og_description":"Compra 8x220aa Diadema Hp Blackwire C3320\/ Alambrica Binaural Usb-a Con Cancelacion De Ruido Y Microfono Control En El Cable Color Negro Con Naranja + Env\u00edo a domicilio + Pago seguro + Garant\u00eda","og_url":"https:\/\/compuviper.mx\/tienda\/producto\/poly-8x220aa-diadema-hp-blackwire-c3320-alambrica-binaural-usb-a-con-cancelacion-de-ruido-y-microfono-control-en-el-cable-color-negro-con-naranja\/","og_site_name":"Compuviper","article_publisher":"https:\/\/www.facebook.com\/compuviper","article_modified_time":"2026-04-02T08:06:27+00:00","og_image":[{"width":200,"height":200,"url":"https:\/\/compuviper.mx\/tienda\/wp-content\/uploads\/2024\/05\/Diadema-poly-76j16aa-blackwire-c3320-alambrica-binaural-usb-a-con-cancelacion-de-ruido-y-microfono-control-en-el-cable-color-negro-con-naranja.jpg","type":"image\/jpeg"}],"twitter_card":"summary_large_image","twitter_misc":{"Precio":"&#36;1,047 con IVA","Availability":"Out of stock"},"schema":{"@context":"https:\/\/schema.org","@graph":[{"@type":"WebPage","@id":"https:\/\/compuviper.mx\/tienda\/producto\/poly-8x220aa-diadema-hp-blackwire-c3320-alambrica-binaural-usb-a-con-cancelacion-de-ruido-y-microfono-control-en-el-cable-color-negro-con-naranja\/","url":"https:\/\/compuviper.mx\/tienda\/producto\/poly-8x220aa-diadema-hp-blackwire-c3320-alambrica-binaural-usb-a-con-cancelacion-de-ruido-y-microfono-control-en-el-cable-color-negro-con-naranja\/","name":"[ Poly ] &#129351; 8x220aa Diadema Hp Blackwire C3320\/ Alambrica Binaural Usb-a Con Cancelacion De Ruido Y Microfono Control En El Cable Color Negro Con Naranja","isPartOf":{"@id":"https:\/\/compuviper.mx\/tienda\/#website"},"datePublished":"2026-04-02T08:06:26+00:00","dateModified":"2026-04-02T08:06:27+00:00","description":"Compra 8x220aa Diadema Hp Blackwire C3320\/ Alambrica Binaural Usb-a Con Cancelacion De Ruido Y Microfono Control En El Cable Color Negro Con Naranja + Env\u00edo a domicilio + Pago seguro + Garant\u00eda","breadcrumb":{"@id":"https:\/\/compuviper.mx\/tienda\/producto\/poly-8x220aa-diadema-hp-blackwire-c3320-alambrica-binaural-usb-a-con-cancelacion-de-ruido-y-microfono-control-en-el-cable-color-negro-con-naranja\/#breadcrumb"},"inLanguage":"es-MX","potentialAction":[{"@type":"ReadAction","target":["https:\/\/compuviper.mx\/tienda\/producto\/poly-8x220aa-diadema-hp-blackwire-c3320-alambrica-binaural-usb-a-con-cancelacion-de-ruido-y-microfono-control-en-el-cable-color-negro-con-naranja\/"]}]},{"@type":"BreadcrumbList","@id":"https:\/\/compuviper.mx\/tienda\/producto\/poly-8x220aa-diadema-hp-blackwire-c3320-alambrica-binaural-usb-a-con-cancelacion-de-ruido-y-microfono-control-en-el-cable-color-negro-con-naranja\/#breadcrumb","itemListElement":[{"@type":"ListItem","position":1,"name":"Inicio","item":"https:\/\/compuviper.mx\/tienda\/"},{"@type":"ListItem","position":2,"name":"Productos","item":"https:\/\/compuviper.mx\/tienda\/productos\/"},{"@type":"ListItem","position":3,"name":"Audifonos Y Micro","item":"https:\/\/compuviper.mx\/tienda\/categoria-producto\/audifonos-y-micro\/"},{"@type":"ListItem","position":4,"name":"Audifono Con Microfono","item":"https:\/\/compuviper.mx\/tienda\/categoria-producto\/audifonos-y-micro\/audifono-con-microfono\/"},{"@type":"ListItem","position":5,"name":"Poly 8x220aa Diadema Hp Blackwire C3320\/ Alambrica Binaural Usb-a Con Cancelacion De Ruido Y Microfono Control En El Cable Color Negro Con Naranja"}]},{"@type":"WebSite","@id":"https:\/\/compuviper.mx\/tienda\/#website","url":"https:\/\/compuviper.mx\/tienda\/","name":"Compuviper","description":"Proveedor de Computadoras, Laptops, Servidores, Monitores, Puntos de Venta, Teclados,   Impresoras, T\u00f3ner, C\u00e1maras de Seguridad y m\u00e1s en tu tienda en l\u00ednea","publisher":{"@id":"https:\/\/compuviper.mx\/tienda\/#organization"},"potentialAction":[{"@type":"SearchAction","target":{"@type":"EntryPoint","urlTemplate":"https:\/\/compuviper.mx\/tienda\/?s={search_term_string}"},"query-input":"required name=search_term_string"}],"inLanguage":"es-MX"},{"@type":"Organization","@id":"https:\/\/compuviper.mx\/tienda\/#organization","name":"Compuviper","url":"https:\/\/compuviper.mx\/tienda\/","logo":{"@type":"ImageObject","inLanguage":"es-MX","@id":"https:\/\/compuviper.mx\/tienda\/#\/schema\/logo\/image\/","url":"https:\/\/compuviper.mx\/tienda\/wp-content\/uploads\/2021\/08\/Logo-Compuviper-10.png","contentUrl":"https:\/\/compuviper.mx\/tienda\/wp-content\/uploads\/2021\/08\/Logo-Compuviper-10.png","width":1000,"height":500,"caption":"Compuviper"},"image":{"@id":"https:\/\/compuviper.mx\/tienda\/#\/schema\/logo\/image\/"},"sameAs":["https:\/\/www.facebook.com\/compuviper","https:\/\/www.youtube.com\/channel\/UCf73dERp9Y3cfOq7q8BhLjA?view_as=subscriber"]}]},"product_brand":"POLY","product_price_amount":"1047","product_price_currency":"MXN","og_availability":"out of stock","product_availability":"out of stock","product_retailer_item_id":"8X220AA","product_condition":"new"},"_links":{"self":[{"href":"https:\/\/compuviper.mx\/tienda\/wp-json\/wp\/v2\/product\/233258"}],"collection":[{"href":"https:\/\/compuviper.mx\/tienda\/wp-json\/wp\/v2\/product"}],"about":[{"href":"https:\/\/compuviper.mx\/tienda\/wp-json\/wp\/v2\/types\/product"}],"replies":[{"embeddable":true,"href":"https:\/\/compuviper.mx\/tienda\/wp-json\/wp\/v2\/comments?post=233258"}],"wp:featuredmedia":[{"embeddable":true,"href":"https:\/\/compuviper.mx\/tienda\/wp-json\/wp\/v2\/media\/234598"}],"wp:attachment":[{"href":"https:\/\/compuviper.mx\/tienda\/wp-json\/wp\/v2\/media?parent=233258"}],"wp:term":[{"taxonomy":"product_cat","embeddable":true,"href":"https:\/\/compuviper.mx\/tienda\/wp-json\/wp\/v2\/product_cat?post=233258"},{"taxonomy":"product_tag","embeddable":true,"href":"https:\/\/compuviper.mx\/tienda\/wp-json\/wp\/v2\/product_tag?post=233258"}],"curies":[{"name":"wp","href":"https:\/\/api.w.org\/{rel}","templated":true}]}}