{"id":232725,"date":"2026-04-18T01:06:47","date_gmt":"2026-04-18T07:06:47","guid":{"rendered":"https:\/\/compuviper.mx\/tienda\/producto\/tp-link-tl-sg1024de-switch-inteligente-tp-link-no-administrable-24-puertos-rj45-10-100-1000mbps\/"},"modified":"2026-04-18T01:06:48","modified_gmt":"2026-04-18T07:06:48","slug":"tp-link-tl-sg1024de-switch-inteligente-tp-link-no-administrable-24-puertos-rj45-10-100-1000mbps","status":"publish","type":"product","link":"https:\/\/compuviper.mx\/tienda\/producto\/tp-link-tl-sg1024de-switch-inteligente-tp-link-no-administrable-24-puertos-rj45-10-100-1000mbps\/","title":{"rendered":"Tp Link Tl-sg1024de Switch Inteligente Tp-link No Administrable 24 Puertos Rj45 10\/100\/1000mbps"},"content":{"rendered":"<table class=\"descripcion\">\n<tr>\n<td>Caracter\u00edsticas de hardware<\/td>\n<\/tr>\n<tr>\n<td>Est\u00e1ndares y protocolos ieee 802.3, ieee 802.3u, ieee 802.3ab, ieee 802.3x, ieee 802.1q, ieee 802.1p<\/td>\n<\/tr>\n<tr>\n<td>Interfaz 24 10\/100\/1000mbps rj45 ports<\/td>\n<\/tr>\n<tr>\n<td>Auto negotiation\/auto mdi\/mdix<\/td>\n<\/tr>\n<tr>\n<td>Medios de red 10base-t: utp category 3, 4, 5 cable (maximum 100m)<\/td>\n<\/tr>\n<tr>\n<td>Eia\/tia-568 100 and #937; stp (maximum 100m)<\/td>\n<\/tr>\n<tr>\n<td>100base-tx: utp category 5, 5e cable (maximum 100m)<\/td>\n<\/tr>\n<tr>\n<td>Eia\/tia-568 100 and #937; stp (maximum 100m)<\/td>\n<\/tr>\n<tr>\n<td>1000base-t: utp category 5, 5e, 6 or above cable (maximum 100m)<\/td>\n<\/tr>\n<tr>\n<td>Eia\/tia-568 100 and #937; stp (maximum 100m)<\/td>\n<\/tr>\n<tr>\n<td>Cantidad de ventilador fanless<\/td>\n<\/tr>\n<tr>\n<td>Fuente de alimentaci\u00f3n 100-240vac, 50\/60hz<\/td>\n<\/tr>\n<tr>\n<td>Consumo de energ\u00eda maximum: 14.86w (220v\/50hz)<\/td>\n<\/tr>\n<tr>\n<td>Dimensiones (w x d x h) 11.6*7.1*1.7 in. (294*180*44 mm)<\/td>\n<\/tr>\n<tr>\n<td>Rendimiento<\/td>\n<\/tr>\n<tr>\n<td>Switching capacity 48gbps<\/td>\n<\/tr>\n<tr>\n<td>Packet forwarding rate 35.7mpps<\/td>\n<\/tr>\n<tr>\n<td>Mac address table 8k<\/td>\n<\/tr>\n<tr>\n<td>Packet buffer memory 512kb<\/td>\n<\/tr>\n<tr>\n<td>Jumbo frame 9kb<\/td>\n<\/tr>\n<tr>\n<td>Caracter\u00edsticas de software<\/td>\n<\/tr>\n<tr>\n<td>Quality of service support port-based\/802.1p\/dscp priority<\/td>\n<\/tr>\n<tr>\n<td>Support 4 priority queues<\/td>\n<\/tr>\n<tr>\n<td>Rate limit<\/td>\n<\/tr>\n<tr>\n<td>Storm control<\/td>\n<\/tr>\n<tr>\n<td>L2 features igmp snooping v1\/v2\/v3<\/td>\n<\/tr>\n<tr>\n<td>Link aggregation<\/td>\n<\/tr>\n<tr>\n<td>Port mirroring<\/td>\n<\/tr>\n<tr>\n<td>Cable diagnostics<\/td>\n<\/tr>\n<tr>\n<td>Loop prevention<\/td>\n<\/tr>\n<tr>\n<td>Vlan supports up to 128 vlans simultaneously (out of 4k vlan ids)<\/td>\n<\/tr>\n<tr>\n<td>Mtu\/port\/tag vlan<\/td>\n<\/tr>\n<tr>\n<td>Transmission method store-and-forward<\/td>\n<\/tr>\n<tr>\n<td>Others<\/td>\n<\/tr>\n<tr>\n<td>Certification fcc, ce, rohs<\/td>\n<\/tr>\n<tr>\n<td>Package contents tl-sg1024de, power cord, installation guide, resource cd, rackmount kit, rubber feet<\/td>\n<\/tr>\n<tr>\n<td>System requirements microsoft\u00ae windows\u00ae for running utility<\/td>\n<\/tr>\n<tr>\n<td>Environment operating temperature: 0 and #8451;~40 and #8451; (32 and #8457;~104 and #8457;)<\/td>\n<\/tr>\n<tr>\n<td>Storage temperature: -40 and #8451;~70 and #8451; (-40 and #8457;~158 and #8457;)<\/td>\n<\/tr>\n<tr>\n<td>Operating humidity: 10%~90% non-condensing<\/td>\n<\/tr>\n<tr>\n<td>Storage humidity: 5%~90% non-condensing<\/td>\n<\/tr>\n<\/table>\n","protected":false},"excerpt":{"rendered":"<p>Tl-sg1024de switch inteligente sencillo de 24-puertos gigabit. * los 24 puertos de 10\/100\/1000mbps proporcionan transferencias instant\u00e1neas de archivos grandes. * la tecnolog\u00eda innovadora de eficiencia energ\u00e9tica reduce el consumo de energ\u00eda de hasta el 40. * el control de flujo ieee 802.3x proporciona una transferencia de datos confiable. * la estructura (frame) jumbo 10k mejora el desempe\u00f1o de transferencia de datos grandes. * el efectivo monitoreo de la red mediante la duplicaci\u00f3n de puertos, prevenci\u00f3n de bucle y diagn\u00f3stico por cable. * qos basado en el puerto y etiquetas permite un tr\u00e1fico sin problemas sensible a retrasos. * la gran variedad de caracter\u00edsticas de vlan mejora la seguridad de la red mediante la segmentaci\u00f3n de tr\u00e1fico. * igmp snooping optimiza las aplicaciones multicast. Proporciona el monitoreo de la red, priorizaci\u00f3n de tr\u00e1fico y caracter\u00edsticas de vlan. La tecnolog\u00eda innovadora de eficiencia energ\u00e9tica reduce la potencia de salida de hasta el 40. Configuraci\u00f3n sencilla de la red adem\u00e1s de la conectividad plug-and-play (conecte y use. Qu\u00e9 hace el producto. El smart switch gigabit tl-sg1024de de 24 puertos es la evoluci\u00f3n perfecta de un switch no gestionado. Dise\u00f1ado para redes de peque\u00f1as y medianas empresas que requieren una gesti\u00f3n de red simple. Los administradores de red pueden controlar de manera sencilla el tr\u00e1fico a trav\u00e9s de port mirroring, loop prevention y diagn\u00f3sticos de cable. Para optimizar el tr\u00e1fico en su red de negocios, tl-sg1024de ofrece qos por puertos y basado en etiquetas para mantener el tr\u00e1fico sensible a la latencia en movimiento sin problemas y sin fluctuaciones. Adem\u00e1s, con qos basado en puerto y en etiquetas puede mejorar la seguridad y cumplir con los requisitos de segmentaci\u00f3n de la red m\u00e1s exigentes. Adem\u00e1s, con su tecnolog\u00eda de eficiencia energ\u00e9tica, el tl-sg1024de puede ahorrar hasta un 40% del consumo de energ\u00eda, por lo que es una soluci\u00f3n ecol\u00f3gica para su red de negocios. Manejo simple y efectivo. El switch gigabit easy smart de tp-link tl-sg1024de ofrece monitoreo de red para que los usuarios puedan observar el comportamiento del tr\u00e1fico. Con port mirroring, loop prevention y diagn\u00f3sticos sobre el cable, el tl-sg1024de puede identificar e incluso localizar problemas de conexi\u00f3n en su red de negocios. Adem\u00e1s, los administradores pueden designar prioridad del tr\u00e1fico en funci\u00f3n de prioridad de puertos y de prioridad 802.1p, para asegurar que la voz y el v\u00eddeo son siempre claros, suaves y sin demoras. Adem\u00e1s, para mejorar el rendimiento y la seguridad de la red, tl-sg1024de soporta mtu vlan, vlan basadas en puertos y funciones de vlan basadas en el est\u00e1ndar 802.1q. Tl-sg1024de es una actualizaci\u00f3n del switch plug-and-play no administrable, ofreciendo un gran valor mientras fortalece su red. H\u00e1gase verde con la red. \u00a1ahora tiene la opci\u00f3n de hacerse verde cuando se actualiza a una red gigabit! esta nueva generaci\u00f3n de switches smart tl-sg1024de de 24 puertos gigabit cuenta con las \u00faltimas tecnolog\u00edas de eficiencia energ\u00e9tica las cuales le ayudar\u00e1n a ampliar en gran medida la capacidad de su red con mucho menos consumo. El consumo de energ\u00eda se ajusta autom\u00e1ticamente de acuerdo con el estado del enlace y la longitud del cable para limitar la huella de carbono de su red. Apagado de puertos no activos. Cuando un ordenador o equipo de red es desconectado, el puerto correspondiente de un interruptor tradicional seguir\u00e1 consumiendo cantidades considerables de energ\u00eda. El tl-sg1024de puede detectar autom\u00e1ticamente el estado de conexi\u00f3n de cada puerto y reducir el consumo de energ\u00eda de los puertos que est\u00e9n inactivos. Consumo de energ\u00eda seg\u00fan longitud de cable. Idealmente, los cables m\u00e1s cortos utilizan menos energ\u00eda con menos degradaci\u00f3n de potencia sobre la longitud, lo que no es el caso con la mayor\u00eda de dispositivos que van a utilizar la misma cantidad de energ\u00eda a trav\u00e9s del cable, independientemente de si es de 10 o 50 metros de longitud. El tl-sg1024de analiza la longitud del cable ethernet conectado y ajusta el uso de energ\u00eda en consecuencia, en lugar de mantener el consumo de energ\u00eda en una soluci\u00f3n convencional. Facilidad de uso. El tl-sg1024de es f\u00e1cil de usar y administrar. Mdi \/ mdi-x auto cruzado en todos los puertos elimina la necesidad de cables cruzados o puertos de enlace ascendentes. La auto-negociaci\u00f3n en cada puerto detecta la velocidad de enlace de un dispositivo de red (10, 100 o 1000 mbps) y ajusta de manera inteligente para una compatibilidad y rendimiento \u00f3ptimo. Su tama\u00f1o compacto lo hace ideal para escritorios con espacio limitado, mientras que tambi\u00e9n puede ser montado sobre rack de manera c\u00f3moda y segura. Luces led din\u00e1micas proporcionan indicaci\u00f3n de estado de trabajo en tiempo real y diagn\u00f3stico de fallas b\u00e1sicas.<\/p>\n","protected":false},"featured_media":242839,"comment_status":"open","ping_status":"open","template":"","meta":[],"product_cat":[1563,1564],"product_tag":[1562],"acf":[],"yoast_head":"<!-- This site is optimized with the Yoast SEO plugin v21.7 - https:\/\/yoast.com\/wordpress\/plugins\/seo\/ -->\n<title>[ Tp Link ] &#129351; Tl-sg1024de Switch Inteligente Tp-link No Administrable 24 Puertos Rj45 10\/100\/1000mbps<\/title>\n<meta name=\"description\" content=\"Compra Tl-sg1024de Switch Inteligente Tp-link No Administrable 24 Puertos Rj45 10\/100\/1000mbps + Env\u00edo a domicilio + Pago seguro + Garant\u00eda\" \/>\n<meta name=\"robots\" content=\"index, follow, max-snippet:-1, max-image-preview:large, max-video-preview:-1\" \/>\n<link rel=\"canonical\" href=\"https:\/\/compuviper.mx\/tienda\/producto\/tp-link-tl-sg1024de-switch-inteligente-tp-link-no-administrable-24-puertos-rj45-10-100-1000mbps\/\" \/>\n<meta property=\"og:locale\" content=\"es_MX\" \/>\n<meta property=\"og:type\" content=\"article\" \/>\n<meta property=\"og:title\" content=\"[ Tp Link ] &#129351; Tl-sg1024de Switch Inteligente Tp-link No Administrable 24 Puertos Rj45 10\/100\/1000mbps\" \/>\n<meta property=\"og:description\" content=\"Compra Tl-sg1024de Switch Inteligente Tp-link No Administrable 24 Puertos Rj45 10\/100\/1000mbps + Env\u00edo a domicilio + Pago seguro + Garant\u00eda\" \/>\n<meta property=\"og:url\" content=\"https:\/\/compuviper.mx\/tienda\/producto\/tp-link-tl-sg1024de-switch-inteligente-tp-link-no-administrable-24-puertos-rj45-10-100-1000mbps\/\" \/>\n<meta property=\"og:site_name\" content=\"Compuviper\" \/>\n<meta property=\"article:publisher\" content=\"https:\/\/www.facebook.com\/compuviper\" \/>\n<meta property=\"article:modified_time\" content=\"2026-04-18T07:06:48+00:00\" \/>\n<meta property=\"og:image\" content=\"https:\/\/compuviper.mx\/tienda\/wp-content\/uploads\/2024\/09\/Switch-inteligente-tp-link-no-administrable-24-puertos-rj45-101001000mbps.jpg\" \/>\n\t<meta property=\"og:image:width\" content=\"200\" \/>\n\t<meta property=\"og:image:height\" content=\"200\" \/>\n\t<meta property=\"og:image:type\" content=\"image\/jpeg\" \/>\n<meta name=\"twitter:card\" content=\"summary_large_image\" \/>\n<meta name=\"twitter:label1\" content=\"Precio\" \/>\n\t<meta name=\"twitter:data1\" content=\"&#36;1,627 con IVA\" \/>\n\t<meta name=\"twitter:label2\" content=\"Availability\" \/>\n\t<meta name=\"twitter:data2\" content=\"On backorder\" \/>\n<script type=\"application\/ld+json\" class=\"yoast-schema-graph\">{\"@context\":\"https:\/\/schema.org\",\"@graph\":[{\"@type\":\"WebPage\",\"@id\":\"https:\/\/compuviper.mx\/tienda\/producto\/tp-link-tl-sg1024de-switch-inteligente-tp-link-no-administrable-24-puertos-rj45-10-100-1000mbps\/\",\"url\":\"https:\/\/compuviper.mx\/tienda\/producto\/tp-link-tl-sg1024de-switch-inteligente-tp-link-no-administrable-24-puertos-rj45-10-100-1000mbps\/\",\"name\":\"[ Tp Link ] &#129351; Tl-sg1024de Switch Inteligente Tp-link No Administrable 24 Puertos Rj45 10\/100\/1000mbps\",\"isPartOf\":{\"@id\":\"https:\/\/compuviper.mx\/tienda\/#website\"},\"datePublished\":\"2026-04-18T07:06:47+00:00\",\"dateModified\":\"2026-04-18T07:06:48+00:00\",\"description\":\"Compra Tl-sg1024de Switch Inteligente Tp-link No Administrable 24 Puertos Rj45 10\/100\/1000mbps + Env\u00edo a domicilio + Pago seguro + Garant\u00eda\",\"breadcrumb\":{\"@id\":\"https:\/\/compuviper.mx\/tienda\/producto\/tp-link-tl-sg1024de-switch-inteligente-tp-link-no-administrable-24-puertos-rj45-10-100-1000mbps\/#breadcrumb\"},\"inLanguage\":\"es-MX\",\"potentialAction\":[{\"@type\":\"ReadAction\",\"target\":[\"https:\/\/compuviper.mx\/tienda\/producto\/tp-link-tl-sg1024de-switch-inteligente-tp-link-no-administrable-24-puertos-rj45-10-100-1000mbps\/\"]}]},{\"@type\":\"BreadcrumbList\",\"@id\":\"https:\/\/compuviper.mx\/tienda\/producto\/tp-link-tl-sg1024de-switch-inteligente-tp-link-no-administrable-24-puertos-rj45-10-100-1000mbps\/#breadcrumb\",\"itemListElement\":[{\"@type\":\"ListItem\",\"position\":1,\"name\":\"Inicio\",\"item\":\"https:\/\/compuviper.mx\/tienda\/\"},{\"@type\":\"ListItem\",\"position\":2,\"name\":\"Productos\",\"item\":\"https:\/\/compuviper.mx\/tienda\/productos\/\"},{\"@type\":\"ListItem\",\"position\":3,\"name\":\"Redes\",\"item\":\"https:\/\/compuviper.mx\/tienda\/categoria-producto\/redes\/\"},{\"@type\":\"ListItem\",\"position\":4,\"name\":\"Switch\",\"item\":\"https:\/\/compuviper.mx\/tienda\/categoria-producto\/redes\/switch\/\"},{\"@type\":\"ListItem\",\"position\":5,\"name\":\"Tp Link Tl-sg1024de Switch Inteligente Tp-link No Administrable 24 Puertos Rj45 10\/100\/1000mbps\"}]},{\"@type\":\"WebSite\",\"@id\":\"https:\/\/compuviper.mx\/tienda\/#website\",\"url\":\"https:\/\/compuviper.mx\/tienda\/\",\"name\":\"Compuviper\",\"description\":\"Proveedor de Computadoras, Laptops, Servidores, Monitores, Puntos de Venta, Teclados,   Impresoras, T\u00f3ner, C\u00e1maras de Seguridad y m\u00e1s en tu tienda en l\u00ednea\",\"publisher\":{\"@id\":\"https:\/\/compuviper.mx\/tienda\/#organization\"},\"potentialAction\":[{\"@type\":\"SearchAction\",\"target\":{\"@type\":\"EntryPoint\",\"urlTemplate\":\"https:\/\/compuviper.mx\/tienda\/?s={search_term_string}\"},\"query-input\":\"required name=search_term_string\"}],\"inLanguage\":\"es-MX\"},{\"@type\":\"Organization\",\"@id\":\"https:\/\/compuviper.mx\/tienda\/#organization\",\"name\":\"Compuviper\",\"url\":\"https:\/\/compuviper.mx\/tienda\/\",\"logo\":{\"@type\":\"ImageObject\",\"inLanguage\":\"es-MX\",\"@id\":\"https:\/\/compuviper.mx\/tienda\/#\/schema\/logo\/image\/\",\"url\":\"https:\/\/compuviper.mx\/tienda\/wp-content\/uploads\/2021\/08\/Logo-Compuviper-10.png\",\"contentUrl\":\"https:\/\/compuviper.mx\/tienda\/wp-content\/uploads\/2021\/08\/Logo-Compuviper-10.png\",\"width\":1000,\"height\":500,\"caption\":\"Compuviper\"},\"image\":{\"@id\":\"https:\/\/compuviper.mx\/tienda\/#\/schema\/logo\/image\/\"},\"sameAs\":[\"https:\/\/www.facebook.com\/compuviper\",\"https:\/\/www.youtube.com\/channel\/UCf73dERp9Y3cfOq7q8BhLjA?view_as=subscriber\"]}]}<\/script>\n<meta property=\"product:brand\" content=\"TP LINK\" \/>\n<meta property=\"product:price:amount\" content=\"1627\" \/>\n<meta property=\"product:price:currency\" content=\"MXN\" \/>\n<meta property=\"og:availability\" content=\"backorder\" \/>\n<meta property=\"product:availability\" content=\"available for order\" \/>\n<meta property=\"product:retailer_item_id\" content=\"TL-SG1024DE\" \/>\n<meta property=\"product:condition\" content=\"new\" \/>\n<!-- \/ Yoast SEO plugin. -->","yoast_head_json":{"title":"[ Tp Link ] &#129351; Tl-sg1024de Switch Inteligente Tp-link No Administrable 24 Puertos Rj45 10\/100\/1000mbps","description":"Compra Tl-sg1024de Switch Inteligente Tp-link No Administrable 24 Puertos Rj45 10\/100\/1000mbps + Env\u00edo a domicilio + Pago seguro + Garant\u00eda","robots":{"index":"index","follow":"follow","max-snippet":"max-snippet:-1","max-image-preview":"max-image-preview:large","max-video-preview":"max-video-preview:-1"},"canonical":"https:\/\/compuviper.mx\/tienda\/producto\/tp-link-tl-sg1024de-switch-inteligente-tp-link-no-administrable-24-puertos-rj45-10-100-1000mbps\/","og_locale":"es_MX","og_type":"article","og_title":"[ Tp Link ] &#129351; Tl-sg1024de Switch Inteligente Tp-link No Administrable 24 Puertos Rj45 10\/100\/1000mbps","og_description":"Compra Tl-sg1024de Switch Inteligente Tp-link No Administrable 24 Puertos Rj45 10\/100\/1000mbps + Env\u00edo a domicilio + Pago seguro + Garant\u00eda","og_url":"https:\/\/compuviper.mx\/tienda\/producto\/tp-link-tl-sg1024de-switch-inteligente-tp-link-no-administrable-24-puertos-rj45-10-100-1000mbps\/","og_site_name":"Compuviper","article_publisher":"https:\/\/www.facebook.com\/compuviper","article_modified_time":"2026-04-18T07:06:48+00:00","og_image":[{"width":200,"height":200,"url":"https:\/\/compuviper.mx\/tienda\/wp-content\/uploads\/2024\/09\/Switch-inteligente-tp-link-no-administrable-24-puertos-rj45-101001000mbps.jpg","type":"image\/jpeg"}],"twitter_card":"summary_large_image","twitter_misc":{"Precio":"&#36;1,627 con IVA","Availability":"On backorder"},"schema":{"@context":"https:\/\/schema.org","@graph":[{"@type":"WebPage","@id":"https:\/\/compuviper.mx\/tienda\/producto\/tp-link-tl-sg1024de-switch-inteligente-tp-link-no-administrable-24-puertos-rj45-10-100-1000mbps\/","url":"https:\/\/compuviper.mx\/tienda\/producto\/tp-link-tl-sg1024de-switch-inteligente-tp-link-no-administrable-24-puertos-rj45-10-100-1000mbps\/","name":"[ Tp Link ] &#129351; Tl-sg1024de Switch Inteligente Tp-link No Administrable 24 Puertos Rj45 10\/100\/1000mbps","isPartOf":{"@id":"https:\/\/compuviper.mx\/tienda\/#website"},"datePublished":"2026-04-18T07:06:47+00:00","dateModified":"2026-04-18T07:06:48+00:00","description":"Compra Tl-sg1024de Switch Inteligente Tp-link No Administrable 24 Puertos Rj45 10\/100\/1000mbps + Env\u00edo a domicilio + Pago seguro + Garant\u00eda","breadcrumb":{"@id":"https:\/\/compuviper.mx\/tienda\/producto\/tp-link-tl-sg1024de-switch-inteligente-tp-link-no-administrable-24-puertos-rj45-10-100-1000mbps\/#breadcrumb"},"inLanguage":"es-MX","potentialAction":[{"@type":"ReadAction","target":["https:\/\/compuviper.mx\/tienda\/producto\/tp-link-tl-sg1024de-switch-inteligente-tp-link-no-administrable-24-puertos-rj45-10-100-1000mbps\/"]}]},{"@type":"BreadcrumbList","@id":"https:\/\/compuviper.mx\/tienda\/producto\/tp-link-tl-sg1024de-switch-inteligente-tp-link-no-administrable-24-puertos-rj45-10-100-1000mbps\/#breadcrumb","itemListElement":[{"@type":"ListItem","position":1,"name":"Inicio","item":"https:\/\/compuviper.mx\/tienda\/"},{"@type":"ListItem","position":2,"name":"Productos","item":"https:\/\/compuviper.mx\/tienda\/productos\/"},{"@type":"ListItem","position":3,"name":"Redes","item":"https:\/\/compuviper.mx\/tienda\/categoria-producto\/redes\/"},{"@type":"ListItem","position":4,"name":"Switch","item":"https:\/\/compuviper.mx\/tienda\/categoria-producto\/redes\/switch\/"},{"@type":"ListItem","position":5,"name":"Tp Link Tl-sg1024de Switch Inteligente Tp-link No Administrable 24 Puertos Rj45 10\/100\/1000mbps"}]},{"@type":"WebSite","@id":"https:\/\/compuviper.mx\/tienda\/#website","url":"https:\/\/compuviper.mx\/tienda\/","name":"Compuviper","description":"Proveedor de Computadoras, Laptops, Servidores, Monitores, Puntos de Venta, Teclados,   Impresoras, T\u00f3ner, C\u00e1maras de Seguridad y m\u00e1s en tu tienda en l\u00ednea","publisher":{"@id":"https:\/\/compuviper.mx\/tienda\/#organization"},"potentialAction":[{"@type":"SearchAction","target":{"@type":"EntryPoint","urlTemplate":"https:\/\/compuviper.mx\/tienda\/?s={search_term_string}"},"query-input":"required name=search_term_string"}],"inLanguage":"es-MX"},{"@type":"Organization","@id":"https:\/\/compuviper.mx\/tienda\/#organization","name":"Compuviper","url":"https:\/\/compuviper.mx\/tienda\/","logo":{"@type":"ImageObject","inLanguage":"es-MX","@id":"https:\/\/compuviper.mx\/tienda\/#\/schema\/logo\/image\/","url":"https:\/\/compuviper.mx\/tienda\/wp-content\/uploads\/2021\/08\/Logo-Compuviper-10.png","contentUrl":"https:\/\/compuviper.mx\/tienda\/wp-content\/uploads\/2021\/08\/Logo-Compuviper-10.png","width":1000,"height":500,"caption":"Compuviper"},"image":{"@id":"https:\/\/compuviper.mx\/tienda\/#\/schema\/logo\/image\/"},"sameAs":["https:\/\/www.facebook.com\/compuviper","https:\/\/www.youtube.com\/channel\/UCf73dERp9Y3cfOq7q8BhLjA?view_as=subscriber"]}]},"product_brand":"TP LINK","product_price_amount":"1627","product_price_currency":"MXN","og_availability":"backorder","product_availability":"available for order","product_retailer_item_id":"TL-SG1024DE","product_condition":"new"},"_links":{"self":[{"href":"https:\/\/compuviper.mx\/tienda\/wp-json\/wp\/v2\/product\/232725"}],"collection":[{"href":"https:\/\/compuviper.mx\/tienda\/wp-json\/wp\/v2\/product"}],"about":[{"href":"https:\/\/compuviper.mx\/tienda\/wp-json\/wp\/v2\/types\/product"}],"replies":[{"embeddable":true,"href":"https:\/\/compuviper.mx\/tienda\/wp-json\/wp\/v2\/comments?post=232725"}],"wp:featuredmedia":[{"embeddable":true,"href":"https:\/\/compuviper.mx\/tienda\/wp-json\/wp\/v2\/media\/242839"}],"wp:attachment":[{"href":"https:\/\/compuviper.mx\/tienda\/wp-json\/wp\/v2\/media?parent=232725"}],"wp:term":[{"taxonomy":"product_cat","embeddable":true,"href":"https:\/\/compuviper.mx\/tienda\/wp-json\/wp\/v2\/product_cat?post=232725"},{"taxonomy":"product_tag","embeddable":true,"href":"https:\/\/compuviper.mx\/tienda\/wp-json\/wp\/v2\/product_tag?post=232725"}],"curies":[{"name":"wp","href":"https:\/\/api.w.org\/{rel}","templated":true}]}}