{"id":231785,"date":"2026-04-10T23:29:14","date_gmt":"2026-04-11T05:29:14","guid":{"rendered":"https:\/\/compuviper.mx\/tienda\/producto\/ghia-gluv1-lampara-detectora-de-billetes-falsos-y-documentos-oficiales-luz-uv-9w\/"},"modified":"2026-04-10T23:29:14","modified_gmt":"2026-04-11T05:29:14","slug":"ghia-gluv1-lampara-detectora-de-billetes-falsos-y-documentos-oficiales-luz-uv-negra","status":"publish","type":"product","link":"https:\/\/compuviper.mx\/tienda\/producto\/ghia-gluv1-lampara-detectora-de-billetes-falsos-y-documentos-oficiales-luz-uv-negra\/","title":{"rendered":"Ghia Gluv1 Lampara Detectora De Billetes Falsos Y Documentos Oficiales   \/ Luz Uv \/ Negra"},"content":{"rendered":"<table class=\"descripcion\">\n<tr>\n<td>&#8211; detector uv(ultravioleta),<\/td>\n<\/tr>\n<tr>\n<td>Wm (marca de agua) y lente de aumento.<\/td>\n<\/tr>\n<tr>\n<td>&#8211; funciona con todo tipo de billetes<\/td>\n<\/tr>\n<tr>\n<td>&#8211; f\u00e1cil y seguro de usar.<\/td>\n<\/tr>\n<tr>\n<td>&#8211; l\u00e1mpara u fosforescente, con amplia \u00e1rea de detecci\u00f3n.<\/td>\n<\/tr>\n<\/table>\n","protected":false},"excerpt":{"rendered":"<p>Qu\u00edtate de las preocupaciones y detecta los billetes falsos con la l\u00e1mpara ghia. Gracias a su luz uv podr\u00e1s detectar los rasgos de los billetes y con su lupa tendr\u00e1s una vista m\u00e1s detallada. Puedes usarla para billetes de cualquier divisa y para documentos oficiales. Para un excelente manejo de tu efectivo, puedes agregar el contador de billetes gbc1 de la l\u00ednea de punto de venta ghia.<\/p>\n","protected":false},"featured_media":231786,"comment_status":"open","ping_status":"open","template":"","meta":[],"product_cat":[1485,1587],"product_tag":[1548],"acf":[],"yoast_head":"<!-- This site is optimized with the Yoast SEO plugin v21.7 - https:\/\/yoast.com\/wordpress\/plugins\/seo\/ -->\n<title>[ Ghia ] &#129351; Gluv1 Lampara Detectora De Billetes Falsos Y Documentos Oficiales \/ Luz Uv \/ Negra<\/title>\n<meta name=\"description\" content=\"Compra Gluv1 Lampara Detectora De Billetes Falsos Y Documentos Oficiales \/ Luz Uv \/ Negra + Env\u00edo a domicilio + Pago seguro + Garant\u00eda\" \/>\n<meta name=\"robots\" content=\"index, follow, max-snippet:-1, max-image-preview:large, max-video-preview:-1\" \/>\n<link rel=\"canonical\" href=\"https:\/\/compuviper.mx\/tienda\/producto\/ghia-gluv1-lampara-detectora-de-billetes-falsos-y-documentos-oficiales-luz-uv-negra\/\" \/>\n<meta property=\"og:locale\" content=\"es_MX\" \/>\n<meta property=\"og:type\" content=\"article\" \/>\n<meta property=\"og:title\" content=\"[ Ghia ] &#129351; Gluv1 Lampara Detectora De Billetes Falsos Y Documentos Oficiales \/ Luz Uv \/ Negra\" \/>\n<meta property=\"og:description\" content=\"Compra Gluv1 Lampara Detectora De Billetes Falsos Y Documentos Oficiales \/ Luz Uv \/ Negra + Env\u00edo a domicilio + Pago seguro + Garant\u00eda\" \/>\n<meta property=\"og:url\" content=\"https:\/\/compuviper.mx\/tienda\/producto\/ghia-gluv1-lampara-detectora-de-billetes-falsos-y-documentos-oficiales-luz-uv-negra\/\" \/>\n<meta property=\"og:site_name\" content=\"Compuviper\" \/>\n<meta property=\"article:publisher\" content=\"https:\/\/www.facebook.com\/compuviper\" \/>\n<meta property=\"og:image\" content=\"https:\/\/compuviper.mx\/tienda\/wp-content\/uploads\/2024\/03\/Lampara-detectora-de-billetes-falsos-y-documentos-oficiales-ghia-luz-uv-9w.jpg\" \/>\n\t<meta property=\"og:image:width\" content=\"200\" \/>\n\t<meta property=\"og:image:height\" content=\"200\" \/>\n\t<meta property=\"og:image:type\" content=\"image\/jpeg\" \/>\n<meta name=\"twitter:card\" content=\"summary_large_image\" \/>\n<meta name=\"twitter:label1\" content=\"Precio\" \/>\n\t<meta name=\"twitter:data1\" content=\"&#36;212 con IVA\" \/>\n\t<meta name=\"twitter:label2\" content=\"Availability\" \/>\n\t<meta name=\"twitter:data2\" content=\"In stock\" \/>\n<script type=\"application\/ld+json\" class=\"yoast-schema-graph\">{\"@context\":\"https:\/\/schema.org\",\"@graph\":[{\"@type\":\"WebPage\",\"@id\":\"https:\/\/compuviper.mx\/tienda\/producto\/ghia-gluv1-lampara-detectora-de-billetes-falsos-y-documentos-oficiales-luz-uv-negra\/\",\"url\":\"https:\/\/compuviper.mx\/tienda\/producto\/ghia-gluv1-lampara-detectora-de-billetes-falsos-y-documentos-oficiales-luz-uv-negra\/\",\"name\":\"[ Ghia ] &#129351; Gluv1 Lampara Detectora De Billetes Falsos Y Documentos Oficiales \/ Luz Uv \/ Negra\",\"isPartOf\":{\"@id\":\"https:\/\/compuviper.mx\/tienda\/#website\"},\"datePublished\":\"2026-04-11T05:29:14+00:00\",\"dateModified\":\"2026-04-11T05:29:14+00:00\",\"description\":\"Compra Gluv1 Lampara Detectora De Billetes Falsos Y Documentos Oficiales \/ Luz Uv \/ Negra + Env\u00edo a domicilio + Pago seguro + Garant\u00eda\",\"breadcrumb\":{\"@id\":\"https:\/\/compuviper.mx\/tienda\/producto\/ghia-gluv1-lampara-detectora-de-billetes-falsos-y-documentos-oficiales-luz-uv-negra\/#breadcrumb\"},\"inLanguage\":\"es-MX\",\"potentialAction\":[{\"@type\":\"ReadAction\",\"target\":[\"https:\/\/compuviper.mx\/tienda\/producto\/ghia-gluv1-lampara-detectora-de-billetes-falsos-y-documentos-oficiales-luz-uv-negra\/\"]}]},{\"@type\":\"BreadcrumbList\",\"@id\":\"https:\/\/compuviper.mx\/tienda\/producto\/ghia-gluv1-lampara-detectora-de-billetes-falsos-y-documentos-oficiales-luz-uv-negra\/#breadcrumb\",\"itemListElement\":[{\"@type\":\"ListItem\",\"position\":1,\"name\":\"Inicio\",\"item\":\"https:\/\/compuviper.mx\/tienda\/\"},{\"@type\":\"ListItem\",\"position\":2,\"name\":\"Productos\",\"item\":\"https:\/\/compuviper.mx\/tienda\/productos\/\"},{\"@type\":\"ListItem\",\"position\":3,\"name\":\"Accesorios\",\"item\":\"https:\/\/compuviper.mx\/tienda\/categoria-producto\/accesorios\/\"},{\"@type\":\"ListItem\",\"position\":4,\"name\":\"Punto De Venta\",\"item\":\"https:\/\/compuviper.mx\/tienda\/categoria-producto\/accesorios\/punto-de-venta\/\"},{\"@type\":\"ListItem\",\"position\":5,\"name\":\"Ghia Gluv1 Lampara Detectora De Billetes Falsos Y Documentos Oficiales \/ Luz Uv \/ Negra\"}]},{\"@type\":\"WebSite\",\"@id\":\"https:\/\/compuviper.mx\/tienda\/#website\",\"url\":\"https:\/\/compuviper.mx\/tienda\/\",\"name\":\"Compuviper\",\"description\":\"Proveedor de Computadoras, Laptops, Servidores, Monitores, Puntos de Venta, Teclados,   Impresoras, T\u00f3ner, C\u00e1maras de Seguridad y m\u00e1s en tu tienda en l\u00ednea\",\"publisher\":{\"@id\":\"https:\/\/compuviper.mx\/tienda\/#organization\"},\"potentialAction\":[{\"@type\":\"SearchAction\",\"target\":{\"@type\":\"EntryPoint\",\"urlTemplate\":\"https:\/\/compuviper.mx\/tienda\/?s={search_term_string}\"},\"query-input\":\"required name=search_term_string\"}],\"inLanguage\":\"es-MX\"},{\"@type\":\"Organization\",\"@id\":\"https:\/\/compuviper.mx\/tienda\/#organization\",\"name\":\"Compuviper\",\"url\":\"https:\/\/compuviper.mx\/tienda\/\",\"logo\":{\"@type\":\"ImageObject\",\"inLanguage\":\"es-MX\",\"@id\":\"https:\/\/compuviper.mx\/tienda\/#\/schema\/logo\/image\/\",\"url\":\"https:\/\/compuviper.mx\/tienda\/wp-content\/uploads\/2021\/08\/Logo-Compuviper-10.png\",\"contentUrl\":\"https:\/\/compuviper.mx\/tienda\/wp-content\/uploads\/2021\/08\/Logo-Compuviper-10.png\",\"width\":1000,\"height\":500,\"caption\":\"Compuviper\"},\"image\":{\"@id\":\"https:\/\/compuviper.mx\/tienda\/#\/schema\/logo\/image\/\"},\"sameAs\":[\"https:\/\/www.facebook.com\/compuviper\",\"https:\/\/www.youtube.com\/channel\/UCf73dERp9Y3cfOq7q8BhLjA?view_as=subscriber\"]}]}<\/script>\n<meta property=\"product:brand\" content=\"GHIA\" \/>\n<meta property=\"product:price:amount\" content=\"212\" \/>\n<meta property=\"product:price:currency\" content=\"MXN\" \/>\n<meta property=\"og:availability\" content=\"instock\" \/>\n<meta property=\"product:availability\" content=\"instock\" \/>\n<meta property=\"product:retailer_item_id\" content=\"GLUV1\" \/>\n<meta property=\"product:condition\" content=\"new\" \/>\n<!-- \/ Yoast SEO plugin. -->","yoast_head_json":{"title":"[ Ghia ] &#129351; Gluv1 Lampara Detectora De Billetes Falsos Y Documentos Oficiales \/ Luz Uv \/ Negra","description":"Compra Gluv1 Lampara Detectora De Billetes Falsos Y Documentos Oficiales \/ Luz Uv \/ Negra + Env\u00edo a domicilio + Pago seguro + Garant\u00eda","robots":{"index":"index","follow":"follow","max-snippet":"max-snippet:-1","max-image-preview":"max-image-preview:large","max-video-preview":"max-video-preview:-1"},"canonical":"https:\/\/compuviper.mx\/tienda\/producto\/ghia-gluv1-lampara-detectora-de-billetes-falsos-y-documentos-oficiales-luz-uv-negra\/","og_locale":"es_MX","og_type":"article","og_title":"[ Ghia ] &#129351; Gluv1 Lampara Detectora De Billetes Falsos Y Documentos Oficiales \/ Luz Uv \/ Negra","og_description":"Compra Gluv1 Lampara Detectora De Billetes Falsos Y Documentos Oficiales \/ Luz Uv \/ Negra + Env\u00edo a domicilio + Pago seguro + Garant\u00eda","og_url":"https:\/\/compuviper.mx\/tienda\/producto\/ghia-gluv1-lampara-detectora-de-billetes-falsos-y-documentos-oficiales-luz-uv-negra\/","og_site_name":"Compuviper","article_publisher":"https:\/\/www.facebook.com\/compuviper","og_image":[{"width":200,"height":200,"url":"https:\/\/compuviper.mx\/tienda\/wp-content\/uploads\/2024\/03\/Lampara-detectora-de-billetes-falsos-y-documentos-oficiales-ghia-luz-uv-9w.jpg","type":"image\/jpeg"}],"twitter_card":"summary_large_image","twitter_misc":{"Precio":"&#36;212 con IVA","Availability":"In stock"},"schema":{"@context":"https:\/\/schema.org","@graph":[{"@type":"WebPage","@id":"https:\/\/compuviper.mx\/tienda\/producto\/ghia-gluv1-lampara-detectora-de-billetes-falsos-y-documentos-oficiales-luz-uv-negra\/","url":"https:\/\/compuviper.mx\/tienda\/producto\/ghia-gluv1-lampara-detectora-de-billetes-falsos-y-documentos-oficiales-luz-uv-negra\/","name":"[ Ghia ] &#129351; Gluv1 Lampara Detectora De Billetes Falsos Y Documentos Oficiales \/ Luz Uv \/ Negra","isPartOf":{"@id":"https:\/\/compuviper.mx\/tienda\/#website"},"datePublished":"2026-04-11T05:29:14+00:00","dateModified":"2026-04-11T05:29:14+00:00","description":"Compra Gluv1 Lampara Detectora De Billetes Falsos Y Documentos Oficiales \/ Luz Uv \/ Negra + Env\u00edo a domicilio + Pago seguro + Garant\u00eda","breadcrumb":{"@id":"https:\/\/compuviper.mx\/tienda\/producto\/ghia-gluv1-lampara-detectora-de-billetes-falsos-y-documentos-oficiales-luz-uv-negra\/#breadcrumb"},"inLanguage":"es-MX","potentialAction":[{"@type":"ReadAction","target":["https:\/\/compuviper.mx\/tienda\/producto\/ghia-gluv1-lampara-detectora-de-billetes-falsos-y-documentos-oficiales-luz-uv-negra\/"]}]},{"@type":"BreadcrumbList","@id":"https:\/\/compuviper.mx\/tienda\/producto\/ghia-gluv1-lampara-detectora-de-billetes-falsos-y-documentos-oficiales-luz-uv-negra\/#breadcrumb","itemListElement":[{"@type":"ListItem","position":1,"name":"Inicio","item":"https:\/\/compuviper.mx\/tienda\/"},{"@type":"ListItem","position":2,"name":"Productos","item":"https:\/\/compuviper.mx\/tienda\/productos\/"},{"@type":"ListItem","position":3,"name":"Accesorios","item":"https:\/\/compuviper.mx\/tienda\/categoria-producto\/accesorios\/"},{"@type":"ListItem","position":4,"name":"Punto De Venta","item":"https:\/\/compuviper.mx\/tienda\/categoria-producto\/accesorios\/punto-de-venta\/"},{"@type":"ListItem","position":5,"name":"Ghia Gluv1 Lampara Detectora De Billetes Falsos Y Documentos Oficiales \/ Luz Uv \/ Negra"}]},{"@type":"WebSite","@id":"https:\/\/compuviper.mx\/tienda\/#website","url":"https:\/\/compuviper.mx\/tienda\/","name":"Compuviper","description":"Proveedor de Computadoras, Laptops, Servidores, Monitores, Puntos de Venta, Teclados,   Impresoras, T\u00f3ner, C\u00e1maras de Seguridad y m\u00e1s en tu tienda en l\u00ednea","publisher":{"@id":"https:\/\/compuviper.mx\/tienda\/#organization"},"potentialAction":[{"@type":"SearchAction","target":{"@type":"EntryPoint","urlTemplate":"https:\/\/compuviper.mx\/tienda\/?s={search_term_string}"},"query-input":"required name=search_term_string"}],"inLanguage":"es-MX"},{"@type":"Organization","@id":"https:\/\/compuviper.mx\/tienda\/#organization","name":"Compuviper","url":"https:\/\/compuviper.mx\/tienda\/","logo":{"@type":"ImageObject","inLanguage":"es-MX","@id":"https:\/\/compuviper.mx\/tienda\/#\/schema\/logo\/image\/","url":"https:\/\/compuviper.mx\/tienda\/wp-content\/uploads\/2021\/08\/Logo-Compuviper-10.png","contentUrl":"https:\/\/compuviper.mx\/tienda\/wp-content\/uploads\/2021\/08\/Logo-Compuviper-10.png","width":1000,"height":500,"caption":"Compuviper"},"image":{"@id":"https:\/\/compuviper.mx\/tienda\/#\/schema\/logo\/image\/"},"sameAs":["https:\/\/www.facebook.com\/compuviper","https:\/\/www.youtube.com\/channel\/UCf73dERp9Y3cfOq7q8BhLjA?view_as=subscriber"]}]},"product_brand":"GHIA","product_price_amount":"212","product_price_currency":"MXN","og_availability":"instock","product_availability":"instock","product_retailer_item_id":"GLUV1","product_condition":"new"},"_links":{"self":[{"href":"https:\/\/compuviper.mx\/tienda\/wp-json\/wp\/v2\/product\/231785"}],"collection":[{"href":"https:\/\/compuviper.mx\/tienda\/wp-json\/wp\/v2\/product"}],"about":[{"href":"https:\/\/compuviper.mx\/tienda\/wp-json\/wp\/v2\/types\/product"}],"replies":[{"embeddable":true,"href":"https:\/\/compuviper.mx\/tienda\/wp-json\/wp\/v2\/comments?post=231785"}],"wp:featuredmedia":[{"embeddable":true,"href":"https:\/\/compuviper.mx\/tienda\/wp-json\/wp\/v2\/media\/231786"}],"wp:attachment":[{"href":"https:\/\/compuviper.mx\/tienda\/wp-json\/wp\/v2\/media?parent=231785"}],"wp:term":[{"taxonomy":"product_cat","embeddable":true,"href":"https:\/\/compuviper.mx\/tienda\/wp-json\/wp\/v2\/product_cat?post=231785"},{"taxonomy":"product_tag","embeddable":true,"href":"https:\/\/compuviper.mx\/tienda\/wp-json\/wp\/v2\/product_tag?post=231785"}],"curies":[{"name":"wp","href":"https:\/\/api.w.org\/{rel}","templated":true}]}}