{"id":231502,"date":"2026-04-24T23:21:54","date_gmt":"2026-04-25T05:21:54","guid":{"rendered":"https:\/\/compuviper.mx\/tienda\/producto\/tripp-lite-srw12us-rack-gabinete-de-12u-para-instalar-en-pared-smartrack\/"},"modified":"2026-04-24T23:21:54","modified_gmt":"2026-04-25T05:21:54","slug":"tripp-lite-srw12us037332148674-rack-srw12us-gabinete-de-12u-para-instalar-en-pared-smartrack","status":"publish","type":"product","link":"https:\/\/compuviper.mx\/tienda\/producto\/tripp-lite-srw12us037332148674-rack-srw12us-gabinete-de-12u-para-instalar-en-pared-smartrack\/","title":{"rendered":"Tripp-lite Srw12us,037332148674 Rack  Srw12us Gabinete De 12u Para Instalar En Pared Smartrack"},"content":{"rendered":"<table class=\"descripcion\">\n<tr>\n<td>Rack tripp-lite srw12us gabinete de 12u para instalar en pared smartrack<\/td>\n<\/tr>\n<tr>\n<td>12u con rieles delanteros y traseros ajustables para instalaci\u00f3n vertical en racks<\/td>\n<\/tr>\n<tr>\n<td>El gabinete con bisagras se puede alejar del soporte de la pared para permitir un f\u00e1cil acceso a los equipos (la direcci\u00f3n de giro es reversible)<\/td>\n<\/tr>\n<tr>\n<td>Puerta frontal reversible con cerradura, paneles laterales desmontables<\/td>\n<\/tr>\n<tr>\n<td>Totalmente ensamblado para una r\u00e1pida instalaci\u00f3n<\/td>\n<\/tr>\n<tr>\n<td>Cumple con todos los requerimientos para la compatibilidad con pci dss (payment card industry data security standard [est\u00e1ndar para seguridad de datos de la industria de tarjetas de pago])<\/td>\n<\/tr>\n<tr>\n<td>Especificaciones<\/td>\n<\/tr>\n<tr>\n<td>Generalidades<\/td>\n<\/tr>\n<tr>\n<td>C\u00f3digo upc 037332148674<\/td>\n<\/tr>\n<tr>\n<td>Tipo de rack gabinete<\/td>\n<\/tr>\n<tr>\n<td>F\u00edsicas<\/td>\n<\/tr>\n<tr>\n<td>Color negro<\/td>\n<\/tr>\n<tr>\n<td>Profundidad del rack predeterminada de f\u00e1brica (cm) 26.5<\/td>\n<\/tr>\n<tr>\n<td>Profundidad del rack predeterminada de f\u00e1brica (mm) 265<\/td>\n<\/tr>\n<tr>\n<td>Profundidad m\u00e1xima del dispositivo (cm) 52.07<\/td>\n<\/tr>\n<tr>\n<td>Profundidad m\u00e1xima del dispositivo (mm) 521<\/td>\n<\/tr>\n<tr>\n<td>Profundidad m\u00ednima del dispositivo (cm) 7.62<\/td>\n<\/tr>\n<tr>\n<td>Profundidad m\u00ednima del dispositivo (mm) 76<\/td>\n<\/tr>\n<tr>\n<td>Altura del rack 12u<\/td>\n<\/tr>\n<tr>\n<td>Dimensiones de envi\u00f3 (al x an x pr \/ cm) 61.72 x 66.04 x 70.61<\/td>\n<\/tr>\n<tr>\n<td>Peso de env\u00edo (kg) 29.03<\/td>\n<\/tr>\n<tr>\n<td>Dimensiones de la unidad (al x an x pr \/ cm) 63.5 x 60 x 54.86<\/td>\n<\/tr>\n<tr>\n<td>Peso de la unidad (kg) 27.22<\/td>\n<\/tr>\n<tr>\n<td>Capacidad de peso &#8211; estacionaria (kg) 91<\/td>\n<\/tr>\n<tr>\n<td>Profundidad de rack poco profundo<\/td>\n<\/tr>\n<tr>\n<td>Funciones especiales<\/td>\n<\/tr>\n<tr>\n<td>Poste de conexi\u00f3n a tierra marcos de puerta delantera y trasera<\/td>\n<\/tr>\n<tr>\n<td>Est\u00e1ndares y compatibilidad<\/td>\n<\/tr>\n<tr>\n<td>Aprobaciones ul\/csa 60950-1, iec 60297-3-100, capacidad de protecci\u00f3n ip20, rohs<\/td>\n<\/tr>\n<tr>\n<td>Garant\u00eda<\/td>\n<\/tr>\n<tr>\n<td>Periodo de garant\u00eda del producto (a nivel mundial) garant\u00eda limitada por 5 a\u00f1os<\/td>\n<\/tr>\n<\/table>\n","protected":false},"excerpt":{"rendered":"<p>El gabinete para instalaci\u00f3n en pared srw12us de tripp lite es la soluci\u00f3n de almacenamiento ideal para equipo est\u00e1ndar para instalaci\u00f3n en rack en aplicaciones con espacio de piso limitado. Construido con un soporte abisagrado para instalaci\u00f3n en pared y un robusto marco de acero, puede acomodar 907 kg [200 lbs.] de equipo en un espacio de rack de 12 u. Cuatro rieles de instalaci\u00f3n verticales con orificios cuadrados acomodan todo el equipo para rack est\u00e1ndar de 19 pulgadas. Para permitir un f\u00e1cil acceso al equipo instalado en el rack, el gabinete est\u00e1 abisagrado para girar alej\u00e1ndose del soporte de instalaci\u00f3n en la pared. El srw12us cuenta adem\u00e1s con paneles laterales y puerta frontal asegurables, perforados, garantizando un flujo de aire generoso para mantener al equipo funcionando con seguridad. La puerta frontal es reversible y los paneles laterales son removibles para f\u00e1cil acceso al equipo. Los paneles superior e inferior del gabinete incluye convenientes puertos para conducci\u00f3n del cable.<\/p>\n","protected":false},"featured_media":231782,"comment_status":"open","ping_status":"open","template":"","meta":[],"product_cat":[1493,1494],"product_tag":[1510],"acf":[],"yoast_head":"<!-- This site is optimized with the Yoast SEO plugin v21.7 - https:\/\/yoast.com\/wordpress\/plugins\/seo\/ -->\n<title>[ Tripp-lite ] &#129351; Srw12us,037332148674 Rack Srw12us Gabinete De 12u Para Instalar En Pared Smartrack<\/title>\n<meta name=\"description\" content=\"Compra Srw12us,037332148674 Rack Srw12us Gabinete De 12u Para Instalar En Pared Smartrack + Env\u00edo a domicilio + Pago seguro + Garant\u00eda\" \/>\n<meta name=\"robots\" content=\"index, follow, max-snippet:-1, max-image-preview:large, max-video-preview:-1\" \/>\n<link rel=\"canonical\" href=\"https:\/\/compuviper.mx\/tienda\/producto\/tripp-lite-srw12us037332148674-rack-srw12us-gabinete-de-12u-para-instalar-en-pared-smartrack\/\" \/>\n<meta property=\"og:locale\" content=\"es_MX\" \/>\n<meta property=\"og:type\" content=\"article\" \/>\n<meta property=\"og:title\" content=\"[ Tripp-lite ] &#129351; Srw12us,037332148674 Rack Srw12us Gabinete De 12u Para Instalar En Pared Smartrack\" \/>\n<meta property=\"og:description\" content=\"Compra Srw12us,037332148674 Rack Srw12us Gabinete De 12u Para Instalar En Pared Smartrack + Env\u00edo a domicilio + Pago seguro + Garant\u00eda\" \/>\n<meta property=\"og:url\" content=\"https:\/\/compuviper.mx\/tienda\/producto\/tripp-lite-srw12us037332148674-rack-srw12us-gabinete-de-12u-para-instalar-en-pared-smartrack\/\" \/>\n<meta property=\"og:site_name\" content=\"Compuviper\" \/>\n<meta property=\"article:publisher\" content=\"https:\/\/www.facebook.com\/compuviper\" \/>\n<meta property=\"og:image\" content=\"https:\/\/compuviper.mx\/tienda\/wp-content\/uploads\/2024\/03\/Rack-tripp-lite-srw12us-gabinete-de-12u-para-instalar-en-pared-smartrack.jpg\" \/>\n\t<meta property=\"og:image:width\" content=\"200\" \/>\n\t<meta property=\"og:image:height\" content=\"200\" \/>\n\t<meta property=\"og:image:type\" content=\"image\/jpeg\" \/>\n<meta name=\"twitter:card\" content=\"summary_large_image\" \/>\n<meta name=\"twitter:label1\" content=\"Precio\" \/>\n\t<meta name=\"twitter:data1\" content=\"&#36;5,574 con IVA\" \/>\n\t<meta name=\"twitter:label2\" content=\"Availability\" \/>\n\t<meta name=\"twitter:data2\" content=\"On backorder\" \/>\n<script type=\"application\/ld+json\" class=\"yoast-schema-graph\">{\"@context\":\"https:\/\/schema.org\",\"@graph\":[{\"@type\":\"WebPage\",\"@id\":\"https:\/\/compuviper.mx\/tienda\/producto\/tripp-lite-srw12us037332148674-rack-srw12us-gabinete-de-12u-para-instalar-en-pared-smartrack\/\",\"url\":\"https:\/\/compuviper.mx\/tienda\/producto\/tripp-lite-srw12us037332148674-rack-srw12us-gabinete-de-12u-para-instalar-en-pared-smartrack\/\",\"name\":\"[ Tripp-lite ] &#129351; Srw12us,037332148674 Rack Srw12us Gabinete De 12u Para Instalar En Pared Smartrack\",\"isPartOf\":{\"@id\":\"https:\/\/compuviper.mx\/tienda\/#website\"},\"datePublished\":\"2026-04-25T05:21:54+00:00\",\"dateModified\":\"2026-04-25T05:21:54+00:00\",\"description\":\"Compra Srw12us,037332148674 Rack Srw12us Gabinete De 12u Para Instalar En Pared Smartrack + Env\u00edo a domicilio + Pago seguro + Garant\u00eda\",\"breadcrumb\":{\"@id\":\"https:\/\/compuviper.mx\/tienda\/producto\/tripp-lite-srw12us037332148674-rack-srw12us-gabinete-de-12u-para-instalar-en-pared-smartrack\/#breadcrumb\"},\"inLanguage\":\"es-MX\",\"potentialAction\":[{\"@type\":\"ReadAction\",\"target\":[\"https:\/\/compuviper.mx\/tienda\/producto\/tripp-lite-srw12us037332148674-rack-srw12us-gabinete-de-12u-para-instalar-en-pared-smartrack\/\"]}]},{\"@type\":\"BreadcrumbList\",\"@id\":\"https:\/\/compuviper.mx\/tienda\/producto\/tripp-lite-srw12us037332148674-rack-srw12us-gabinete-de-12u-para-instalar-en-pared-smartrack\/#breadcrumb\",\"itemListElement\":[{\"@type\":\"ListItem\",\"position\":1,\"name\":\"Inicio\",\"item\":\"https:\/\/compuviper.mx\/tienda\/\"},{\"@type\":\"ListItem\",\"position\":2,\"name\":\"Productos\",\"item\":\"https:\/\/compuviper.mx\/tienda\/productos\/\"},{\"@type\":\"ListItem\",\"position\":3,\"name\":\"Gabinete De Rack\",\"item\":\"https:\/\/compuviper.mx\/tienda\/categoria-producto\/gabinete-de-rack\/\"},{\"@type\":\"ListItem\",\"position\":4,\"name\":\"Sin Categor\u00eda\",\"item\":\"https:\/\/compuviper.mx\/tienda\/categoria-producto\/gabinete-de-rack\/sin-categoria-gabinete-de-rack\/\"},{\"@type\":\"ListItem\",\"position\":5,\"name\":\"Tripp-lite Srw12us,037332148674 Rack Srw12us Gabinete De 12u Para Instalar En Pared Smartrack\"}]},{\"@type\":\"WebSite\",\"@id\":\"https:\/\/compuviper.mx\/tienda\/#website\",\"url\":\"https:\/\/compuviper.mx\/tienda\/\",\"name\":\"Compuviper\",\"description\":\"Proveedor de Computadoras, Laptops, Servidores, Monitores, Puntos de Venta, Teclados,   Impresoras, T\u00f3ner, C\u00e1maras de Seguridad y m\u00e1s en tu tienda en l\u00ednea\",\"publisher\":{\"@id\":\"https:\/\/compuviper.mx\/tienda\/#organization\"},\"potentialAction\":[{\"@type\":\"SearchAction\",\"target\":{\"@type\":\"EntryPoint\",\"urlTemplate\":\"https:\/\/compuviper.mx\/tienda\/?s={search_term_string}\"},\"query-input\":\"required name=search_term_string\"}],\"inLanguage\":\"es-MX\"},{\"@type\":\"Organization\",\"@id\":\"https:\/\/compuviper.mx\/tienda\/#organization\",\"name\":\"Compuviper\",\"url\":\"https:\/\/compuviper.mx\/tienda\/\",\"logo\":{\"@type\":\"ImageObject\",\"inLanguage\":\"es-MX\",\"@id\":\"https:\/\/compuviper.mx\/tienda\/#\/schema\/logo\/image\/\",\"url\":\"https:\/\/compuviper.mx\/tienda\/wp-content\/uploads\/2021\/08\/Logo-Compuviper-10.png\",\"contentUrl\":\"https:\/\/compuviper.mx\/tienda\/wp-content\/uploads\/2021\/08\/Logo-Compuviper-10.png\",\"width\":1000,\"height\":500,\"caption\":\"Compuviper\"},\"image\":{\"@id\":\"https:\/\/compuviper.mx\/tienda\/#\/schema\/logo\/image\/\"},\"sameAs\":[\"https:\/\/www.facebook.com\/compuviper\",\"https:\/\/www.youtube.com\/channel\/UCf73dERp9Y3cfOq7q8BhLjA?view_as=subscriber\"]}]}<\/script>\n<meta property=\"product:brand\" content=\"TRIPP-LITE\" \/>\n<meta property=\"product:price:amount\" content=\"5574\" \/>\n<meta property=\"product:price:currency\" content=\"MXN\" \/>\n<meta property=\"og:availability\" content=\"backorder\" \/>\n<meta property=\"product:availability\" content=\"available for order\" \/>\n<meta property=\"product:retailer_item_id\" content=\"SRW12US,037332148674\" \/>\n<meta property=\"product:condition\" content=\"new\" \/>\n<!-- \/ Yoast SEO plugin. -->","yoast_head_json":{"title":"[ Tripp-lite ] &#129351; Srw12us,037332148674 Rack Srw12us Gabinete De 12u Para Instalar En Pared Smartrack","description":"Compra Srw12us,037332148674 Rack Srw12us Gabinete De 12u Para Instalar En Pared Smartrack + Env\u00edo a domicilio + Pago seguro + Garant\u00eda","robots":{"index":"index","follow":"follow","max-snippet":"max-snippet:-1","max-image-preview":"max-image-preview:large","max-video-preview":"max-video-preview:-1"},"canonical":"https:\/\/compuviper.mx\/tienda\/producto\/tripp-lite-srw12us037332148674-rack-srw12us-gabinete-de-12u-para-instalar-en-pared-smartrack\/","og_locale":"es_MX","og_type":"article","og_title":"[ Tripp-lite ] &#129351; Srw12us,037332148674 Rack Srw12us Gabinete De 12u Para Instalar En Pared Smartrack","og_description":"Compra Srw12us,037332148674 Rack Srw12us Gabinete De 12u Para Instalar En Pared Smartrack + Env\u00edo a domicilio + Pago seguro + Garant\u00eda","og_url":"https:\/\/compuviper.mx\/tienda\/producto\/tripp-lite-srw12us037332148674-rack-srw12us-gabinete-de-12u-para-instalar-en-pared-smartrack\/","og_site_name":"Compuviper","article_publisher":"https:\/\/www.facebook.com\/compuviper","og_image":[{"width":200,"height":200,"url":"https:\/\/compuviper.mx\/tienda\/wp-content\/uploads\/2024\/03\/Rack-tripp-lite-srw12us-gabinete-de-12u-para-instalar-en-pared-smartrack.jpg","type":"image\/jpeg"}],"twitter_card":"summary_large_image","twitter_misc":{"Precio":"&#36;5,574 con IVA","Availability":"On backorder"},"schema":{"@context":"https:\/\/schema.org","@graph":[{"@type":"WebPage","@id":"https:\/\/compuviper.mx\/tienda\/producto\/tripp-lite-srw12us037332148674-rack-srw12us-gabinete-de-12u-para-instalar-en-pared-smartrack\/","url":"https:\/\/compuviper.mx\/tienda\/producto\/tripp-lite-srw12us037332148674-rack-srw12us-gabinete-de-12u-para-instalar-en-pared-smartrack\/","name":"[ Tripp-lite ] &#129351; Srw12us,037332148674 Rack Srw12us Gabinete De 12u Para Instalar En Pared Smartrack","isPartOf":{"@id":"https:\/\/compuviper.mx\/tienda\/#website"},"datePublished":"2026-04-25T05:21:54+00:00","dateModified":"2026-04-25T05:21:54+00:00","description":"Compra Srw12us,037332148674 Rack Srw12us Gabinete De 12u Para Instalar En Pared Smartrack + Env\u00edo a domicilio + Pago seguro + Garant\u00eda","breadcrumb":{"@id":"https:\/\/compuviper.mx\/tienda\/producto\/tripp-lite-srw12us037332148674-rack-srw12us-gabinete-de-12u-para-instalar-en-pared-smartrack\/#breadcrumb"},"inLanguage":"es-MX","potentialAction":[{"@type":"ReadAction","target":["https:\/\/compuviper.mx\/tienda\/producto\/tripp-lite-srw12us037332148674-rack-srw12us-gabinete-de-12u-para-instalar-en-pared-smartrack\/"]}]},{"@type":"BreadcrumbList","@id":"https:\/\/compuviper.mx\/tienda\/producto\/tripp-lite-srw12us037332148674-rack-srw12us-gabinete-de-12u-para-instalar-en-pared-smartrack\/#breadcrumb","itemListElement":[{"@type":"ListItem","position":1,"name":"Inicio","item":"https:\/\/compuviper.mx\/tienda\/"},{"@type":"ListItem","position":2,"name":"Productos","item":"https:\/\/compuviper.mx\/tienda\/productos\/"},{"@type":"ListItem","position":3,"name":"Gabinete De Rack","item":"https:\/\/compuviper.mx\/tienda\/categoria-producto\/gabinete-de-rack\/"},{"@type":"ListItem","position":4,"name":"Sin Categor\u00eda","item":"https:\/\/compuviper.mx\/tienda\/categoria-producto\/gabinete-de-rack\/sin-categoria-gabinete-de-rack\/"},{"@type":"ListItem","position":5,"name":"Tripp-lite Srw12us,037332148674 Rack Srw12us Gabinete De 12u Para Instalar En Pared Smartrack"}]},{"@type":"WebSite","@id":"https:\/\/compuviper.mx\/tienda\/#website","url":"https:\/\/compuviper.mx\/tienda\/","name":"Compuviper","description":"Proveedor de Computadoras, Laptops, Servidores, Monitores, Puntos de Venta, Teclados,   Impresoras, T\u00f3ner, C\u00e1maras de Seguridad y m\u00e1s en tu tienda en l\u00ednea","publisher":{"@id":"https:\/\/compuviper.mx\/tienda\/#organization"},"potentialAction":[{"@type":"SearchAction","target":{"@type":"EntryPoint","urlTemplate":"https:\/\/compuviper.mx\/tienda\/?s={search_term_string}"},"query-input":"required name=search_term_string"}],"inLanguage":"es-MX"},{"@type":"Organization","@id":"https:\/\/compuviper.mx\/tienda\/#organization","name":"Compuviper","url":"https:\/\/compuviper.mx\/tienda\/","logo":{"@type":"ImageObject","inLanguage":"es-MX","@id":"https:\/\/compuviper.mx\/tienda\/#\/schema\/logo\/image\/","url":"https:\/\/compuviper.mx\/tienda\/wp-content\/uploads\/2021\/08\/Logo-Compuviper-10.png","contentUrl":"https:\/\/compuviper.mx\/tienda\/wp-content\/uploads\/2021\/08\/Logo-Compuviper-10.png","width":1000,"height":500,"caption":"Compuviper"},"image":{"@id":"https:\/\/compuviper.mx\/tienda\/#\/schema\/logo\/image\/"},"sameAs":["https:\/\/www.facebook.com\/compuviper","https:\/\/www.youtube.com\/channel\/UCf73dERp9Y3cfOq7q8BhLjA?view_as=subscriber"]}]},"product_brand":"TRIPP-LITE","product_price_amount":"5574","product_price_currency":"MXN","og_availability":"backorder","product_availability":"available for order","product_retailer_item_id":"SRW12US,037332148674","product_condition":"new"},"_links":{"self":[{"href":"https:\/\/compuviper.mx\/tienda\/wp-json\/wp\/v2\/product\/231502"}],"collection":[{"href":"https:\/\/compuviper.mx\/tienda\/wp-json\/wp\/v2\/product"}],"about":[{"href":"https:\/\/compuviper.mx\/tienda\/wp-json\/wp\/v2\/types\/product"}],"replies":[{"embeddable":true,"href":"https:\/\/compuviper.mx\/tienda\/wp-json\/wp\/v2\/comments?post=231502"}],"wp:featuredmedia":[{"embeddable":true,"href":"https:\/\/compuviper.mx\/tienda\/wp-json\/wp\/v2\/media\/231782"}],"wp:attachment":[{"href":"https:\/\/compuviper.mx\/tienda\/wp-json\/wp\/v2\/media?parent=231502"}],"wp:term":[{"taxonomy":"product_cat","embeddable":true,"href":"https:\/\/compuviper.mx\/tienda\/wp-json\/wp\/v2\/product_cat?post=231502"},{"taxonomy":"product_tag","embeddable":true,"href":"https:\/\/compuviper.mx\/tienda\/wp-json\/wp\/v2\/product_tag?post=231502"}],"curies":[{"name":"wp","href":"https:\/\/api.w.org\/{rel}","templated":true}]}}