{"id":231340,"date":"2026-04-08T02:02:25","date_gmt":"2026-04-08T08:02:25","guid":{"rendered":"https:\/\/compuviper.mx\/tienda\/producto\/acteck-ac-936378-bocinas-dynamic-exact-mini-bs475-inalambrica-10-w-sonido-estereo-bluetooth-aux-control-de-volumen-indicador-led\/"},"modified":"2026-04-08T02:02:25","modified_gmt":"2026-04-08T08:02:25","slug":"acteck-ac-936378-bocinas-dynamic-exact-mini-bs475-inalambrica-10-w-rms-sonido-estereo-2-0-conexion-bluetooth-aux-control-de-volumen-indicador-led-blanco","status":"publish","type":"product","link":"https:\/\/compuviper.mx\/tienda\/producto\/acteck-ac-936378-bocinas-dynamic-exact-mini-bs475-inalambrica-10-w-rms-sonido-estereo-2-0-conexion-bluetooth-aux-control-de-volumen-indicador-led-blanco\/","title":{"rendered":"Acteck Ac-936378 Bocinas  Dynamic Exact Mini Bs475 \/ Inalambrica \/ 10 W Rms \/ Sonido Estereo 2.0 \/ Conexion Bluetooth &#8211; Aux \/ Control De Volumen \/ Indicador Led \/ Blanco \/"},"content":{"rendered":"<table class=\"descripcion\">\n<tr>\n<td>Especificaciones<\/td>\n<\/tr>\n<tr>\n<td>Producto  bocinas inalambricas<\/td>\n<\/tr>\n<tr>\n<td>Modelo ac-936378<\/td>\n<\/tr>\n<tr>\n<td>Material abs<\/td>\n<\/tr>\n<tr>\n<td>Dimensiones 105 x 120 x 170 mm<\/td>\n<\/tr>\n<tr>\n<td>Peso 0.94 kg<\/td>\n<\/tr>\n<tr>\n<td>Sonido stereo 2.0<\/td>\n<\/tr>\n<tr>\n<td>Control de audio  botones frontales<\/td>\n<\/tr>\n<tr>\n<td>Bocinas<\/td>\n<\/tr>\n<tr>\n<td>Cantidad 2<\/td>\n<\/tr>\n<tr>\n<td>Medida 70 mm<\/td>\n<\/tr>\n<tr>\n<td>Frecuencia 50 hz- 18 khz<\/td>\n<\/tr>\n<tr>\n<td>Sensibilidad 85 db<\/td>\n<\/tr>\n<tr>\n<td>Potencia rms 5 w  2<\/td>\n<\/tr>\n<tr>\n<td>Impedancia  40  and 937;<\/td>\n<\/tr>\n<tr>\n<td>Alimentacion 9 vc.c. 2 a<\/td>\n<\/tr>\n<tr>\n<td>Tipo de conector adaptador de corriente<\/td>\n<\/tr>\n<tr>\n<td>Frecuencia inal\u00e1mbrica 2.4 mhz<\/td>\n<\/tr>\n<tr>\n<td>Garantia12 meses<\/td>\n<\/tr>\n<\/table>\n","protected":false},"excerpt":{"rendered":"<p>Bocina acteck dynamic exact mini bs475 \/ inalambrica \/ 10 w \/ sonido estereo \/ bt-aux \/ control de volumen \/ indicador led \/ 1 ao de garantia \/ ac-936378<\/p>\n","protected":false},"featured_media":234594,"comment_status":"open","ping_status":"open","template":"","meta":[],"product_cat":[1817,1818],"product_tag":[1582],"acf":[],"yoast_head":"<!-- This site is optimized with the Yoast SEO plugin v21.7 - https:\/\/yoast.com\/wordpress\/plugins\/seo\/ -->\n<title>[ Acteck ] &#129351; Ac-936378 Bocinas Dynamic Exact Mini Bs475 \/ Inalambrica \/ 10 W Rms \/ Sonido Estereo 2.0 \/ Conexion Bluetooth - Aux \/ Control De Volumen \/ Indicador Led \/ Blanco \/<\/title>\n<meta name=\"description\" content=\"Compra Ac-936378 Bocinas Dynamic Exact Mini Bs475 \/ Inalambrica \/ 10 W Rms \/ Sonido Estereo 2.0 \/ Conexion Bluetooth - Aux \/ Control De Volumen \/ Indicador Led \/ Blanco \/ + Env\u00edo a domicilio + Pago seguro + Garant\u00eda\" \/>\n<meta name=\"robots\" content=\"index, follow, max-snippet:-1, max-image-preview:large, max-video-preview:-1\" \/>\n<link rel=\"canonical\" href=\"https:\/\/compuviper.mx\/tienda\/producto\/acteck-ac-936378-bocinas-dynamic-exact-mini-bs475-inalambrica-10-w-rms-sonido-estereo-2-0-conexion-bluetooth-aux-control-de-volumen-indicador-led-blanco\/\" \/>\n<meta property=\"og:locale\" content=\"es_MX\" \/>\n<meta property=\"og:type\" content=\"article\" \/>\n<meta property=\"og:title\" content=\"[ Acteck ] &#129351; Ac-936378 Bocinas Dynamic Exact Mini Bs475 \/ Inalambrica \/ 10 W Rms \/ Sonido Estereo 2.0 \/ Conexion Bluetooth - Aux \/ Control De Volumen \/ Indicador Led \/ Blanco \/\" \/>\n<meta property=\"og:description\" content=\"Compra Ac-936378 Bocinas Dynamic Exact Mini Bs475 \/ Inalambrica \/ 10 W Rms \/ Sonido Estereo 2.0 \/ Conexion Bluetooth - Aux \/ Control De Volumen \/ Indicador Led \/ Blanco \/ + Env\u00edo a domicilio + Pago seguro + Garant\u00eda\" \/>\n<meta property=\"og:url\" content=\"https:\/\/compuviper.mx\/tienda\/producto\/acteck-ac-936378-bocinas-dynamic-exact-mini-bs475-inalambrica-10-w-rms-sonido-estereo-2-0-conexion-bluetooth-aux-control-de-volumen-indicador-led-blanco\/\" \/>\n<meta property=\"og:site_name\" content=\"Compuviper\" \/>\n<meta property=\"article:publisher\" content=\"https:\/\/www.facebook.com\/compuviper\" \/>\n<meta property=\"og:image\" content=\"https:\/\/compuviper.mx\/tienda\/wp-content\/uploads\/2024\/05\/Bocinas-acteck-dynamic-exact-mini-bs475-inalambrica-10-w-sonido-estereo-bluetooth-aux-control-de-volumen-indicador-led-ac-936378.jpg\" \/>\n\t<meta property=\"og:image:width\" content=\"200\" \/>\n\t<meta property=\"og:image:height\" content=\"200\" \/>\n\t<meta property=\"og:image:type\" content=\"image\/jpeg\" \/>\n<meta name=\"twitter:card\" content=\"summary_large_image\" \/>\n<meta name=\"twitter:label1\" content=\"Precio\" \/>\n\t<meta name=\"twitter:data1\" content=\"&#36;575 con IVA\" \/>\n\t<meta name=\"twitter:label2\" content=\"Availability\" \/>\n\t<meta name=\"twitter:data2\" content=\"In stock\" \/>\n<script type=\"application\/ld+json\" class=\"yoast-schema-graph\">{\"@context\":\"https:\/\/schema.org\",\"@graph\":[{\"@type\":\"WebPage\",\"@id\":\"https:\/\/compuviper.mx\/tienda\/producto\/acteck-ac-936378-bocinas-dynamic-exact-mini-bs475-inalambrica-10-w-rms-sonido-estereo-2-0-conexion-bluetooth-aux-control-de-volumen-indicador-led-blanco\/\",\"url\":\"https:\/\/compuviper.mx\/tienda\/producto\/acteck-ac-936378-bocinas-dynamic-exact-mini-bs475-inalambrica-10-w-rms-sonido-estereo-2-0-conexion-bluetooth-aux-control-de-volumen-indicador-led-blanco\/\",\"name\":\"[ Acteck ] &#129351; Ac-936378 Bocinas Dynamic Exact Mini Bs475 \/ Inalambrica \/ 10 W Rms \/ Sonido Estereo 2.0 \/ Conexion Bluetooth - Aux \/ Control De Volumen \/ Indicador Led \/ Blanco \/\",\"isPartOf\":{\"@id\":\"https:\/\/compuviper.mx\/tienda\/#website\"},\"datePublished\":\"2026-04-08T08:02:25+00:00\",\"dateModified\":\"2026-04-08T08:02:25+00:00\",\"description\":\"Compra Ac-936378 Bocinas Dynamic Exact Mini Bs475 \/ Inalambrica \/ 10 W Rms \/ Sonido Estereo 2.0 \/ Conexion Bluetooth - Aux \/ Control De Volumen \/ Indicador Led \/ Blanco \/ + Env\u00edo a domicilio + Pago seguro + Garant\u00eda\",\"breadcrumb\":{\"@id\":\"https:\/\/compuviper.mx\/tienda\/producto\/acteck-ac-936378-bocinas-dynamic-exact-mini-bs475-inalambrica-10-w-rms-sonido-estereo-2-0-conexion-bluetooth-aux-control-de-volumen-indicador-led-blanco\/#breadcrumb\"},\"inLanguage\":\"es-MX\",\"potentialAction\":[{\"@type\":\"ReadAction\",\"target\":[\"https:\/\/compuviper.mx\/tienda\/producto\/acteck-ac-936378-bocinas-dynamic-exact-mini-bs475-inalambrica-10-w-rms-sonido-estereo-2-0-conexion-bluetooth-aux-control-de-volumen-indicador-led-blanco\/\"]}]},{\"@type\":\"BreadcrumbList\",\"@id\":\"https:\/\/compuviper.mx\/tienda\/producto\/acteck-ac-936378-bocinas-dynamic-exact-mini-bs475-inalambrica-10-w-rms-sonido-estereo-2-0-conexion-bluetooth-aux-control-de-volumen-indicador-led-blanco\/#breadcrumb\",\"itemListElement\":[{\"@type\":\"ListItem\",\"position\":1,\"name\":\"Inicio\",\"item\":\"https:\/\/compuviper.mx\/tienda\/\"},{\"@type\":\"ListItem\",\"position\":2,\"name\":\"Productos\",\"item\":\"https:\/\/compuviper.mx\/tienda\/productos\/\"},{\"@type\":\"ListItem\",\"position\":3,\"name\":\"Bocinas\",\"item\":\"https:\/\/compuviper.mx\/tienda\/categoria-producto\/bocinas\/\"},{\"@type\":\"ListItem\",\"position\":4,\"name\":\"Bocina Basica\",\"item\":\"https:\/\/compuviper.mx\/tienda\/categoria-producto\/bocinas\/bocina-basica\/\"},{\"@type\":\"ListItem\",\"position\":5,\"name\":\"Acteck Ac-936378 Bocinas Dynamic Exact Mini Bs475 \/ Inalambrica \/ 10 W Rms \/ Sonido Estereo 2.0 \/ Conexion Bluetooth &#8211; Aux \/ Control De Volumen \/ Indicador Led \/ Blanco \/\"}]},{\"@type\":\"WebSite\",\"@id\":\"https:\/\/compuviper.mx\/tienda\/#website\",\"url\":\"https:\/\/compuviper.mx\/tienda\/\",\"name\":\"Compuviper\",\"description\":\"Proveedor de Computadoras, Laptops, Servidores, Monitores, Puntos de Venta, Teclados,   Impresoras, T\u00f3ner, C\u00e1maras de Seguridad y m\u00e1s en tu tienda en l\u00ednea\",\"publisher\":{\"@id\":\"https:\/\/compuviper.mx\/tienda\/#organization\"},\"potentialAction\":[{\"@type\":\"SearchAction\",\"target\":{\"@type\":\"EntryPoint\",\"urlTemplate\":\"https:\/\/compuviper.mx\/tienda\/?s={search_term_string}\"},\"query-input\":\"required name=search_term_string\"}],\"inLanguage\":\"es-MX\"},{\"@type\":\"Organization\",\"@id\":\"https:\/\/compuviper.mx\/tienda\/#organization\",\"name\":\"Compuviper\",\"url\":\"https:\/\/compuviper.mx\/tienda\/\",\"logo\":{\"@type\":\"ImageObject\",\"inLanguage\":\"es-MX\",\"@id\":\"https:\/\/compuviper.mx\/tienda\/#\/schema\/logo\/image\/\",\"url\":\"https:\/\/compuviper.mx\/tienda\/wp-content\/uploads\/2021\/08\/Logo-Compuviper-10.png\",\"contentUrl\":\"https:\/\/compuviper.mx\/tienda\/wp-content\/uploads\/2021\/08\/Logo-Compuviper-10.png\",\"width\":1000,\"height\":500,\"caption\":\"Compuviper\"},\"image\":{\"@id\":\"https:\/\/compuviper.mx\/tienda\/#\/schema\/logo\/image\/\"},\"sameAs\":[\"https:\/\/www.facebook.com\/compuviper\",\"https:\/\/www.youtube.com\/channel\/UCf73dERp9Y3cfOq7q8BhLjA?view_as=subscriber\"]}]}<\/script>\n<meta property=\"product:brand\" content=\"ACTECK\" \/>\n<meta property=\"product:price:amount\" content=\"575\" \/>\n<meta property=\"product:price:currency\" content=\"MXN\" \/>\n<meta property=\"og:availability\" content=\"instock\" \/>\n<meta property=\"product:availability\" content=\"instock\" \/>\n<meta property=\"product:retailer_item_id\" content=\"AC-936378\" \/>\n<meta property=\"product:condition\" content=\"new\" \/>\n<!-- \/ Yoast SEO plugin. -->","yoast_head_json":{"title":"[ Acteck ] &#129351; Ac-936378 Bocinas Dynamic Exact Mini Bs475 \/ Inalambrica \/ 10 W Rms \/ Sonido Estereo 2.0 \/ Conexion Bluetooth - Aux \/ Control De Volumen \/ Indicador Led \/ Blanco \/","description":"Compra Ac-936378 Bocinas Dynamic Exact Mini Bs475 \/ Inalambrica \/ 10 W Rms \/ Sonido Estereo 2.0 \/ Conexion Bluetooth - Aux \/ Control De Volumen \/ Indicador Led \/ Blanco \/ + Env\u00edo a domicilio + Pago seguro + Garant\u00eda","robots":{"index":"index","follow":"follow","max-snippet":"max-snippet:-1","max-image-preview":"max-image-preview:large","max-video-preview":"max-video-preview:-1"},"canonical":"https:\/\/compuviper.mx\/tienda\/producto\/acteck-ac-936378-bocinas-dynamic-exact-mini-bs475-inalambrica-10-w-rms-sonido-estereo-2-0-conexion-bluetooth-aux-control-de-volumen-indicador-led-blanco\/","og_locale":"es_MX","og_type":"article","og_title":"[ Acteck ] &#129351; Ac-936378 Bocinas Dynamic Exact Mini Bs475 \/ Inalambrica \/ 10 W Rms \/ Sonido Estereo 2.0 \/ Conexion Bluetooth - Aux \/ Control De Volumen \/ Indicador Led \/ Blanco \/","og_description":"Compra Ac-936378 Bocinas Dynamic Exact Mini Bs475 \/ Inalambrica \/ 10 W Rms \/ Sonido Estereo 2.0 \/ Conexion Bluetooth - Aux \/ Control De Volumen \/ Indicador Led \/ Blanco \/ + Env\u00edo a domicilio + Pago seguro + Garant\u00eda","og_url":"https:\/\/compuviper.mx\/tienda\/producto\/acteck-ac-936378-bocinas-dynamic-exact-mini-bs475-inalambrica-10-w-rms-sonido-estereo-2-0-conexion-bluetooth-aux-control-de-volumen-indicador-led-blanco\/","og_site_name":"Compuviper","article_publisher":"https:\/\/www.facebook.com\/compuviper","og_image":[{"width":200,"height":200,"url":"https:\/\/compuviper.mx\/tienda\/wp-content\/uploads\/2024\/05\/Bocinas-acteck-dynamic-exact-mini-bs475-inalambrica-10-w-sonido-estereo-bluetooth-aux-control-de-volumen-indicador-led-ac-936378.jpg","type":"image\/jpeg"}],"twitter_card":"summary_large_image","twitter_misc":{"Precio":"&#36;575 con IVA","Availability":"In stock"},"schema":{"@context":"https:\/\/schema.org","@graph":[{"@type":"WebPage","@id":"https:\/\/compuviper.mx\/tienda\/producto\/acteck-ac-936378-bocinas-dynamic-exact-mini-bs475-inalambrica-10-w-rms-sonido-estereo-2-0-conexion-bluetooth-aux-control-de-volumen-indicador-led-blanco\/","url":"https:\/\/compuviper.mx\/tienda\/producto\/acteck-ac-936378-bocinas-dynamic-exact-mini-bs475-inalambrica-10-w-rms-sonido-estereo-2-0-conexion-bluetooth-aux-control-de-volumen-indicador-led-blanco\/","name":"[ Acteck ] &#129351; Ac-936378 Bocinas Dynamic Exact Mini Bs475 \/ Inalambrica \/ 10 W Rms \/ Sonido Estereo 2.0 \/ Conexion Bluetooth - Aux \/ Control De Volumen \/ Indicador Led \/ Blanco \/","isPartOf":{"@id":"https:\/\/compuviper.mx\/tienda\/#website"},"datePublished":"2026-04-08T08:02:25+00:00","dateModified":"2026-04-08T08:02:25+00:00","description":"Compra Ac-936378 Bocinas Dynamic Exact Mini Bs475 \/ Inalambrica \/ 10 W Rms \/ Sonido Estereo 2.0 \/ Conexion Bluetooth - Aux \/ Control De Volumen \/ Indicador Led \/ Blanco \/ + Env\u00edo a domicilio + Pago seguro + Garant\u00eda","breadcrumb":{"@id":"https:\/\/compuviper.mx\/tienda\/producto\/acteck-ac-936378-bocinas-dynamic-exact-mini-bs475-inalambrica-10-w-rms-sonido-estereo-2-0-conexion-bluetooth-aux-control-de-volumen-indicador-led-blanco\/#breadcrumb"},"inLanguage":"es-MX","potentialAction":[{"@type":"ReadAction","target":["https:\/\/compuviper.mx\/tienda\/producto\/acteck-ac-936378-bocinas-dynamic-exact-mini-bs475-inalambrica-10-w-rms-sonido-estereo-2-0-conexion-bluetooth-aux-control-de-volumen-indicador-led-blanco\/"]}]},{"@type":"BreadcrumbList","@id":"https:\/\/compuviper.mx\/tienda\/producto\/acteck-ac-936378-bocinas-dynamic-exact-mini-bs475-inalambrica-10-w-rms-sonido-estereo-2-0-conexion-bluetooth-aux-control-de-volumen-indicador-led-blanco\/#breadcrumb","itemListElement":[{"@type":"ListItem","position":1,"name":"Inicio","item":"https:\/\/compuviper.mx\/tienda\/"},{"@type":"ListItem","position":2,"name":"Productos","item":"https:\/\/compuviper.mx\/tienda\/productos\/"},{"@type":"ListItem","position":3,"name":"Bocinas","item":"https:\/\/compuviper.mx\/tienda\/categoria-producto\/bocinas\/"},{"@type":"ListItem","position":4,"name":"Bocina Basica","item":"https:\/\/compuviper.mx\/tienda\/categoria-producto\/bocinas\/bocina-basica\/"},{"@type":"ListItem","position":5,"name":"Acteck Ac-936378 Bocinas Dynamic Exact Mini Bs475 \/ Inalambrica \/ 10 W Rms \/ Sonido Estereo 2.0 \/ Conexion Bluetooth &#8211; Aux \/ Control De Volumen \/ Indicador Led \/ Blanco \/"}]},{"@type":"WebSite","@id":"https:\/\/compuviper.mx\/tienda\/#website","url":"https:\/\/compuviper.mx\/tienda\/","name":"Compuviper","description":"Proveedor de Computadoras, Laptops, Servidores, Monitores, Puntos de Venta, Teclados,   Impresoras, T\u00f3ner, C\u00e1maras de Seguridad y m\u00e1s en tu tienda en l\u00ednea","publisher":{"@id":"https:\/\/compuviper.mx\/tienda\/#organization"},"potentialAction":[{"@type":"SearchAction","target":{"@type":"EntryPoint","urlTemplate":"https:\/\/compuviper.mx\/tienda\/?s={search_term_string}"},"query-input":"required name=search_term_string"}],"inLanguage":"es-MX"},{"@type":"Organization","@id":"https:\/\/compuviper.mx\/tienda\/#organization","name":"Compuviper","url":"https:\/\/compuviper.mx\/tienda\/","logo":{"@type":"ImageObject","inLanguage":"es-MX","@id":"https:\/\/compuviper.mx\/tienda\/#\/schema\/logo\/image\/","url":"https:\/\/compuviper.mx\/tienda\/wp-content\/uploads\/2021\/08\/Logo-Compuviper-10.png","contentUrl":"https:\/\/compuviper.mx\/tienda\/wp-content\/uploads\/2021\/08\/Logo-Compuviper-10.png","width":1000,"height":500,"caption":"Compuviper"},"image":{"@id":"https:\/\/compuviper.mx\/tienda\/#\/schema\/logo\/image\/"},"sameAs":["https:\/\/www.facebook.com\/compuviper","https:\/\/www.youtube.com\/channel\/UCf73dERp9Y3cfOq7q8BhLjA?view_as=subscriber"]}]},"product_brand":"ACTECK","product_price_amount":"575","product_price_currency":"MXN","og_availability":"instock","product_availability":"instock","product_retailer_item_id":"AC-936378","product_condition":"new"},"_links":{"self":[{"href":"https:\/\/compuviper.mx\/tienda\/wp-json\/wp\/v2\/product\/231340"}],"collection":[{"href":"https:\/\/compuviper.mx\/tienda\/wp-json\/wp\/v2\/product"}],"about":[{"href":"https:\/\/compuviper.mx\/tienda\/wp-json\/wp\/v2\/types\/product"}],"replies":[{"embeddable":true,"href":"https:\/\/compuviper.mx\/tienda\/wp-json\/wp\/v2\/comments?post=231340"}],"wp:featuredmedia":[{"embeddable":true,"href":"https:\/\/compuviper.mx\/tienda\/wp-json\/wp\/v2\/media\/234594"}],"wp:attachment":[{"href":"https:\/\/compuviper.mx\/tienda\/wp-json\/wp\/v2\/media?parent=231340"}],"wp:term":[{"taxonomy":"product_cat","embeddable":true,"href":"https:\/\/compuviper.mx\/tienda\/wp-json\/wp\/v2\/product_cat?post=231340"},{"taxonomy":"product_tag","embeddable":true,"href":"https:\/\/compuviper.mx\/tienda\/wp-json\/wp\/v2\/product_tag?post=231340"}],"curies":[{"name":"wp","href":"https:\/\/api.w.org\/{rel}","templated":true}]}}