{"id":231339,"date":"2026-04-02T02:06:23","date_gmt":"2026-04-02T08:06:23","guid":{"rendered":"https:\/\/compuviper.mx\/tienda\/producto\/acteck-ac-935333-audifonos-apolo-hp675-inalambrica-bluetooth-adaptador-usb-microfono-removible-diadema-ajustable-hasta-18-hrs-de-bateria-negro\/"},"modified":"2026-04-02T02:06:24","modified_gmt":"2026-04-02T08:06:24","slug":"acteck-ac-9353337506215935333-audifonos-apolo-hp675-inalambrica-bluetooth-adaptador-usb-microfono-removible-diadema-ajustable-hasta-18-hrs-de-bateria-negro-ac-935333","status":"publish","type":"product","link":"https:\/\/compuviper.mx\/tienda\/producto\/acteck-ac-9353337506215935333-audifonos-apolo-hp675-inalambrica-bluetooth-adaptador-usb-microfono-removible-diadema-ajustable-hasta-18-hrs-de-bateria-negro-ac-935333\/","title":{"rendered":"Acteck Ac-935333,7506215935333 Audifonos  Apolo Hp675 \/ Inalambrica Bluetooth &#8211; Adaptador Usb \/ Microfono Removible \/ Diadema Ajustable \/ Hasta 18 Hrs De Bateria \/ Negro \/ Ac-935333"},"content":{"rendered":"<table class=\"descripcion\">\n<tr>\n<td>Especificaciones<\/td>\n<\/tr>\n<tr>\n<td>Nombre audifonos inalambricos bluetooth<\/td>\n<\/tr>\n<tr>\n<td>Modelo ac-935333<\/td>\n<\/tr>\n<tr>\n<td>Bocinas:<\/td>\n<\/tr>\n<tr>\n<td>Diametro 40 mm<\/td>\n<\/tr>\n<tr>\n<td>Sensibilidad 106 &#8211; 3 db<\/td>\n<\/tr>\n<tr>\n<td>Impedancia 17  and 937;<\/td>\n<\/tr>\n<tr>\n<td>Frecuencia de respuesta 20 hz \u0096 20 khz<\/td>\n<\/tr>\n<tr>\n<td>Sonido<\/td>\n<\/tr>\n<tr>\n<td>Modo estereo<\/td>\n<\/tr>\n<tr>\n<td>Canales 2<\/td>\n<\/tr>\n<tr>\n<td>Microfono  integrado<\/td>\n<\/tr>\n<tr>\n<td>Compatibilidad:<\/td>\n<\/tr>\n<tr>\n<td>Computadoras windows, linux, macos<\/td>\n<\/tr>\n<tr>\n<td>Dispositivos mviles android, ios<\/td>\n<\/tr>\n<tr>\n<td>Conectividad:<\/td>\n<\/tr>\n<tr>\n<td>Modo  inalambrica<\/td>\n<\/tr>\n<tr>\n<td>Conexion  bluetooth y receptor 2.4 usb ghz<\/td>\n<\/tr>\n<tr>\n<td>Bateras<\/td>\n<\/tr>\n<tr>\n<td>Tipo polimero de litio<\/td>\n<\/tr>\n<tr>\n<td>Tiempo de carga 2 hrs<\/td>\n<\/tr>\n<tr>\n<td>Energia<\/td>\n<\/tr>\n<tr>\n<td>Tiempo de duracion hasta 18 hrs<\/td>\n<\/tr>\n<tr>\n<td>Conexion usb-c<\/td>\n<\/tr>\n<tr>\n<td>Consumo del dispositivo 5 vc.c.<\/td>\n<\/tr>\n<tr>\n<td>Capacidad de la batera 3.7 vc.c., 400 mah<\/td>\n<\/tr>\n<tr>\n<td>Materiales plastico<\/td>\n<\/tr>\n<tr>\n<td>Color negro<\/td>\n<\/tr>\n<tr>\n<td>Dimensiones  17.6 cm  7.7 cm  19.5 cm<\/td>\n<\/tr>\n<tr>\n<td>Peso  180 g<\/td>\n<\/tr>\n<tr>\n<td>Garantia 1 ao<\/td>\n<\/tr>\n<\/table>\n","protected":false},"excerpt":{"rendered":"<p>Audifonos acteck apolo hp675 \/  microfono removible \/ diadema ajustable \/  conexion dual 2.4ghz  2bbt \/ hasta 18 hrs de bateria \/  negro \/ ac-935333<\/p>\n","protected":false},"featured_media":234593,"comment_status":"open","ping_status":"open","template":"","meta":[],"product_cat":[1816,1552],"product_tag":[1582],"acf":[],"yoast_head":"<!-- This site is optimized with the Yoast SEO plugin v21.7 - https:\/\/yoast.com\/wordpress\/plugins\/seo\/ -->\n<title>[ Acteck ] &#129351; Ac-935333,7506215935333 Audifonos Apolo Hp675 \/ Inalambrica Bluetooth - Adaptador Usb \/ Microfono Removible \/ Diadema Ajustable \/ Hasta 18 Hrs De Bateria \/ Negro \/ Ac-935333<\/title>\n<meta name=\"description\" content=\"Compra Ac-935333,7506215935333 Audifonos Apolo Hp675 \/ Inalambrica Bluetooth - Adaptador Usb \/ Microfono Removible \/ Diadema Ajustable \/ Hasta 18 Hrs De Bateria \/ Negro \/ Ac-935333 + Env\u00edo a domicilio + Pago seguro + Garant\u00eda\" \/>\n<meta name=\"robots\" content=\"index, follow, max-snippet:-1, max-image-preview:large, max-video-preview:-1\" \/>\n<link rel=\"canonical\" href=\"https:\/\/compuviper.mx\/tienda\/producto\/acteck-ac-9353337506215935333-audifonos-apolo-hp675-inalambrica-bluetooth-adaptador-usb-microfono-removible-diadema-ajustable-hasta-18-hrs-de-bateria-negro-ac-935333\/\" \/>\n<meta property=\"og:locale\" content=\"es_MX\" \/>\n<meta property=\"og:type\" content=\"article\" \/>\n<meta property=\"og:title\" content=\"[ Acteck ] &#129351; Ac-935333,7506215935333 Audifonos Apolo Hp675 \/ Inalambrica Bluetooth - Adaptador Usb \/ Microfono Removible \/ Diadema Ajustable \/ Hasta 18 Hrs De Bateria \/ Negro \/ Ac-935333\" \/>\n<meta property=\"og:description\" content=\"Compra Ac-935333,7506215935333 Audifonos Apolo Hp675 \/ Inalambrica Bluetooth - Adaptador Usb \/ Microfono Removible \/ Diadema Ajustable \/ Hasta 18 Hrs De Bateria \/ Negro \/ Ac-935333 + Env\u00edo a domicilio + Pago seguro + Garant\u00eda\" \/>\n<meta property=\"og:url\" content=\"https:\/\/compuviper.mx\/tienda\/producto\/acteck-ac-9353337506215935333-audifonos-apolo-hp675-inalambrica-bluetooth-adaptador-usb-microfono-removible-diadema-ajustable-hasta-18-hrs-de-bateria-negro-ac-935333\/\" \/>\n<meta property=\"og:site_name\" content=\"Compuviper\" \/>\n<meta property=\"article:publisher\" content=\"https:\/\/www.facebook.com\/compuviper\" \/>\n<meta property=\"article:modified_time\" content=\"2026-04-02T08:06:24+00:00\" \/>\n<meta property=\"og:image\" content=\"https:\/\/compuviper.mx\/tienda\/wp-content\/uploads\/2024\/05\/Audifonos-acteck-apolo-hp675-inalambrica-bluetooth-adaptador-usb-microfono-removible-diadema-ajustable-hasta-18-hrs-de-bateria-negro-ac-935333.jpg\" \/>\n\t<meta property=\"og:image:width\" content=\"200\" \/>\n\t<meta property=\"og:image:height\" content=\"200\" \/>\n\t<meta property=\"og:image:type\" content=\"image\/jpeg\" \/>\n<meta name=\"twitter:card\" content=\"summary_large_image\" \/>\n<meta name=\"twitter:label1\" content=\"Precio\" \/>\n\t<meta name=\"twitter:data1\" content=\"&#36;766 con IVA\" \/>\n\t<meta name=\"twitter:label2\" content=\"Availability\" \/>\n\t<meta name=\"twitter:data2\" content=\"In stock\" \/>\n<script type=\"application\/ld+json\" class=\"yoast-schema-graph\">{\"@context\":\"https:\/\/schema.org\",\"@graph\":[{\"@type\":\"WebPage\",\"@id\":\"https:\/\/compuviper.mx\/tienda\/producto\/acteck-ac-9353337506215935333-audifonos-apolo-hp675-inalambrica-bluetooth-adaptador-usb-microfono-removible-diadema-ajustable-hasta-18-hrs-de-bateria-negro-ac-935333\/\",\"url\":\"https:\/\/compuviper.mx\/tienda\/producto\/acteck-ac-9353337506215935333-audifonos-apolo-hp675-inalambrica-bluetooth-adaptador-usb-microfono-removible-diadema-ajustable-hasta-18-hrs-de-bateria-negro-ac-935333\/\",\"name\":\"[ Acteck ] &#129351; Ac-935333,7506215935333 Audifonos Apolo Hp675 \/ Inalambrica Bluetooth - Adaptador Usb \/ Microfono Removible \/ Diadema Ajustable \/ Hasta 18 Hrs De Bateria \/ Negro \/ Ac-935333\",\"isPartOf\":{\"@id\":\"https:\/\/compuviper.mx\/tienda\/#website\"},\"datePublished\":\"2026-04-02T08:06:23+00:00\",\"dateModified\":\"2026-04-02T08:06:24+00:00\",\"description\":\"Compra Ac-935333,7506215935333 Audifonos Apolo Hp675 \/ Inalambrica Bluetooth - Adaptador Usb \/ Microfono Removible \/ Diadema Ajustable \/ Hasta 18 Hrs De Bateria \/ Negro \/ Ac-935333 + Env\u00edo a domicilio + Pago seguro + Garant\u00eda\",\"breadcrumb\":{\"@id\":\"https:\/\/compuviper.mx\/tienda\/producto\/acteck-ac-9353337506215935333-audifonos-apolo-hp675-inalambrica-bluetooth-adaptador-usb-microfono-removible-diadema-ajustable-hasta-18-hrs-de-bateria-negro-ac-935333\/#breadcrumb\"},\"inLanguage\":\"es-MX\",\"potentialAction\":[{\"@type\":\"ReadAction\",\"target\":[\"https:\/\/compuviper.mx\/tienda\/producto\/acteck-ac-9353337506215935333-audifonos-apolo-hp675-inalambrica-bluetooth-adaptador-usb-microfono-removible-diadema-ajustable-hasta-18-hrs-de-bateria-negro-ac-935333\/\"]}]},{\"@type\":\"BreadcrumbList\",\"@id\":\"https:\/\/compuviper.mx\/tienda\/producto\/acteck-ac-9353337506215935333-audifonos-apolo-hp675-inalambrica-bluetooth-adaptador-usb-microfono-removible-diadema-ajustable-hasta-18-hrs-de-bateria-negro-ac-935333\/#breadcrumb\",\"itemListElement\":[{\"@type\":\"ListItem\",\"position\":1,\"name\":\"Inicio\",\"item\":\"https:\/\/compuviper.mx\/tienda\/\"},{\"@type\":\"ListItem\",\"position\":2,\"name\":\"Productos\",\"item\":\"https:\/\/compuviper.mx\/tienda\/productos\/\"},{\"@type\":\"ListItem\",\"position\":3,\"name\":\"Audifonos Y Micro\",\"item\":\"https:\/\/compuviper.mx\/tienda\/categoria-producto\/audifonos-y-micro\/\"},{\"@type\":\"ListItem\",\"position\":4,\"name\":\"Audifono Con Microfono\",\"item\":\"https:\/\/compuviper.mx\/tienda\/categoria-producto\/audifonos-y-micro\/audifono-con-microfono\/\"},{\"@type\":\"ListItem\",\"position\":5,\"name\":\"Acteck Ac-935333,7506215935333 Audifonos Apolo Hp675 \/ Inalambrica Bluetooth &#8211; Adaptador Usb \/ Microfono Removible \/ Diadema Ajustable \/ Hasta 18 Hrs De Bateria \/ Negro \/ Ac-935333\"}]},{\"@type\":\"WebSite\",\"@id\":\"https:\/\/compuviper.mx\/tienda\/#website\",\"url\":\"https:\/\/compuviper.mx\/tienda\/\",\"name\":\"Compuviper\",\"description\":\"Proveedor de Computadoras, Laptops, Servidores, Monitores, Puntos de Venta, Teclados,   Impresoras, T\u00f3ner, C\u00e1maras de Seguridad y m\u00e1s en tu tienda en l\u00ednea\",\"publisher\":{\"@id\":\"https:\/\/compuviper.mx\/tienda\/#organization\"},\"potentialAction\":[{\"@type\":\"SearchAction\",\"target\":{\"@type\":\"EntryPoint\",\"urlTemplate\":\"https:\/\/compuviper.mx\/tienda\/?s={search_term_string}\"},\"query-input\":\"required name=search_term_string\"}],\"inLanguage\":\"es-MX\"},{\"@type\":\"Organization\",\"@id\":\"https:\/\/compuviper.mx\/tienda\/#organization\",\"name\":\"Compuviper\",\"url\":\"https:\/\/compuviper.mx\/tienda\/\",\"logo\":{\"@type\":\"ImageObject\",\"inLanguage\":\"es-MX\",\"@id\":\"https:\/\/compuviper.mx\/tienda\/#\/schema\/logo\/image\/\",\"url\":\"https:\/\/compuviper.mx\/tienda\/wp-content\/uploads\/2021\/08\/Logo-Compuviper-10.png\",\"contentUrl\":\"https:\/\/compuviper.mx\/tienda\/wp-content\/uploads\/2021\/08\/Logo-Compuviper-10.png\",\"width\":1000,\"height\":500,\"caption\":\"Compuviper\"},\"image\":{\"@id\":\"https:\/\/compuviper.mx\/tienda\/#\/schema\/logo\/image\/\"},\"sameAs\":[\"https:\/\/www.facebook.com\/compuviper\",\"https:\/\/www.youtube.com\/channel\/UCf73dERp9Y3cfOq7q8BhLjA?view_as=subscriber\"]}]}<\/script>\n<meta property=\"product:brand\" content=\"ACTECK\" \/>\n<meta property=\"product:price:amount\" content=\"766\" \/>\n<meta property=\"product:price:currency\" content=\"MXN\" \/>\n<meta property=\"og:availability\" content=\"instock\" \/>\n<meta property=\"product:availability\" content=\"instock\" \/>\n<meta property=\"product:retailer_item_id\" content=\"AC-935333,7506215935333\" \/>\n<meta property=\"product:condition\" content=\"new\" \/>\n<!-- \/ Yoast SEO plugin. -->","yoast_head_json":{"title":"[ Acteck ] &#129351; Ac-935333,7506215935333 Audifonos Apolo Hp675 \/ Inalambrica Bluetooth - Adaptador Usb \/ Microfono Removible \/ Diadema Ajustable \/ Hasta 18 Hrs De Bateria \/ Negro \/ Ac-935333","description":"Compra Ac-935333,7506215935333 Audifonos Apolo Hp675 \/ Inalambrica Bluetooth - Adaptador Usb \/ Microfono Removible \/ Diadema Ajustable \/ Hasta 18 Hrs De Bateria \/ Negro \/ Ac-935333 + Env\u00edo a domicilio + Pago seguro + Garant\u00eda","robots":{"index":"index","follow":"follow","max-snippet":"max-snippet:-1","max-image-preview":"max-image-preview:large","max-video-preview":"max-video-preview:-1"},"canonical":"https:\/\/compuviper.mx\/tienda\/producto\/acteck-ac-9353337506215935333-audifonos-apolo-hp675-inalambrica-bluetooth-adaptador-usb-microfono-removible-diadema-ajustable-hasta-18-hrs-de-bateria-negro-ac-935333\/","og_locale":"es_MX","og_type":"article","og_title":"[ Acteck ] &#129351; Ac-935333,7506215935333 Audifonos Apolo Hp675 \/ Inalambrica Bluetooth - Adaptador Usb \/ Microfono Removible \/ Diadema Ajustable \/ Hasta 18 Hrs De Bateria \/ Negro \/ Ac-935333","og_description":"Compra Ac-935333,7506215935333 Audifonos Apolo Hp675 \/ Inalambrica Bluetooth - Adaptador Usb \/ Microfono Removible \/ Diadema Ajustable \/ Hasta 18 Hrs De Bateria \/ Negro \/ Ac-935333 + Env\u00edo a domicilio + Pago seguro + Garant\u00eda","og_url":"https:\/\/compuviper.mx\/tienda\/producto\/acteck-ac-9353337506215935333-audifonos-apolo-hp675-inalambrica-bluetooth-adaptador-usb-microfono-removible-diadema-ajustable-hasta-18-hrs-de-bateria-negro-ac-935333\/","og_site_name":"Compuviper","article_publisher":"https:\/\/www.facebook.com\/compuviper","article_modified_time":"2026-04-02T08:06:24+00:00","og_image":[{"width":200,"height":200,"url":"https:\/\/compuviper.mx\/tienda\/wp-content\/uploads\/2024\/05\/Audifonos-acteck-apolo-hp675-inalambrica-bluetooth-adaptador-usb-microfono-removible-diadema-ajustable-hasta-18-hrs-de-bateria-negro-ac-935333.jpg","type":"image\/jpeg"}],"twitter_card":"summary_large_image","twitter_misc":{"Precio":"&#36;766 con IVA","Availability":"In stock"},"schema":{"@context":"https:\/\/schema.org","@graph":[{"@type":"WebPage","@id":"https:\/\/compuviper.mx\/tienda\/producto\/acteck-ac-9353337506215935333-audifonos-apolo-hp675-inalambrica-bluetooth-adaptador-usb-microfono-removible-diadema-ajustable-hasta-18-hrs-de-bateria-negro-ac-935333\/","url":"https:\/\/compuviper.mx\/tienda\/producto\/acteck-ac-9353337506215935333-audifonos-apolo-hp675-inalambrica-bluetooth-adaptador-usb-microfono-removible-diadema-ajustable-hasta-18-hrs-de-bateria-negro-ac-935333\/","name":"[ Acteck ] &#129351; Ac-935333,7506215935333 Audifonos Apolo Hp675 \/ Inalambrica Bluetooth - Adaptador Usb \/ Microfono Removible \/ Diadema Ajustable \/ Hasta 18 Hrs De Bateria \/ Negro \/ Ac-935333","isPartOf":{"@id":"https:\/\/compuviper.mx\/tienda\/#website"},"datePublished":"2026-04-02T08:06:23+00:00","dateModified":"2026-04-02T08:06:24+00:00","description":"Compra Ac-935333,7506215935333 Audifonos Apolo Hp675 \/ Inalambrica Bluetooth - Adaptador Usb \/ Microfono Removible \/ Diadema Ajustable \/ Hasta 18 Hrs De Bateria \/ Negro \/ Ac-935333 + Env\u00edo a domicilio + Pago seguro + Garant\u00eda","breadcrumb":{"@id":"https:\/\/compuviper.mx\/tienda\/producto\/acteck-ac-9353337506215935333-audifonos-apolo-hp675-inalambrica-bluetooth-adaptador-usb-microfono-removible-diadema-ajustable-hasta-18-hrs-de-bateria-negro-ac-935333\/#breadcrumb"},"inLanguage":"es-MX","potentialAction":[{"@type":"ReadAction","target":["https:\/\/compuviper.mx\/tienda\/producto\/acteck-ac-9353337506215935333-audifonos-apolo-hp675-inalambrica-bluetooth-adaptador-usb-microfono-removible-diadema-ajustable-hasta-18-hrs-de-bateria-negro-ac-935333\/"]}]},{"@type":"BreadcrumbList","@id":"https:\/\/compuviper.mx\/tienda\/producto\/acteck-ac-9353337506215935333-audifonos-apolo-hp675-inalambrica-bluetooth-adaptador-usb-microfono-removible-diadema-ajustable-hasta-18-hrs-de-bateria-negro-ac-935333\/#breadcrumb","itemListElement":[{"@type":"ListItem","position":1,"name":"Inicio","item":"https:\/\/compuviper.mx\/tienda\/"},{"@type":"ListItem","position":2,"name":"Productos","item":"https:\/\/compuviper.mx\/tienda\/productos\/"},{"@type":"ListItem","position":3,"name":"Audifonos Y Micro","item":"https:\/\/compuviper.mx\/tienda\/categoria-producto\/audifonos-y-micro\/"},{"@type":"ListItem","position":4,"name":"Audifono Con Microfono","item":"https:\/\/compuviper.mx\/tienda\/categoria-producto\/audifonos-y-micro\/audifono-con-microfono\/"},{"@type":"ListItem","position":5,"name":"Acteck Ac-935333,7506215935333 Audifonos Apolo Hp675 \/ Inalambrica Bluetooth &#8211; Adaptador Usb \/ Microfono Removible \/ Diadema Ajustable \/ Hasta 18 Hrs De Bateria \/ Negro \/ Ac-935333"}]},{"@type":"WebSite","@id":"https:\/\/compuviper.mx\/tienda\/#website","url":"https:\/\/compuviper.mx\/tienda\/","name":"Compuviper","description":"Proveedor de Computadoras, Laptops, Servidores, Monitores, Puntos de Venta, Teclados,   Impresoras, T\u00f3ner, C\u00e1maras de Seguridad y m\u00e1s en tu tienda en l\u00ednea","publisher":{"@id":"https:\/\/compuviper.mx\/tienda\/#organization"},"potentialAction":[{"@type":"SearchAction","target":{"@type":"EntryPoint","urlTemplate":"https:\/\/compuviper.mx\/tienda\/?s={search_term_string}"},"query-input":"required name=search_term_string"}],"inLanguage":"es-MX"},{"@type":"Organization","@id":"https:\/\/compuviper.mx\/tienda\/#organization","name":"Compuviper","url":"https:\/\/compuviper.mx\/tienda\/","logo":{"@type":"ImageObject","inLanguage":"es-MX","@id":"https:\/\/compuviper.mx\/tienda\/#\/schema\/logo\/image\/","url":"https:\/\/compuviper.mx\/tienda\/wp-content\/uploads\/2021\/08\/Logo-Compuviper-10.png","contentUrl":"https:\/\/compuviper.mx\/tienda\/wp-content\/uploads\/2021\/08\/Logo-Compuviper-10.png","width":1000,"height":500,"caption":"Compuviper"},"image":{"@id":"https:\/\/compuviper.mx\/tienda\/#\/schema\/logo\/image\/"},"sameAs":["https:\/\/www.facebook.com\/compuviper","https:\/\/www.youtube.com\/channel\/UCf73dERp9Y3cfOq7q8BhLjA?view_as=subscriber"]}]},"product_brand":"ACTECK","product_price_amount":"766","product_price_currency":"MXN","og_availability":"instock","product_availability":"instock","product_retailer_item_id":"AC-935333,7506215935333","product_condition":"new"},"_links":{"self":[{"href":"https:\/\/compuviper.mx\/tienda\/wp-json\/wp\/v2\/product\/231339"}],"collection":[{"href":"https:\/\/compuviper.mx\/tienda\/wp-json\/wp\/v2\/product"}],"about":[{"href":"https:\/\/compuviper.mx\/tienda\/wp-json\/wp\/v2\/types\/product"}],"replies":[{"embeddable":true,"href":"https:\/\/compuviper.mx\/tienda\/wp-json\/wp\/v2\/comments?post=231339"}],"wp:featuredmedia":[{"embeddable":true,"href":"https:\/\/compuviper.mx\/tienda\/wp-json\/wp\/v2\/media\/234593"}],"wp:attachment":[{"href":"https:\/\/compuviper.mx\/tienda\/wp-json\/wp\/v2\/media?parent=231339"}],"wp:term":[{"taxonomy":"product_cat","embeddable":true,"href":"https:\/\/compuviper.mx\/tienda\/wp-json\/wp\/v2\/product_cat?post=231339"},{"taxonomy":"product_tag","embeddable":true,"href":"https:\/\/compuviper.mx\/tienda\/wp-json\/wp\/v2\/product_tag?post=231339"}],"curies":[{"name":"wp","href":"https:\/\/api.w.org\/{rel}","templated":true}]}}