{"id":231086,"date":"2026-04-10T01:36:56","date_gmt":"2026-04-10T07:36:56","guid":{"rendered":"https:\/\/compuviper.mx\/tienda\/producto\/pantum-m7310dw-multifuncional-ppm-35-negro-laser-monocromatico-usb-wifi-eterneth-red-nfc-duplex-adf-cama-plana-carta\/"},"modified":"2026-04-10T01:36:57","modified_gmt":"2026-04-10T07:36:57","slug":"pantum-m7310dw-multifuncional-ppm-33-laser-monocromatico-usb-wifi-eterneth-nfc-duplex-y-adf","status":"publish","type":"product","link":"https:\/\/compuviper.mx\/tienda\/producto\/pantum-m7310dw-multifuncional-ppm-33-laser-monocromatico-usb-wifi-eterneth-nfc-duplex-y-adf\/","title":{"rendered":"Pantum M7310dw Multifuncional  , Ppm 33, Laser Monocromatico, Usb, Wifi, Eterneth, Nfc, Duplex Y Adf"},"content":{"rendered":"<table class=\"descripcion\">\n<tr>\n<td>Print<\/td>\n<\/tr>\n<tr>\n<td>Print speed letter, black33ppma4 35ppmletter<\/td>\n<\/tr>\n<tr>\n<td>First print out time and 8804;8.5s<\/td>\n<\/tr>\n<tr>\n<td>Maximum monthly duty cycle60000 pages<\/td>\n<\/tr>\n<tr>\n<td>Recommended monthly page volume750 to 3500 pages<\/td>\n<\/tr>\n<tr>\n<td>Print resolution maximum dpimax 1200&#215;600 dpi<\/td>\n<\/tr>\n<tr>\n<td>Print languagespcl5e and 12289;pcl6 and 12289;ps and 12289;pdf<\/td>\n<\/tr>\n<tr>\n<td>Processor speed600mhz<\/td>\n<\/tr>\n<tr>\n<td>Memory, standard512mb<\/td>\n<\/tr>\n<tr>\n<td>Duplex printingauto<\/td>\n<\/tr>\n<tr>\n<td>Operation panel3.5 inch touch screen<\/td>\n<\/tr>\n<tr>\n<td>Usb printyes<\/td>\n<\/tr>\n<tr>\n<td>Confidential printyes<\/td>\n<\/tr>\n<tr>\n<td>Nfcyes<\/td>\n<\/tr>\n<tr>\n<td>Copy<\/td>\n<\/tr>\n<tr>\n<td>Copy speed letter, black33cpma4 35cpmletter<\/td>\n<\/tr>\n<tr>\n<td>First copy out timeflatbed and 65306;less than 10s  and 65307;adf and 65306;less than 11s<\/td>\n<\/tr>\n<tr>\n<td>Copy resolution max.dpimax 600600 dpi<\/td>\n<\/tr>\n<tr>\n<td>Maximum copy pages99 pages<\/td>\n<\/tr>\n<tr>\n<td>Copy reduce \/ enlarge settings25~400<\/td>\n<\/tr>\n<tr>\n<td>Copy special featuresid copy, receipt copy, n-up copy,clone copy and 12289;poster copy and 12289;manual duplex copy and 12289;collated copy scan<\/td>\n<\/tr>\n<tr>\n<td>Scanner<\/td>\n<\/tr>\n<tr>\n<td> type flatbed  and  adf<\/td>\n<\/tr>\n<tr>\n<td>Duplex scanyes and 65292;up to 24ppm and 65288;48ipm and 65289;<\/td>\n<\/tr>\n<tr>\n<td>Scan to usbyes<\/td>\n<\/tr>\n<tr>\n<td>Adf capacity50pages<\/td>\n<\/tr>\n<tr>\n<td>Scan speed maximum24 ppm and 65288;a4 and 65289; 25 ppmletter<\/td>\n<\/tr>\n<tr>\n<td>Scan size maximumflatbed and 65306;216297mm  and 65307;adf and 65306;216 x 356 mm<\/td>\n<\/tr>\n<tr>\n<td>Scan resolutionflatbed and 65306;max 12001200dpi  and 65307;adf and 65306;max 600600dpi<\/td>\n<\/tr>\n<tr>\n<td>Color scaningyes<\/td>\n<\/tr>\n<tr>\n<td>Scan destinationsscan to pc and 12289;e-mail and 12289;ftp and 12289;ios\/android and 12289;thumb drive<\/td>\n<\/tr>\n<tr>\n<td>Paper<\/td>\n<\/tr>\n<tr>\n<td>       handling paper input capacity250 pages<\/td>\n<\/tr>\n<tr>\n<td>Multipurpose tray1 page<\/td>\n<\/tr>\n<tr>\n<td>Paper output capacity150pages<\/td>\n<\/tr>\n<tr>\n<td>Media typesplain, thick, thin, transparency, cardstock, label<\/td>\n<\/tr>\n<tr>\n<td>Media sizesa4, a5, jis b5, is0 b5 , a6, letter, legal,executive, folio, oficio, statement, japanese postcard, zl, big 16k, big 32k, 16k, 32k, b6 and 65292;yougata4, postcard, younaga3, nagagata3, yougata2<\/td>\n<\/tr>\n<tr>\n<td>Media weightsstandard tray and 65306;60-105g\/ and 13217;  and 65307;multipurpose tray and 65306;60-200g\/ and 13217;<\/td>\n<\/tr>\n<tr>\n<td>General<\/td>\n<\/tr>\n<tr>\n<td>Dimensions and 65288;wdh415mm360mm352mm<\/td>\n<\/tr>\n<tr>\n<td>Weightwithout cartridge and package 10.54kg<\/td>\n<\/tr>\n<tr>\n<td>Weightwith cartridge and package13.71kg<\/td>\n<\/tr>\n<tr>\n<td>Operating environmentrecommended temperature:10 and 65374;32 and 8451; and 65307;humidity range:20  and 65374; 80<\/td>\n<\/tr>\n<tr>\n<td>Power110v and 65306;ac100-127v and 65288;\u00b110 and 65289;,50\/60hz\u00b12hz,9a  and 65307;220v and 65306;ac220-240v and 65288;-15 and 65292; and 65291;10 and 65289;,50\/60hz and 65288;\u00b12hz and 65289; and 65292;4.5a<\/td>\n<\/tr>\n<tr>\n<td>Noise levelprinting: average 550w  and 65307;ready: less than50w  and 65307;sleep:less than2 w<\/td>\n<\/tr>\n<tr>\n<td>Operating system compatibility<\/td>\n<\/tr>\n<tr>\n<td>        microsoft windows server2003 \/ server2008 \/ server2012 \/xp\/vista\/win7\/win8\/win8.1\/win10\/win11 and 65288;32\/64 bit and 65289;                               mac os 10.7-12  and 65307;linux and 65306;ubuntu 12.04\/14.04\/16.04\/18.04\/20.04 and 65288;32\/64 bit and 65289;<\/td>\n<\/tr>\n<tr>\n<td>Power consumption<\/td>\n<\/tr>\n<tr>\n<td>       printing and 65306;52dba  and 65307;copy and 65306;54dba  and 65307;scan and 65306;52dba  and 65307;standby and 65306;30dba<\/td>\n<\/tr>\n<tr>\n<td>Standard portshi-speed usb 2.0 ; net and 65306;ieee 802.3 10\/100base-tx  and 65307;wifi and 65306;ieee 802.11b\/g\/n and 65307;<\/td>\n<\/tr>\n<tr>\n<td>Consumable<\/td>\n<\/tr>\n<tr>\n<td>       toner cartridge  and  drum unit<\/td>\n<\/tr>\n<tr>\n<td>Starter cartridge11500 pages<\/td>\n<\/tr>\n<tr>\n<td>Starter drum112000 pages<\/td>\n<\/tr>\n<tr>\n<td>Cartridge model and yiled1tl-410 1,500 pages  and 65307;tl-410h 3,000 pages  and 65307;tl-410x 6,000 pages<\/td>\n<\/tr>\n<tr>\n<td>Standard drum1dl-410 12,000 pages<\/td>\n<\/tr>\n<tr>\n<td>Note1toner and drum unit lifetime is based on iso 19752.individual users will experience different results affected by different printing habits and printing environment.<\/td>\n<\/tr>\n<\/table>\n","protected":false},"excerpt":{"rendered":"<p>Segun las demandas de los usuarios, pantum desarrolla esta nueva serie de impresoras y multifuncionales que se actualizaron con funciones mas convenientes. Los usuarios pueden disfrutar de la funcin de escaneo combinado con adf  y de superficie plana. Pantalla tactil de 3.5. Fcil instalacin del controlador en un solo paso<\/p>\n","protected":false},"featured_media":231115,"comment_status":"open","ping_status":"open","template":"","meta":[],"product_cat":[1780,1782],"product_tag":[2177],"acf":[],"yoast_head":"<!-- This site is optimized with the Yoast SEO plugin v21.7 - https:\/\/yoast.com\/wordpress\/plugins\/seo\/ -->\n<title>[ Pantum ] &#129351; M7310dw Multifuncional , Ppm 33, Laser Monocromatico, Usb, Wifi, Eterneth, Nfc, Duplex Y Adf<\/title>\n<meta name=\"description\" content=\"Compra M7310dw Multifuncional , Ppm 33, Laser Monocromatico, Usb, Wifi, Eterneth, Nfc, Duplex Y Adf + Env\u00edo a domicilio + Pago seguro + Garant\u00eda\" \/>\n<meta name=\"robots\" content=\"index, follow, max-snippet:-1, max-image-preview:large, max-video-preview:-1\" \/>\n<link rel=\"canonical\" href=\"https:\/\/compuviper.mx\/tienda\/producto\/pantum-m7310dw-multifuncional-ppm-33-laser-monocromatico-usb-wifi-eterneth-nfc-duplex-y-adf\/\" \/>\n<meta property=\"og:locale\" content=\"es_MX\" \/>\n<meta property=\"og:type\" content=\"article\" \/>\n<meta property=\"og:title\" content=\"[ Pantum ] &#129351; M7310dw Multifuncional , Ppm 33, Laser Monocromatico, Usb, Wifi, Eterneth, Nfc, Duplex Y Adf\" \/>\n<meta property=\"og:description\" content=\"Compra M7310dw Multifuncional , Ppm 33, Laser Monocromatico, Usb, Wifi, Eterneth, Nfc, Duplex Y Adf + Env\u00edo a domicilio + Pago seguro + Garant\u00eda\" \/>\n<meta property=\"og:url\" content=\"https:\/\/compuviper.mx\/tienda\/producto\/pantum-m7310dw-multifuncional-ppm-33-laser-monocromatico-usb-wifi-eterneth-nfc-duplex-y-adf\/\" \/>\n<meta property=\"og:site_name\" content=\"Compuviper\" \/>\n<meta property=\"article:publisher\" content=\"https:\/\/www.facebook.com\/compuviper\" \/>\n<meta property=\"article:modified_time\" content=\"2026-04-10T07:36:57+00:00\" \/>\n<meta property=\"og:image\" content=\"https:\/\/compuviper.mx\/tienda\/wp-content\/uploads\/2024\/02\/Multifuncional-pantum-m7310dw-ppm-35-negro-laser-monocromatico-usb-wifi-eterneth-red-nfc-duplex-adf-cama-plana-carta.jpg\" \/>\n\t<meta property=\"og:image:width\" content=\"200\" \/>\n\t<meta property=\"og:image:height\" content=\"200\" \/>\n\t<meta property=\"og:image:type\" content=\"image\/jpeg\" \/>\n<meta name=\"twitter:card\" content=\"summary_large_image\" \/>\n<meta name=\"twitter:label1\" content=\"Precio\" \/>\n\t<meta name=\"twitter:data1\" content=\"&#36;4,496 con IVA\" \/>\n\t<meta name=\"twitter:label2\" content=\"Availability\" \/>\n\t<meta name=\"twitter:data2\" content=\"In stock\" \/>\n<script type=\"application\/ld+json\" class=\"yoast-schema-graph\">{\"@context\":\"https:\/\/schema.org\",\"@graph\":[{\"@type\":\"WebPage\",\"@id\":\"https:\/\/compuviper.mx\/tienda\/producto\/pantum-m7310dw-multifuncional-ppm-33-laser-monocromatico-usb-wifi-eterneth-nfc-duplex-y-adf\/\",\"url\":\"https:\/\/compuviper.mx\/tienda\/producto\/pantum-m7310dw-multifuncional-ppm-33-laser-monocromatico-usb-wifi-eterneth-nfc-duplex-y-adf\/\",\"name\":\"[ Pantum ] &#129351; M7310dw Multifuncional , Ppm 33, Laser Monocromatico, Usb, Wifi, Eterneth, Nfc, Duplex Y Adf\",\"isPartOf\":{\"@id\":\"https:\/\/compuviper.mx\/tienda\/#website\"},\"datePublished\":\"2026-04-10T07:36:56+00:00\",\"dateModified\":\"2026-04-10T07:36:57+00:00\",\"description\":\"Compra M7310dw Multifuncional , Ppm 33, Laser Monocromatico, Usb, Wifi, Eterneth, Nfc, Duplex Y Adf + Env\u00edo a domicilio + Pago seguro + Garant\u00eda\",\"breadcrumb\":{\"@id\":\"https:\/\/compuviper.mx\/tienda\/producto\/pantum-m7310dw-multifuncional-ppm-33-laser-monocromatico-usb-wifi-eterneth-nfc-duplex-y-adf\/#breadcrumb\"},\"inLanguage\":\"es-MX\",\"potentialAction\":[{\"@type\":\"ReadAction\",\"target\":[\"https:\/\/compuviper.mx\/tienda\/producto\/pantum-m7310dw-multifuncional-ppm-33-laser-monocromatico-usb-wifi-eterneth-nfc-duplex-y-adf\/\"]}]},{\"@type\":\"BreadcrumbList\",\"@id\":\"https:\/\/compuviper.mx\/tienda\/producto\/pantum-m7310dw-multifuncional-ppm-33-laser-monocromatico-usb-wifi-eterneth-nfc-duplex-y-adf\/#breadcrumb\",\"itemListElement\":[{\"@type\":\"ListItem\",\"position\":1,\"name\":\"Inicio\",\"item\":\"https:\/\/compuviper.mx\/tienda\/\"},{\"@type\":\"ListItem\",\"position\":2,\"name\":\"Productos\",\"item\":\"https:\/\/compuviper.mx\/tienda\/productos\/\"},{\"@type\":\"ListItem\",\"position\":3,\"name\":\"Multifuncionales\",\"item\":\"https:\/\/compuviper.mx\/tienda\/categoria-producto\/multifuncionales\/\"},{\"@type\":\"ListItem\",\"position\":4,\"name\":\"Laser Monocromatica\",\"item\":\"https:\/\/compuviper.mx\/tienda\/categoria-producto\/multifuncionales\/laser-monocromatica\/\"},{\"@type\":\"ListItem\",\"position\":5,\"name\":\"Pantum M7310dw Multifuncional , Ppm 33, Laser Monocromatico, Usb, Wifi, Eterneth, Nfc, Duplex Y Adf\"}]},{\"@type\":\"WebSite\",\"@id\":\"https:\/\/compuviper.mx\/tienda\/#website\",\"url\":\"https:\/\/compuviper.mx\/tienda\/\",\"name\":\"Compuviper\",\"description\":\"Proveedor de Computadoras, Laptops, Servidores, Monitores, Puntos de Venta, Teclados,   Impresoras, T\u00f3ner, C\u00e1maras de Seguridad y m\u00e1s en tu tienda en l\u00ednea\",\"publisher\":{\"@id\":\"https:\/\/compuviper.mx\/tienda\/#organization\"},\"potentialAction\":[{\"@type\":\"SearchAction\",\"target\":{\"@type\":\"EntryPoint\",\"urlTemplate\":\"https:\/\/compuviper.mx\/tienda\/?s={search_term_string}\"},\"query-input\":\"required name=search_term_string\"}],\"inLanguage\":\"es-MX\"},{\"@type\":\"Organization\",\"@id\":\"https:\/\/compuviper.mx\/tienda\/#organization\",\"name\":\"Compuviper\",\"url\":\"https:\/\/compuviper.mx\/tienda\/\",\"logo\":{\"@type\":\"ImageObject\",\"inLanguage\":\"es-MX\",\"@id\":\"https:\/\/compuviper.mx\/tienda\/#\/schema\/logo\/image\/\",\"url\":\"https:\/\/compuviper.mx\/tienda\/wp-content\/uploads\/2021\/08\/Logo-Compuviper-10.png\",\"contentUrl\":\"https:\/\/compuviper.mx\/tienda\/wp-content\/uploads\/2021\/08\/Logo-Compuviper-10.png\",\"width\":1000,\"height\":500,\"caption\":\"Compuviper\"},\"image\":{\"@id\":\"https:\/\/compuviper.mx\/tienda\/#\/schema\/logo\/image\/\"},\"sameAs\":[\"https:\/\/www.facebook.com\/compuviper\",\"https:\/\/www.youtube.com\/channel\/UCf73dERp9Y3cfOq7q8BhLjA?view_as=subscriber\"]}]}<\/script>\n<meta property=\"product:brand\" content=\"Pantum\" \/>\n<meta property=\"product:price:amount\" content=\"4496\" \/>\n<meta property=\"product:price:currency\" content=\"MXN\" \/>\n<meta property=\"og:availability\" content=\"instock\" \/>\n<meta property=\"product:availability\" content=\"instock\" \/>\n<meta property=\"product:retailer_item_id\" content=\"M7310DW\" \/>\n<meta property=\"product:condition\" content=\"new\" \/>\n<!-- \/ Yoast SEO plugin. -->","yoast_head_json":{"title":"[ Pantum ] &#129351; M7310dw Multifuncional , Ppm 33, Laser Monocromatico, Usb, Wifi, Eterneth, Nfc, Duplex Y Adf","description":"Compra M7310dw Multifuncional , Ppm 33, Laser Monocromatico, Usb, Wifi, Eterneth, Nfc, Duplex Y Adf + Env\u00edo a domicilio + Pago seguro + Garant\u00eda","robots":{"index":"index","follow":"follow","max-snippet":"max-snippet:-1","max-image-preview":"max-image-preview:large","max-video-preview":"max-video-preview:-1"},"canonical":"https:\/\/compuviper.mx\/tienda\/producto\/pantum-m7310dw-multifuncional-ppm-33-laser-monocromatico-usb-wifi-eterneth-nfc-duplex-y-adf\/","og_locale":"es_MX","og_type":"article","og_title":"[ Pantum ] &#129351; M7310dw Multifuncional , Ppm 33, Laser Monocromatico, Usb, Wifi, Eterneth, Nfc, Duplex Y Adf","og_description":"Compra M7310dw Multifuncional , Ppm 33, Laser Monocromatico, Usb, Wifi, Eterneth, Nfc, Duplex Y Adf + Env\u00edo a domicilio + Pago seguro + Garant\u00eda","og_url":"https:\/\/compuviper.mx\/tienda\/producto\/pantum-m7310dw-multifuncional-ppm-33-laser-monocromatico-usb-wifi-eterneth-nfc-duplex-y-adf\/","og_site_name":"Compuviper","article_publisher":"https:\/\/www.facebook.com\/compuviper","article_modified_time":"2026-04-10T07:36:57+00:00","og_image":[{"width":200,"height":200,"url":"https:\/\/compuviper.mx\/tienda\/wp-content\/uploads\/2024\/02\/Multifuncional-pantum-m7310dw-ppm-35-negro-laser-monocromatico-usb-wifi-eterneth-red-nfc-duplex-adf-cama-plana-carta.jpg","type":"image\/jpeg"}],"twitter_card":"summary_large_image","twitter_misc":{"Precio":"&#36;4,496 con IVA","Availability":"In stock"},"schema":{"@context":"https:\/\/schema.org","@graph":[{"@type":"WebPage","@id":"https:\/\/compuviper.mx\/tienda\/producto\/pantum-m7310dw-multifuncional-ppm-33-laser-monocromatico-usb-wifi-eterneth-nfc-duplex-y-adf\/","url":"https:\/\/compuviper.mx\/tienda\/producto\/pantum-m7310dw-multifuncional-ppm-33-laser-monocromatico-usb-wifi-eterneth-nfc-duplex-y-adf\/","name":"[ Pantum ] &#129351; M7310dw Multifuncional , Ppm 33, Laser Monocromatico, Usb, Wifi, Eterneth, Nfc, Duplex Y Adf","isPartOf":{"@id":"https:\/\/compuviper.mx\/tienda\/#website"},"datePublished":"2026-04-10T07:36:56+00:00","dateModified":"2026-04-10T07:36:57+00:00","description":"Compra M7310dw Multifuncional , Ppm 33, Laser Monocromatico, Usb, Wifi, Eterneth, Nfc, Duplex Y Adf + Env\u00edo a domicilio + Pago seguro + Garant\u00eda","breadcrumb":{"@id":"https:\/\/compuviper.mx\/tienda\/producto\/pantum-m7310dw-multifuncional-ppm-33-laser-monocromatico-usb-wifi-eterneth-nfc-duplex-y-adf\/#breadcrumb"},"inLanguage":"es-MX","potentialAction":[{"@type":"ReadAction","target":["https:\/\/compuviper.mx\/tienda\/producto\/pantum-m7310dw-multifuncional-ppm-33-laser-monocromatico-usb-wifi-eterneth-nfc-duplex-y-adf\/"]}]},{"@type":"BreadcrumbList","@id":"https:\/\/compuviper.mx\/tienda\/producto\/pantum-m7310dw-multifuncional-ppm-33-laser-monocromatico-usb-wifi-eterneth-nfc-duplex-y-adf\/#breadcrumb","itemListElement":[{"@type":"ListItem","position":1,"name":"Inicio","item":"https:\/\/compuviper.mx\/tienda\/"},{"@type":"ListItem","position":2,"name":"Productos","item":"https:\/\/compuviper.mx\/tienda\/productos\/"},{"@type":"ListItem","position":3,"name":"Multifuncionales","item":"https:\/\/compuviper.mx\/tienda\/categoria-producto\/multifuncionales\/"},{"@type":"ListItem","position":4,"name":"Laser Monocromatica","item":"https:\/\/compuviper.mx\/tienda\/categoria-producto\/multifuncionales\/laser-monocromatica\/"},{"@type":"ListItem","position":5,"name":"Pantum M7310dw Multifuncional , Ppm 33, Laser Monocromatico, Usb, Wifi, Eterneth, Nfc, Duplex Y Adf"}]},{"@type":"WebSite","@id":"https:\/\/compuviper.mx\/tienda\/#website","url":"https:\/\/compuviper.mx\/tienda\/","name":"Compuviper","description":"Proveedor de Computadoras, Laptops, Servidores, Monitores, Puntos de Venta, Teclados,   Impresoras, T\u00f3ner, C\u00e1maras de Seguridad y m\u00e1s en tu tienda en l\u00ednea","publisher":{"@id":"https:\/\/compuviper.mx\/tienda\/#organization"},"potentialAction":[{"@type":"SearchAction","target":{"@type":"EntryPoint","urlTemplate":"https:\/\/compuviper.mx\/tienda\/?s={search_term_string}"},"query-input":"required name=search_term_string"}],"inLanguage":"es-MX"},{"@type":"Organization","@id":"https:\/\/compuviper.mx\/tienda\/#organization","name":"Compuviper","url":"https:\/\/compuviper.mx\/tienda\/","logo":{"@type":"ImageObject","inLanguage":"es-MX","@id":"https:\/\/compuviper.mx\/tienda\/#\/schema\/logo\/image\/","url":"https:\/\/compuviper.mx\/tienda\/wp-content\/uploads\/2021\/08\/Logo-Compuviper-10.png","contentUrl":"https:\/\/compuviper.mx\/tienda\/wp-content\/uploads\/2021\/08\/Logo-Compuviper-10.png","width":1000,"height":500,"caption":"Compuviper"},"image":{"@id":"https:\/\/compuviper.mx\/tienda\/#\/schema\/logo\/image\/"},"sameAs":["https:\/\/www.facebook.com\/compuviper","https:\/\/www.youtube.com\/channel\/UCf73dERp9Y3cfOq7q8BhLjA?view_as=subscriber"]}]},"product_brand":"Pantum","product_price_amount":"4496","product_price_currency":"MXN","og_availability":"instock","product_availability":"instock","product_retailer_item_id":"M7310DW","product_condition":"new"},"_links":{"self":[{"href":"https:\/\/compuviper.mx\/tienda\/wp-json\/wp\/v2\/product\/231086"}],"collection":[{"href":"https:\/\/compuviper.mx\/tienda\/wp-json\/wp\/v2\/product"}],"about":[{"href":"https:\/\/compuviper.mx\/tienda\/wp-json\/wp\/v2\/types\/product"}],"replies":[{"embeddable":true,"href":"https:\/\/compuviper.mx\/tienda\/wp-json\/wp\/v2\/comments?post=231086"}],"wp:featuredmedia":[{"embeddable":true,"href":"https:\/\/compuviper.mx\/tienda\/wp-json\/wp\/v2\/media\/231115"}],"wp:attachment":[{"href":"https:\/\/compuviper.mx\/tienda\/wp-json\/wp\/v2\/media?parent=231086"}],"wp:term":[{"taxonomy":"product_cat","embeddable":true,"href":"https:\/\/compuviper.mx\/tienda\/wp-json\/wp\/v2\/product_cat?post=231086"},{"taxonomy":"product_tag","embeddable":true,"href":"https:\/\/compuviper.mx\/tienda\/wp-json\/wp\/v2\/product_tag?post=231086"}],"curies":[{"name":"wp","href":"https:\/\/api.w.org\/{rel}","templated":true}]}}