{"id":230451,"date":"2026-04-18T01:11:37","date_gmt":"2026-04-18T07:11:37","guid":{"rendered":"https:\/\/compuviper.mx\/tienda\/producto\/tp-link-deco-x10-1-pack-router-tp-link-mesh-wifi-6-ax1500-2-puertos-gigabit-conecta-hasta-120-dispositivos\/"},"modified":"2026-04-18T01:11:38","modified_gmt":"2026-04-18T07:11:38","slug":"tp-link-deco-x10-1-pack-router-tp-link-mesh-wifi-6-ax1500-2-puertos-gigabit-conecta-hasta-120-dispositivos","status":"publish","type":"product","link":"https:\/\/compuviper.mx\/tienda\/producto\/tp-link-deco-x10-1-pack-router-tp-link-mesh-wifi-6-ax1500-2-puertos-gigabit-conecta-hasta-120-dispositivos\/","title":{"rendered":"Tp Link Deco X10 (1-pack) Router | Tp-link |  | Mesh | Wifi 6 | Ax1500 | 2 Puertos Gigabit | Conecta Hasta 120 Dispositivos"},"content":{"rendered":"<table class=\"descripcion\">\n<tr>\n<td>Wireless<\/td>\n<\/tr>\n<tr>\n<td>Standards wi-fi 6<\/td>\n<\/tr>\n<tr>\n<td>Ieee 802.11ax\/ac\/n\/a 5 ghz<\/td>\n<\/tr>\n<tr>\n<td>Ieee 802.11n\/b\/g 2.4 ghz<\/td>\n<\/tr>\n<tr>\n<td>Wifi speeds ax1500<\/td>\n<\/tr>\n<tr>\n<td>5 ghz: 1201 mbps (802.11ax)<\/td>\n<\/tr>\n<tr>\n<td>2.4 ghz: 300 mbps (802.11n)<\/td>\n<\/tr>\n<tr>\n<td>Wifi range 1-2 bedroom houses (1-pack)<\/td>\n<\/tr>\n<tr>\n<td>2-4 bedroom houses (2-pack)<\/td>\n<\/tr>\n<tr>\n<td>3-5 bedroom houses (3-pack)<\/td>\n<\/tr>\n<tr>\n<td>________________________________________<\/td>\n<\/tr>\n<tr>\n<td>Tp-link mesh technology<\/td>\n<\/tr>\n<tr>\n<td>Optional ethernet backhaul work together to link deco units to provide seamless coverage<\/td>\n<\/tr>\n<tr>\n<td>2\u00d7 antennas (internal)<\/td>\n<\/tr>\n<tr>\n<td>Multiple antennas form a signal-boosting array to cover more directions and large areas<\/td>\n<\/tr>\n<tr>\n<td>Beamforming<\/td>\n<\/tr>\n<tr>\n<td>Concentrates wireless signal strength towards clients to expand wifi range<\/td>\n<\/tr>\n<tr>\n<td>Wifi capacity high<\/td>\n<\/tr>\n<tr>\n<td>________________________________________<\/td>\n<\/tr>\n<tr>\n<td>Dual-band<\/td>\n<\/tr>\n<tr>\n<td>Distribute devices to different bands for optimal performance<\/td>\n<\/tr>\n<tr>\n<td>2\u00d72 mu-mimo<\/td>\n<\/tr>\n<tr>\n<td>Simultaneously communicates with multiple mu-mimo clients<\/td>\n<\/tr>\n<tr>\n<td>Ofdma<\/td>\n<\/tr>\n<tr>\n<td>Simultaneously communicates with multiple wifi 6 clients<\/td>\n<\/tr>\n<tr>\n<td>4 streams<\/td>\n<\/tr>\n<tr>\n<td>More than enough bandwidth for connected devices<\/td>\n<\/tr>\n<tr>\n<td>Working modes router mode<\/td>\n<\/tr>\n<tr>\n<td>Access point mode<\/td>\n<\/tr>\n<tr>\n<td>Seguridad<\/td>\n<\/tr>\n<tr>\n<td>Network security spi firewall<\/td>\n<\/tr>\n<tr>\n<td>Access control<\/td>\n<\/tr>\n<tr>\n<td>Guest network 1\u00d7 5 ghz guest network<\/td>\n<\/tr>\n<tr>\n<td>1\u00d7 2.4 ghz guest network<\/td>\n<\/tr>\n<tr>\n<td>Wifi encryption wpa-personal<\/td>\n<\/tr>\n<tr>\n<td>Wpa2-personal<\/td>\n<\/tr>\n<tr>\n<td>Wpa3-personal<\/td>\n<\/tr>\n<tr>\n<td>Hardware<\/td>\n<\/tr>\n<tr>\n<td>Ethernet ports 2\u00d7 gigabit ports<\/td>\n<\/tr>\n<tr>\n<td>*per deco unit<\/td>\n<\/tr>\n<tr>\n<td>Supports wan\/lan auto-sensing<\/td>\n<\/tr>\n<tr>\n<td>Botones reset button<\/td>\n<\/tr>\n<tr>\n<td>Software<\/td>\n<\/tr>\n<tr>\n<td>Protocols ipv4<\/td>\n<\/tr>\n<tr>\n<td>Ipv6<\/td>\n<\/tr>\n<tr>\n<td>Parental controls parental controls<\/td>\n<\/tr>\n<tr>\n<td>________________________________________<\/td>\n<\/tr>\n<tr>\n<td>Custom profiles<\/td>\n<\/tr>\n<tr>\n<td>Professional content filter library<\/td>\n<\/tr>\n<tr>\n<td>Family time<\/td>\n<\/tr>\n<tr>\n<td>Bedtime<\/td>\n<\/tr>\n<tr>\n<td>Off time<\/td>\n<\/tr>\n<tr>\n<td>Time rewards<\/td>\n<\/tr>\n<tr>\n<td>Family online time ranking<\/td>\n<\/tr>\n<tr>\n<td>Pause the internet<\/td>\n<\/tr>\n<tr>\n<td>Weekly and monthly reports<\/td>\n<\/tr>\n<tr>\n<td>Wan types dynamic ip<\/td>\n<\/tr>\n<tr>\n<td>Static ip<\/td>\n<\/tr>\n<tr>\n<td>Pppoe<\/td>\n<\/tr>\n<tr>\n<td>Pptp<\/td>\n<\/tr>\n<tr>\n<td>L2tp<\/td>\n<\/tr>\n<tr>\n<td>Quality of service qos by device<\/td>\n<\/tr>\n<tr>\n<td>Cloud service ota firmware upgrade<\/td>\n<\/tr>\n<tr>\n<td>Tp-link id<\/td>\n<\/tr>\n<tr>\n<td>Ddns<\/td>\n<\/tr>\n<tr>\n<td>Nat forwarding port forwarding<\/td>\n<\/tr>\n<tr>\n<td>Upnp<\/td>\n<\/tr>\n<tr>\n<td>Iptv igmp proxy<\/td>\n<\/tr>\n<tr>\n<td>Igmp snooping<\/td>\n<\/tr>\n<tr>\n<td>Bridge<\/td>\n<\/tr>\n<tr>\n<td>Tag vlan<\/td>\n<\/tr>\n<tr>\n<td>Dhcp address reservation<\/td>\n<\/tr>\n<tr>\n<td>Dhcp client list<\/td>\n<\/tr>\n<tr>\n<td>Server<\/td>\n<\/tr>\n<tr>\n<td>Ddns tp-link<\/td>\n<\/tr>\n<tr>\n<td>Management deco app<\/td>\n<\/tr>\n<tr>\n<td>Test data<\/td>\n<\/tr>\n<tr>\n<td>Wifi transmission power ce:<\/td>\n<\/tr>\n<tr>\n<td> 20 dbm (2.4 ghz)<\/td>\n<\/tr>\n<tr>\n<td> 30 dbm (5 ghz)<\/td>\n<\/tr>\n<tr>\n<td>Fcc:<\/td>\n<\/tr>\n<tr>\n<td> 30 dbm (2.4 ghz)<\/td>\n<\/tr>\n<tr>\n<td> 30 dbm (5 ghz)<\/td>\n<\/tr>\n<tr>\n<td>Physical<\/td>\n<\/tr>\n<tr>\n<td>Dimensions (w\u00d7d\u00d7h) 4.33 \u00d7 4.33 \u00d7 4.49 in<\/td>\n<\/tr>\n<tr>\n<td>(110 \u00d7 110 \u00d7 114 mm)<\/td>\n<\/tr>\n<tr>\n<td>Package contents deco x10 (3-pack)<\/td>\n<\/tr>\n<tr>\n<td>3 deco x10 units<\/td>\n<\/tr>\n<tr>\n<td>1 rj45 ethernet cable<\/td>\n<\/tr>\n<tr>\n<td>3 power adapters<\/td>\n<\/tr>\n<tr>\n<td>Quick installation guide<\/td>\n<\/tr>\n<tr>\n<td>Deco x10 (2-pack)<\/td>\n<\/tr>\n<tr>\n<td>2 deco x10 units<\/td>\n<\/tr>\n<tr>\n<td>1 rj45 ethernet cable<\/td>\n<\/tr>\n<tr>\n<td>2 power adapters<\/td>\n<\/tr>\n<tr>\n<td>Quick installation guide<\/td>\n<\/tr>\n<tr>\n<td>Deco x10 (1-pack)<\/td>\n<\/tr>\n<tr>\n<td>1 deco x10 unit<\/td>\n<\/tr>\n<tr>\n<td>1 rj45 ethernet cable<\/td>\n<\/tr>\n<tr>\n<td>1 power adapter<\/td>\n<\/tr>\n<tr>\n<td>Quick installation guide<\/td>\n<\/tr>\n<tr>\n<td>Otros<\/td>\n<\/tr>\n<tr>\n<td>Requisitos del sistema android 5.0 or later<\/td>\n<\/tr>\n<tr>\n<td>Ios 9.0 or later<\/td>\n<\/tr>\n<tr>\n<td>*note: the minimum system requirements will be updated alongside updates to the app, subject to official website information.<\/td>\n<\/tr>\n<tr>\n<td>Certificaciones ce, fcc, rohs, jpa, jrf, vcci, ncc, bsmi<\/td>\n<\/tr>\n<tr>\n<td>Ambiente operating temperature: 0 and #8451;~40 and #8451; (32 and #8457; ~104 and #8457;)<\/td>\n<\/tr>\n<tr>\n<td>Storage temperature: -40 and #8451;~60 and #8451; (-40 and #8457; ~140 and #8457;)<\/td>\n<\/tr>\n<tr>\n<td>Operating humidity: 10%~90% non-condensing<\/td>\n<\/tr>\n<tr>\n<td>Storage humidity: 5%~90% non-condensing<\/td>\n<\/tr>\n<\/table>\n","protected":false},"excerpt":{"rendered":"<p>Sistema wi-fi 6 en malla para todo el hogar ax1500.     Conexiones m\u00e1s r\u00e1pidas: wi-fi 6 alcanza velocidades de hasta 1500 mbps: 1201 mbps en 5 ghz y 300 mbps en 2,4 ghz.?.     Conecte m\u00e1s dispositivos: las tecnolog\u00edas ofdma y mu-mimo cuadriplican la capacidad para permitir la transmisi\u00f3n simult\u00e1nea a m\u00e1s dispositivos. And #9651.     Cobertura perfecta mejorada: logre una cobertura perfecta para todo el hogar con una se\u00f1al wi-fi para todo el hogar m\u00e1s clara y potente generada por wi-fi 6.?.     Latencia ultrabaja: una mayor reducci\u00f3n de la latencia permite juegos y video chat con mayor capacidad de respuesta.     Una red unificada: varias unidades forman una red para todo el hogar que selecciona autom\u00e1ticamente la mejor conexi\u00f3n a medida que se mueve por la casa.     Controles parentales s\u00f3lidos: limite el tiempo en l\u00ednea y bloquee sitios web inapropiados seg\u00fan los perfiles \u00fanicos que cree para cada miembro de la familia..     La configuraci\u00f3n es m\u00e1s f\u00e1cil que nunca: la aplicaci\u00f3n deco lo gu\u00eda paso a paso a trav\u00e9s de la configuraci\u00f3n. Wifi 6<\/p>\n","protected":false},"featured_media":234216,"comment_status":"open","ping_status":"open","template":"","meta":[],"product_cat":[1563,1753],"product_tag":[1562],"acf":[],"yoast_head":"<!-- This site is optimized with the Yoast SEO plugin v21.7 - https:\/\/yoast.com\/wordpress\/plugins\/seo\/ -->\n<title>[ Tp Link ] &#129351; Deco X10 (1-pack) Router | Tp-link | | Mesh | Wifi 6 | Ax1500 | 2 Puertos Gigabit | Conecta Hasta 120 Dispositivos<\/title>\n<meta name=\"description\" content=\"Compra Deco X10 (1-pack) Router | Tp-link | | Mesh | Wifi 6 | Ax1500 | 2 Puertos Gigabit | Conecta Hasta 120 Dispositivos + Env\u00edo a domicilio + Pago seguro + Garant\u00eda\" \/>\n<meta name=\"robots\" content=\"index, follow, max-snippet:-1, max-image-preview:large, max-video-preview:-1\" \/>\n<link rel=\"canonical\" href=\"https:\/\/compuviper.mx\/tienda\/producto\/tp-link-deco-x10-1-pack-router-tp-link-mesh-wifi-6-ax1500-2-puertos-gigabit-conecta-hasta-120-dispositivos\/\" \/>\n<meta property=\"og:locale\" content=\"es_MX\" \/>\n<meta property=\"og:type\" content=\"article\" \/>\n<meta property=\"og:title\" content=\"[ Tp Link ] &#129351; Deco X10 (1-pack) Router | Tp-link | | Mesh | Wifi 6 | Ax1500 | 2 Puertos Gigabit | Conecta Hasta 120 Dispositivos\" \/>\n<meta property=\"og:description\" content=\"Compra Deco X10 (1-pack) Router | Tp-link | | Mesh | Wifi 6 | Ax1500 | 2 Puertos Gigabit | Conecta Hasta 120 Dispositivos + Env\u00edo a domicilio + Pago seguro + Garant\u00eda\" \/>\n<meta property=\"og:url\" content=\"https:\/\/compuviper.mx\/tienda\/producto\/tp-link-deco-x10-1-pack-router-tp-link-mesh-wifi-6-ax1500-2-puertos-gigabit-conecta-hasta-120-dispositivos\/\" \/>\n<meta property=\"og:site_name\" content=\"Compuviper\" \/>\n<meta property=\"article:publisher\" content=\"https:\/\/www.facebook.com\/compuviper\" \/>\n<meta property=\"article:modified_time\" content=\"2026-04-18T07:11:38+00:00\" \/>\n<meta property=\"og:image\" content=\"https:\/\/compuviper.mx\/tienda\/wp-content\/uploads\/2024\/05\/Router-tp-link-deco-x10-1-pack-mesh-wifi-6-ax1500-2-puertos-gigabit-conecta-hasta-120-dispositivos.jpg\" \/>\n\t<meta property=\"og:image:width\" content=\"200\" \/>\n\t<meta property=\"og:image:height\" content=\"200\" \/>\n\t<meta property=\"og:image:type\" content=\"image\/jpeg\" \/>\n<meta name=\"twitter:card\" content=\"summary_large_image\" \/>\n<meta name=\"twitter:label1\" content=\"Precio\" \/>\n\t<meta name=\"twitter:data1\" content=\"&#36;1,193 con IVA\" \/>\n\t<meta name=\"twitter:label2\" content=\"Availability\" \/>\n\t<meta name=\"twitter:data2\" content=\"In stock\" \/>\n<script type=\"application\/ld+json\" class=\"yoast-schema-graph\">{\"@context\":\"https:\/\/schema.org\",\"@graph\":[{\"@type\":\"WebPage\",\"@id\":\"https:\/\/compuviper.mx\/tienda\/producto\/tp-link-deco-x10-1-pack-router-tp-link-mesh-wifi-6-ax1500-2-puertos-gigabit-conecta-hasta-120-dispositivos\/\",\"url\":\"https:\/\/compuviper.mx\/tienda\/producto\/tp-link-deco-x10-1-pack-router-tp-link-mesh-wifi-6-ax1500-2-puertos-gigabit-conecta-hasta-120-dispositivos\/\",\"name\":\"[ Tp Link ] &#129351; Deco X10 (1-pack) Router | Tp-link | | Mesh | Wifi 6 | Ax1500 | 2 Puertos Gigabit | Conecta Hasta 120 Dispositivos\",\"isPartOf\":{\"@id\":\"https:\/\/compuviper.mx\/tienda\/#website\"},\"datePublished\":\"2026-04-18T07:11:37+00:00\",\"dateModified\":\"2026-04-18T07:11:38+00:00\",\"description\":\"Compra Deco X10 (1-pack) Router | Tp-link | | Mesh | Wifi 6 | Ax1500 | 2 Puertos Gigabit | Conecta Hasta 120 Dispositivos + Env\u00edo a domicilio + Pago seguro + Garant\u00eda\",\"breadcrumb\":{\"@id\":\"https:\/\/compuviper.mx\/tienda\/producto\/tp-link-deco-x10-1-pack-router-tp-link-mesh-wifi-6-ax1500-2-puertos-gigabit-conecta-hasta-120-dispositivos\/#breadcrumb\"},\"inLanguage\":\"es-MX\",\"potentialAction\":[{\"@type\":\"ReadAction\",\"target\":[\"https:\/\/compuviper.mx\/tienda\/producto\/tp-link-deco-x10-1-pack-router-tp-link-mesh-wifi-6-ax1500-2-puertos-gigabit-conecta-hasta-120-dispositivos\/\"]}]},{\"@type\":\"BreadcrumbList\",\"@id\":\"https:\/\/compuviper.mx\/tienda\/producto\/tp-link-deco-x10-1-pack-router-tp-link-mesh-wifi-6-ax1500-2-puertos-gigabit-conecta-hasta-120-dispositivos\/#breadcrumb\",\"itemListElement\":[{\"@type\":\"ListItem\",\"position\":1,\"name\":\"Inicio\",\"item\":\"https:\/\/compuviper.mx\/tienda\/\"},{\"@type\":\"ListItem\",\"position\":2,\"name\":\"Productos\",\"item\":\"https:\/\/compuviper.mx\/tienda\/productos\/\"},{\"@type\":\"ListItem\",\"position\":3,\"name\":\"Redes\",\"item\":\"https:\/\/compuviper.mx\/tienda\/categoria-producto\/redes\/\"},{\"@type\":\"ListItem\",\"position\":4,\"name\":\"Router\",\"item\":\"https:\/\/compuviper.mx\/tienda\/categoria-producto\/redes\/router\/\"},{\"@type\":\"ListItem\",\"position\":5,\"name\":\"Tp Link Deco X10 (1-pack) Router | Tp-link | | Mesh | Wifi 6 | Ax1500 | 2 Puertos Gigabit | Conecta Hasta 120 Dispositivos\"}]},{\"@type\":\"WebSite\",\"@id\":\"https:\/\/compuviper.mx\/tienda\/#website\",\"url\":\"https:\/\/compuviper.mx\/tienda\/\",\"name\":\"Compuviper\",\"description\":\"Proveedor de Computadoras, Laptops, Servidores, Monitores, Puntos de Venta, Teclados,   Impresoras, T\u00f3ner, C\u00e1maras de Seguridad y m\u00e1s en tu tienda en l\u00ednea\",\"publisher\":{\"@id\":\"https:\/\/compuviper.mx\/tienda\/#organization\"},\"potentialAction\":[{\"@type\":\"SearchAction\",\"target\":{\"@type\":\"EntryPoint\",\"urlTemplate\":\"https:\/\/compuviper.mx\/tienda\/?s={search_term_string}\"},\"query-input\":\"required name=search_term_string\"}],\"inLanguage\":\"es-MX\"},{\"@type\":\"Organization\",\"@id\":\"https:\/\/compuviper.mx\/tienda\/#organization\",\"name\":\"Compuviper\",\"url\":\"https:\/\/compuviper.mx\/tienda\/\",\"logo\":{\"@type\":\"ImageObject\",\"inLanguage\":\"es-MX\",\"@id\":\"https:\/\/compuviper.mx\/tienda\/#\/schema\/logo\/image\/\",\"url\":\"https:\/\/compuviper.mx\/tienda\/wp-content\/uploads\/2021\/08\/Logo-Compuviper-10.png\",\"contentUrl\":\"https:\/\/compuviper.mx\/tienda\/wp-content\/uploads\/2021\/08\/Logo-Compuviper-10.png\",\"width\":1000,\"height\":500,\"caption\":\"Compuviper\"},\"image\":{\"@id\":\"https:\/\/compuviper.mx\/tienda\/#\/schema\/logo\/image\/\"},\"sameAs\":[\"https:\/\/www.facebook.com\/compuviper\",\"https:\/\/www.youtube.com\/channel\/UCf73dERp9Y3cfOq7q8BhLjA?view_as=subscriber\"]}]}<\/script>\n<meta property=\"product:brand\" content=\"TP LINK\" \/>\n<meta property=\"product:price:amount\" content=\"1193\" \/>\n<meta property=\"product:price:currency\" content=\"MXN\" \/>\n<meta property=\"og:availability\" content=\"instock\" \/>\n<meta property=\"product:availability\" content=\"instock\" \/>\n<meta property=\"product:retailer_item_id\" content=\"DECO X10 (1-PACK)\" \/>\n<meta property=\"product:condition\" content=\"new\" \/>\n<!-- \/ Yoast SEO plugin. -->","yoast_head_json":{"title":"[ Tp Link ] &#129351; Deco X10 (1-pack) Router | Tp-link | | Mesh | Wifi 6 | Ax1500 | 2 Puertos Gigabit | Conecta Hasta 120 Dispositivos","description":"Compra Deco X10 (1-pack) Router | Tp-link | | Mesh | Wifi 6 | Ax1500 | 2 Puertos Gigabit | Conecta Hasta 120 Dispositivos + Env\u00edo a domicilio + Pago seguro + Garant\u00eda","robots":{"index":"index","follow":"follow","max-snippet":"max-snippet:-1","max-image-preview":"max-image-preview:large","max-video-preview":"max-video-preview:-1"},"canonical":"https:\/\/compuviper.mx\/tienda\/producto\/tp-link-deco-x10-1-pack-router-tp-link-mesh-wifi-6-ax1500-2-puertos-gigabit-conecta-hasta-120-dispositivos\/","og_locale":"es_MX","og_type":"article","og_title":"[ Tp Link ] &#129351; Deco X10 (1-pack) Router | Tp-link | | Mesh | Wifi 6 | Ax1500 | 2 Puertos Gigabit | Conecta Hasta 120 Dispositivos","og_description":"Compra Deco X10 (1-pack) Router | Tp-link | | Mesh | Wifi 6 | Ax1500 | 2 Puertos Gigabit | Conecta Hasta 120 Dispositivos + Env\u00edo a domicilio + Pago seguro + Garant\u00eda","og_url":"https:\/\/compuviper.mx\/tienda\/producto\/tp-link-deco-x10-1-pack-router-tp-link-mesh-wifi-6-ax1500-2-puertos-gigabit-conecta-hasta-120-dispositivos\/","og_site_name":"Compuviper","article_publisher":"https:\/\/www.facebook.com\/compuviper","article_modified_time":"2026-04-18T07:11:38+00:00","og_image":[{"width":200,"height":200,"url":"https:\/\/compuviper.mx\/tienda\/wp-content\/uploads\/2024\/05\/Router-tp-link-deco-x10-1-pack-mesh-wifi-6-ax1500-2-puertos-gigabit-conecta-hasta-120-dispositivos.jpg","type":"image\/jpeg"}],"twitter_card":"summary_large_image","twitter_misc":{"Precio":"&#36;1,193 con IVA","Availability":"In stock"},"schema":{"@context":"https:\/\/schema.org","@graph":[{"@type":"WebPage","@id":"https:\/\/compuviper.mx\/tienda\/producto\/tp-link-deco-x10-1-pack-router-tp-link-mesh-wifi-6-ax1500-2-puertos-gigabit-conecta-hasta-120-dispositivos\/","url":"https:\/\/compuviper.mx\/tienda\/producto\/tp-link-deco-x10-1-pack-router-tp-link-mesh-wifi-6-ax1500-2-puertos-gigabit-conecta-hasta-120-dispositivos\/","name":"[ Tp Link ] &#129351; Deco X10 (1-pack) Router | Tp-link | | Mesh | Wifi 6 | Ax1500 | 2 Puertos Gigabit | Conecta Hasta 120 Dispositivos","isPartOf":{"@id":"https:\/\/compuviper.mx\/tienda\/#website"},"datePublished":"2026-04-18T07:11:37+00:00","dateModified":"2026-04-18T07:11:38+00:00","description":"Compra Deco X10 (1-pack) Router | Tp-link | | Mesh | Wifi 6 | Ax1500 | 2 Puertos Gigabit | Conecta Hasta 120 Dispositivos + Env\u00edo a domicilio + Pago seguro + Garant\u00eda","breadcrumb":{"@id":"https:\/\/compuviper.mx\/tienda\/producto\/tp-link-deco-x10-1-pack-router-tp-link-mesh-wifi-6-ax1500-2-puertos-gigabit-conecta-hasta-120-dispositivos\/#breadcrumb"},"inLanguage":"es-MX","potentialAction":[{"@type":"ReadAction","target":["https:\/\/compuviper.mx\/tienda\/producto\/tp-link-deco-x10-1-pack-router-tp-link-mesh-wifi-6-ax1500-2-puertos-gigabit-conecta-hasta-120-dispositivos\/"]}]},{"@type":"BreadcrumbList","@id":"https:\/\/compuviper.mx\/tienda\/producto\/tp-link-deco-x10-1-pack-router-tp-link-mesh-wifi-6-ax1500-2-puertos-gigabit-conecta-hasta-120-dispositivos\/#breadcrumb","itemListElement":[{"@type":"ListItem","position":1,"name":"Inicio","item":"https:\/\/compuviper.mx\/tienda\/"},{"@type":"ListItem","position":2,"name":"Productos","item":"https:\/\/compuviper.mx\/tienda\/productos\/"},{"@type":"ListItem","position":3,"name":"Redes","item":"https:\/\/compuviper.mx\/tienda\/categoria-producto\/redes\/"},{"@type":"ListItem","position":4,"name":"Router","item":"https:\/\/compuviper.mx\/tienda\/categoria-producto\/redes\/router\/"},{"@type":"ListItem","position":5,"name":"Tp Link Deco X10 (1-pack) Router | Tp-link | | Mesh | Wifi 6 | Ax1500 | 2 Puertos Gigabit | Conecta Hasta 120 Dispositivos"}]},{"@type":"WebSite","@id":"https:\/\/compuviper.mx\/tienda\/#website","url":"https:\/\/compuviper.mx\/tienda\/","name":"Compuviper","description":"Proveedor de Computadoras, Laptops, Servidores, Monitores, Puntos de Venta, Teclados,   Impresoras, T\u00f3ner, C\u00e1maras de Seguridad y m\u00e1s en tu tienda en l\u00ednea","publisher":{"@id":"https:\/\/compuviper.mx\/tienda\/#organization"},"potentialAction":[{"@type":"SearchAction","target":{"@type":"EntryPoint","urlTemplate":"https:\/\/compuviper.mx\/tienda\/?s={search_term_string}"},"query-input":"required name=search_term_string"}],"inLanguage":"es-MX"},{"@type":"Organization","@id":"https:\/\/compuviper.mx\/tienda\/#organization","name":"Compuviper","url":"https:\/\/compuviper.mx\/tienda\/","logo":{"@type":"ImageObject","inLanguage":"es-MX","@id":"https:\/\/compuviper.mx\/tienda\/#\/schema\/logo\/image\/","url":"https:\/\/compuviper.mx\/tienda\/wp-content\/uploads\/2021\/08\/Logo-Compuviper-10.png","contentUrl":"https:\/\/compuviper.mx\/tienda\/wp-content\/uploads\/2021\/08\/Logo-Compuviper-10.png","width":1000,"height":500,"caption":"Compuviper"},"image":{"@id":"https:\/\/compuviper.mx\/tienda\/#\/schema\/logo\/image\/"},"sameAs":["https:\/\/www.facebook.com\/compuviper","https:\/\/www.youtube.com\/channel\/UCf73dERp9Y3cfOq7q8BhLjA?view_as=subscriber"]}]},"product_brand":"TP LINK","product_price_amount":"1193","product_price_currency":"MXN","og_availability":"instock","product_availability":"instock","product_retailer_item_id":"DECO X10 (1-PACK)","product_condition":"new"},"_links":{"self":[{"href":"https:\/\/compuviper.mx\/tienda\/wp-json\/wp\/v2\/product\/230451"}],"collection":[{"href":"https:\/\/compuviper.mx\/tienda\/wp-json\/wp\/v2\/product"}],"about":[{"href":"https:\/\/compuviper.mx\/tienda\/wp-json\/wp\/v2\/types\/product"}],"replies":[{"embeddable":true,"href":"https:\/\/compuviper.mx\/tienda\/wp-json\/wp\/v2\/comments?post=230451"}],"wp:featuredmedia":[{"embeddable":true,"href":"https:\/\/compuviper.mx\/tienda\/wp-json\/wp\/v2\/media\/234216"}],"wp:attachment":[{"href":"https:\/\/compuviper.mx\/tienda\/wp-json\/wp\/v2\/media?parent=230451"}],"wp:term":[{"taxonomy":"product_cat","embeddable":true,"href":"https:\/\/compuviper.mx\/tienda\/wp-json\/wp\/v2\/product_cat?post=230451"},{"taxonomy":"product_tag","embeddable":true,"href":"https:\/\/compuviper.mx\/tienda\/wp-json\/wp\/v2\/product_tag?post=230451"}],"curies":[{"name":"wp","href":"https:\/\/api.w.org\/{rel}","templated":true}]}}