{"id":230158,"date":"2026-04-22T00:26:01","date_gmt":"2026-04-22T06:26:01","guid":{"rendered":"https:\/\/compuviper.mx\/tienda\/producto\/vertiv-gxtrt-3000lvrt2uxl-ip-no-break-liebert-doble-conversion-2700w-3000va-entrada-60-150v-salida-120-127v-6-nema-5-20r-1-nema-5-30r-hasta-2-aos-de-garantia\/"},"modified":"2026-04-22T00:26:02","modified_gmt":"2026-04-22T06:26:02","slug":"vertiv-gxtrt-3000lvrt2uxl-ip-ups-liebert-gxtrt-3000va-2700w-doble-conversion-5-contactos","status":"publish","type":"product","link":"https:\/\/compuviper.mx\/tienda\/producto\/vertiv-gxtrt-3000lvrt2uxl-ip-ups-liebert-gxtrt-3000va-2700w-doble-conversion-5-contactos\/","title":{"rendered":"Vertiv Gxtrt-3000lvrt2uxl Ip Ups  Liebert Gxtrt 3000va 2700w Doble Conversion 5 Contactos"},"content":{"rendered":"<table class=\"descripcion\">\n<tr>\n<td>No break vertiv liebert gxt5-3000irt2uxl doble conversion, 2700w, 3000va, entrada 60-150v, salida 110-125v, 6 nema 5-20r, 1 nema 5-30r, hasta 2 a\u00f1os de garantia. ideal para servidores.<\/td>\n<\/tr>\n<\/table>\n","protected":false},"excerpt":{"rendered":"<p>No break vertiv liebert gxt5-3000irt2uxl doble conversion, 2700w, 3000va, entrada 60-150v, salida 110-125v, 6 nema 5-20r, 1 nema 5-30r, hasta 2 a\u00f1os de garantia. Puertos e interfaces. Tipo de salida ac  nema 5\u009630r,nema 5\u009620r. Cantidad de salidas ac  7. Puerto usb  si. Peso y dimensiones. Altura  86 mm. Profundidad  630 mm. Peso  2.79 kg. Ancho  438 mm. Control de energ\u00eda. Factor de poder  0.9. Voltaje de operaci\u00f3n de salida (max)  127 v. Frecuencia de entrada  40\/70 hz. Efficiency (on-line mode)  80. Voltaje de entrada de operaci\u00f3n (max)  150 v. Potencia de salida  2700 w. Funciones de protecci\u00f3n de poder  sobrecarga. Eficiencia  80. Regulaci\u00f3n del voltaje de salida  1. Factor de potencia de entrada  0.9. Voltaje de entrada de operaci\u00f3n (min)  60 v. Capacidad de potencia de salida (va)  3000 va. Bater\u00eda. Tiempo t\u00edpico de respaldo a media carga  10.5 min. Certificaci\u00f3n  ce mark; iec\/en 62040-1: 2014, iec\/en 62040-2:2006+ac:2006 class a, en 61000-4-5: 2005 class 2 l-n, class 3 l-g, ista 2a. Tiempo t\u00edpico de respaldo a carga completa  3.3 min. Tecnolog\u00eda de bater\u00eda  sealed lead acid (vrla. Capacidad de la bater\u00eda  9 ah. Voltaje de la pila  12 v. Dise\u00f1o. Factor de forma  montaje en rack o montaje en bastidor. Pantalla  lcd. Capacidad del rack  2u<\/p>\n","protected":false},"featured_media":233985,"comment_status":"open","ping_status":"open","template":"","meta":[],"product_cat":[1508,1691],"product_tag":[2173],"acf":[],"yoast_head":"<!-- This site is optimized with the Yoast SEO plugin v21.7 - https:\/\/yoast.com\/wordpress\/plugins\/seo\/ -->\n<title>[ Vertiv ] &#129351; Gxtrt-3000lvrt2uxl Ip Ups Liebert Gxtrt 3000va 2700w Doble Conversion 5 Contactos<\/title>\n<meta name=\"description\" content=\"Compra Gxtrt-3000lvrt2uxl Ip Ups Liebert Gxtrt 3000va 2700w Doble Conversion 5 Contactos + Env\u00edo a domicilio + Pago seguro + Garant\u00eda\" \/>\n<meta name=\"robots\" content=\"index, follow, max-snippet:-1, max-image-preview:large, max-video-preview:-1\" \/>\n<link rel=\"canonical\" href=\"https:\/\/compuviper.mx\/tienda\/producto\/vertiv-gxtrt-3000lvrt2uxl-ip-ups-liebert-gxtrt-3000va-2700w-doble-conversion-5-contactos\/\" \/>\n<meta property=\"og:locale\" content=\"es_MX\" \/>\n<meta property=\"og:type\" content=\"article\" \/>\n<meta property=\"og:title\" content=\"[ Vertiv ] &#129351; Gxtrt-3000lvrt2uxl Ip Ups Liebert Gxtrt 3000va 2700w Doble Conversion 5 Contactos\" \/>\n<meta property=\"og:description\" content=\"Compra Gxtrt-3000lvrt2uxl Ip Ups Liebert Gxtrt 3000va 2700w Doble Conversion 5 Contactos + Env\u00edo a domicilio + Pago seguro + Garant\u00eda\" \/>\n<meta property=\"og:url\" content=\"https:\/\/compuviper.mx\/tienda\/producto\/vertiv-gxtrt-3000lvrt2uxl-ip-ups-liebert-gxtrt-3000va-2700w-doble-conversion-5-contactos\/\" \/>\n<meta property=\"og:site_name\" content=\"Compuviper\" \/>\n<meta property=\"article:publisher\" content=\"https:\/\/www.facebook.com\/compuviper\" \/>\n<meta property=\"article:modified_time\" content=\"2026-04-22T06:26:02+00:00\" \/>\n<meta property=\"og:image\" content=\"https:\/\/compuviper.mx\/tienda\/wp-content\/uploads\/2024\/05\/Ip-no-break-vertiv-liebert-gxtrt-3000lvrt2uxl-doble-conversion-2700w-3000va-entrada-60-150v-salida-120-127v-6-nema-5-20r-1-nema-5-30r-hasta-2-anos-de-garantia.jpg\" \/>\n\t<meta property=\"og:image:width\" content=\"200\" \/>\n\t<meta property=\"og:image:height\" content=\"200\" \/>\n\t<meta property=\"og:image:type\" content=\"image\/jpeg\" \/>\n<meta name=\"twitter:card\" content=\"summary_large_image\" \/>\n<meta name=\"twitter:label1\" content=\"Precio\" \/>\n\t<meta name=\"twitter:data1\" content=\"&#36;16,220 &#36;13,604 con IVA\" \/>\n\t<meta name=\"twitter:label2\" content=\"Availability\" \/>\n\t<meta name=\"twitter:data2\" content=\"In stock\" \/>\n<script type=\"application\/ld+json\" class=\"yoast-schema-graph\">{\"@context\":\"https:\/\/schema.org\",\"@graph\":[{\"@type\":\"WebPage\",\"@id\":\"https:\/\/compuviper.mx\/tienda\/producto\/vertiv-gxtrt-3000lvrt2uxl-ip-ups-liebert-gxtrt-3000va-2700w-doble-conversion-5-contactos\/\",\"url\":\"https:\/\/compuviper.mx\/tienda\/producto\/vertiv-gxtrt-3000lvrt2uxl-ip-ups-liebert-gxtrt-3000va-2700w-doble-conversion-5-contactos\/\",\"name\":\"[ Vertiv ] &#129351; Gxtrt-3000lvrt2uxl Ip Ups Liebert Gxtrt 3000va 2700w Doble Conversion 5 Contactos\",\"isPartOf\":{\"@id\":\"https:\/\/compuviper.mx\/tienda\/#website\"},\"datePublished\":\"2026-04-22T06:26:01+00:00\",\"dateModified\":\"2026-04-22T06:26:02+00:00\",\"description\":\"Compra Gxtrt-3000lvrt2uxl Ip Ups Liebert Gxtrt 3000va 2700w Doble Conversion 5 Contactos + Env\u00edo a domicilio + Pago seguro + Garant\u00eda\",\"breadcrumb\":{\"@id\":\"https:\/\/compuviper.mx\/tienda\/producto\/vertiv-gxtrt-3000lvrt2uxl-ip-ups-liebert-gxtrt-3000va-2700w-doble-conversion-5-contactos\/#breadcrumb\"},\"inLanguage\":\"es-MX\",\"potentialAction\":[{\"@type\":\"ReadAction\",\"target\":[\"https:\/\/compuviper.mx\/tienda\/producto\/vertiv-gxtrt-3000lvrt2uxl-ip-ups-liebert-gxtrt-3000va-2700w-doble-conversion-5-contactos\/\"]}]},{\"@type\":\"BreadcrumbList\",\"@id\":\"https:\/\/compuviper.mx\/tienda\/producto\/vertiv-gxtrt-3000lvrt2uxl-ip-ups-liebert-gxtrt-3000va-2700w-doble-conversion-5-contactos\/#breadcrumb\",\"itemListElement\":[{\"@type\":\"ListItem\",\"position\":1,\"name\":\"Inicio\",\"item\":\"https:\/\/compuviper.mx\/tienda\/\"},{\"@type\":\"ListItem\",\"position\":2,\"name\":\"Productos\",\"item\":\"https:\/\/compuviper.mx\/tienda\/productos\/\"},{\"@type\":\"ListItem\",\"position\":3,\"name\":\"Energia\",\"item\":\"https:\/\/compuviper.mx\/tienda\/categoria-producto\/energia\/\"},{\"@type\":\"ListItem\",\"position\":4,\"name\":\"No Break\",\"item\":\"https:\/\/compuviper.mx\/tienda\/categoria-producto\/energia\/no-break\/\"},{\"@type\":\"ListItem\",\"position\":5,\"name\":\"Vertiv Gxtrt-3000lvrt2uxl Ip Ups Liebert Gxtrt 3000va 2700w Doble Conversion 5 Contactos\"}]},{\"@type\":\"WebSite\",\"@id\":\"https:\/\/compuviper.mx\/tienda\/#website\",\"url\":\"https:\/\/compuviper.mx\/tienda\/\",\"name\":\"Compuviper\",\"description\":\"Proveedor de Computadoras, Laptops, Servidores, Monitores, Puntos de Venta, Teclados,   Impresoras, T\u00f3ner, C\u00e1maras de Seguridad y m\u00e1s en tu tienda en l\u00ednea\",\"publisher\":{\"@id\":\"https:\/\/compuviper.mx\/tienda\/#organization\"},\"potentialAction\":[{\"@type\":\"SearchAction\",\"target\":{\"@type\":\"EntryPoint\",\"urlTemplate\":\"https:\/\/compuviper.mx\/tienda\/?s={search_term_string}\"},\"query-input\":\"required name=search_term_string\"}],\"inLanguage\":\"es-MX\"},{\"@type\":\"Organization\",\"@id\":\"https:\/\/compuviper.mx\/tienda\/#organization\",\"name\":\"Compuviper\",\"url\":\"https:\/\/compuviper.mx\/tienda\/\",\"logo\":{\"@type\":\"ImageObject\",\"inLanguage\":\"es-MX\",\"@id\":\"https:\/\/compuviper.mx\/tienda\/#\/schema\/logo\/image\/\",\"url\":\"https:\/\/compuviper.mx\/tienda\/wp-content\/uploads\/2021\/08\/Logo-Compuviper-10.png\",\"contentUrl\":\"https:\/\/compuviper.mx\/tienda\/wp-content\/uploads\/2021\/08\/Logo-Compuviper-10.png\",\"width\":1000,\"height\":500,\"caption\":\"Compuviper\"},\"image\":{\"@id\":\"https:\/\/compuviper.mx\/tienda\/#\/schema\/logo\/image\/\"},\"sameAs\":[\"https:\/\/www.facebook.com\/compuviper\",\"https:\/\/www.youtube.com\/channel\/UCf73dERp9Y3cfOq7q8BhLjA?view_as=subscriber\"]}]}<\/script>\n<meta property=\"product:brand\" content=\"Vertiv\" \/>\n<meta property=\"product:price:amount\" content=\"13604\" \/>\n<meta property=\"product:price:currency\" content=\"MXN\" \/>\n<meta property=\"og:availability\" content=\"instock\" \/>\n<meta property=\"product:availability\" content=\"instock\" \/>\n<meta property=\"product:retailer_item_id\" content=\"GXTRT-3000LVRT2UXL\" \/>\n<meta property=\"product:condition\" content=\"new\" \/>\n<!-- \/ Yoast SEO plugin. -->","yoast_head_json":{"title":"[ Vertiv ] &#129351; Gxtrt-3000lvrt2uxl Ip Ups Liebert Gxtrt 3000va 2700w Doble Conversion 5 Contactos","description":"Compra Gxtrt-3000lvrt2uxl Ip Ups Liebert Gxtrt 3000va 2700w Doble Conversion 5 Contactos + Env\u00edo a domicilio + Pago seguro + Garant\u00eda","robots":{"index":"index","follow":"follow","max-snippet":"max-snippet:-1","max-image-preview":"max-image-preview:large","max-video-preview":"max-video-preview:-1"},"canonical":"https:\/\/compuviper.mx\/tienda\/producto\/vertiv-gxtrt-3000lvrt2uxl-ip-ups-liebert-gxtrt-3000va-2700w-doble-conversion-5-contactos\/","og_locale":"es_MX","og_type":"article","og_title":"[ Vertiv ] &#129351; Gxtrt-3000lvrt2uxl Ip Ups Liebert Gxtrt 3000va 2700w Doble Conversion 5 Contactos","og_description":"Compra Gxtrt-3000lvrt2uxl Ip Ups Liebert Gxtrt 3000va 2700w Doble Conversion 5 Contactos + Env\u00edo a domicilio + Pago seguro + Garant\u00eda","og_url":"https:\/\/compuviper.mx\/tienda\/producto\/vertiv-gxtrt-3000lvrt2uxl-ip-ups-liebert-gxtrt-3000va-2700w-doble-conversion-5-contactos\/","og_site_name":"Compuviper","article_publisher":"https:\/\/www.facebook.com\/compuviper","article_modified_time":"2026-04-22T06:26:02+00:00","og_image":[{"width":200,"height":200,"url":"https:\/\/compuviper.mx\/tienda\/wp-content\/uploads\/2024\/05\/Ip-no-break-vertiv-liebert-gxtrt-3000lvrt2uxl-doble-conversion-2700w-3000va-entrada-60-150v-salida-120-127v-6-nema-5-20r-1-nema-5-30r-hasta-2-anos-de-garantia.jpg","type":"image\/jpeg"}],"twitter_card":"summary_large_image","twitter_misc":{"Precio":"&#36;16,220 &#36;13,604 con IVA","Availability":"In stock"},"schema":{"@context":"https:\/\/schema.org","@graph":[{"@type":"WebPage","@id":"https:\/\/compuviper.mx\/tienda\/producto\/vertiv-gxtrt-3000lvrt2uxl-ip-ups-liebert-gxtrt-3000va-2700w-doble-conversion-5-contactos\/","url":"https:\/\/compuviper.mx\/tienda\/producto\/vertiv-gxtrt-3000lvrt2uxl-ip-ups-liebert-gxtrt-3000va-2700w-doble-conversion-5-contactos\/","name":"[ Vertiv ] &#129351; Gxtrt-3000lvrt2uxl Ip Ups Liebert Gxtrt 3000va 2700w Doble Conversion 5 Contactos","isPartOf":{"@id":"https:\/\/compuviper.mx\/tienda\/#website"},"datePublished":"2026-04-22T06:26:01+00:00","dateModified":"2026-04-22T06:26:02+00:00","description":"Compra Gxtrt-3000lvrt2uxl Ip Ups Liebert Gxtrt 3000va 2700w Doble Conversion 5 Contactos + Env\u00edo a domicilio + Pago seguro + Garant\u00eda","breadcrumb":{"@id":"https:\/\/compuviper.mx\/tienda\/producto\/vertiv-gxtrt-3000lvrt2uxl-ip-ups-liebert-gxtrt-3000va-2700w-doble-conversion-5-contactos\/#breadcrumb"},"inLanguage":"es-MX","potentialAction":[{"@type":"ReadAction","target":["https:\/\/compuviper.mx\/tienda\/producto\/vertiv-gxtrt-3000lvrt2uxl-ip-ups-liebert-gxtrt-3000va-2700w-doble-conversion-5-contactos\/"]}]},{"@type":"BreadcrumbList","@id":"https:\/\/compuviper.mx\/tienda\/producto\/vertiv-gxtrt-3000lvrt2uxl-ip-ups-liebert-gxtrt-3000va-2700w-doble-conversion-5-contactos\/#breadcrumb","itemListElement":[{"@type":"ListItem","position":1,"name":"Inicio","item":"https:\/\/compuviper.mx\/tienda\/"},{"@type":"ListItem","position":2,"name":"Productos","item":"https:\/\/compuviper.mx\/tienda\/productos\/"},{"@type":"ListItem","position":3,"name":"Energia","item":"https:\/\/compuviper.mx\/tienda\/categoria-producto\/energia\/"},{"@type":"ListItem","position":4,"name":"No Break","item":"https:\/\/compuviper.mx\/tienda\/categoria-producto\/energia\/no-break\/"},{"@type":"ListItem","position":5,"name":"Vertiv Gxtrt-3000lvrt2uxl Ip Ups Liebert Gxtrt 3000va 2700w Doble Conversion 5 Contactos"}]},{"@type":"WebSite","@id":"https:\/\/compuviper.mx\/tienda\/#website","url":"https:\/\/compuviper.mx\/tienda\/","name":"Compuviper","description":"Proveedor de Computadoras, Laptops, Servidores, Monitores, Puntos de Venta, Teclados,   Impresoras, T\u00f3ner, C\u00e1maras de Seguridad y m\u00e1s en tu tienda en l\u00ednea","publisher":{"@id":"https:\/\/compuviper.mx\/tienda\/#organization"},"potentialAction":[{"@type":"SearchAction","target":{"@type":"EntryPoint","urlTemplate":"https:\/\/compuviper.mx\/tienda\/?s={search_term_string}"},"query-input":"required name=search_term_string"}],"inLanguage":"es-MX"},{"@type":"Organization","@id":"https:\/\/compuviper.mx\/tienda\/#organization","name":"Compuviper","url":"https:\/\/compuviper.mx\/tienda\/","logo":{"@type":"ImageObject","inLanguage":"es-MX","@id":"https:\/\/compuviper.mx\/tienda\/#\/schema\/logo\/image\/","url":"https:\/\/compuviper.mx\/tienda\/wp-content\/uploads\/2021\/08\/Logo-Compuviper-10.png","contentUrl":"https:\/\/compuviper.mx\/tienda\/wp-content\/uploads\/2021\/08\/Logo-Compuviper-10.png","width":1000,"height":500,"caption":"Compuviper"},"image":{"@id":"https:\/\/compuviper.mx\/tienda\/#\/schema\/logo\/image\/"},"sameAs":["https:\/\/www.facebook.com\/compuviper","https:\/\/www.youtube.com\/channel\/UCf73dERp9Y3cfOq7q8BhLjA?view_as=subscriber"]}]},"product_brand":"Vertiv","product_price_amount":"13604","product_price_currency":"MXN","og_availability":"instock","product_availability":"instock","product_retailer_item_id":"GXTRT-3000LVRT2UXL","product_condition":"new"},"_links":{"self":[{"href":"https:\/\/compuviper.mx\/tienda\/wp-json\/wp\/v2\/product\/230158"}],"collection":[{"href":"https:\/\/compuviper.mx\/tienda\/wp-json\/wp\/v2\/product"}],"about":[{"href":"https:\/\/compuviper.mx\/tienda\/wp-json\/wp\/v2\/types\/product"}],"replies":[{"embeddable":true,"href":"https:\/\/compuviper.mx\/tienda\/wp-json\/wp\/v2\/comments?post=230158"}],"wp:featuredmedia":[{"embeddable":true,"href":"https:\/\/compuviper.mx\/tienda\/wp-json\/wp\/v2\/media\/233985"}],"wp:attachment":[{"href":"https:\/\/compuviper.mx\/tienda\/wp-json\/wp\/v2\/media?parent=230158"}],"wp:term":[{"taxonomy":"product_cat","embeddable":true,"href":"https:\/\/compuviper.mx\/tienda\/wp-json\/wp\/v2\/product_cat?post=230158"},{"taxonomy":"product_tag","embeddable":true,"href":"https:\/\/compuviper.mx\/tienda\/wp-json\/wp\/v2\/product_tag?post=230158"}],"curies":[{"name":"wp","href":"https:\/\/api.w.org\/{rel}","templated":true}]}}