{"id":229366,"date":"2026-04-01T23:11:42","date_gmt":"2026-04-02T05:11:42","guid":{"rendered":"https:\/\/compuviper.mx\/tienda\/producto\/acteck-ac-937146-cargador-energon-s-mate-ci730-inalambrico-qi-3w-15-w-apple-samsung-3-dispositivos-reloj-digital-negro\/"},"modified":"2026-04-01T23:11:43","modified_gmt":"2026-04-02T05:11:43","slug":"acteck-ac-9371467506215937146-cargador-energon-s-mate-ci730-inalambrico-qi-3w-15-w-apple-samsung-3-dispositivos-reloj-digital-negro-ac-937146","status":"publish","type":"product","link":"https:\/\/compuviper.mx\/tienda\/producto\/acteck-ac-9371467506215937146-cargador-energon-s-mate-ci730-inalambrico-qi-3w-15-w-apple-samsung-3-dispositivos-reloj-digital-negro-ac-937146\/","title":{"rendered":"Acteck Ac-937146,7506215937146 Cargador  Energon S-mate Ci730 \/ Inalambrico Qi \/ 3w &#8211; 15 W \/ Apple &#8211; Samsung \/ 3 Dispositivos \/ Reloj Digital \/ Negro \/ Ac-937146"},"content":{"rendered":"<table class=\"descripcion\">\n<tr>\n<td>Especificaciones<\/td>\n<\/tr>\n<tr>\n<td>Producto: cargador para escritorio<\/td>\n<\/tr>\n<tr>\n<td>Modelo: ac-937146<\/td>\n<\/tr>\n<tr>\n<td>Material: abs<\/td>\n<\/tr>\n<tr>\n<td>Dimensiones: 0.011  x  0.0100  x  0.065 m<\/td>\n<\/tr>\n<tr>\n<td>Peso: 0.160 kg<\/td>\n<\/tr>\n<tr>\n<td>Alimentacin: 5 v = a 12 v = 2 a m\u00e1x<\/td>\n<\/tr>\n<tr>\n<td>Potencia de salida: 15 w\/ 10 w \/ 7.5 w \/ 5 w \/ 3 w<\/td>\n<\/tr>\n<tr>\n<td>Puerto de carga : tipo c<\/td>\n<\/tr>\n<tr>\n<td>Cable alimentador: usb -tipo c<\/td>\n<\/tr>\n<tr>\n<td>Garata: 1 ao<\/td>\n<\/tr>\n<\/table>\n","protected":false},"excerpt":{"rendered":"<p>Cargador acteck energon s-mate ci730 \/ inalambrico qi \/ 3w &#8211; 15 w \/ apple &#8211; samsung \/ 3 dispositivos \/ reloj digital \/ negro \/ ac-937146<\/p>\n","protected":false},"featured_media":233685,"comment_status":"open","ping_status":"open","template":"","meta":[],"product_cat":[1485,1871],"product_tag":[1582],"acf":[],"yoast_head":"<!-- This site is optimized with the Yoast SEO plugin v21.7 - https:\/\/yoast.com\/wordpress\/plugins\/seo\/ -->\n<title>[ Acteck ] &#129351; Ac-937146,7506215937146 Cargador Energon S-mate Ci730 \/ Inalambrico Qi \/ 3w - 15 W \/ Apple - Samsung \/ 3 Dispositivos \/ Reloj Digital \/ Negro \/ Ac-937146<\/title>\n<meta name=\"description\" content=\"Compra Ac-937146,7506215937146 Cargador Energon S-mate Ci730 \/ Inalambrico Qi \/ 3w - 15 W \/ Apple - Samsung \/ 3 Dispositivos \/ Reloj Digital \/ Negro \/ Ac-937146 + Env\u00edo a domicilio + Pago seguro + Garant\u00eda\" \/>\n<meta name=\"robots\" content=\"index, follow, max-snippet:-1, max-image-preview:large, max-video-preview:-1\" \/>\n<link rel=\"canonical\" href=\"https:\/\/compuviper.mx\/tienda\/producto\/acteck-ac-9371467506215937146-cargador-energon-s-mate-ci730-inalambrico-qi-3w-15-w-apple-samsung-3-dispositivos-reloj-digital-negro-ac-937146\/\" \/>\n<meta property=\"og:locale\" content=\"es_MX\" \/>\n<meta property=\"og:type\" content=\"article\" \/>\n<meta property=\"og:title\" content=\"[ Acteck ] &#129351; Ac-937146,7506215937146 Cargador Energon S-mate Ci730 \/ Inalambrico Qi \/ 3w - 15 W \/ Apple - Samsung \/ 3 Dispositivos \/ Reloj Digital \/ Negro \/ Ac-937146\" \/>\n<meta property=\"og:description\" content=\"Compra Ac-937146,7506215937146 Cargador Energon S-mate Ci730 \/ Inalambrico Qi \/ 3w - 15 W \/ Apple - Samsung \/ 3 Dispositivos \/ Reloj Digital \/ Negro \/ Ac-937146 + Env\u00edo a domicilio + Pago seguro + Garant\u00eda\" \/>\n<meta property=\"og:url\" content=\"https:\/\/compuviper.mx\/tienda\/producto\/acteck-ac-9371467506215937146-cargador-energon-s-mate-ci730-inalambrico-qi-3w-15-w-apple-samsung-3-dispositivos-reloj-digital-negro-ac-937146\/\" \/>\n<meta property=\"og:site_name\" content=\"Compuviper\" \/>\n<meta property=\"article:publisher\" content=\"https:\/\/www.facebook.com\/compuviper\" \/>\n<meta property=\"article:modified_time\" content=\"2026-04-02T05:11:43+00:00\" \/>\n<meta property=\"og:image\" content=\"https:\/\/compuviper.mx\/tienda\/wp-content\/uploads\/2024\/05\/Cargador-acteck-energon-s-mate-ci730-inalambrico-qi-3w-15-w-apple-samsung-3-dispositivos-reloj-digital-negro-ac-937146.jpg\" \/>\n\t<meta property=\"og:image:width\" content=\"200\" \/>\n\t<meta property=\"og:image:height\" content=\"200\" \/>\n\t<meta property=\"og:image:type\" content=\"image\/jpeg\" \/>\n<meta name=\"twitter:card\" content=\"summary_large_image\" \/>\n<meta name=\"twitter:label1\" content=\"Precio\" \/>\n\t<meta name=\"twitter:data1\" content=\"&#36;288 con IVA\" \/>\n\t<meta name=\"twitter:label2\" content=\"Availability\" \/>\n\t<meta name=\"twitter:data2\" content=\"In stock\" \/>\n<script type=\"application\/ld+json\" class=\"yoast-schema-graph\">{\"@context\":\"https:\/\/schema.org\",\"@graph\":[{\"@type\":\"WebPage\",\"@id\":\"https:\/\/compuviper.mx\/tienda\/producto\/acteck-ac-9371467506215937146-cargador-energon-s-mate-ci730-inalambrico-qi-3w-15-w-apple-samsung-3-dispositivos-reloj-digital-negro-ac-937146\/\",\"url\":\"https:\/\/compuviper.mx\/tienda\/producto\/acteck-ac-9371467506215937146-cargador-energon-s-mate-ci730-inalambrico-qi-3w-15-w-apple-samsung-3-dispositivos-reloj-digital-negro-ac-937146\/\",\"name\":\"[ Acteck ] &#129351; Ac-937146,7506215937146 Cargador Energon S-mate Ci730 \/ Inalambrico Qi \/ 3w - 15 W \/ Apple - Samsung \/ 3 Dispositivos \/ Reloj Digital \/ Negro \/ Ac-937146\",\"isPartOf\":{\"@id\":\"https:\/\/compuviper.mx\/tienda\/#website\"},\"datePublished\":\"2026-04-02T05:11:42+00:00\",\"dateModified\":\"2026-04-02T05:11:43+00:00\",\"description\":\"Compra Ac-937146,7506215937146 Cargador Energon S-mate Ci730 \/ Inalambrico Qi \/ 3w - 15 W \/ Apple - Samsung \/ 3 Dispositivos \/ Reloj Digital \/ Negro \/ Ac-937146 + Env\u00edo a domicilio + Pago seguro + Garant\u00eda\",\"breadcrumb\":{\"@id\":\"https:\/\/compuviper.mx\/tienda\/producto\/acteck-ac-9371467506215937146-cargador-energon-s-mate-ci730-inalambrico-qi-3w-15-w-apple-samsung-3-dispositivos-reloj-digital-negro-ac-937146\/#breadcrumb\"},\"inLanguage\":\"es-MX\",\"potentialAction\":[{\"@type\":\"ReadAction\",\"target\":[\"https:\/\/compuviper.mx\/tienda\/producto\/acteck-ac-9371467506215937146-cargador-energon-s-mate-ci730-inalambrico-qi-3w-15-w-apple-samsung-3-dispositivos-reloj-digital-negro-ac-937146\/\"]}]},{\"@type\":\"BreadcrumbList\",\"@id\":\"https:\/\/compuviper.mx\/tienda\/producto\/acteck-ac-9371467506215937146-cargador-energon-s-mate-ci730-inalambrico-qi-3w-15-w-apple-samsung-3-dispositivos-reloj-digital-negro-ac-937146\/#breadcrumb\",\"itemListElement\":[{\"@type\":\"ListItem\",\"position\":1,\"name\":\"Inicio\",\"item\":\"https:\/\/compuviper.mx\/tienda\/\"},{\"@type\":\"ListItem\",\"position\":2,\"name\":\"Productos\",\"item\":\"https:\/\/compuviper.mx\/tienda\/productos\/\"},{\"@type\":\"ListItem\",\"position\":3,\"name\":\"Accesorios\",\"item\":\"https:\/\/compuviper.mx\/tienda\/categoria-producto\/accesorios\/\"},{\"@type\":\"ListItem\",\"position\":4,\"name\":\"Cargador De Pared\",\"item\":\"https:\/\/compuviper.mx\/tienda\/categoria-producto\/accesorios\/cargador-de-pared\/\"},{\"@type\":\"ListItem\",\"position\":5,\"name\":\"Acteck Ac-937146,7506215937146 Cargador Energon S-mate Ci730 \/ Inalambrico Qi \/ 3w &#8211; 15 W \/ Apple &#8211; Samsung \/ 3 Dispositivos \/ Reloj Digital \/ Negro \/ Ac-937146\"}]},{\"@type\":\"WebSite\",\"@id\":\"https:\/\/compuviper.mx\/tienda\/#website\",\"url\":\"https:\/\/compuviper.mx\/tienda\/\",\"name\":\"Compuviper\",\"description\":\"Proveedor de Computadoras, Laptops, Servidores, Monitores, Puntos de Venta, Teclados,   Impresoras, T\u00f3ner, C\u00e1maras de Seguridad y m\u00e1s en tu tienda en l\u00ednea\",\"publisher\":{\"@id\":\"https:\/\/compuviper.mx\/tienda\/#organization\"},\"potentialAction\":[{\"@type\":\"SearchAction\",\"target\":{\"@type\":\"EntryPoint\",\"urlTemplate\":\"https:\/\/compuviper.mx\/tienda\/?s={search_term_string}\"},\"query-input\":\"required name=search_term_string\"}],\"inLanguage\":\"es-MX\"},{\"@type\":\"Organization\",\"@id\":\"https:\/\/compuviper.mx\/tienda\/#organization\",\"name\":\"Compuviper\",\"url\":\"https:\/\/compuviper.mx\/tienda\/\",\"logo\":{\"@type\":\"ImageObject\",\"inLanguage\":\"es-MX\",\"@id\":\"https:\/\/compuviper.mx\/tienda\/#\/schema\/logo\/image\/\",\"url\":\"https:\/\/compuviper.mx\/tienda\/wp-content\/uploads\/2021\/08\/Logo-Compuviper-10.png\",\"contentUrl\":\"https:\/\/compuviper.mx\/tienda\/wp-content\/uploads\/2021\/08\/Logo-Compuviper-10.png\",\"width\":1000,\"height\":500,\"caption\":\"Compuviper\"},\"image\":{\"@id\":\"https:\/\/compuviper.mx\/tienda\/#\/schema\/logo\/image\/\"},\"sameAs\":[\"https:\/\/www.facebook.com\/compuviper\",\"https:\/\/www.youtube.com\/channel\/UCf73dERp9Y3cfOq7q8BhLjA?view_as=subscriber\"]}]}<\/script>\n<meta property=\"product:brand\" content=\"ACTECK\" \/>\n<meta property=\"product:price:amount\" content=\"288\" \/>\n<meta property=\"product:price:currency\" content=\"MXN\" \/>\n<meta property=\"og:availability\" content=\"instock\" \/>\n<meta property=\"product:availability\" content=\"instock\" \/>\n<meta property=\"product:retailer_item_id\" content=\"AC-937146,7506215937146\" \/>\n<meta property=\"product:condition\" content=\"new\" \/>\n<!-- \/ Yoast SEO plugin. -->","yoast_head_json":{"title":"[ Acteck ] &#129351; Ac-937146,7506215937146 Cargador Energon S-mate Ci730 \/ Inalambrico Qi \/ 3w - 15 W \/ Apple - Samsung \/ 3 Dispositivos \/ Reloj Digital \/ Negro \/ Ac-937146","description":"Compra Ac-937146,7506215937146 Cargador Energon S-mate Ci730 \/ Inalambrico Qi \/ 3w - 15 W \/ Apple - Samsung \/ 3 Dispositivos \/ Reloj Digital \/ Negro \/ Ac-937146 + Env\u00edo a domicilio + Pago seguro + Garant\u00eda","robots":{"index":"index","follow":"follow","max-snippet":"max-snippet:-1","max-image-preview":"max-image-preview:large","max-video-preview":"max-video-preview:-1"},"canonical":"https:\/\/compuviper.mx\/tienda\/producto\/acteck-ac-9371467506215937146-cargador-energon-s-mate-ci730-inalambrico-qi-3w-15-w-apple-samsung-3-dispositivos-reloj-digital-negro-ac-937146\/","og_locale":"es_MX","og_type":"article","og_title":"[ Acteck ] &#129351; Ac-937146,7506215937146 Cargador Energon S-mate Ci730 \/ Inalambrico Qi \/ 3w - 15 W \/ Apple - Samsung \/ 3 Dispositivos \/ Reloj Digital \/ Negro \/ Ac-937146","og_description":"Compra Ac-937146,7506215937146 Cargador Energon S-mate Ci730 \/ Inalambrico Qi \/ 3w - 15 W \/ Apple - Samsung \/ 3 Dispositivos \/ Reloj Digital \/ Negro \/ Ac-937146 + Env\u00edo a domicilio + Pago seguro + Garant\u00eda","og_url":"https:\/\/compuviper.mx\/tienda\/producto\/acteck-ac-9371467506215937146-cargador-energon-s-mate-ci730-inalambrico-qi-3w-15-w-apple-samsung-3-dispositivos-reloj-digital-negro-ac-937146\/","og_site_name":"Compuviper","article_publisher":"https:\/\/www.facebook.com\/compuviper","article_modified_time":"2026-04-02T05:11:43+00:00","og_image":[{"width":200,"height":200,"url":"https:\/\/compuviper.mx\/tienda\/wp-content\/uploads\/2024\/05\/Cargador-acteck-energon-s-mate-ci730-inalambrico-qi-3w-15-w-apple-samsung-3-dispositivos-reloj-digital-negro-ac-937146.jpg","type":"image\/jpeg"}],"twitter_card":"summary_large_image","twitter_misc":{"Precio":"&#36;288 con IVA","Availability":"In stock"},"schema":{"@context":"https:\/\/schema.org","@graph":[{"@type":"WebPage","@id":"https:\/\/compuviper.mx\/tienda\/producto\/acteck-ac-9371467506215937146-cargador-energon-s-mate-ci730-inalambrico-qi-3w-15-w-apple-samsung-3-dispositivos-reloj-digital-negro-ac-937146\/","url":"https:\/\/compuviper.mx\/tienda\/producto\/acteck-ac-9371467506215937146-cargador-energon-s-mate-ci730-inalambrico-qi-3w-15-w-apple-samsung-3-dispositivos-reloj-digital-negro-ac-937146\/","name":"[ Acteck ] &#129351; Ac-937146,7506215937146 Cargador Energon S-mate Ci730 \/ Inalambrico Qi \/ 3w - 15 W \/ Apple - Samsung \/ 3 Dispositivos \/ Reloj Digital \/ Negro \/ Ac-937146","isPartOf":{"@id":"https:\/\/compuviper.mx\/tienda\/#website"},"datePublished":"2026-04-02T05:11:42+00:00","dateModified":"2026-04-02T05:11:43+00:00","description":"Compra Ac-937146,7506215937146 Cargador Energon S-mate Ci730 \/ Inalambrico Qi \/ 3w - 15 W \/ Apple - Samsung \/ 3 Dispositivos \/ Reloj Digital \/ Negro \/ Ac-937146 + Env\u00edo a domicilio + Pago seguro + Garant\u00eda","breadcrumb":{"@id":"https:\/\/compuviper.mx\/tienda\/producto\/acteck-ac-9371467506215937146-cargador-energon-s-mate-ci730-inalambrico-qi-3w-15-w-apple-samsung-3-dispositivos-reloj-digital-negro-ac-937146\/#breadcrumb"},"inLanguage":"es-MX","potentialAction":[{"@type":"ReadAction","target":["https:\/\/compuviper.mx\/tienda\/producto\/acteck-ac-9371467506215937146-cargador-energon-s-mate-ci730-inalambrico-qi-3w-15-w-apple-samsung-3-dispositivos-reloj-digital-negro-ac-937146\/"]}]},{"@type":"BreadcrumbList","@id":"https:\/\/compuviper.mx\/tienda\/producto\/acteck-ac-9371467506215937146-cargador-energon-s-mate-ci730-inalambrico-qi-3w-15-w-apple-samsung-3-dispositivos-reloj-digital-negro-ac-937146\/#breadcrumb","itemListElement":[{"@type":"ListItem","position":1,"name":"Inicio","item":"https:\/\/compuviper.mx\/tienda\/"},{"@type":"ListItem","position":2,"name":"Productos","item":"https:\/\/compuviper.mx\/tienda\/productos\/"},{"@type":"ListItem","position":3,"name":"Accesorios","item":"https:\/\/compuviper.mx\/tienda\/categoria-producto\/accesorios\/"},{"@type":"ListItem","position":4,"name":"Cargador De Pared","item":"https:\/\/compuviper.mx\/tienda\/categoria-producto\/accesorios\/cargador-de-pared\/"},{"@type":"ListItem","position":5,"name":"Acteck Ac-937146,7506215937146 Cargador Energon S-mate Ci730 \/ Inalambrico Qi \/ 3w &#8211; 15 W \/ Apple &#8211; Samsung \/ 3 Dispositivos \/ Reloj Digital \/ Negro \/ Ac-937146"}]},{"@type":"WebSite","@id":"https:\/\/compuviper.mx\/tienda\/#website","url":"https:\/\/compuviper.mx\/tienda\/","name":"Compuviper","description":"Proveedor de Computadoras, Laptops, Servidores, Monitores, Puntos de Venta, Teclados,   Impresoras, T\u00f3ner, C\u00e1maras de Seguridad y m\u00e1s en tu tienda en l\u00ednea","publisher":{"@id":"https:\/\/compuviper.mx\/tienda\/#organization"},"potentialAction":[{"@type":"SearchAction","target":{"@type":"EntryPoint","urlTemplate":"https:\/\/compuviper.mx\/tienda\/?s={search_term_string}"},"query-input":"required name=search_term_string"}],"inLanguage":"es-MX"},{"@type":"Organization","@id":"https:\/\/compuviper.mx\/tienda\/#organization","name":"Compuviper","url":"https:\/\/compuviper.mx\/tienda\/","logo":{"@type":"ImageObject","inLanguage":"es-MX","@id":"https:\/\/compuviper.mx\/tienda\/#\/schema\/logo\/image\/","url":"https:\/\/compuviper.mx\/tienda\/wp-content\/uploads\/2021\/08\/Logo-Compuviper-10.png","contentUrl":"https:\/\/compuviper.mx\/tienda\/wp-content\/uploads\/2021\/08\/Logo-Compuviper-10.png","width":1000,"height":500,"caption":"Compuviper"},"image":{"@id":"https:\/\/compuviper.mx\/tienda\/#\/schema\/logo\/image\/"},"sameAs":["https:\/\/www.facebook.com\/compuviper","https:\/\/www.youtube.com\/channel\/UCf73dERp9Y3cfOq7q8BhLjA?view_as=subscriber"]}]},"product_brand":"ACTECK","product_price_amount":"288","product_price_currency":"MXN","og_availability":"instock","product_availability":"instock","product_retailer_item_id":"AC-937146,7506215937146","product_condition":"new"},"_links":{"self":[{"href":"https:\/\/compuviper.mx\/tienda\/wp-json\/wp\/v2\/product\/229366"}],"collection":[{"href":"https:\/\/compuviper.mx\/tienda\/wp-json\/wp\/v2\/product"}],"about":[{"href":"https:\/\/compuviper.mx\/tienda\/wp-json\/wp\/v2\/types\/product"}],"replies":[{"embeddable":true,"href":"https:\/\/compuviper.mx\/tienda\/wp-json\/wp\/v2\/comments?post=229366"}],"wp:featuredmedia":[{"embeddable":true,"href":"https:\/\/compuviper.mx\/tienda\/wp-json\/wp\/v2\/media\/233685"}],"wp:attachment":[{"href":"https:\/\/compuviper.mx\/tienda\/wp-json\/wp\/v2\/media?parent=229366"}],"wp:term":[{"taxonomy":"product_cat","embeddable":true,"href":"https:\/\/compuviper.mx\/tienda\/wp-json\/wp\/v2\/product_cat?post=229366"},{"taxonomy":"product_tag","embeddable":true,"href":"https:\/\/compuviper.mx\/tienda\/wp-json\/wp\/v2\/product_tag?post=229366"}],"curies":[{"name":"wp","href":"https:\/\/api.w.org\/{rel}","templated":true}]}}