{"id":229364,"date":"2026-04-20T23:11:01","date_gmt":"2026-04-21T05:11:01","guid":{"rendered":"https:\/\/compuviper.mx\/tienda\/producto\/tp-link-tapo-d230s1-videoportero-tp-link-almacenamiento-de-512gb-ip64-2k-5mp-deteccion-personas-y-vehiculos\/"},"modified":"2026-04-20T23:11:02","modified_gmt":"2026-04-21T05:11:02","slug":"tp-link-tapo-d230s1-videoportero-tp-link-almacenamiento-de-512gb-ip64-2k-5mp-deteccion-personas-y-vehiculos","status":"publish","type":"product","link":"https:\/\/compuviper.mx\/tienda\/producto\/tp-link-tapo-d230s1-videoportero-tp-link-almacenamiento-de-512gb-ip64-2k-5mp-deteccion-personas-y-vehiculos\/","title":{"rendered":"Tp Link Tapo D230s1 Videoportero Tp-link  Almacenamiento De 512gb Ip64 2k 5mp Deteccion Personas Y Vehiculos"},"content":{"rendered":"<table class=\"descripcion\">\n<tr>\n<td>Camara<\/td>\n<\/tr>\n<tr>\n<td>Sensor de imagen1\/2.7<\/td>\n<\/tr>\n<tr>\n<td>Lensf\/no: 2.1<\/td>\n<\/tr>\n<tr>\n<td>Night visionled ir de 850 nm hasta 7,5 m<\/td>\n<\/tr>\n<tr>\n<td>Weatherproof ratingip64<\/td>\n<\/tr>\n<tr>\n<td>Viewing angle160\u00b0 diagonal<\/td>\n<\/tr>\n<tr>\n<td>Resolucin2k 5mp 2560  1920px<\/td>\n<\/tr>\n<tr>\n<td>Video<\/td>\n<\/tr>\n<tr>\n<td>Cuadros por segundo15 fps<\/td>\n<\/tr>\n<tr>\n<td>Vdeo transmitido en vivo2k 5mp<\/td>\n<\/tr>\n<tr>\n<td>Compresin de audiog.711<\/td>\n<\/tr>\n<tr>\n<td>Compresin de videoh.264<\/td>\n<\/tr>\n<tr>\n<td>Audio<\/td>\n<\/tr>\n<tr>\n<td>Comunicacin de audioaudio bidireccional<\/td>\n<\/tr>\n<tr>\n<td>Audio input  and  output:micrfono y altavoz integrados<\/td>\n<\/tr>\n<tr>\n<td>Network<\/td>\n<\/tr>\n<tr>\n<td>Protocolotcp\/ip, icmp, dns, https, tcp, udp<\/td>\n<\/tr>\n<tr>\n<td>Wireless securitywpa\/wpa2-psk<\/td>\n<\/tr>\n<tr>\n<td>Est\u00e1ndares y protocolosieee 802.11b\/g\/n, 2.4 ghz<\/td>\n<\/tr>\n<tr>\n<td>Seguridadcifrado aes de 128 bits con ssl\/tls<\/td>\n<\/tr>\n<tr>\n<td>Frecuencia2.4 ghz<\/td>\n<\/tr>\n<tr>\n<td>Notificaciones de actividad<\/td>\n<\/tr>\n<tr>\n<td>Disparador de entradadeteccin de movimiento, deteccin de paquetes, deteccin de personas, deteccin de mascotas, deteccin de vehculos.<\/td>\n<\/tr>\n<tr>\n<td>Notificacin de salidanotificacin,instant\u00e1neatapo care,clipstapo care.<\/td>\n<\/tr>\n<tr>\n<td>Ambiente<\/td>\n<\/tr>\n<tr>\n<td>Temperatura en funcionamiento-20 and 8451;~45 and 8451;-4\u00b0f ~113 \u00b0f<\/td>\n<\/tr>\n<tr>\n<td>Temperatura en almacenamiento-20 and 8451;~45 and 8451;-4\u00b0f ~113 \u00b0f<\/td>\n<\/tr>\n<tr>\n<td>Humedad en funcionamiento10~90 hr, sin condensacin<\/td>\n<\/tr>\n<tr>\n<td>Humedad en almacenamiento5~90 hr, sin condensacin<\/td>\n<\/tr>\n<tr>\n<td>Hardware<\/td>\n<\/tr>\n<tr>\n<td>Botnbotn de timbre: botn reset\/sync\/anit-theft<\/td>\n<\/tr>\n<tr>\n<td>Botn hub: botn reset; botn sync<\/td>\n<\/tr>\n<tr>\n<td>Led indicadorled indicador del timbre: led del sistema<\/td>\n<\/tr>\n<tr>\n<td>Led indicador del concentrador: led del sistema<\/td>\n<\/tr>\n<tr>\n<td>Entrada del adaptadorentrada de adaptador de timbre: 100-240v, 50\/60hz<\/td>\n<\/tr>\n<tr>\n<td>Entrada del adaptador de hub: 100-240 v, 50\/60 hz, 0,3 a<\/td>\n<\/tr>\n<tr>\n<td>Salida del adaptadorsalida del adaptador de timbre: 5.0v, 1.0a<\/td>\n<\/tr>\n<tr>\n<td>Salida del adaptador de hub: 9,0 v, 0,85 a<\/td>\n<\/tr>\n<tr>\n<td>Dimensiones del producto w x d x hdimensiones de la c\u00e1mara largo x ancho x alto: 5,70,211,3 pulg.<\/td>\n<\/tr>\n<tr>\n<td>14654,535,5 mm<\/td>\n<\/tr>\n<tr>\n<td>&#8211; dimensiones del hubl x a x a: 2,8 x 2,8 x 1,2 pulg.<\/td>\n<\/tr>\n<tr>\n<td>71.4571.4531.25mm<\/td>\n<\/tr>\n<\/table>\n","protected":false},"excerpt":{"rendered":"<p>Tapo d230s1. New. Vdeoportero inteligente con batera tapo. \u0095video en directo 2k 5mp. Con el sensor starlight y la resolucin 2k 5mp, no te pierdas ni un detalle incluso con poca luz. \u0095visin nocturna a todo color. Gracias al foco y el sensor starlight, captura detalles y colores con alta calidad por la noche. \u0095amplio \u00e1ngulo de visin. Con el \u00e1ngulo de visin de 160\u00ba permite ver a las visitas de la cabeza a los pies incluso a 1 metro de distancia. \u0095libertad de instalacin. Instala el videoportero de la manera que mejor se adapte a tu hogar para tener una visin total de la entrada. \u0095batera de larga duracin. La batera es recargable y extrable, con un bajo consumo para que dure m\u00e1s tiempo. \u0095deteccin inteligente de personas y vehculos. La ia integrada en tapo d230s1 detecta distingue con precisin a personas y vehculos. \u0095sonido bidireccional. Permite la comunicacin a travs del micrfono y altavoz integrados. \u0095almacenamiento seguro. Guarda los videos en una tarjeta microsd\u0086 de hasta 512gb o en la nube con el servicio tapo care. \u0095alarma personalizable. Elige el sonido que quieras y combnalo con la luz integrada. \u0095resistencia al agua y polvo ip64. La c\u00e1mara est\u00e1 totalmente protegida en el exterior gracias al sellado hermtico frente al agua y el polvo.<\/p>\n","protected":false},"featured_media":233683,"comment_status":"open","ping_status":"open","template":"","meta":[],"product_cat":[2317,1811],"product_tag":[1562],"acf":[],"yoast_head":"<!-- This site is optimized with the Yoast SEO plugin v21.7 - https:\/\/yoast.com\/wordpress\/plugins\/seo\/ -->\n<title>[ Tp Link ] &#129351; Tapo D230s1 Videoportero Tp-link Almacenamiento De 512gb Ip64 2k 5mp Deteccion Personas Y Vehiculos<\/title>\n<meta name=\"description\" content=\"Compra Tapo D230s1 Videoportero Tp-link Almacenamiento De 512gb Ip64 2k 5mp Deteccion Personas Y Vehiculos + Env\u00edo a domicilio + Pago seguro + Garant\u00eda\" \/>\n<meta name=\"robots\" content=\"index, follow, max-snippet:-1, max-image-preview:large, max-video-preview:-1\" \/>\n<link rel=\"canonical\" href=\"https:\/\/compuviper.mx\/tienda\/producto\/tp-link-tapo-d230s1-videoportero-tp-link-almacenamiento-de-512gb-ip64-2k-5mp-deteccion-personas-y-vehiculos\/\" \/>\n<meta property=\"og:locale\" content=\"es_MX\" \/>\n<meta property=\"og:type\" content=\"article\" \/>\n<meta property=\"og:title\" content=\"[ Tp Link ] &#129351; Tapo D230s1 Videoportero Tp-link Almacenamiento De 512gb Ip64 2k 5mp Deteccion Personas Y Vehiculos\" \/>\n<meta property=\"og:description\" content=\"Compra Tapo D230s1 Videoportero Tp-link Almacenamiento De 512gb Ip64 2k 5mp Deteccion Personas Y Vehiculos + Env\u00edo a domicilio + Pago seguro + Garant\u00eda\" \/>\n<meta property=\"og:url\" content=\"https:\/\/compuviper.mx\/tienda\/producto\/tp-link-tapo-d230s1-videoportero-tp-link-almacenamiento-de-512gb-ip64-2k-5mp-deteccion-personas-y-vehiculos\/\" \/>\n<meta property=\"og:site_name\" content=\"Compuviper\" \/>\n<meta property=\"article:publisher\" content=\"https:\/\/www.facebook.com\/compuviper\" \/>\n<meta property=\"article:modified_time\" content=\"2026-04-21T05:11:02+00:00\" \/>\n<meta property=\"og:image\" content=\"https:\/\/compuviper.mx\/tienda\/wp-content\/uploads\/2024\/05\/Videoportero-tp-link-tapo-d230s1-almacenamiento-de-512gb-ip64-2k-5mp-deteccion-personas-y-vehiculos.jpg\" \/>\n\t<meta property=\"og:image:width\" content=\"200\" \/>\n\t<meta property=\"og:image:height\" content=\"200\" \/>\n\t<meta property=\"og:image:type\" content=\"image\/jpeg\" \/>\n<meta name=\"twitter:card\" content=\"summary_large_image\" \/>\n<meta name=\"twitter:label1\" content=\"Precio\" \/>\n\t<meta name=\"twitter:data1\" content=\"&#36;1,615 con IVA\" \/>\n\t<meta name=\"twitter:label2\" content=\"Availability\" \/>\n\t<meta name=\"twitter:data2\" content=\"Out of stock\" \/>\n<script type=\"application\/ld+json\" class=\"yoast-schema-graph\">{\"@context\":\"https:\/\/schema.org\",\"@graph\":[{\"@type\":\"WebPage\",\"@id\":\"https:\/\/compuviper.mx\/tienda\/producto\/tp-link-tapo-d230s1-videoportero-tp-link-almacenamiento-de-512gb-ip64-2k-5mp-deteccion-personas-y-vehiculos\/\",\"url\":\"https:\/\/compuviper.mx\/tienda\/producto\/tp-link-tapo-d230s1-videoportero-tp-link-almacenamiento-de-512gb-ip64-2k-5mp-deteccion-personas-y-vehiculos\/\",\"name\":\"[ Tp Link ] &#129351; Tapo D230s1 Videoportero Tp-link Almacenamiento De 512gb Ip64 2k 5mp Deteccion Personas Y Vehiculos\",\"isPartOf\":{\"@id\":\"https:\/\/compuviper.mx\/tienda\/#website\"},\"datePublished\":\"2026-04-21T05:11:01+00:00\",\"dateModified\":\"2026-04-21T05:11:02+00:00\",\"description\":\"Compra Tapo D230s1 Videoportero Tp-link Almacenamiento De 512gb Ip64 2k 5mp Deteccion Personas Y Vehiculos + Env\u00edo a domicilio + Pago seguro + Garant\u00eda\",\"breadcrumb\":{\"@id\":\"https:\/\/compuviper.mx\/tienda\/producto\/tp-link-tapo-d230s1-videoportero-tp-link-almacenamiento-de-512gb-ip64-2k-5mp-deteccion-personas-y-vehiculos\/#breadcrumb\"},\"inLanguage\":\"es-MX\",\"potentialAction\":[{\"@type\":\"ReadAction\",\"target\":[\"https:\/\/compuviper.mx\/tienda\/producto\/tp-link-tapo-d230s1-videoportero-tp-link-almacenamiento-de-512gb-ip64-2k-5mp-deteccion-personas-y-vehiculos\/\"]}]},{\"@type\":\"BreadcrumbList\",\"@id\":\"https:\/\/compuviper.mx\/tienda\/producto\/tp-link-tapo-d230s1-videoportero-tp-link-almacenamiento-de-512gb-ip64-2k-5mp-deteccion-personas-y-vehiculos\/#breadcrumb\",\"itemListElement\":[{\"@type\":\"ListItem\",\"position\":1,\"name\":\"Inicio\",\"item\":\"https:\/\/compuviper.mx\/tienda\/\"},{\"@type\":\"ListItem\",\"position\":2,\"name\":\"Productos\",\"item\":\"https:\/\/compuviper.mx\/tienda\/productos\/\"},{\"@type\":\"ListItem\",\"position\":3,\"name\":\"Smart Home\",\"item\":\"https:\/\/compuviper.mx\/tienda\/categoria-producto\/smart-home\/\"},{\"@type\":\"ListItem\",\"position\":4,\"name\":\"Door Security\",\"item\":\"https:\/\/compuviper.mx\/tienda\/categoria-producto\/smart-home\/door-security\/\"},{\"@type\":\"ListItem\",\"position\":5,\"name\":\"Tp Link Tapo D230s1 Videoportero Tp-link Almacenamiento De 512gb Ip64 2k 5mp Deteccion Personas Y Vehiculos\"}]},{\"@type\":\"WebSite\",\"@id\":\"https:\/\/compuviper.mx\/tienda\/#website\",\"url\":\"https:\/\/compuviper.mx\/tienda\/\",\"name\":\"Compuviper\",\"description\":\"Proveedor de Computadoras, Laptops, Servidores, Monitores, Puntos de Venta, Teclados,   Impresoras, T\u00f3ner, C\u00e1maras de Seguridad y m\u00e1s en tu tienda en l\u00ednea\",\"publisher\":{\"@id\":\"https:\/\/compuviper.mx\/tienda\/#organization\"},\"potentialAction\":[{\"@type\":\"SearchAction\",\"target\":{\"@type\":\"EntryPoint\",\"urlTemplate\":\"https:\/\/compuviper.mx\/tienda\/?s={search_term_string}\"},\"query-input\":\"required name=search_term_string\"}],\"inLanguage\":\"es-MX\"},{\"@type\":\"Organization\",\"@id\":\"https:\/\/compuviper.mx\/tienda\/#organization\",\"name\":\"Compuviper\",\"url\":\"https:\/\/compuviper.mx\/tienda\/\",\"logo\":{\"@type\":\"ImageObject\",\"inLanguage\":\"es-MX\",\"@id\":\"https:\/\/compuviper.mx\/tienda\/#\/schema\/logo\/image\/\",\"url\":\"https:\/\/compuviper.mx\/tienda\/wp-content\/uploads\/2021\/08\/Logo-Compuviper-10.png\",\"contentUrl\":\"https:\/\/compuviper.mx\/tienda\/wp-content\/uploads\/2021\/08\/Logo-Compuviper-10.png\",\"width\":1000,\"height\":500,\"caption\":\"Compuviper\"},\"image\":{\"@id\":\"https:\/\/compuviper.mx\/tienda\/#\/schema\/logo\/image\/\"},\"sameAs\":[\"https:\/\/www.facebook.com\/compuviper\",\"https:\/\/www.youtube.com\/channel\/UCf73dERp9Y3cfOq7q8BhLjA?view_as=subscriber\"]}]}<\/script>\n<meta property=\"product:brand\" content=\"TP LINK\" \/>\n<meta property=\"product:price:amount\" content=\"1615\" \/>\n<meta property=\"product:price:currency\" content=\"MXN\" \/>\n<meta property=\"og:availability\" content=\"out of stock\" \/>\n<meta property=\"product:availability\" content=\"out of stock\" \/>\n<meta property=\"product:retailer_item_id\" content=\"TAPO D230S1\" \/>\n<meta property=\"product:condition\" content=\"new\" \/>\n<!-- \/ Yoast SEO plugin. -->","yoast_head_json":{"title":"[ Tp Link ] &#129351; Tapo D230s1 Videoportero Tp-link Almacenamiento De 512gb Ip64 2k 5mp Deteccion Personas Y Vehiculos","description":"Compra Tapo D230s1 Videoportero Tp-link Almacenamiento De 512gb Ip64 2k 5mp Deteccion Personas Y Vehiculos + Env\u00edo a domicilio + Pago seguro + Garant\u00eda","robots":{"index":"index","follow":"follow","max-snippet":"max-snippet:-1","max-image-preview":"max-image-preview:large","max-video-preview":"max-video-preview:-1"},"canonical":"https:\/\/compuviper.mx\/tienda\/producto\/tp-link-tapo-d230s1-videoportero-tp-link-almacenamiento-de-512gb-ip64-2k-5mp-deteccion-personas-y-vehiculos\/","og_locale":"es_MX","og_type":"article","og_title":"[ Tp Link ] &#129351; Tapo D230s1 Videoportero Tp-link Almacenamiento De 512gb Ip64 2k 5mp Deteccion Personas Y Vehiculos","og_description":"Compra Tapo D230s1 Videoportero Tp-link Almacenamiento De 512gb Ip64 2k 5mp Deteccion Personas Y Vehiculos + Env\u00edo a domicilio + Pago seguro + Garant\u00eda","og_url":"https:\/\/compuviper.mx\/tienda\/producto\/tp-link-tapo-d230s1-videoportero-tp-link-almacenamiento-de-512gb-ip64-2k-5mp-deteccion-personas-y-vehiculos\/","og_site_name":"Compuviper","article_publisher":"https:\/\/www.facebook.com\/compuviper","article_modified_time":"2026-04-21T05:11:02+00:00","og_image":[{"width":200,"height":200,"url":"https:\/\/compuviper.mx\/tienda\/wp-content\/uploads\/2024\/05\/Videoportero-tp-link-tapo-d230s1-almacenamiento-de-512gb-ip64-2k-5mp-deteccion-personas-y-vehiculos.jpg","type":"image\/jpeg"}],"twitter_card":"summary_large_image","twitter_misc":{"Precio":"&#36;1,615 con IVA","Availability":"Out of stock"},"schema":{"@context":"https:\/\/schema.org","@graph":[{"@type":"WebPage","@id":"https:\/\/compuviper.mx\/tienda\/producto\/tp-link-tapo-d230s1-videoportero-tp-link-almacenamiento-de-512gb-ip64-2k-5mp-deteccion-personas-y-vehiculos\/","url":"https:\/\/compuviper.mx\/tienda\/producto\/tp-link-tapo-d230s1-videoportero-tp-link-almacenamiento-de-512gb-ip64-2k-5mp-deteccion-personas-y-vehiculos\/","name":"[ Tp Link ] &#129351; Tapo D230s1 Videoportero Tp-link Almacenamiento De 512gb Ip64 2k 5mp Deteccion Personas Y Vehiculos","isPartOf":{"@id":"https:\/\/compuviper.mx\/tienda\/#website"},"datePublished":"2026-04-21T05:11:01+00:00","dateModified":"2026-04-21T05:11:02+00:00","description":"Compra Tapo D230s1 Videoportero Tp-link Almacenamiento De 512gb Ip64 2k 5mp Deteccion Personas Y Vehiculos + Env\u00edo a domicilio + Pago seguro + Garant\u00eda","breadcrumb":{"@id":"https:\/\/compuviper.mx\/tienda\/producto\/tp-link-tapo-d230s1-videoportero-tp-link-almacenamiento-de-512gb-ip64-2k-5mp-deteccion-personas-y-vehiculos\/#breadcrumb"},"inLanguage":"es-MX","potentialAction":[{"@type":"ReadAction","target":["https:\/\/compuviper.mx\/tienda\/producto\/tp-link-tapo-d230s1-videoportero-tp-link-almacenamiento-de-512gb-ip64-2k-5mp-deteccion-personas-y-vehiculos\/"]}]},{"@type":"BreadcrumbList","@id":"https:\/\/compuviper.mx\/tienda\/producto\/tp-link-tapo-d230s1-videoportero-tp-link-almacenamiento-de-512gb-ip64-2k-5mp-deteccion-personas-y-vehiculos\/#breadcrumb","itemListElement":[{"@type":"ListItem","position":1,"name":"Inicio","item":"https:\/\/compuviper.mx\/tienda\/"},{"@type":"ListItem","position":2,"name":"Productos","item":"https:\/\/compuviper.mx\/tienda\/productos\/"},{"@type":"ListItem","position":3,"name":"Smart Home","item":"https:\/\/compuviper.mx\/tienda\/categoria-producto\/smart-home\/"},{"@type":"ListItem","position":4,"name":"Door Security","item":"https:\/\/compuviper.mx\/tienda\/categoria-producto\/smart-home\/door-security\/"},{"@type":"ListItem","position":5,"name":"Tp Link Tapo D230s1 Videoportero Tp-link Almacenamiento De 512gb Ip64 2k 5mp Deteccion Personas Y Vehiculos"}]},{"@type":"WebSite","@id":"https:\/\/compuviper.mx\/tienda\/#website","url":"https:\/\/compuviper.mx\/tienda\/","name":"Compuviper","description":"Proveedor de Computadoras, Laptops, Servidores, Monitores, Puntos de Venta, Teclados,   Impresoras, T\u00f3ner, C\u00e1maras de Seguridad y m\u00e1s en tu tienda en l\u00ednea","publisher":{"@id":"https:\/\/compuviper.mx\/tienda\/#organization"},"potentialAction":[{"@type":"SearchAction","target":{"@type":"EntryPoint","urlTemplate":"https:\/\/compuviper.mx\/tienda\/?s={search_term_string}"},"query-input":"required name=search_term_string"}],"inLanguage":"es-MX"},{"@type":"Organization","@id":"https:\/\/compuviper.mx\/tienda\/#organization","name":"Compuviper","url":"https:\/\/compuviper.mx\/tienda\/","logo":{"@type":"ImageObject","inLanguage":"es-MX","@id":"https:\/\/compuviper.mx\/tienda\/#\/schema\/logo\/image\/","url":"https:\/\/compuviper.mx\/tienda\/wp-content\/uploads\/2021\/08\/Logo-Compuviper-10.png","contentUrl":"https:\/\/compuviper.mx\/tienda\/wp-content\/uploads\/2021\/08\/Logo-Compuviper-10.png","width":1000,"height":500,"caption":"Compuviper"},"image":{"@id":"https:\/\/compuviper.mx\/tienda\/#\/schema\/logo\/image\/"},"sameAs":["https:\/\/www.facebook.com\/compuviper","https:\/\/www.youtube.com\/channel\/UCf73dERp9Y3cfOq7q8BhLjA?view_as=subscriber"]}]},"product_brand":"TP LINK","product_price_amount":"1615","product_price_currency":"MXN","og_availability":"out of stock","product_availability":"out of stock","product_retailer_item_id":"TAPO D230S1","product_condition":"new"},"_links":{"self":[{"href":"https:\/\/compuviper.mx\/tienda\/wp-json\/wp\/v2\/product\/229364"}],"collection":[{"href":"https:\/\/compuviper.mx\/tienda\/wp-json\/wp\/v2\/product"}],"about":[{"href":"https:\/\/compuviper.mx\/tienda\/wp-json\/wp\/v2\/types\/product"}],"replies":[{"embeddable":true,"href":"https:\/\/compuviper.mx\/tienda\/wp-json\/wp\/v2\/comments?post=229364"}],"wp:featuredmedia":[{"embeddable":true,"href":"https:\/\/compuviper.mx\/tienda\/wp-json\/wp\/v2\/media\/233683"}],"wp:attachment":[{"href":"https:\/\/compuviper.mx\/tienda\/wp-json\/wp\/v2\/media?parent=229364"}],"wp:term":[{"taxonomy":"product_cat","embeddable":true,"href":"https:\/\/compuviper.mx\/tienda\/wp-json\/wp\/v2\/product_cat?post=229364"},{"taxonomy":"product_tag","embeddable":true,"href":"https:\/\/compuviper.mx\/tienda\/wp-json\/wp\/v2\/product_tag?post=229364"}],"curies":[{"name":"wp","href":"https:\/\/api.w.org\/{rel}","templated":true}]}}