{"id":228694,"date":"2026-04-17T23:12:34","date_gmt":"2026-04-18T05:12:34","guid":{"rendered":"https:\/\/compuviper.mx\/tienda\/producto\/hewlett-packard-enterprise-r7j49a-access-point-hpe-aruba-ap-615-campus-ap-rw\/"},"modified":"2026-04-17T23:12:34","modified_gmt":"2026-04-18T05:12:34","slug":"hewlett-packard-enterprise-r7j49a-access-point-hpe-aruba-ap-615-campus-ap-rw","status":"publish","type":"product","link":"https:\/\/compuviper.mx\/tienda\/producto\/hewlett-packard-enterprise-r7j49a-access-point-hpe-aruba-ap-615-campus-ap-rw\/","title":{"rendered":"Hewlett Packard Enterprise R7j49a Access Point Hpe Aruba  Ap-615 Campus Ap Rw"},"content":{"rendered":"<table class=\"descripcion\">\n<tr>\n<td>Caracter\u00edsticas est\u00e1ndar<\/td>\n<\/tr>\n<tr>\n<td>M\u00e1s capacidad y canales m\u00e1s amplios<\/td>\n<\/tr>\n<tr>\n<td>Los ap hpe aruba networking serie 610 est\u00e1n dise\u00f1ados para aprovechar wi-fi 6e y la banda de 6 ghz, lo que se traduce en velocidades mucho mayores, canales m\u00e1s amplios para tr\u00e1fico multigigabit y menos interferencias. sus dos radios mimo 2&#215;2 ofrecen una velocidad de datos m\u00e1xima combinada de hasta 3,6 gbps cuando se configuran para funcionamiento simult\u00e1neo de 5 ghz y 6 ghz.<\/td>\n<\/tr>\n<tr>\n<td>Ventajas de 6 ghz<\/td>\n<\/tr>\n<tr>\n<td>Wi-fi 6e proporciona hasta 1200 mhz de espectro adicional sin licencia en la banda de 6 ghz para un mayor rendimiento y un mejor rendimiento de las aplicaciones. con hasta siete canales de 160 mhz, wi-fi 6e puede admitir mejor aplicaciones de baja latencia que consumen mucho ancho de banda, como video de alta definici\u00f3n y aplicaciones de realidad aumentada\/realidad virtual. solo los dispositivos con capacidad wi-fi 6e pueden usar la banda de 6 ghz, por lo que no hay interferencias ni ralentizaciones debido a dispositivos heredados.<\/td>\n<\/tr>\n<tr>\n<td>Soporte de clase de dispositivo<\/td>\n<\/tr>\n<tr>\n<td>Los ap hpe aruba networking serie 610 forman parte de la clase de dispositivos interiores de bajo consumo (lpi). esta clase fija solo para interiores utiliza niveles de potencia m\u00e1s bajos y no requiere un servicio de coordinaci\u00f3n de frecuencia automatizada (afc) para administrar los servicios exteriores existentes, que es necesario para los ap de clase est\u00e1ndar.<\/td>\n<\/tr>\n<tr>\n<td>Preparaci\u00f3n global<\/td>\n<\/tr>\n<tr>\n<td>Si bien en todo el mundo se reconoce la necesidad de mayor capacidad wi-fi, los pa\u00edses est\u00e1n abordando la banda de 6 ghz de manera diferente. los ap de la serie 610 est\u00e1n configurados para actualizar autom\u00e1ticamente las reglas regulatorias una vez que se hayan aprobado y certificado las regulaciones de wi-fi 6e.<\/td>\n<\/tr>\n<tr>\n<td>Ampl\u00ede los beneficios de wi-fi 6<\/td>\n<\/tr>\n<tr>\n<td>Los ap hpe aruba networking serie 610 se basan en el est\u00e1ndar 802.11ax (wi-fi 6), lo que significa que todas sus mejoras de eficiencia y seguridad tambi\u00e9n est\u00e1n disponibles en la banda de 6 ghz. las funciones de wi-fi 6, como el acceso m\u00faltiple por divisi\u00f3n de frecuencia ortogonal (ofdma), la coloraci\u00f3n bss, etc., tambi\u00e9n son totalmente compatibles con los puntos de acceso wi-fi 6e de hpe aruba networking.<\/td>\n<\/tr>\n<tr>\n<td>Ventajas de ofdma<\/td>\n<\/tr>\n<tr>\n<td>Hpe aruba networking serie 610 est\u00e1 equipada con ofdma para manejar m\u00faltiples clientes con capacidad 802.11ax en cada canal simult\u00e1neamente, independientemente del dispositivo o tipo de tr\u00e1fico. la utilizaci\u00f3n del canal se optimiza manejando cada transacci\u00f3n a trav\u00e9s de subportadores o unidades de recursos (ru) m\u00e1s peque\u00f1as, lo que significa que los clientes comparten un canal y no compiten por tiempo aire y ancho de banda.<\/td>\n<\/tr>\n<tr>\n<td>Optimizaci\u00f3n wi-fi<\/td>\n<\/tr>\n<tr>\n<td>Optimizaci\u00f3n del cliente<\/td>\n<\/tr>\n<tr>\n<td>La tecnolog\u00eda patentada impulsada por ia de hpe aruba networking elimina los problemas persistentes del cliente al dirigirlo al ap donde recibe la mejor se\u00f1al de radio. clientmatch dirige el tr\u00e1fico desde la ruidosa banda de 2,4 ghz a la banda preferida de 5 ghz o 6 ghz dependiendo de las capacidades del cliente y la configuraci\u00f3n del ap. clientmatch tambi\u00e9n dirige din\u00e1micamente el tr\u00e1fico para equilibrar la carga de los ap y mejorar la experiencia del usuario.<\/td>\n<\/tr>\n<tr>\n<td>Gesti\u00f3n automatizada de radiofrecuencia wi-fi<\/td>\n<\/tr>\n<tr>\n<td>Para optimizar la experiencia del usuario y brindar mayor estabilidad, aruba airmatch permite a las organizaciones automatizar la optimizaci\u00f3n de la red mediante el aprendizaje autom\u00e1tico. airmatch proporciona ajustes din\u00e1micos de ancho de banda para admitir cambios en la densidad del dispositivo, roaming mejorado utilizando una distribuci\u00f3n uniforme de potencia radiada isotr\u00f3pica efectiva (eirp) a las radios y asignaciones de canales en tiempo real para mitigar la interferencia cocanal.<\/td>\n<\/tr>\n<tr>\n<td>Airmatch tambi\u00e9n garantiza que las dos radios de los puntos de acceso hpe aruba networking serie 610 se configuren autom\u00e1ticamente de la forma m\u00e1s eficaz y eficiente para ofrecer una cobertura tribanda completa.<\/td>\n<\/tr>\n<tr>\n<td>Garant\u00eda de aplicaci\u00f3n<\/td>\n<\/tr>\n<tr>\n<td>Con aruba air slice, las organizaciones pueden brindar garant\u00eda de aplicaciones a sus usuarios que va m\u00e1s all\u00e1 de las capacidades tradicionales de equidad del tiempo aire. una vez configurados los sla, air slice monitorea el uso de la red, asigna autom\u00e1ticamente recursos de radio y ajusta din\u00e1micamente los recursos de radio a medida que nuevos usuarios se conectan y las sesiones de aplicaciones comienzan o finalizan.<\/td>\n<\/tr>\n<tr>\n<td>Coexistencia celular avanzada (acc) de redes hpe aruba<\/td>\n<\/tr>\n<tr>\n<td>Exclusivo de hpe aruba networking, advanced cellular coexistence utiliza filtrado integrado para minimizar autom\u00e1ticamente el impacto de la interferencia de redes celulares, sistemas de antena distribuida (das) y equipos comerciales de celdas peque\u00f1as o femtoceldas.<\/td>\n<\/tr>\n<tr>\n<td>Monitoreo inteligente de energ\u00eda (ipm)<\/td>\n<\/tr>\n<tr>\n<td>Para obtener mejores conocimientos sobre el consumo de energ\u00eda, los ap de hpe aruba networking monitorean e informan continuamente el uso de energ\u00eda del hardware. a diferencia de los puntos de acceso de otros proveedores, los ap hpe aruba networking tambi\u00e9n se pueden configurar para habilitar o deshabilitar capacidades seg\u00fan la energ\u00eda poe disponible, ideal cuando los conmutadores cableados han agotado su presupuesto de energ\u00eda. las empresas pueden implementar ap wi-fi 6e y actualizar la conmutaci\u00f3n y la energ\u00eda m\u00e1s adelante si es necesario en funci\u00f3n de su uso real.<\/td>\n<\/tr>\n<tr>\n<td>Ap autolocalizados<\/td>\n<\/tr>\n<tr>\n<td>La ubicaci\u00f3n en interiores no deber\u00eda requerir conjeturas ni costosas tecnolog\u00edas de superposici\u00f3n. los ap wi-fi 6 y 6e de hpe aruba networking ayudan a las organizaciones a aprovechar su inversi\u00f3n inal\u00e1mbrica para ofrecer ubicaci\u00f3n en interiores, en todas partes.<\/td>\n<\/tr>\n<tr>\n<td>Los ap campus hpe aruba networking serie 610 incluyen receptores gps integrados y software inteligente que les permite ubicarse autom\u00e1ticamente y con precisi\u00f3n dentro del marco universal de latitud y longitud. como parte de la soluci\u00f3n de servicios de ubicaci\u00f3n en interiores de hpe aruba networking, sirven como puntos de referencia para los dispositivos de los clientes utilizando mediciones precisas del tiempo (802.11mc) y otras tecnolog\u00edas de ubicaci\u00f3n.<\/td>\n<\/tr>\n<tr>\n<td>Adem\u00e1s, los ap wi-fi 6 y 6e de hpe aruba networking son compatibles con open locate, un est\u00e1ndar emergente que permite a los ap compartir su ubicaci\u00f3n por aire y a trav\u00e9s de api basadas en la nube, lo que permite que los dispositivos m\u00f3viles se ubiquen a s\u00ed mismos y las aplicaciones admitan an\u00e1lisis de red.<\/td>\n<\/tr>\n<tr>\n<td>Ap como plataforma de transporte iot<\/td>\n<\/tr>\n<tr>\n<td>La serie hpe aruba networking 610 incluye bluetooth 5 integrado y radio 802.15.4 para soporte zigbee para simplificar la implementaci\u00f3n y administraci\u00f3n de servicios de ubicaci\u00f3n basados en iot, servicios de seguimiento de activos, soluciones de seguridad y sensores de iot. tambi\u00e9n hay una extensi\u00f3n de puerto usb para proporcionar conectividad iot a una gama m\u00e1s amplia de dispositivos. estas capacidades de iot permiten a las organizaciones aprovechar los ap de hpe aruba networking como una plataforma de transporte de iot, lo que elimina la necesidad de una infraestructura superpuesta y recursos de ti adicionales y puede acelerar las iniciativas de iot.<\/td>\n<\/tr>\n<tr>\n<td>Adem\u00e1s, target wake time (twt), parte del est\u00e1ndar 802.11ax, establece un cronograma para cuando los clientes necesitan comunicarse con un ap. esto ayuda a mejorar el ahorro de energ\u00eda de los clientes y reduce la contenci\u00f3n de tiempo aire con otros clientes, lo cual es ideal para iot.<\/td>\n<\/tr>\n<tr>\n<td>Infraestructura segura de redes hpe aruba<\/td>\n<\/tr>\n<tr>\n<td>La serie hpe aruba networking 610 incluye capacidades de seguridad de compilaci\u00f3n como:<\/td>\n<\/tr>\n<tr>\n<td>Wpa3 y soporte abierto mejorado para un cifrado y autenticaci\u00f3n m\u00e1s s\u00f3lidos se proporcionan a trav\u00e9s de la \u00faltima versi\u00f3n de wpa para redes protegidas empresariales. enhanced open ofrece una nueva protecci\u00f3n perfecta para los usuarios que se conectan a redes abiertas donde cada sesi\u00f3n se cifra autom\u00e1ticamente para proteger las contrase\u00f1as y los datos de los usuarios en las redes de invitados.<\/td>\n<\/tr>\n<\/table>\n","protected":false},"excerpt":{"rendered":"<p>Puntos de acceso para campus hpe aruba networking serie 610. Conectividad wi-fi 6e r\u00e1pida, resistente y segura en una plataforma compacta y asequible. Para las empresas que necesitan m\u00e1s capacidad inal\u00e1mbrica y\/o canales m\u00e1s amplios, los ap campus hpe aruba networking serie 610 est\u00e1n dise\u00f1ados para aprovechar el espectro de 6 ghz recientemente disponible utilizando una arquitectura \u00fanica de radio dual\/tribanda. Agregar soporte para la banda de 6 ghz a las bandas tradicionales de 2,4 ghz y 5 ghz duplica con creces la capacidad inal\u00e1mbrica disponible en una red inal\u00e1mbrica, por lo que puede satisfacer la creciente demanda debido al video que consume mucho ancho de banda, el creciente n\u00famero de clientes y dispositivos iot, y crecimiento en la nube. Exclusiva de hpe aruba networking, la serie 610 cuenta con dos radios que se pueden sintonizar en dos de las tres bandas de espectro disponibles para wi-fi (2,4 ghz, 5 ghz, 6 ghz). Esta flexibilidad proporciona una plataforma compacta y rentable que ofrece cobertura tribanda completa como parte de una implementaci\u00f3n de m\u00faltiples ap y se puede utilizar con software que configurar\u00e1 de manera inteligente y flexible las radios de cada uno de estos ap de radio dual.<\/p>\n","protected":false},"featured_media":233651,"comment_status":"open","ping_status":"open","template":"","meta":[],"product_cat":[1563,1754],"product_tag":[1568],"acf":[],"yoast_head":"<!-- This site is optimized with the Yoast SEO plugin v21.7 - https:\/\/yoast.com\/wordpress\/plugins\/seo\/ -->\n<title>[ Hewlett Packard Enterprise ] &#129351; R7j49a Access Point Hpe Aruba Ap-615 Campus Ap Rw<\/title>\n<meta name=\"description\" content=\"Compra R7j49a Access Point Hpe Aruba Ap-615 Campus Ap Rw + Env\u00edo a domicilio + Pago seguro + Garant\u00eda\" \/>\n<meta name=\"robots\" content=\"index, follow, max-snippet:-1, max-image-preview:large, max-video-preview:-1\" \/>\n<link rel=\"canonical\" href=\"https:\/\/compuviper.mx\/tienda\/producto\/hewlett-packard-enterprise-r7j49a-access-point-hpe-aruba-ap-615-campus-ap-rw\/\" \/>\n<meta property=\"og:locale\" content=\"es_MX\" \/>\n<meta property=\"og:type\" content=\"article\" \/>\n<meta property=\"og:title\" content=\"[ Hewlett Packard Enterprise ] &#129351; R7j49a Access Point Hpe Aruba Ap-615 Campus Ap Rw\" \/>\n<meta property=\"og:description\" content=\"Compra R7j49a Access Point Hpe Aruba Ap-615 Campus Ap Rw + Env\u00edo a domicilio + Pago seguro + Garant\u00eda\" \/>\n<meta property=\"og:url\" content=\"https:\/\/compuviper.mx\/tienda\/producto\/hewlett-packard-enterprise-r7j49a-access-point-hpe-aruba-ap-615-campus-ap-rw\/\" \/>\n<meta property=\"og:site_name\" content=\"Compuviper\" \/>\n<meta property=\"article:publisher\" content=\"https:\/\/www.facebook.com\/compuviper\" \/>\n<meta property=\"og:image\" content=\"https:\/\/compuviper.mx\/tienda\/wp-content\/uploads\/2024\/05\/Access-point-hpe-aruba-r7j49a-ap-615-campus-ap-rw.jpg\" \/>\n\t<meta property=\"og:image:width\" content=\"200\" \/>\n\t<meta property=\"og:image:height\" content=\"200\" \/>\n\t<meta property=\"og:image:type\" content=\"image\/jpeg\" \/>\n<meta name=\"twitter:card\" content=\"summary_large_image\" \/>\n<meta name=\"twitter:label1\" content=\"Precio\" \/>\n\t<meta name=\"twitter:data1\" content=\"&#36;12,583 &#36;9,082 con IVA\" \/>\n\t<meta name=\"twitter:label2\" content=\"Availability\" \/>\n\t<meta name=\"twitter:data2\" content=\"In stock\" \/>\n<script type=\"application\/ld+json\" class=\"yoast-schema-graph\">{\"@context\":\"https:\/\/schema.org\",\"@graph\":[{\"@type\":\"WebPage\",\"@id\":\"https:\/\/compuviper.mx\/tienda\/producto\/hewlett-packard-enterprise-r7j49a-access-point-hpe-aruba-ap-615-campus-ap-rw\/\",\"url\":\"https:\/\/compuviper.mx\/tienda\/producto\/hewlett-packard-enterprise-r7j49a-access-point-hpe-aruba-ap-615-campus-ap-rw\/\",\"name\":\"[ Hewlett Packard Enterprise ] &#129351; R7j49a Access Point Hpe Aruba Ap-615 Campus Ap Rw\",\"isPartOf\":{\"@id\":\"https:\/\/compuviper.mx\/tienda\/#website\"},\"datePublished\":\"2026-04-18T05:12:34+00:00\",\"dateModified\":\"2026-04-18T05:12:34+00:00\",\"description\":\"Compra R7j49a Access Point Hpe Aruba Ap-615 Campus Ap Rw + Env\u00edo a domicilio + Pago seguro + Garant\u00eda\",\"breadcrumb\":{\"@id\":\"https:\/\/compuviper.mx\/tienda\/producto\/hewlett-packard-enterprise-r7j49a-access-point-hpe-aruba-ap-615-campus-ap-rw\/#breadcrumb\"},\"inLanguage\":\"es-MX\",\"potentialAction\":[{\"@type\":\"ReadAction\",\"target\":[\"https:\/\/compuviper.mx\/tienda\/producto\/hewlett-packard-enterprise-r7j49a-access-point-hpe-aruba-ap-615-campus-ap-rw\/\"]}]},{\"@type\":\"BreadcrumbList\",\"@id\":\"https:\/\/compuviper.mx\/tienda\/producto\/hewlett-packard-enterprise-r7j49a-access-point-hpe-aruba-ap-615-campus-ap-rw\/#breadcrumb\",\"itemListElement\":[{\"@type\":\"ListItem\",\"position\":1,\"name\":\"Inicio\",\"item\":\"https:\/\/compuviper.mx\/tienda\/\"},{\"@type\":\"ListItem\",\"position\":2,\"name\":\"Productos\",\"item\":\"https:\/\/compuviper.mx\/tienda\/productos\/\"},{\"@type\":\"ListItem\",\"position\":3,\"name\":\"Redes\",\"item\":\"https:\/\/compuviper.mx\/tienda\/categoria-producto\/redes\/\"},{\"@type\":\"ListItem\",\"position\":4,\"name\":\"Access Point\",\"item\":\"https:\/\/compuviper.mx\/tienda\/categoria-producto\/redes\/access-point\/\"},{\"@type\":\"ListItem\",\"position\":5,\"name\":\"Hewlett Packard Enterprise R7j49a Access Point Hpe Aruba Ap-615 Campus Ap Rw\"}]},{\"@type\":\"WebSite\",\"@id\":\"https:\/\/compuviper.mx\/tienda\/#website\",\"url\":\"https:\/\/compuviper.mx\/tienda\/\",\"name\":\"Compuviper\",\"description\":\"Proveedor de Computadoras, Laptops, Servidores, Monitores, Puntos de Venta, Teclados,   Impresoras, T\u00f3ner, C\u00e1maras de Seguridad y m\u00e1s en tu tienda en l\u00ednea\",\"publisher\":{\"@id\":\"https:\/\/compuviper.mx\/tienda\/#organization\"},\"potentialAction\":[{\"@type\":\"SearchAction\",\"target\":{\"@type\":\"EntryPoint\",\"urlTemplate\":\"https:\/\/compuviper.mx\/tienda\/?s={search_term_string}\"},\"query-input\":\"required name=search_term_string\"}],\"inLanguage\":\"es-MX\"},{\"@type\":\"Organization\",\"@id\":\"https:\/\/compuviper.mx\/tienda\/#organization\",\"name\":\"Compuviper\",\"url\":\"https:\/\/compuviper.mx\/tienda\/\",\"logo\":{\"@type\":\"ImageObject\",\"inLanguage\":\"es-MX\",\"@id\":\"https:\/\/compuviper.mx\/tienda\/#\/schema\/logo\/image\/\",\"url\":\"https:\/\/compuviper.mx\/tienda\/wp-content\/uploads\/2021\/08\/Logo-Compuviper-10.png\",\"contentUrl\":\"https:\/\/compuviper.mx\/tienda\/wp-content\/uploads\/2021\/08\/Logo-Compuviper-10.png\",\"width\":1000,\"height\":500,\"caption\":\"Compuviper\"},\"image\":{\"@id\":\"https:\/\/compuviper.mx\/tienda\/#\/schema\/logo\/image\/\"},\"sameAs\":[\"https:\/\/www.facebook.com\/compuviper\",\"https:\/\/www.youtube.com\/channel\/UCf73dERp9Y3cfOq7q8BhLjA?view_as=subscriber\"]}]}<\/script>\n<meta property=\"product:brand\" content=\"HEWLETT PACKARD ENTERPRISE\" \/>\n<meta property=\"product:price:amount\" content=\"9082\" \/>\n<meta property=\"product:price:currency\" content=\"MXN\" \/>\n<meta property=\"og:availability\" content=\"instock\" \/>\n<meta property=\"product:availability\" content=\"instock\" \/>\n<meta property=\"product:retailer_item_id\" content=\"R7J49A\" \/>\n<meta property=\"product:condition\" content=\"new\" \/>\n<!-- \/ Yoast SEO plugin. -->","yoast_head_json":{"title":"[ Hewlett Packard Enterprise ] &#129351; R7j49a Access Point Hpe Aruba Ap-615 Campus Ap Rw","description":"Compra R7j49a Access Point Hpe Aruba Ap-615 Campus Ap Rw + Env\u00edo a domicilio + Pago seguro + Garant\u00eda","robots":{"index":"index","follow":"follow","max-snippet":"max-snippet:-1","max-image-preview":"max-image-preview:large","max-video-preview":"max-video-preview:-1"},"canonical":"https:\/\/compuviper.mx\/tienda\/producto\/hewlett-packard-enterprise-r7j49a-access-point-hpe-aruba-ap-615-campus-ap-rw\/","og_locale":"es_MX","og_type":"article","og_title":"[ Hewlett Packard Enterprise ] &#129351; R7j49a Access Point Hpe Aruba Ap-615 Campus Ap Rw","og_description":"Compra R7j49a Access Point Hpe Aruba Ap-615 Campus Ap Rw + Env\u00edo a domicilio + Pago seguro + Garant\u00eda","og_url":"https:\/\/compuviper.mx\/tienda\/producto\/hewlett-packard-enterprise-r7j49a-access-point-hpe-aruba-ap-615-campus-ap-rw\/","og_site_name":"Compuviper","article_publisher":"https:\/\/www.facebook.com\/compuviper","og_image":[{"width":200,"height":200,"url":"https:\/\/compuviper.mx\/tienda\/wp-content\/uploads\/2024\/05\/Access-point-hpe-aruba-r7j49a-ap-615-campus-ap-rw.jpg","type":"image\/jpeg"}],"twitter_card":"summary_large_image","twitter_misc":{"Precio":"&#36;12,583 &#36;9,082 con IVA","Availability":"In stock"},"schema":{"@context":"https:\/\/schema.org","@graph":[{"@type":"WebPage","@id":"https:\/\/compuviper.mx\/tienda\/producto\/hewlett-packard-enterprise-r7j49a-access-point-hpe-aruba-ap-615-campus-ap-rw\/","url":"https:\/\/compuviper.mx\/tienda\/producto\/hewlett-packard-enterprise-r7j49a-access-point-hpe-aruba-ap-615-campus-ap-rw\/","name":"[ Hewlett Packard Enterprise ] &#129351; R7j49a Access Point Hpe Aruba Ap-615 Campus Ap Rw","isPartOf":{"@id":"https:\/\/compuviper.mx\/tienda\/#website"},"datePublished":"2026-04-18T05:12:34+00:00","dateModified":"2026-04-18T05:12:34+00:00","description":"Compra R7j49a Access Point Hpe Aruba Ap-615 Campus Ap Rw + Env\u00edo a domicilio + Pago seguro + Garant\u00eda","breadcrumb":{"@id":"https:\/\/compuviper.mx\/tienda\/producto\/hewlett-packard-enterprise-r7j49a-access-point-hpe-aruba-ap-615-campus-ap-rw\/#breadcrumb"},"inLanguage":"es-MX","potentialAction":[{"@type":"ReadAction","target":["https:\/\/compuviper.mx\/tienda\/producto\/hewlett-packard-enterprise-r7j49a-access-point-hpe-aruba-ap-615-campus-ap-rw\/"]}]},{"@type":"BreadcrumbList","@id":"https:\/\/compuviper.mx\/tienda\/producto\/hewlett-packard-enterprise-r7j49a-access-point-hpe-aruba-ap-615-campus-ap-rw\/#breadcrumb","itemListElement":[{"@type":"ListItem","position":1,"name":"Inicio","item":"https:\/\/compuviper.mx\/tienda\/"},{"@type":"ListItem","position":2,"name":"Productos","item":"https:\/\/compuviper.mx\/tienda\/productos\/"},{"@type":"ListItem","position":3,"name":"Redes","item":"https:\/\/compuviper.mx\/tienda\/categoria-producto\/redes\/"},{"@type":"ListItem","position":4,"name":"Access Point","item":"https:\/\/compuviper.mx\/tienda\/categoria-producto\/redes\/access-point\/"},{"@type":"ListItem","position":5,"name":"Hewlett Packard Enterprise R7j49a Access Point Hpe Aruba Ap-615 Campus Ap Rw"}]},{"@type":"WebSite","@id":"https:\/\/compuviper.mx\/tienda\/#website","url":"https:\/\/compuviper.mx\/tienda\/","name":"Compuviper","description":"Proveedor de Computadoras, Laptops, Servidores, Monitores, Puntos de Venta, Teclados,   Impresoras, T\u00f3ner, C\u00e1maras de Seguridad y m\u00e1s en tu tienda en l\u00ednea","publisher":{"@id":"https:\/\/compuviper.mx\/tienda\/#organization"},"potentialAction":[{"@type":"SearchAction","target":{"@type":"EntryPoint","urlTemplate":"https:\/\/compuviper.mx\/tienda\/?s={search_term_string}"},"query-input":"required name=search_term_string"}],"inLanguage":"es-MX"},{"@type":"Organization","@id":"https:\/\/compuviper.mx\/tienda\/#organization","name":"Compuviper","url":"https:\/\/compuviper.mx\/tienda\/","logo":{"@type":"ImageObject","inLanguage":"es-MX","@id":"https:\/\/compuviper.mx\/tienda\/#\/schema\/logo\/image\/","url":"https:\/\/compuviper.mx\/tienda\/wp-content\/uploads\/2021\/08\/Logo-Compuviper-10.png","contentUrl":"https:\/\/compuviper.mx\/tienda\/wp-content\/uploads\/2021\/08\/Logo-Compuviper-10.png","width":1000,"height":500,"caption":"Compuviper"},"image":{"@id":"https:\/\/compuviper.mx\/tienda\/#\/schema\/logo\/image\/"},"sameAs":["https:\/\/www.facebook.com\/compuviper","https:\/\/www.youtube.com\/channel\/UCf73dERp9Y3cfOq7q8BhLjA?view_as=subscriber"]}]},"product_brand":"HEWLETT PACKARD ENTERPRISE","product_price_amount":"9082","product_price_currency":"MXN","og_availability":"instock","product_availability":"instock","product_retailer_item_id":"R7J49A","product_condition":"new"},"_links":{"self":[{"href":"https:\/\/compuviper.mx\/tienda\/wp-json\/wp\/v2\/product\/228694"}],"collection":[{"href":"https:\/\/compuviper.mx\/tienda\/wp-json\/wp\/v2\/product"}],"about":[{"href":"https:\/\/compuviper.mx\/tienda\/wp-json\/wp\/v2\/types\/product"}],"replies":[{"embeddable":true,"href":"https:\/\/compuviper.mx\/tienda\/wp-json\/wp\/v2\/comments?post=228694"}],"wp:featuredmedia":[{"embeddable":true,"href":"https:\/\/compuviper.mx\/tienda\/wp-json\/wp\/v2\/media\/233651"}],"wp:attachment":[{"href":"https:\/\/compuviper.mx\/tienda\/wp-json\/wp\/v2\/media?parent=228694"}],"wp:term":[{"taxonomy":"product_cat","embeddable":true,"href":"https:\/\/compuviper.mx\/tienda\/wp-json\/wp\/v2\/product_cat?post=228694"},{"taxonomy":"product_tag","embeddable":true,"href":"https:\/\/compuviper.mx\/tienda\/wp-json\/wp\/v2\/product_tag?post=228694"}],"curies":[{"name":"wp","href":"https:\/\/api.w.org\/{rel}","templated":true}]}}