{"id":228384,"date":"2026-04-18T01:11:31","date_gmt":"2026-04-18T07:11:31","guid":{"rendered":"https:\/\/compuviper.mx\/tienda\/producto\/synology-e10g30-t2-tarjeta-de-red-de-2-puerto-ethernet-10-gbe-de-alta-velocidad-pcie-3-0-x8-para-nas-ver-modelos-compatibles\/"},"modified":"2026-04-18T01:11:32","modified_gmt":"2026-04-18T07:11:32","slug":"synology-e10g30-t2-tarjeta-de-red-de-2-puerto-ethernet-10-gbe-de-alta-velocidad-pcie-3-0-x8-para-nas-ver-modelos-compatibles","status":"publish","type":"product","link":"https:\/\/compuviper.mx\/tienda\/producto\/synology-e10g30-t2-tarjeta-de-red-de-2-puerto-ethernet-10-gbe-de-alta-velocidad-pcie-3-0-x8-para-nas-ver-modelos-compatibles\/","title":{"rendered":"Synology E10g30-t2 Tarjeta De Red   De 2 Puerto Ethernet 10 Gbe De Alta Velocidad, Pcie 3.0 X8 Para Nas. Ver Modelos Compatibles"},"content":{"rendered":"<table class=\"descripcion\">\n<tr>\n<td>Descripcion tecnica<\/td>\n<\/tr>\n<tr>\n<td>Especificaciones t\u00e9cnicas<\/td>\n<\/tr>\n<tr>\n<td>Hardware<\/td>\n<\/tr>\n<tr>\n<td>Interfaz de bus del host:<\/td>\n<\/tr>\n<tr>\n<td> pcie 3.0 x8<\/td>\n<\/tr>\n<tr>\n<td>Altura del soporte:<\/td>\n<\/tr>\n<tr>\n<td> perfil bajo y altura completa<\/td>\n<\/tr>\n<tr>\n<td>Tamanio:<\/td>\n<\/tr>\n<tr>\n<td>(al. x an. x pr.) 68,9 x 167,7 x 14,7 mm<\/td>\n<\/tr>\n<tr>\n<td>Entorno operativo<\/td>\n<\/tr>\n<tr>\n<td> temperatura: de 32 \u00b0f a 104 \u00b0f (de 0 \u00b0c a 40 \u00b0c)<\/td>\n<\/tr>\n<tr>\n<td> humedad relativa: del 8 % al 80 % de hr<\/td>\n<\/tr>\n<tr>\n<td>Entorno de almacenamiento<\/td>\n<\/tr>\n<tr>\n<td>Temperatura: de -5 \u00b0f a 140 \u00b0f (de -20 \u00b0c a 60 \u00b0c)<\/td>\n<\/tr>\n<tr>\n<td>Humedad relativa: del 5 % al 95 % de hr<\/td>\n<\/tr>\n<tr>\n<td>Red<\/td>\n<\/tr>\n<tr>\n<td>10 gbps\/1 gbps<\/td>\n<\/tr>\n<tr>\n<td>\u0095 ethernet ieee 802.3an 10gbase-t de 10 gbps<\/td>\n<\/tr>\n<tr>\n<td>\u0095 ethernet ieee 802.3ab 1000base-t de 1 gbps<\/td>\n<\/tr>\n<tr>\n<td>\u0095 ieee 802.3ad link aggregation<\/td>\n<\/tr>\n<tr>\n<td>\u0095 control de flujo ieee 802.3x<\/td>\n<\/tr>\n<tr>\n<td>Conector:<\/td>\n<\/tr>\n<tr>\n<td> rj45 de cobre<\/td>\n<\/tr>\n<tr>\n<td>Velocidades de transferencia de datos:<\/td>\n<\/tr>\n<tr>\n<td> 10 gbps\/1 gbps<\/td>\n<\/tr>\n<tr>\n<td>Modo de funcionamiento de red:<\/td>\n<\/tr>\n<tr>\n<td> d\u00faplex completo<\/td>\n<\/tr>\n<tr>\n<td>Funciones compatibles<\/td>\n<\/tr>\n<tr>\n<td>\u0095 compatibilidad con jumbo frame de 1,5 a 9 kb<\/td>\n<\/tr>\n<tr>\n<td>\u0095 descarga de suma de comprobaci\u00f3n tcp\/udp<\/td>\n<\/tr>\n<tr>\n<td>\u0095 descarga de recepci\u00f3n grande (lro)<\/td>\n<\/tr>\n<tr>\n<td>\u0095 descarga de segmentaci\u00f3n gen\u00e9rica (gso)<\/td>\n<\/tr>\n<tr>\n<td>\u0095 descarga de segmentaci\u00f3n tcp (tso)<\/td>\n<\/tr>\n<tr>\n<td>\u0095 escala lateral de recepci\u00f3n (rss)<\/td>\n<\/tr>\n<tr>\n<td>\u0095 escala lateral de transmisi\u00f3n (tss)<\/td>\n<\/tr>\n<tr>\n<td>\u0095 sr-iov<\/td>\n<\/tr>\n<\/table>\n","protected":false},"excerpt":{"rendered":"<p>Descripcion comercial. La tarjeta de red synology e10g30-t2 de doble puerto de 10 gbe est\u00e1 dise\u00f1ado para aumentar el rendimiento de la red de los sistemas synology compatibles. Esta tarjeta complementaria es ideal para las empresas que buscan dar soporte a un n\u00famero creciente de usuarios en tareas de copia de seguridad, posproducci\u00f3n, virtualizaci\u00f3n y otras cargas de trabajo con un uso intensivo del ancho de banda. Modelos compatibles. Fs series:fs6400, fs3600, fs3410, fs3400, fs2500. Hd series:hd6500. Sa series:sa6400, sa3610, sa3600, sa3410, sa3400d, sa3400, sa3200d. Uc series:uc3400, uc3200. 23 series:rs2423rp+, rs2423+, ds1823xs. 22 series:rs822rp+, rs822+, ds3622xs+, ds2422. 21 series:rs4021xs+, rs3621xs+, rs3621rpxs, rs2821rp+, rs2421rp+, rs2421+, rs1221rp+, rs1221+, ds1821+, ds1621xs+, ds1621. 20 series:rs820rp+, rs820. 19 series:rs1619xs+, ds2419+ii, ds2419+, ds1819. 18 series:rs3618xs, rs2818rp+, rs2418rp+, rs2418. 17 series:ds3617xsii, ds3617xs<\/p>\n","protected":false},"featured_media":234201,"comment_status":"open","ping_status":"open","template":"","meta":[],"product_cat":[1563,1572],"product_tag":[1561],"acf":[],"yoast_head":"<!-- This site is optimized with the Yoast SEO plugin v21.7 - https:\/\/yoast.com\/wordpress\/plugins\/seo\/ -->\n<title>[ Synology ] &#129351; E10g30-t2 Tarjeta De Red De 2 Puerto Ethernet 10 Gbe De Alta Velocidad, Pcie 3.0 X8 Para Nas. Ver Modelos Compatibles<\/title>\n<meta name=\"description\" content=\"Compra E10g30-t2 Tarjeta De Red De 2 Puerto Ethernet 10 Gbe De Alta Velocidad, Pcie 3.0 X8 Para Nas. Ver Modelos Compatibles + Env\u00edo a domicilio + Pago seguro + Garant\u00eda\" \/>\n<meta name=\"robots\" content=\"index, follow, max-snippet:-1, max-image-preview:large, max-video-preview:-1\" \/>\n<link rel=\"canonical\" href=\"https:\/\/compuviper.mx\/tienda\/producto\/synology-e10g30-t2-tarjeta-de-red-de-2-puerto-ethernet-10-gbe-de-alta-velocidad-pcie-3-0-x8-para-nas-ver-modelos-compatibles\/\" \/>\n<meta property=\"og:locale\" content=\"es_MX\" \/>\n<meta property=\"og:type\" content=\"article\" \/>\n<meta property=\"og:title\" content=\"[ Synology ] &#129351; E10g30-t2 Tarjeta De Red De 2 Puerto Ethernet 10 Gbe De Alta Velocidad, Pcie 3.0 X8 Para Nas. Ver Modelos Compatibles\" \/>\n<meta property=\"og:description\" content=\"Compra E10g30-t2 Tarjeta De Red De 2 Puerto Ethernet 10 Gbe De Alta Velocidad, Pcie 3.0 X8 Para Nas. Ver Modelos Compatibles + Env\u00edo a domicilio + Pago seguro + Garant\u00eda\" \/>\n<meta property=\"og:url\" content=\"https:\/\/compuviper.mx\/tienda\/producto\/synology-e10g30-t2-tarjeta-de-red-de-2-puerto-ethernet-10-gbe-de-alta-velocidad-pcie-3-0-x8-para-nas-ver-modelos-compatibles\/\" \/>\n<meta property=\"og:site_name\" content=\"Compuviper\" \/>\n<meta property=\"article:publisher\" content=\"https:\/\/www.facebook.com\/compuviper\" \/>\n<meta property=\"article:modified_time\" content=\"2026-04-18T07:11:32+00:00\" \/>\n<meta property=\"og:image\" content=\"https:\/\/compuviper.mx\/tienda\/wp-content\/uploads\/2024\/05\/Tarjeta-de-red-synology-e10g30-t2-de-2-puerto-ethernet-10-gbe-de-alta-velocidad-pcie-3.0-x8-para-nas.-ver-modelos-compatibles.jpg\" \/>\n\t<meta property=\"og:image:width\" content=\"200\" \/>\n\t<meta property=\"og:image:height\" content=\"200\" \/>\n\t<meta property=\"og:image:type\" content=\"image\/jpeg\" \/>\n<meta name=\"twitter:card\" content=\"summary_large_image\" \/>\n<meta name=\"twitter:label1\" content=\"Precio\" \/>\n\t<meta name=\"twitter:data1\" content=\"&#36;5,199 &#36;4,552 con IVA\" \/>\n\t<meta name=\"twitter:label2\" content=\"Availability\" \/>\n\t<meta name=\"twitter:data2\" content=\"In stock\" \/>\n<script type=\"application\/ld+json\" class=\"yoast-schema-graph\">{\"@context\":\"https:\/\/schema.org\",\"@graph\":[{\"@type\":\"WebPage\",\"@id\":\"https:\/\/compuviper.mx\/tienda\/producto\/synology-e10g30-t2-tarjeta-de-red-de-2-puerto-ethernet-10-gbe-de-alta-velocidad-pcie-3-0-x8-para-nas-ver-modelos-compatibles\/\",\"url\":\"https:\/\/compuviper.mx\/tienda\/producto\/synology-e10g30-t2-tarjeta-de-red-de-2-puerto-ethernet-10-gbe-de-alta-velocidad-pcie-3-0-x8-para-nas-ver-modelos-compatibles\/\",\"name\":\"[ Synology ] &#129351; E10g30-t2 Tarjeta De Red De 2 Puerto Ethernet 10 Gbe De Alta Velocidad, Pcie 3.0 X8 Para Nas. Ver Modelos Compatibles\",\"isPartOf\":{\"@id\":\"https:\/\/compuviper.mx\/tienda\/#website\"},\"datePublished\":\"2026-04-18T07:11:31+00:00\",\"dateModified\":\"2026-04-18T07:11:32+00:00\",\"description\":\"Compra E10g30-t2 Tarjeta De Red De 2 Puerto Ethernet 10 Gbe De Alta Velocidad, Pcie 3.0 X8 Para Nas. Ver Modelos Compatibles + Env\u00edo a domicilio + Pago seguro + Garant\u00eda\",\"breadcrumb\":{\"@id\":\"https:\/\/compuviper.mx\/tienda\/producto\/synology-e10g30-t2-tarjeta-de-red-de-2-puerto-ethernet-10-gbe-de-alta-velocidad-pcie-3-0-x8-para-nas-ver-modelos-compatibles\/#breadcrumb\"},\"inLanguage\":\"es-MX\",\"potentialAction\":[{\"@type\":\"ReadAction\",\"target\":[\"https:\/\/compuviper.mx\/tienda\/producto\/synology-e10g30-t2-tarjeta-de-red-de-2-puerto-ethernet-10-gbe-de-alta-velocidad-pcie-3-0-x8-para-nas-ver-modelos-compatibles\/\"]}]},{\"@type\":\"BreadcrumbList\",\"@id\":\"https:\/\/compuviper.mx\/tienda\/producto\/synology-e10g30-t2-tarjeta-de-red-de-2-puerto-ethernet-10-gbe-de-alta-velocidad-pcie-3-0-x8-para-nas-ver-modelos-compatibles\/#breadcrumb\",\"itemListElement\":[{\"@type\":\"ListItem\",\"position\":1,\"name\":\"Inicio\",\"item\":\"https:\/\/compuviper.mx\/tienda\/\"},{\"@type\":\"ListItem\",\"position\":2,\"name\":\"Productos\",\"item\":\"https:\/\/compuviper.mx\/tienda\/productos\/\"},{\"@type\":\"ListItem\",\"position\":3,\"name\":\"Redes\",\"item\":\"https:\/\/compuviper.mx\/tienda\/categoria-producto\/redes\/\"},{\"@type\":\"ListItem\",\"position\":4,\"name\":\"Tarjetas De Red\",\"item\":\"https:\/\/compuviper.mx\/tienda\/categoria-producto\/redes\/tarjetas-de-red\/\"},{\"@type\":\"ListItem\",\"position\":5,\"name\":\"Synology E10g30-t2 Tarjeta De Red De 2 Puerto Ethernet 10 Gbe De Alta Velocidad, Pcie 3.0 X8 Para Nas. Ver Modelos Compatibles\"}]},{\"@type\":\"WebSite\",\"@id\":\"https:\/\/compuviper.mx\/tienda\/#website\",\"url\":\"https:\/\/compuviper.mx\/tienda\/\",\"name\":\"Compuviper\",\"description\":\"Proveedor de Computadoras, Laptops, Servidores, Monitores, Puntos de Venta, Teclados,   Impresoras, T\u00f3ner, C\u00e1maras de Seguridad y m\u00e1s en tu tienda en l\u00ednea\",\"publisher\":{\"@id\":\"https:\/\/compuviper.mx\/tienda\/#organization\"},\"potentialAction\":[{\"@type\":\"SearchAction\",\"target\":{\"@type\":\"EntryPoint\",\"urlTemplate\":\"https:\/\/compuviper.mx\/tienda\/?s={search_term_string}\"},\"query-input\":\"required name=search_term_string\"}],\"inLanguage\":\"es-MX\"},{\"@type\":\"Organization\",\"@id\":\"https:\/\/compuviper.mx\/tienda\/#organization\",\"name\":\"Compuviper\",\"url\":\"https:\/\/compuviper.mx\/tienda\/\",\"logo\":{\"@type\":\"ImageObject\",\"inLanguage\":\"es-MX\",\"@id\":\"https:\/\/compuviper.mx\/tienda\/#\/schema\/logo\/image\/\",\"url\":\"https:\/\/compuviper.mx\/tienda\/wp-content\/uploads\/2021\/08\/Logo-Compuviper-10.png\",\"contentUrl\":\"https:\/\/compuviper.mx\/tienda\/wp-content\/uploads\/2021\/08\/Logo-Compuviper-10.png\",\"width\":1000,\"height\":500,\"caption\":\"Compuviper\"},\"image\":{\"@id\":\"https:\/\/compuviper.mx\/tienda\/#\/schema\/logo\/image\/\"},\"sameAs\":[\"https:\/\/www.facebook.com\/compuviper\",\"https:\/\/www.youtube.com\/channel\/UCf73dERp9Y3cfOq7q8BhLjA?view_as=subscriber\"]}]}<\/script>\n<meta property=\"product:brand\" content=\"SYNOLOGY\" \/>\n<meta property=\"product:price:amount\" content=\"4552\" \/>\n<meta property=\"product:price:currency\" content=\"MXN\" \/>\n<meta property=\"og:availability\" content=\"instock\" \/>\n<meta property=\"product:availability\" content=\"instock\" \/>\n<meta property=\"product:retailer_item_id\" content=\"E10G30-T2\" \/>\n<meta property=\"product:condition\" content=\"new\" \/>\n<!-- \/ Yoast SEO plugin. -->","yoast_head_json":{"title":"[ Synology ] &#129351; E10g30-t2 Tarjeta De Red De 2 Puerto Ethernet 10 Gbe De Alta Velocidad, Pcie 3.0 X8 Para Nas. Ver Modelos Compatibles","description":"Compra E10g30-t2 Tarjeta De Red De 2 Puerto Ethernet 10 Gbe De Alta Velocidad, Pcie 3.0 X8 Para Nas. Ver Modelos Compatibles + Env\u00edo a domicilio + Pago seguro + Garant\u00eda","robots":{"index":"index","follow":"follow","max-snippet":"max-snippet:-1","max-image-preview":"max-image-preview:large","max-video-preview":"max-video-preview:-1"},"canonical":"https:\/\/compuviper.mx\/tienda\/producto\/synology-e10g30-t2-tarjeta-de-red-de-2-puerto-ethernet-10-gbe-de-alta-velocidad-pcie-3-0-x8-para-nas-ver-modelos-compatibles\/","og_locale":"es_MX","og_type":"article","og_title":"[ Synology ] &#129351; E10g30-t2 Tarjeta De Red De 2 Puerto Ethernet 10 Gbe De Alta Velocidad, Pcie 3.0 X8 Para Nas. Ver Modelos Compatibles","og_description":"Compra E10g30-t2 Tarjeta De Red De 2 Puerto Ethernet 10 Gbe De Alta Velocidad, Pcie 3.0 X8 Para Nas. Ver Modelos Compatibles + Env\u00edo a domicilio + Pago seguro + Garant\u00eda","og_url":"https:\/\/compuviper.mx\/tienda\/producto\/synology-e10g30-t2-tarjeta-de-red-de-2-puerto-ethernet-10-gbe-de-alta-velocidad-pcie-3-0-x8-para-nas-ver-modelos-compatibles\/","og_site_name":"Compuviper","article_publisher":"https:\/\/www.facebook.com\/compuviper","article_modified_time":"2026-04-18T07:11:32+00:00","og_image":[{"width":200,"height":200,"url":"https:\/\/compuviper.mx\/tienda\/wp-content\/uploads\/2024\/05\/Tarjeta-de-red-synology-e10g30-t2-de-2-puerto-ethernet-10-gbe-de-alta-velocidad-pcie-3.0-x8-para-nas.-ver-modelos-compatibles.jpg","type":"image\/jpeg"}],"twitter_card":"summary_large_image","twitter_misc":{"Precio":"&#36;5,199 &#36;4,552 con IVA","Availability":"In stock"},"schema":{"@context":"https:\/\/schema.org","@graph":[{"@type":"WebPage","@id":"https:\/\/compuviper.mx\/tienda\/producto\/synology-e10g30-t2-tarjeta-de-red-de-2-puerto-ethernet-10-gbe-de-alta-velocidad-pcie-3-0-x8-para-nas-ver-modelos-compatibles\/","url":"https:\/\/compuviper.mx\/tienda\/producto\/synology-e10g30-t2-tarjeta-de-red-de-2-puerto-ethernet-10-gbe-de-alta-velocidad-pcie-3-0-x8-para-nas-ver-modelos-compatibles\/","name":"[ Synology ] &#129351; E10g30-t2 Tarjeta De Red De 2 Puerto Ethernet 10 Gbe De Alta Velocidad, Pcie 3.0 X8 Para Nas. Ver Modelos Compatibles","isPartOf":{"@id":"https:\/\/compuviper.mx\/tienda\/#website"},"datePublished":"2026-04-18T07:11:31+00:00","dateModified":"2026-04-18T07:11:32+00:00","description":"Compra E10g30-t2 Tarjeta De Red De 2 Puerto Ethernet 10 Gbe De Alta Velocidad, Pcie 3.0 X8 Para Nas. Ver Modelos Compatibles + Env\u00edo a domicilio + Pago seguro + Garant\u00eda","breadcrumb":{"@id":"https:\/\/compuviper.mx\/tienda\/producto\/synology-e10g30-t2-tarjeta-de-red-de-2-puerto-ethernet-10-gbe-de-alta-velocidad-pcie-3-0-x8-para-nas-ver-modelos-compatibles\/#breadcrumb"},"inLanguage":"es-MX","potentialAction":[{"@type":"ReadAction","target":["https:\/\/compuviper.mx\/tienda\/producto\/synology-e10g30-t2-tarjeta-de-red-de-2-puerto-ethernet-10-gbe-de-alta-velocidad-pcie-3-0-x8-para-nas-ver-modelos-compatibles\/"]}]},{"@type":"BreadcrumbList","@id":"https:\/\/compuviper.mx\/tienda\/producto\/synology-e10g30-t2-tarjeta-de-red-de-2-puerto-ethernet-10-gbe-de-alta-velocidad-pcie-3-0-x8-para-nas-ver-modelos-compatibles\/#breadcrumb","itemListElement":[{"@type":"ListItem","position":1,"name":"Inicio","item":"https:\/\/compuviper.mx\/tienda\/"},{"@type":"ListItem","position":2,"name":"Productos","item":"https:\/\/compuviper.mx\/tienda\/productos\/"},{"@type":"ListItem","position":3,"name":"Redes","item":"https:\/\/compuviper.mx\/tienda\/categoria-producto\/redes\/"},{"@type":"ListItem","position":4,"name":"Tarjetas De Red","item":"https:\/\/compuviper.mx\/tienda\/categoria-producto\/redes\/tarjetas-de-red\/"},{"@type":"ListItem","position":5,"name":"Synology E10g30-t2 Tarjeta De Red De 2 Puerto Ethernet 10 Gbe De Alta Velocidad, Pcie 3.0 X8 Para Nas. Ver Modelos Compatibles"}]},{"@type":"WebSite","@id":"https:\/\/compuviper.mx\/tienda\/#website","url":"https:\/\/compuviper.mx\/tienda\/","name":"Compuviper","description":"Proveedor de Computadoras, Laptops, Servidores, Monitores, Puntos de Venta, Teclados,   Impresoras, T\u00f3ner, C\u00e1maras de Seguridad y m\u00e1s en tu tienda en l\u00ednea","publisher":{"@id":"https:\/\/compuviper.mx\/tienda\/#organization"},"potentialAction":[{"@type":"SearchAction","target":{"@type":"EntryPoint","urlTemplate":"https:\/\/compuviper.mx\/tienda\/?s={search_term_string}"},"query-input":"required name=search_term_string"}],"inLanguage":"es-MX"},{"@type":"Organization","@id":"https:\/\/compuviper.mx\/tienda\/#organization","name":"Compuviper","url":"https:\/\/compuviper.mx\/tienda\/","logo":{"@type":"ImageObject","inLanguage":"es-MX","@id":"https:\/\/compuviper.mx\/tienda\/#\/schema\/logo\/image\/","url":"https:\/\/compuviper.mx\/tienda\/wp-content\/uploads\/2021\/08\/Logo-Compuviper-10.png","contentUrl":"https:\/\/compuviper.mx\/tienda\/wp-content\/uploads\/2021\/08\/Logo-Compuviper-10.png","width":1000,"height":500,"caption":"Compuviper"},"image":{"@id":"https:\/\/compuviper.mx\/tienda\/#\/schema\/logo\/image\/"},"sameAs":["https:\/\/www.facebook.com\/compuviper","https:\/\/www.youtube.com\/channel\/UCf73dERp9Y3cfOq7q8BhLjA?view_as=subscriber"]}]},"product_brand":"SYNOLOGY","product_price_amount":"4552","product_price_currency":"MXN","og_availability":"instock","product_availability":"instock","product_retailer_item_id":"E10G30-T2","product_condition":"new"},"_links":{"self":[{"href":"https:\/\/compuviper.mx\/tienda\/wp-json\/wp\/v2\/product\/228384"}],"collection":[{"href":"https:\/\/compuviper.mx\/tienda\/wp-json\/wp\/v2\/product"}],"about":[{"href":"https:\/\/compuviper.mx\/tienda\/wp-json\/wp\/v2\/types\/product"}],"replies":[{"embeddable":true,"href":"https:\/\/compuviper.mx\/tienda\/wp-json\/wp\/v2\/comments?post=228384"}],"wp:featuredmedia":[{"embeddable":true,"href":"https:\/\/compuviper.mx\/tienda\/wp-json\/wp\/v2\/media\/234201"}],"wp:attachment":[{"href":"https:\/\/compuviper.mx\/tienda\/wp-json\/wp\/v2\/media?parent=228384"}],"wp:term":[{"taxonomy":"product_cat","embeddable":true,"href":"https:\/\/compuviper.mx\/tienda\/wp-json\/wp\/v2\/product_cat?post=228384"},{"taxonomy":"product_tag","embeddable":true,"href":"https:\/\/compuviper.mx\/tienda\/wp-json\/wp\/v2\/product_tag?post=228384"}],"curies":[{"name":"wp","href":"https:\/\/api.w.org\/{rel}","templated":true}]}}