{"id":228220,"date":"2026-04-23T00:14:02","date_gmt":"2026-04-23T06:14:02","guid":{"rendered":"https:\/\/compuviper.mx\/tienda\/producto\/dahua-dh-ipc-hfw3441t-as-p-camara-ip-ipc-hfw3441t-as-p-bullet-panormica-resolucin-de-4-mp-lente-2-1-mm-and-8738180-ir-20-mts-ia-wizsense-deteccin-de-movimiento-proteccin-perimetral-sta\/"},"modified":"2026-04-23T00:14:03","modified_gmt":"2026-04-23T06:14:03","slug":"dahua-dh-ipc-hfw3441t-as-p-camara-ip-ipc-hfw3441t-as-p-bullet-panormica-resolucin-de-4-mp-lente-2-1-mm-8738180-ir-20-mts-ia-wizsense-deteccin-de-movimiento-proteccin-perimetral-starlight-poe","status":"publish","type":"product","link":"https:\/\/compuviper.mx\/tienda\/producto\/dahua-dh-ipc-hfw3441t-as-p-camara-ip-ipc-hfw3441t-as-p-bullet-panormica-resolucin-de-4-mp-lente-2-1-mm-8738180-ir-20-mts-ia-wizsense-deteccin-de-movimiento-proteccin-perimetral-starlight-poe\/","title":{"rendered":"Dahua Dh-ipc-hfw3441t-as-p Camara Ip\/ \/ Ipc-hfw3441t-as-p -bullet Panormica Resolucin De 4 Mp\/ Lente 2.1 Mm\/ 8738180\/ Ir 20 Mts\/ia Wizsense\/deteccin De Movimiento\/proteccin Perimetral \/starlight \/poe\/wdr\/micrfono"},"content":{"rendered":"<table class=\"descripcion\">\n<tr>\n<td>Especificaciones<\/td>\n<\/tr>\n<tr>\n<td>\u0095 cmos de 1\/2,7<\/td>\n<\/tr>\n<tr>\n<td>\u0095 distancia de iluminaci\u00f3n 20 m (led ir)<\/td>\n<\/tr>\n<tr>\n<td>\u0095 lente 2.1mm<\/td>\n<\/tr>\n<tr>\n<td>\u0095 ivs (protecci\u00f3n perimetral): intrusi\u00f3n, cable trampa (las dos funciones admiten la clasificaci\u00f3n y detecci\u00f3n precisa de veh\u00edculos y personas)<\/td>\n<\/tr>\n<tr>\n<td>\u0095 smd 3.0 menos falsa alarma, mayor distancia de detecci\u00f3n<\/td>\n<\/tr>\n<tr>\n<td>\u0095 compresi\u00f3n de video: h.265; h.264; h.264b; mjpeg<\/td>\n<\/tr>\n<tr>\n<td>\u0095 c\u00f3dec inteligente: inteligente h.265+; inteligente h.264+<\/td>\n<\/tr>\n<tr>\n<td>\u0095 codificaci\u00f3n de ia: ia h.265; ia h.264<\/td>\n<\/tr>\n<tr>\n<td>\u0095 d\u00eda\/noche: autom\u00e1tico (icr)\/color\/b\/n<\/td>\n<\/tr>\n<tr>\n<td>\u0095 wdr real 120db<\/td>\n<\/tr>\n<tr>\n<td>\u0095 reducci\u00f3n de ruido nr 3d<\/td>\n<\/tr>\n<tr>\n<td>\u0095 alarma: 1 entrada, 1 salida; audio: 1 entrada, 1 salida; admite m\u00e1x. tarjeta micro sd de 256g<\/td>\n<\/tr>\n<tr>\n<td>\u0095 fuente de alimentaci\u00f3n 12 vcc\/poe<\/td>\n<\/tr>\n<tr>\n<td>\u0095 protecci\u00f3n: ip67<\/td>\n<\/tr>\n<tr>\n<td>\u0095 carcasa: metal<\/td>\n<\/tr>\n<\/table>\n","protected":false},"excerpt":{"rendered":"<p>Informaci\u00f3n general. Con un algoritmo de aprendizaje profundo avanzado, la c\u00e1mara de red de la serie dahua wizsense 3 admite funciones inteligentes, como protecci\u00f3n perimetral y detecci\u00f3n de movimiento inteligente. Con la tecnolog\u00eda starlight, esta c\u00e1mara de la serie proporciona un mejor efecto de imagen en. Condiciones de baja iluminaci\u00f3n. Smd 3.0. Con un algoritmo inteligente, la tecnolog\u00eda de detecci\u00f3n de movimiento inteligente de dahua puede categorizar los objetivos que activan la detecci\u00f3n de movimiento y filtrar la alarma de detecci\u00f3n de movimiento activada por objetivos no afectados para generar una alarma efectiva y precisa. Codificaci\u00f3n inteligente. Con un algoritmo avanzado de control de velocidad adaptable a la escena, la tecnolog\u00eda de codificaci\u00f3n inteligente de dahua logra una mayor eficiencia de codificaci\u00f3n que h.265 y h.264, proporciona video de alta calidad y reduce el costo de almacenamiento y transmisi\u00f3n. Protecci\u00f3n perimetral. Con un algoritmo de aprendizaje profundo, la tecnolog\u00eda de protecci\u00f3n perimetral de dahua puede reconocer a humanos y veh\u00edculos con precisi\u00f3n. En \u00e1reas restringidas (como \u00e1reas para peatones y veh\u00edculos), las falsas alarmas de detecci\u00f3n inteligente basadas en el tipo de objetivo (como cable trampa, intrusi\u00f3n) se reducen en gran medida. Protecci\u00f3n. Ip67: la c\u00e1mara pasa una serie de pruebas estrictas sobre polvo y remojo. Tiene una funci\u00f3n a prueba de polvo y la carcasa puede funcionar normalmente despu\u00e9s de sumergirse en agua a 1 m de profundidad durante 30 minutos. Amplio voltaje: la c\u00e1mara permite una tolerancia de voltaje de entrada de \u00b130 % (para algunas fuentes de alimentaci\u00f3n) (amplio rango de voltaje) y se aplica ampliamente en ambientes exteriores con voltaje inestable. Principales caracter\u00edsticas. \u0095 c\u00f3dec h.265, alta tasa de compresi\u00f3n, tasa de bits ultrabaja. \u0095 led ir incorporado. \u0095 roi, smart h.264 +\/h.265+, ai h.264\/h.265, codificaci\u00f3n flexible, aplicable a varios entornos de almacenamiento y ancho de banda. \u0095 modo de rotaci\u00f3n, wdr, 3d nr, hlc, blc, marca de agua digital, aplicable a varias escenas de monitoreo. \u0095 monitoreo inteligente: intrusi\u00f3n, cable trampa (las dos funciones admiten la clasificaci\u00f3n y detecci\u00f3n precisa de veh\u00edculos y humanos). \u0095 detecci\u00f3n de anomal\u00edas: detecci\u00f3n de movimiento, manipulaci\u00f3n de video, cambio de escena, detecci\u00f3n de audio, sin tarjeta sd, tarjeta sd llena, error de tarjeta sd, desconexi\u00f3n de red, conflicto de ip, acceso ilegal y detecci\u00f3n de voltaje. \u0095 alarma: 1 entrada, 1 salida; audio: 1 entrada, 1 salida; admite m\u00e1x. \u0095 micr\u00f3fono integrado. \u0095 eptz: ampl\u00ede y rastree los objetivos de las alarmas inteligentes. \u0095 smd 3.0.<\/p>\n","protected":false},"featured_media":233925,"comment_status":"open","ping_status":"open","template":"","meta":[],"product_cat":[1681,1608],"product_tag":[1555],"acf":[],"yoast_head":"<!-- This site is optimized with the Yoast SEO plugin v21.7 - https:\/\/yoast.com\/wordpress\/plugins\/seo\/ -->\n<title>[ Dahua ] &#129351; Dh-ipc-hfw3441t-as-p Camara Ip\/ \/ Ipc-hfw3441t-as-p -bullet Panormica Resolucin De 4 Mp\/ Lente 2.1 Mm\/ 8738180\/ Ir 20 Mts\/ia Wizsense\/deteccin De Movimiento\/proteccin Perimetral \/starlight \/poe\/wdr\/micrfono<\/title>\n<meta name=\"description\" content=\"Compra Dh-ipc-hfw3441t-as-p Camara Ip\/ \/ Ipc-hfw3441t-as-p -bullet Panormica Resolucin De 4 Mp\/ Lente 2.1 Mm\/ 8738180\/ Ir 20 Mts\/ia Wizsense\/deteccin De Movimiento\/proteccin Perimetral \/starlight \/poe\/wdr\/micrfono + Env\u00edo a domicilio + Pago seguro + Garant\u00eda\" \/>\n<meta name=\"robots\" content=\"index, follow, max-snippet:-1, max-image-preview:large, max-video-preview:-1\" \/>\n<link rel=\"canonical\" href=\"https:\/\/compuviper.mx\/tienda\/producto\/dahua-dh-ipc-hfw3441t-as-p-camara-ip-ipc-hfw3441t-as-p-bullet-panormica-resolucin-de-4-mp-lente-2-1-mm-8738180-ir-20-mts-ia-wizsense-deteccin-de-movimiento-proteccin-perimetral-starlight-poe\/\" \/>\n<meta property=\"og:locale\" content=\"es_MX\" \/>\n<meta property=\"og:type\" content=\"article\" \/>\n<meta property=\"og:title\" content=\"[ Dahua ] &#129351; Dh-ipc-hfw3441t-as-p Camara Ip\/ \/ Ipc-hfw3441t-as-p -bullet Panormica Resolucin De 4 Mp\/ Lente 2.1 Mm\/ 8738180\/ Ir 20 Mts\/ia Wizsense\/deteccin De Movimiento\/proteccin Perimetral \/starlight \/poe\/wdr\/micrfono\" \/>\n<meta property=\"og:description\" content=\"Compra Dh-ipc-hfw3441t-as-p Camara Ip\/ \/ Ipc-hfw3441t-as-p -bullet Panormica Resolucin De 4 Mp\/ Lente 2.1 Mm\/ 8738180\/ Ir 20 Mts\/ia Wizsense\/deteccin De Movimiento\/proteccin Perimetral \/starlight \/poe\/wdr\/micrfono + Env\u00edo a domicilio + Pago seguro + Garant\u00eda\" \/>\n<meta property=\"og:url\" content=\"https:\/\/compuviper.mx\/tienda\/producto\/dahua-dh-ipc-hfw3441t-as-p-camara-ip-ipc-hfw3441t-as-p-bullet-panormica-resolucin-de-4-mp-lente-2-1-mm-8738180-ir-20-mts-ia-wizsense-deteccin-de-movimiento-proteccin-perimetral-starlight-poe\/\" \/>\n<meta property=\"og:site_name\" content=\"Compuviper\" \/>\n<meta property=\"article:publisher\" content=\"https:\/\/www.facebook.com\/compuviper\" \/>\n<meta property=\"article:modified_time\" content=\"2026-04-23T06:14:03+00:00\" \/>\n<meta property=\"og:image\" content=\"https:\/\/compuviper.mx\/tienda\/wp-content\/uploads\/2024\/05\/Camara-ip-dahua-ipc-hfw3441t-as-p-bullet-panoramica-resolucion-de-4-mp-lente-2.1-mm-and-8738180\u00b0-ir-20-mtsia-wizsensedeteccion-de-movimientoproteccion-perimetral-starlight-poewdrmicrofono.jpg\" \/>\n\t<meta property=\"og:image:width\" content=\"200\" \/>\n\t<meta property=\"og:image:height\" content=\"200\" \/>\n\t<meta property=\"og:image:type\" content=\"image\/jpeg\" \/>\n<meta name=\"twitter:card\" content=\"summary_large_image\" \/>\n<meta name=\"twitter:label1\" content=\"Precio\" \/>\n\t<meta name=\"twitter:data1\" content=\"&#36;2,687 con IVA\" \/>\n\t<meta name=\"twitter:label2\" content=\"Availability\" \/>\n\t<meta name=\"twitter:data2\" content=\"On backorder\" \/>\n<script type=\"application\/ld+json\" class=\"yoast-schema-graph\">{\"@context\":\"https:\/\/schema.org\",\"@graph\":[{\"@type\":\"WebPage\",\"@id\":\"https:\/\/compuviper.mx\/tienda\/producto\/dahua-dh-ipc-hfw3441t-as-p-camara-ip-ipc-hfw3441t-as-p-bullet-panormica-resolucin-de-4-mp-lente-2-1-mm-8738180-ir-20-mts-ia-wizsense-deteccin-de-movimiento-proteccin-perimetral-starlight-poe\/\",\"url\":\"https:\/\/compuviper.mx\/tienda\/producto\/dahua-dh-ipc-hfw3441t-as-p-camara-ip-ipc-hfw3441t-as-p-bullet-panormica-resolucin-de-4-mp-lente-2-1-mm-8738180-ir-20-mts-ia-wizsense-deteccin-de-movimiento-proteccin-perimetral-starlight-poe\/\",\"name\":\"[ Dahua ] &#129351; Dh-ipc-hfw3441t-as-p Camara Ip\/ \/ Ipc-hfw3441t-as-p -bullet Panormica Resolucin De 4 Mp\/ Lente 2.1 Mm\/ 8738180\/ Ir 20 Mts\/ia Wizsense\/deteccin De Movimiento\/proteccin Perimetral \/starlight \/poe\/wdr\/micrfono\",\"isPartOf\":{\"@id\":\"https:\/\/compuviper.mx\/tienda\/#website\"},\"datePublished\":\"2026-04-23T06:14:02+00:00\",\"dateModified\":\"2026-04-23T06:14:03+00:00\",\"description\":\"Compra Dh-ipc-hfw3441t-as-p Camara Ip\/ \/ Ipc-hfw3441t-as-p -bullet Panormica Resolucin De 4 Mp\/ Lente 2.1 Mm\/ 8738180\/ Ir 20 Mts\/ia Wizsense\/deteccin De Movimiento\/proteccin Perimetral \/starlight \/poe\/wdr\/micrfono + Env\u00edo a domicilio + Pago seguro + Garant\u00eda\",\"breadcrumb\":{\"@id\":\"https:\/\/compuviper.mx\/tienda\/producto\/dahua-dh-ipc-hfw3441t-as-p-camara-ip-ipc-hfw3441t-as-p-bullet-panormica-resolucin-de-4-mp-lente-2-1-mm-8738180-ir-20-mts-ia-wizsense-deteccin-de-movimiento-proteccin-perimetral-starlight-poe\/#breadcrumb\"},\"inLanguage\":\"es-MX\",\"potentialAction\":[{\"@type\":\"ReadAction\",\"target\":[\"https:\/\/compuviper.mx\/tienda\/producto\/dahua-dh-ipc-hfw3441t-as-p-camara-ip-ipc-hfw3441t-as-p-bullet-panormica-resolucin-de-4-mp-lente-2-1-mm-8738180-ir-20-mts-ia-wizsense-deteccin-de-movimiento-proteccin-perimetral-starlight-poe\/\"]}]},{\"@type\":\"BreadcrumbList\",\"@id\":\"https:\/\/compuviper.mx\/tienda\/producto\/dahua-dh-ipc-hfw3441t-as-p-camara-ip-ipc-hfw3441t-as-p-bullet-panormica-resolucin-de-4-mp-lente-2-1-mm-8738180-ir-20-mts-ia-wizsense-deteccin-de-movimiento-proteccin-perimetral-starlight-poe\/#breadcrumb\",\"itemListElement\":[{\"@type\":\"ListItem\",\"position\":1,\"name\":\"Inicio\",\"item\":\"https:\/\/compuviper.mx\/tienda\/\"},{\"@type\":\"ListItem\",\"position\":2,\"name\":\"Productos\",\"item\":\"https:\/\/compuviper.mx\/tienda\/productos\/\"},{\"@type\":\"ListItem\",\"position\":3,\"name\":\"Camaras\",\"item\":\"https:\/\/compuviper.mx\/tienda\/categoria-producto\/camaras-2\/\"},{\"@type\":\"ListItem\",\"position\":4,\"name\":\"Camara De Videovigilancia\",\"item\":\"https:\/\/compuviper.mx\/tienda\/categoria-producto\/camaras-2\/camara-de-videovigilancia\/\"},{\"@type\":\"ListItem\",\"position\":5,\"name\":\"Dahua Dh-ipc-hfw3441t-as-p Camara Ip\/ \/ Ipc-hfw3441t-as-p -bullet Panormica Resolucin De 4 Mp\/ Lente 2.1 Mm\/ 8738180\/ Ir 20 Mts\/ia Wizsense\/deteccin De Movimiento\/proteccin Perimetral \/starlight \/poe\/wdr\/micrfono\"}]},{\"@type\":\"WebSite\",\"@id\":\"https:\/\/compuviper.mx\/tienda\/#website\",\"url\":\"https:\/\/compuviper.mx\/tienda\/\",\"name\":\"Compuviper\",\"description\":\"Proveedor de Computadoras, Laptops, Servidores, Monitores, Puntos de Venta, Teclados,   Impresoras, T\u00f3ner, C\u00e1maras de Seguridad y m\u00e1s en tu tienda en l\u00ednea\",\"publisher\":{\"@id\":\"https:\/\/compuviper.mx\/tienda\/#organization\"},\"potentialAction\":[{\"@type\":\"SearchAction\",\"target\":{\"@type\":\"EntryPoint\",\"urlTemplate\":\"https:\/\/compuviper.mx\/tienda\/?s={search_term_string}\"},\"query-input\":\"required name=search_term_string\"}],\"inLanguage\":\"es-MX\"},{\"@type\":\"Organization\",\"@id\":\"https:\/\/compuviper.mx\/tienda\/#organization\",\"name\":\"Compuviper\",\"url\":\"https:\/\/compuviper.mx\/tienda\/\",\"logo\":{\"@type\":\"ImageObject\",\"inLanguage\":\"es-MX\",\"@id\":\"https:\/\/compuviper.mx\/tienda\/#\/schema\/logo\/image\/\",\"url\":\"https:\/\/compuviper.mx\/tienda\/wp-content\/uploads\/2021\/08\/Logo-Compuviper-10.png\",\"contentUrl\":\"https:\/\/compuviper.mx\/tienda\/wp-content\/uploads\/2021\/08\/Logo-Compuviper-10.png\",\"width\":1000,\"height\":500,\"caption\":\"Compuviper\"},\"image\":{\"@id\":\"https:\/\/compuviper.mx\/tienda\/#\/schema\/logo\/image\/\"},\"sameAs\":[\"https:\/\/www.facebook.com\/compuviper\",\"https:\/\/www.youtube.com\/channel\/UCf73dERp9Y3cfOq7q8BhLjA?view_as=subscriber\"]}]}<\/script>\n<meta property=\"product:brand\" content=\"DAHUA\" \/>\n<meta property=\"product:price:amount\" content=\"2687\" \/>\n<meta property=\"product:price:currency\" content=\"MXN\" \/>\n<meta property=\"og:availability\" content=\"backorder\" \/>\n<meta property=\"product:availability\" content=\"available for order\" \/>\n<meta property=\"product:retailer_item_id\" content=\"DH-IPC-HFW3441T-AS-P\" \/>\n<meta property=\"product:condition\" content=\"new\" \/>\n<!-- \/ Yoast SEO plugin. -->","yoast_head_json":{"title":"[ Dahua ] &#129351; Dh-ipc-hfw3441t-as-p Camara Ip\/ \/ Ipc-hfw3441t-as-p -bullet Panormica Resolucin De 4 Mp\/ Lente 2.1 Mm\/ 8738180\/ Ir 20 Mts\/ia Wizsense\/deteccin De Movimiento\/proteccin Perimetral \/starlight \/poe\/wdr\/micrfono","description":"Compra Dh-ipc-hfw3441t-as-p Camara Ip\/ \/ Ipc-hfw3441t-as-p -bullet Panormica Resolucin De 4 Mp\/ Lente 2.1 Mm\/ 8738180\/ Ir 20 Mts\/ia Wizsense\/deteccin De Movimiento\/proteccin Perimetral \/starlight \/poe\/wdr\/micrfono + Env\u00edo a domicilio + Pago seguro + Garant\u00eda","robots":{"index":"index","follow":"follow","max-snippet":"max-snippet:-1","max-image-preview":"max-image-preview:large","max-video-preview":"max-video-preview:-1"},"canonical":"https:\/\/compuviper.mx\/tienda\/producto\/dahua-dh-ipc-hfw3441t-as-p-camara-ip-ipc-hfw3441t-as-p-bullet-panormica-resolucin-de-4-mp-lente-2-1-mm-8738180-ir-20-mts-ia-wizsense-deteccin-de-movimiento-proteccin-perimetral-starlight-poe\/","og_locale":"es_MX","og_type":"article","og_title":"[ Dahua ] &#129351; Dh-ipc-hfw3441t-as-p Camara Ip\/ \/ Ipc-hfw3441t-as-p -bullet Panormica Resolucin De 4 Mp\/ Lente 2.1 Mm\/ 8738180\/ Ir 20 Mts\/ia Wizsense\/deteccin De Movimiento\/proteccin Perimetral \/starlight \/poe\/wdr\/micrfono","og_description":"Compra Dh-ipc-hfw3441t-as-p Camara Ip\/ \/ Ipc-hfw3441t-as-p -bullet Panormica Resolucin De 4 Mp\/ Lente 2.1 Mm\/ 8738180\/ Ir 20 Mts\/ia Wizsense\/deteccin De Movimiento\/proteccin Perimetral \/starlight \/poe\/wdr\/micrfono + Env\u00edo a domicilio + Pago seguro + Garant\u00eda","og_url":"https:\/\/compuviper.mx\/tienda\/producto\/dahua-dh-ipc-hfw3441t-as-p-camara-ip-ipc-hfw3441t-as-p-bullet-panormica-resolucin-de-4-mp-lente-2-1-mm-8738180-ir-20-mts-ia-wizsense-deteccin-de-movimiento-proteccin-perimetral-starlight-poe\/","og_site_name":"Compuviper","article_publisher":"https:\/\/www.facebook.com\/compuviper","article_modified_time":"2026-04-23T06:14:03+00:00","og_image":[{"width":200,"height":200,"url":"https:\/\/compuviper.mx\/tienda\/wp-content\/uploads\/2024\/05\/Camara-ip-dahua-ipc-hfw3441t-as-p-bullet-panoramica-resolucion-de-4-mp-lente-2.1-mm-and-8738180\u00b0-ir-20-mtsia-wizsensedeteccion-de-movimientoproteccion-perimetral-starlight-poewdrmicrofono.jpg","type":"image\/jpeg"}],"twitter_card":"summary_large_image","twitter_misc":{"Precio":"&#36;2,687 con IVA","Availability":"On backorder"},"schema":{"@context":"https:\/\/schema.org","@graph":[{"@type":"WebPage","@id":"https:\/\/compuviper.mx\/tienda\/producto\/dahua-dh-ipc-hfw3441t-as-p-camara-ip-ipc-hfw3441t-as-p-bullet-panormica-resolucin-de-4-mp-lente-2-1-mm-8738180-ir-20-mts-ia-wizsense-deteccin-de-movimiento-proteccin-perimetral-starlight-poe\/","url":"https:\/\/compuviper.mx\/tienda\/producto\/dahua-dh-ipc-hfw3441t-as-p-camara-ip-ipc-hfw3441t-as-p-bullet-panormica-resolucin-de-4-mp-lente-2-1-mm-8738180-ir-20-mts-ia-wizsense-deteccin-de-movimiento-proteccin-perimetral-starlight-poe\/","name":"[ Dahua ] &#129351; Dh-ipc-hfw3441t-as-p Camara Ip\/ \/ Ipc-hfw3441t-as-p -bullet Panormica Resolucin De 4 Mp\/ Lente 2.1 Mm\/ 8738180\/ Ir 20 Mts\/ia Wizsense\/deteccin De Movimiento\/proteccin Perimetral \/starlight \/poe\/wdr\/micrfono","isPartOf":{"@id":"https:\/\/compuviper.mx\/tienda\/#website"},"datePublished":"2026-04-23T06:14:02+00:00","dateModified":"2026-04-23T06:14:03+00:00","description":"Compra Dh-ipc-hfw3441t-as-p Camara Ip\/ \/ Ipc-hfw3441t-as-p -bullet Panormica Resolucin De 4 Mp\/ Lente 2.1 Mm\/ 8738180\/ Ir 20 Mts\/ia Wizsense\/deteccin De Movimiento\/proteccin Perimetral \/starlight \/poe\/wdr\/micrfono + Env\u00edo a domicilio + Pago seguro + Garant\u00eda","breadcrumb":{"@id":"https:\/\/compuviper.mx\/tienda\/producto\/dahua-dh-ipc-hfw3441t-as-p-camara-ip-ipc-hfw3441t-as-p-bullet-panormica-resolucin-de-4-mp-lente-2-1-mm-8738180-ir-20-mts-ia-wizsense-deteccin-de-movimiento-proteccin-perimetral-starlight-poe\/#breadcrumb"},"inLanguage":"es-MX","potentialAction":[{"@type":"ReadAction","target":["https:\/\/compuviper.mx\/tienda\/producto\/dahua-dh-ipc-hfw3441t-as-p-camara-ip-ipc-hfw3441t-as-p-bullet-panormica-resolucin-de-4-mp-lente-2-1-mm-8738180-ir-20-mts-ia-wizsense-deteccin-de-movimiento-proteccin-perimetral-starlight-poe\/"]}]},{"@type":"BreadcrumbList","@id":"https:\/\/compuviper.mx\/tienda\/producto\/dahua-dh-ipc-hfw3441t-as-p-camara-ip-ipc-hfw3441t-as-p-bullet-panormica-resolucin-de-4-mp-lente-2-1-mm-8738180-ir-20-mts-ia-wizsense-deteccin-de-movimiento-proteccin-perimetral-starlight-poe\/#breadcrumb","itemListElement":[{"@type":"ListItem","position":1,"name":"Inicio","item":"https:\/\/compuviper.mx\/tienda\/"},{"@type":"ListItem","position":2,"name":"Productos","item":"https:\/\/compuviper.mx\/tienda\/productos\/"},{"@type":"ListItem","position":3,"name":"Camaras","item":"https:\/\/compuviper.mx\/tienda\/categoria-producto\/camaras-2\/"},{"@type":"ListItem","position":4,"name":"Camara De Videovigilancia","item":"https:\/\/compuviper.mx\/tienda\/categoria-producto\/camaras-2\/camara-de-videovigilancia\/"},{"@type":"ListItem","position":5,"name":"Dahua Dh-ipc-hfw3441t-as-p Camara Ip\/ \/ Ipc-hfw3441t-as-p -bullet Panormica Resolucin De 4 Mp\/ Lente 2.1 Mm\/ 8738180\/ Ir 20 Mts\/ia Wizsense\/deteccin De Movimiento\/proteccin Perimetral \/starlight \/poe\/wdr\/micrfono"}]},{"@type":"WebSite","@id":"https:\/\/compuviper.mx\/tienda\/#website","url":"https:\/\/compuviper.mx\/tienda\/","name":"Compuviper","description":"Proveedor de Computadoras, Laptops, Servidores, Monitores, Puntos de Venta, Teclados,   Impresoras, T\u00f3ner, C\u00e1maras de Seguridad y m\u00e1s en tu tienda en l\u00ednea","publisher":{"@id":"https:\/\/compuviper.mx\/tienda\/#organization"},"potentialAction":[{"@type":"SearchAction","target":{"@type":"EntryPoint","urlTemplate":"https:\/\/compuviper.mx\/tienda\/?s={search_term_string}"},"query-input":"required name=search_term_string"}],"inLanguage":"es-MX"},{"@type":"Organization","@id":"https:\/\/compuviper.mx\/tienda\/#organization","name":"Compuviper","url":"https:\/\/compuviper.mx\/tienda\/","logo":{"@type":"ImageObject","inLanguage":"es-MX","@id":"https:\/\/compuviper.mx\/tienda\/#\/schema\/logo\/image\/","url":"https:\/\/compuviper.mx\/tienda\/wp-content\/uploads\/2021\/08\/Logo-Compuviper-10.png","contentUrl":"https:\/\/compuviper.mx\/tienda\/wp-content\/uploads\/2021\/08\/Logo-Compuviper-10.png","width":1000,"height":500,"caption":"Compuviper"},"image":{"@id":"https:\/\/compuviper.mx\/tienda\/#\/schema\/logo\/image\/"},"sameAs":["https:\/\/www.facebook.com\/compuviper","https:\/\/www.youtube.com\/channel\/UCf73dERp9Y3cfOq7q8BhLjA?view_as=subscriber"]}]},"product_brand":"DAHUA","product_price_amount":"2687","product_price_currency":"MXN","og_availability":"backorder","product_availability":"available for order","product_retailer_item_id":"DH-IPC-HFW3441T-AS-P","product_condition":"new"},"_links":{"self":[{"href":"https:\/\/compuviper.mx\/tienda\/wp-json\/wp\/v2\/product\/228220"}],"collection":[{"href":"https:\/\/compuviper.mx\/tienda\/wp-json\/wp\/v2\/product"}],"about":[{"href":"https:\/\/compuviper.mx\/tienda\/wp-json\/wp\/v2\/types\/product"}],"replies":[{"embeddable":true,"href":"https:\/\/compuviper.mx\/tienda\/wp-json\/wp\/v2\/comments?post=228220"}],"wp:featuredmedia":[{"embeddable":true,"href":"https:\/\/compuviper.mx\/tienda\/wp-json\/wp\/v2\/media\/233925"}],"wp:attachment":[{"href":"https:\/\/compuviper.mx\/tienda\/wp-json\/wp\/v2\/media?parent=228220"}],"wp:term":[{"taxonomy":"product_cat","embeddable":true,"href":"https:\/\/compuviper.mx\/tienda\/wp-json\/wp\/v2\/product_cat?post=228220"},{"taxonomy":"product_tag","embeddable":true,"href":"https:\/\/compuviper.mx\/tienda\/wp-json\/wp\/v2\/product_tag?post=228220"}],"curies":[{"name":"wp","href":"https:\/\/api.w.org\/{rel}","templated":true}]}}