{"id":227965,"date":"2026-04-18T01:11:17","date_gmt":"2026-04-18T07:11:17","guid":{"rendered":"https:\/\/compuviper.mx\/tienda\/producto\/tripp-lite-webcardlxe-tarjeta-tripp-lite-tarjeta-de-administracin-de-red-para-sistemas-ups-seleccionados-garantia-limitada-de-2-aos\/"},"modified":"2026-04-18T01:11:18","modified_gmt":"2026-04-18T07:11:18","slug":"tripp-lite-webcardlxe-tarjeta-tripp-lite-tarjeta-de-administracin-de-red-para-sistemas-ups-seleccionados-garantia-limitada-de-2-aos","status":"publish","type":"product","link":"https:\/\/compuviper.mx\/tienda\/producto\/tripp-lite-webcardlxe-tarjeta-tripp-lite-tarjeta-de-administracin-de-red-para-sistemas-ups-seleccionados-garantia-limitada-de-2-aos\/","title":{"rendered":"Tripp-lite Webcardlxe Tarjeta Tripp Lite  Tarjeta De Administracin De Red Para Sistemas Ups Seleccionados.garantia Limitada De 2 A?os."},"content":{"rendered":"<table class=\"descripcion\">\n<tr>\n<td>Le permite operar un sistema ups compatible como un dispositivo de red administrado que puede monitorear y controlar de forma remota.<\/td>\n<\/tr>\n<tr>\n<td>Permite el acceso y la gesti\u00f3n remotos completos a trav\u00e9s de snmp, web, ssh o telnet<\/td>\n<\/tr>\n<tr>\n<td>Reinicia equipos que no responden de forma remota sin necesidad de una costosa visita al sitio<\/td>\n<\/tr>\n<tr>\n<td>Env\u00eda alertas configurables por el usuario a trav\u00e9s de snmp o correo electr\u00f3nico<\/td>\n<\/tr>\n<tr>\n<td>Los sensores envirosense2 opcionales permiten monitorear el estado ambiental del sitio<\/td>\n<\/tr>\n<tr>\n<td>La interfaz basada en html5 compatible con dispositivos m\u00f3viles no requiere java para la interacci\u00f3n<\/td>\n<\/tr>\n<tr>\n<td>Garant\u00eda limitada de 2 a\u00f1os.<\/td>\n<\/tr>\n<\/table>\n","protected":false},"excerpt":{"rendered":"<p>Permite que cualquier sistema ups compatible funcione como un dispositivo de red administrado. Webcardlxe convierte un sistema ups compatible en un dispositivo administrado en su red. Al insertar la tarjeta de administraci\u00f3n de red en una ranura para accesorios y usar una plataforma de administraci\u00f3n de red snmp, un navegador web, ssh o telnet, puede acceder, monitorear, controlar y reiniciar el dispositivo administrado desde casi cualquier lugar y en cualquier momento. La interfaz basada en html5 de webcardlxe significa que no se necesita java para interactuar con el administrador de dispositivos poweralert\u00ae compatible con dispositivos m\u00f3viles. Supervise y reinicie equipos de red de forma remota desde cualquier lugar, las 24 horas del d\u00eda, los 7 d\u00edas de la semana. Puede supervisar y registrar de forma remota los datos el\u00e9ctricos del sitio, las autopruebas del ups, las alertas y los eventos de energ\u00eda como apagones, ca\u00eddas de tensi\u00f3n y condiciones de sobrevoltaje. Tambi\u00e9n puede reiniciar el equipo de red bloqueado sin una visita al sitio o la interrupci\u00f3n de la energ\u00eda a otras cargas (cuando se usa con salidas controlables o salidas conmutables de forma remota en dispositivos seleccionados). Controle el acceso y mant\u00e9ngase informado con notificaciones de eventos. Puede asignar a los usuarios diferentes niveles de acceso, desde administrador completo hasta operador de solo lectura. El soporte para m\u00faltiples usuarios permite la visualizaci\u00f3n por m\u00e1s de un usuario simult\u00e1neamente. Adem\u00e1s, puede crear una conexi\u00f3n cifrada utilizando la configuraci\u00f3n ssl de su navegador web. Seg\u00fan sus preferencias, webcardlxe puede notificarle eventos y condiciones de energ\u00eda con mensajes de correo electr\u00f3nico o trampas snmp. Tambi\u00e9n puede apagar autom\u00e1ticamente los sistemas operativos remotos a trav\u00e9s de su red. El soporte de reloj en tiempo real mantiene el d\u00eda y la fecha actuales, incluso despu\u00e9s de apagar el ups. Verifique los datos ambientales con un envirosense2 opcional. Cuando se conecta a los m\u00f3dulos envirosense2 (se venden por separado), la webcardlxe puede controlar las salidas digitales y monitorear la temperatura, la humedad y el estado de cierre de los contactos (las funciones var\u00edan seg\u00fan el m\u00f3dulo). Se pueden conectar en cadena hasta tres m\u00f3dulos envirosense2 y montarlos magn\u00e9ticamente en su rack. Ahorre tiempo con configuraciones masivas. El software poweralert element manager (paem) consolida diferentes utilidades de administraci\u00f3n y simplifica el mantenimiento basado en software de webcardlxe. Su motor de descubrimiento identifica soluciones de red compatibles para aplicar simult\u00e1neamente una configuraci\u00f3n de origen a varios dispositivos de destino, as\u00ed como actualizar el firmware en varios dispositivos. Compatibilidad sin problemas. La webcardlxe admite m\u00faltiples protocolos, incluidos ipv4, ipv6, http, https, smtp, snmpv1, snmpv2c, snmpv3, telnet, ssh, ftp y dhcp. La detecci\u00f3n autom\u00e1tica de 10\/100 mbps garantiza una compatibilidad de comunicaci\u00f3n \u00f3ptima con la red 10\/100 base-t actual. El soporte de configuraci\u00f3n manual\/dhcp permite que la configuraci\u00f3n de la red se asigne autom\u00e1tica o manualmente.<\/p>\n","protected":false},"featured_media":227993,"comment_status":"open","ping_status":"open","template":"","meta":[],"product_cat":[1563,1572],"product_tag":[1510],"acf":[],"yoast_head":"<!-- This site is optimized with the Yoast SEO plugin v21.7 - https:\/\/yoast.com\/wordpress\/plugins\/seo\/ -->\n<title>[ Tripp-lite ] &#129351; Webcardlxe Tarjeta Tripp Lite Tarjeta De Administracin De Red Para Sistemas Ups Seleccionados.garantia Limitada De 2 A\u00f1os.<\/title>\n<meta name=\"description\" content=\"Compra Webcardlxe Tarjeta Tripp Lite Tarjeta De Administracin De Red Para Sistemas Ups Seleccionados.garantia Limitada De 2 A\u00f1os. + Env\u00edo a domicilio + Pago seguro + Garant\u00eda\" \/>\n<meta name=\"robots\" content=\"index, follow, max-snippet:-1, max-image-preview:large, max-video-preview:-1\" \/>\n<link rel=\"canonical\" href=\"https:\/\/compuviper.mx\/tienda\/producto\/tripp-lite-webcardlxe-tarjeta-tripp-lite-tarjeta-de-administracin-de-red-para-sistemas-ups-seleccionados-garantia-limitada-de-2-aos\/\" \/>\n<meta property=\"og:locale\" content=\"es_MX\" \/>\n<meta property=\"og:type\" content=\"article\" \/>\n<meta property=\"og:title\" content=\"[ Tripp-lite ] &#129351; Webcardlxe Tarjeta Tripp Lite Tarjeta De Administracin De Red Para Sistemas Ups Seleccionados.garantia Limitada De 2 A\u00f1os.\" \/>\n<meta property=\"og:description\" content=\"Compra Webcardlxe Tarjeta Tripp Lite Tarjeta De Administracin De Red Para Sistemas Ups Seleccionados.garantia Limitada De 2 A\u00f1os. + Env\u00edo a domicilio + Pago seguro + Garant\u00eda\" \/>\n<meta property=\"og:url\" content=\"https:\/\/compuviper.mx\/tienda\/producto\/tripp-lite-webcardlxe-tarjeta-tripp-lite-tarjeta-de-administracin-de-red-para-sistemas-ups-seleccionados-garantia-limitada-de-2-aos\/\" \/>\n<meta property=\"og:site_name\" content=\"Compuviper\" \/>\n<meta property=\"article:publisher\" content=\"https:\/\/www.facebook.com\/compuviper\" \/>\n<meta property=\"article:modified_time\" content=\"2026-04-18T07:11:18+00:00\" \/>\n<meta property=\"og:image\" content=\"https:\/\/compuviper.mx\/tienda\/wp-content\/uploads\/2023\/12\/Tarjeta-tripp-lite-webcardlxe-tarjeta-de-administracin-de-red-para-sistemas-ups-seleccionados.garantia-limitada-de-2-anos.jpg\" \/>\n\t<meta property=\"og:image:width\" content=\"200\" \/>\n\t<meta property=\"og:image:height\" content=\"200\" \/>\n\t<meta property=\"og:image:type\" content=\"image\/jpeg\" \/>\n<meta name=\"twitter:card\" content=\"summary_large_image\" \/>\n<meta name=\"twitter:label1\" content=\"Precio\" \/>\n\t<meta name=\"twitter:data1\" content=\"&#36;5,159 con IVA\" \/>\n\t<meta name=\"twitter:label2\" content=\"Availability\" \/>\n\t<meta name=\"twitter:data2\" content=\"Out of stock\" \/>\n<script type=\"application\/ld+json\" class=\"yoast-schema-graph\">{\"@context\":\"https:\/\/schema.org\",\"@graph\":[{\"@type\":\"WebPage\",\"@id\":\"https:\/\/compuviper.mx\/tienda\/producto\/tripp-lite-webcardlxe-tarjeta-tripp-lite-tarjeta-de-administracin-de-red-para-sistemas-ups-seleccionados-garantia-limitada-de-2-aos\/\",\"url\":\"https:\/\/compuviper.mx\/tienda\/producto\/tripp-lite-webcardlxe-tarjeta-tripp-lite-tarjeta-de-administracin-de-red-para-sistemas-ups-seleccionados-garantia-limitada-de-2-aos\/\",\"name\":\"[ Tripp-lite ] &#129351; Webcardlxe Tarjeta Tripp Lite Tarjeta De Administracin De Red Para Sistemas Ups Seleccionados.garantia Limitada De 2 A\u00f1os.\",\"isPartOf\":{\"@id\":\"https:\/\/compuviper.mx\/tienda\/#website\"},\"datePublished\":\"2026-04-18T07:11:17+00:00\",\"dateModified\":\"2026-04-18T07:11:18+00:00\",\"description\":\"Compra Webcardlxe Tarjeta Tripp Lite Tarjeta De Administracin De Red Para Sistemas Ups Seleccionados.garantia Limitada De 2 A\u00f1os. + Env\u00edo a domicilio + Pago seguro + Garant\u00eda\",\"breadcrumb\":{\"@id\":\"https:\/\/compuviper.mx\/tienda\/producto\/tripp-lite-webcardlxe-tarjeta-tripp-lite-tarjeta-de-administracin-de-red-para-sistemas-ups-seleccionados-garantia-limitada-de-2-aos\/#breadcrumb\"},\"inLanguage\":\"es-MX\",\"potentialAction\":[{\"@type\":\"ReadAction\",\"target\":[\"https:\/\/compuviper.mx\/tienda\/producto\/tripp-lite-webcardlxe-tarjeta-tripp-lite-tarjeta-de-administracin-de-red-para-sistemas-ups-seleccionados-garantia-limitada-de-2-aos\/\"]}]},{\"@type\":\"BreadcrumbList\",\"@id\":\"https:\/\/compuviper.mx\/tienda\/producto\/tripp-lite-webcardlxe-tarjeta-tripp-lite-tarjeta-de-administracin-de-red-para-sistemas-ups-seleccionados-garantia-limitada-de-2-aos\/#breadcrumb\",\"itemListElement\":[{\"@type\":\"ListItem\",\"position\":1,\"name\":\"Inicio\",\"item\":\"https:\/\/compuviper.mx\/tienda\/\"},{\"@type\":\"ListItem\",\"position\":2,\"name\":\"Productos\",\"item\":\"https:\/\/compuviper.mx\/tienda\/productos\/\"},{\"@type\":\"ListItem\",\"position\":3,\"name\":\"Redes\",\"item\":\"https:\/\/compuviper.mx\/tienda\/categoria-producto\/redes\/\"},{\"@type\":\"ListItem\",\"position\":4,\"name\":\"Tarjetas De Red\",\"item\":\"https:\/\/compuviper.mx\/tienda\/categoria-producto\/redes\/tarjetas-de-red\/\"},{\"@type\":\"ListItem\",\"position\":5,\"name\":\"Tripp-lite Webcardlxe Tarjeta Tripp Lite Tarjeta De Administracin De Red Para Sistemas Ups Seleccionados.garantia Limitada De 2 A?os.\"}]},{\"@type\":\"WebSite\",\"@id\":\"https:\/\/compuviper.mx\/tienda\/#website\",\"url\":\"https:\/\/compuviper.mx\/tienda\/\",\"name\":\"Compuviper\",\"description\":\"Proveedor de Computadoras, Laptops, Servidores, Monitores, Puntos de Venta, Teclados,   Impresoras, T\u00f3ner, C\u00e1maras de Seguridad y m\u00e1s en tu tienda en l\u00ednea\",\"publisher\":{\"@id\":\"https:\/\/compuviper.mx\/tienda\/#organization\"},\"potentialAction\":[{\"@type\":\"SearchAction\",\"target\":{\"@type\":\"EntryPoint\",\"urlTemplate\":\"https:\/\/compuviper.mx\/tienda\/?s={search_term_string}\"},\"query-input\":\"required name=search_term_string\"}],\"inLanguage\":\"es-MX\"},{\"@type\":\"Organization\",\"@id\":\"https:\/\/compuviper.mx\/tienda\/#organization\",\"name\":\"Compuviper\",\"url\":\"https:\/\/compuviper.mx\/tienda\/\",\"logo\":{\"@type\":\"ImageObject\",\"inLanguage\":\"es-MX\",\"@id\":\"https:\/\/compuviper.mx\/tienda\/#\/schema\/logo\/image\/\",\"url\":\"https:\/\/compuviper.mx\/tienda\/wp-content\/uploads\/2021\/08\/Logo-Compuviper-10.png\",\"contentUrl\":\"https:\/\/compuviper.mx\/tienda\/wp-content\/uploads\/2021\/08\/Logo-Compuviper-10.png\",\"width\":1000,\"height\":500,\"caption\":\"Compuviper\"},\"image\":{\"@id\":\"https:\/\/compuviper.mx\/tienda\/#\/schema\/logo\/image\/\"},\"sameAs\":[\"https:\/\/www.facebook.com\/compuviper\",\"https:\/\/www.youtube.com\/channel\/UCf73dERp9Y3cfOq7q8BhLjA?view_as=subscriber\"]}]}<\/script>\n<meta property=\"product:brand\" content=\"TRIPP-LITE\" \/>\n<meta property=\"product:price:amount\" content=\"5159\" \/>\n<meta property=\"product:price:currency\" content=\"MXN\" \/>\n<meta property=\"og:availability\" content=\"out of stock\" \/>\n<meta property=\"product:availability\" content=\"out of stock\" \/>\n<meta property=\"product:retailer_item_id\" content=\"WEBCARDLXE\" \/>\n<meta property=\"product:condition\" content=\"new\" \/>\n<!-- \/ Yoast SEO plugin. -->","yoast_head_json":{"title":"[ Tripp-lite ] &#129351; Webcardlxe Tarjeta Tripp Lite Tarjeta De Administracin De Red Para Sistemas Ups Seleccionados.garantia Limitada De 2 A\u00f1os.","description":"Compra Webcardlxe Tarjeta Tripp Lite Tarjeta De Administracin De Red Para Sistemas Ups Seleccionados.garantia Limitada De 2 A\u00f1os. + Env\u00edo a domicilio + Pago seguro + Garant\u00eda","robots":{"index":"index","follow":"follow","max-snippet":"max-snippet:-1","max-image-preview":"max-image-preview:large","max-video-preview":"max-video-preview:-1"},"canonical":"https:\/\/compuviper.mx\/tienda\/producto\/tripp-lite-webcardlxe-tarjeta-tripp-lite-tarjeta-de-administracin-de-red-para-sistemas-ups-seleccionados-garantia-limitada-de-2-aos\/","og_locale":"es_MX","og_type":"article","og_title":"[ Tripp-lite ] &#129351; Webcardlxe Tarjeta Tripp Lite Tarjeta De Administracin De Red Para Sistemas Ups Seleccionados.garantia Limitada De 2 A\u00f1os.","og_description":"Compra Webcardlxe Tarjeta Tripp Lite Tarjeta De Administracin De Red Para Sistemas Ups Seleccionados.garantia Limitada De 2 A\u00f1os. + Env\u00edo a domicilio + Pago seguro + Garant\u00eda","og_url":"https:\/\/compuviper.mx\/tienda\/producto\/tripp-lite-webcardlxe-tarjeta-tripp-lite-tarjeta-de-administracin-de-red-para-sistemas-ups-seleccionados-garantia-limitada-de-2-aos\/","og_site_name":"Compuviper","article_publisher":"https:\/\/www.facebook.com\/compuviper","article_modified_time":"2026-04-18T07:11:18+00:00","og_image":[{"width":200,"height":200,"url":"https:\/\/compuviper.mx\/tienda\/wp-content\/uploads\/2023\/12\/Tarjeta-tripp-lite-webcardlxe-tarjeta-de-administracin-de-red-para-sistemas-ups-seleccionados.garantia-limitada-de-2-anos.jpg","type":"image\/jpeg"}],"twitter_card":"summary_large_image","twitter_misc":{"Precio":"&#36;5,159 con IVA","Availability":"Out of stock"},"schema":{"@context":"https:\/\/schema.org","@graph":[{"@type":"WebPage","@id":"https:\/\/compuviper.mx\/tienda\/producto\/tripp-lite-webcardlxe-tarjeta-tripp-lite-tarjeta-de-administracin-de-red-para-sistemas-ups-seleccionados-garantia-limitada-de-2-aos\/","url":"https:\/\/compuviper.mx\/tienda\/producto\/tripp-lite-webcardlxe-tarjeta-tripp-lite-tarjeta-de-administracin-de-red-para-sistemas-ups-seleccionados-garantia-limitada-de-2-aos\/","name":"[ Tripp-lite ] &#129351; Webcardlxe Tarjeta Tripp Lite Tarjeta De Administracin De Red Para Sistemas Ups Seleccionados.garantia Limitada De 2 A\u00f1os.","isPartOf":{"@id":"https:\/\/compuviper.mx\/tienda\/#website"},"datePublished":"2026-04-18T07:11:17+00:00","dateModified":"2026-04-18T07:11:18+00:00","description":"Compra Webcardlxe Tarjeta Tripp Lite Tarjeta De Administracin De Red Para Sistemas Ups Seleccionados.garantia Limitada De 2 A\u00f1os. + Env\u00edo a domicilio + Pago seguro + Garant\u00eda","breadcrumb":{"@id":"https:\/\/compuviper.mx\/tienda\/producto\/tripp-lite-webcardlxe-tarjeta-tripp-lite-tarjeta-de-administracin-de-red-para-sistemas-ups-seleccionados-garantia-limitada-de-2-aos\/#breadcrumb"},"inLanguage":"es-MX","potentialAction":[{"@type":"ReadAction","target":["https:\/\/compuviper.mx\/tienda\/producto\/tripp-lite-webcardlxe-tarjeta-tripp-lite-tarjeta-de-administracin-de-red-para-sistemas-ups-seleccionados-garantia-limitada-de-2-aos\/"]}]},{"@type":"BreadcrumbList","@id":"https:\/\/compuviper.mx\/tienda\/producto\/tripp-lite-webcardlxe-tarjeta-tripp-lite-tarjeta-de-administracin-de-red-para-sistemas-ups-seleccionados-garantia-limitada-de-2-aos\/#breadcrumb","itemListElement":[{"@type":"ListItem","position":1,"name":"Inicio","item":"https:\/\/compuviper.mx\/tienda\/"},{"@type":"ListItem","position":2,"name":"Productos","item":"https:\/\/compuviper.mx\/tienda\/productos\/"},{"@type":"ListItem","position":3,"name":"Redes","item":"https:\/\/compuviper.mx\/tienda\/categoria-producto\/redes\/"},{"@type":"ListItem","position":4,"name":"Tarjetas De Red","item":"https:\/\/compuviper.mx\/tienda\/categoria-producto\/redes\/tarjetas-de-red\/"},{"@type":"ListItem","position":5,"name":"Tripp-lite Webcardlxe Tarjeta Tripp Lite Tarjeta De Administracin De Red Para Sistemas Ups Seleccionados.garantia Limitada De 2 A?os."}]},{"@type":"WebSite","@id":"https:\/\/compuviper.mx\/tienda\/#website","url":"https:\/\/compuviper.mx\/tienda\/","name":"Compuviper","description":"Proveedor de Computadoras, Laptops, Servidores, Monitores, Puntos de Venta, Teclados,   Impresoras, T\u00f3ner, C\u00e1maras de Seguridad y m\u00e1s en tu tienda en l\u00ednea","publisher":{"@id":"https:\/\/compuviper.mx\/tienda\/#organization"},"potentialAction":[{"@type":"SearchAction","target":{"@type":"EntryPoint","urlTemplate":"https:\/\/compuviper.mx\/tienda\/?s={search_term_string}"},"query-input":"required name=search_term_string"}],"inLanguage":"es-MX"},{"@type":"Organization","@id":"https:\/\/compuviper.mx\/tienda\/#organization","name":"Compuviper","url":"https:\/\/compuviper.mx\/tienda\/","logo":{"@type":"ImageObject","inLanguage":"es-MX","@id":"https:\/\/compuviper.mx\/tienda\/#\/schema\/logo\/image\/","url":"https:\/\/compuviper.mx\/tienda\/wp-content\/uploads\/2021\/08\/Logo-Compuviper-10.png","contentUrl":"https:\/\/compuviper.mx\/tienda\/wp-content\/uploads\/2021\/08\/Logo-Compuviper-10.png","width":1000,"height":500,"caption":"Compuviper"},"image":{"@id":"https:\/\/compuviper.mx\/tienda\/#\/schema\/logo\/image\/"},"sameAs":["https:\/\/www.facebook.com\/compuviper","https:\/\/www.youtube.com\/channel\/UCf73dERp9Y3cfOq7q8BhLjA?view_as=subscriber"]}]},"product_brand":"TRIPP-LITE","product_price_amount":"5159","product_price_currency":"MXN","og_availability":"out of stock","product_availability":"out of stock","product_retailer_item_id":"WEBCARDLXE","product_condition":"new"},"_links":{"self":[{"href":"https:\/\/compuviper.mx\/tienda\/wp-json\/wp\/v2\/product\/227965"}],"collection":[{"href":"https:\/\/compuviper.mx\/tienda\/wp-json\/wp\/v2\/product"}],"about":[{"href":"https:\/\/compuviper.mx\/tienda\/wp-json\/wp\/v2\/types\/product"}],"replies":[{"embeddable":true,"href":"https:\/\/compuviper.mx\/tienda\/wp-json\/wp\/v2\/comments?post=227965"}],"wp:featuredmedia":[{"embeddable":true,"href":"https:\/\/compuviper.mx\/tienda\/wp-json\/wp\/v2\/media\/227993"}],"wp:attachment":[{"href":"https:\/\/compuviper.mx\/tienda\/wp-json\/wp\/v2\/media?parent=227965"}],"wp:term":[{"taxonomy":"product_cat","embeddable":true,"href":"https:\/\/compuviper.mx\/tienda\/wp-json\/wp\/v2\/product_cat?post=227965"},{"taxonomy":"product_tag","embeddable":true,"href":"https:\/\/compuviper.mx\/tienda\/wp-json\/wp\/v2\/product_tag?post=227965"}],"curies":[{"name":"wp","href":"https:\/\/api.w.org\/{rel}","templated":true}]}}