{"id":227552,"date":"2026-04-07T00:07:32","date_gmt":"2026-04-07T06:07:32","guid":{"rendered":"https:\/\/compuviper.mx\/tienda\/producto\/acteck-es-05002e-fuente-de-poder-blazar-evo-fs500e-atx-sfx-500-w-slim-no-modular-ventilador-80-mm-3-aos-de-garantia-negro\/"},"modified":"2026-04-07T00:07:32","modified_gmt":"2026-04-07T06:07:32","slug":"acteck-es-05002e7506215937603-fuente-de-poder-blazar-evo-fs500e-atx-sfx-500-w-slim-no-modular-ventilador-80-mm-negro-es-05002e","status":"publish","type":"product","link":"https:\/\/compuviper.mx\/tienda\/producto\/acteck-es-05002e7506215937603-fuente-de-poder-blazar-evo-fs500e-atx-sfx-500-w-slim-no-modular-ventilador-80-mm-negro-es-05002e\/","title":{"rendered":"Acteck Es-05002e,7506215937603 Fuente De Poder  Blazar Evo Fs500e \/ Atx \/ Sfx \/ 500 W \/slim \/ No Modular \/ Ventilador 80 Mm \/ Negro \/ Es-05002e"},"content":{"rendered":"<table class=\"descripcion\">\n<tr>\n<td>Especificaciones<\/td>\n<\/tr>\n<tr>\n<td>\u0095producto: fuente de poder<\/td>\n<\/tr>\n<tr>\n<td>\u0095<\/td>\n<\/tr>\n<tr>\n<td>Modelo: es-05002e<\/td>\n<\/tr>\n<tr>\n<td>\u0095<\/td>\n<\/tr>\n<tr>\n<td>Materiales: secc 0.5mm<\/td>\n<\/tr>\n<tr>\n<td>\u0095<\/td>\n<\/tr>\n<tr>\n<td>Color: negro<\/td>\n<\/tr>\n<tr>\n<td>\u0095<\/td>\n<\/tr>\n<tr>\n<td>Dimensiones: 125 x 100 x 64 mm<\/td>\n<\/tr>\n<tr>\n<td>\u0095<\/td>\n<\/tr>\n<tr>\n<td>Peso: 0.6 kg<\/td>\n<\/tr>\n<tr>\n<td>\u0095<\/td>\n<\/tr>\n<tr>\n<td>Factor de forma: sfx<\/td>\n<\/tr>\n<tr>\n<td>\u0095<\/td>\n<\/tr>\n<tr>\n<td>Clasificaci\u00f3n modular: n\/a<\/td>\n<\/tr>\n<tr>\n<td>\u0095<\/td>\n<\/tr>\n<tr>\n<td>Potencia: 500 w<\/td>\n<\/tr>\n<tr>\n<td>\u0095<\/td>\n<\/tr>\n<tr>\n<td>Eficiencia: 68%<\/td>\n<\/tr>\n<tr>\n<td>\u0095<\/td>\n<\/tr>\n<tr>\n<td>Protecci\u00f3n: uvp.ovp.opp.scp<\/td>\n<\/tr>\n<tr>\n<td>\u0095<\/td>\n<\/tr>\n<tr>\n<td>Ventilador<\/td>\n<\/tr>\n<tr>\n<td>&#8211; medida: 80 x 80 x 25 mm<\/td>\n<\/tr>\n<tr>\n<td>&#8211; ruido: 30~35 db<\/td>\n<\/tr>\n<tr>\n<td>&#8211; rpm: 2200 rpm<\/td>\n<\/tr>\n<tr>\n<td>\u0095<\/td>\n<\/tr>\n<tr>\n<td>Switch de voltaje: si<\/td>\n<\/tr>\n<tr>\n<td>\u0095<\/td>\n<\/tr>\n<tr>\n<td>Conectores<\/td>\n<\/tr>\n<tr>\n<td>&#8211; 1 x atx (20+4 pin)<\/td>\n<\/tr>\n<tr>\n<td>&#8211; 1 x atx 12v (4 pin)<\/td>\n<\/tr>\n<tr>\n<td>&#8211; 2 x sata<\/td>\n<\/tr>\n<tr>\n<td>&#8211; 1 x molex<\/td>\n<\/tr>\n<tr>\n<td>\u0095<\/td>\n<\/tr>\n<tr>\n<td>Garant\u00eda: 3 a\u00f1os<\/td>\n<\/tr>\n<\/table>\n","protected":false},"excerpt":{"rendered":"<p>Fuente de poder acteck blazar evo fs500e \/ atx \/ sfx \/ 500 w \/slim \/ no modular \/ ventilador 80 mm \/ 3 a\u00f1os de garantia \/ negro \/ es-05002e<\/p>\n","protected":false},"featured_media":233894,"comment_status":"open","ping_status":"open","template":"","meta":[],"product_cat":[1508,1672],"product_tag":[1582],"acf":[],"yoast_head":"<!-- This site is optimized with the Yoast SEO plugin v21.7 - https:\/\/yoast.com\/wordpress\/plugins\/seo\/ -->\n<title>[ Acteck ] &#129351; Es-05002e,7506215937603 Fuente De Poder Blazar Evo Fs500e \/ Atx \/ Sfx \/ 500 W \/slim \/ No Modular \/ Ventilador 80 Mm \/ Negro \/ Es-05002e<\/title>\n<meta name=\"description\" content=\"Compra Es-05002e,7506215937603 Fuente De Poder Blazar Evo Fs500e \/ Atx \/ Sfx \/ 500 W \/slim \/ No Modular \/ Ventilador 80 Mm \/ Negro \/ Es-05002e + Env\u00edo a domicilio + Pago seguro + Garant\u00eda\" \/>\n<meta name=\"robots\" content=\"index, follow, max-snippet:-1, max-image-preview:large, max-video-preview:-1\" \/>\n<link rel=\"canonical\" href=\"https:\/\/compuviper.mx\/tienda\/producto\/acteck-es-05002e7506215937603-fuente-de-poder-blazar-evo-fs500e-atx-sfx-500-w-slim-no-modular-ventilador-80-mm-negro-es-05002e\/\" \/>\n<meta property=\"og:locale\" content=\"es_MX\" \/>\n<meta property=\"og:type\" content=\"article\" \/>\n<meta property=\"og:title\" content=\"[ Acteck ] &#129351; Es-05002e,7506215937603 Fuente De Poder Blazar Evo Fs500e \/ Atx \/ Sfx \/ 500 W \/slim \/ No Modular \/ Ventilador 80 Mm \/ Negro \/ Es-05002e\" \/>\n<meta property=\"og:description\" content=\"Compra Es-05002e,7506215937603 Fuente De Poder Blazar Evo Fs500e \/ Atx \/ Sfx \/ 500 W \/slim \/ No Modular \/ Ventilador 80 Mm \/ Negro \/ Es-05002e + Env\u00edo a domicilio + Pago seguro + Garant\u00eda\" \/>\n<meta property=\"og:url\" content=\"https:\/\/compuviper.mx\/tienda\/producto\/acteck-es-05002e7506215937603-fuente-de-poder-blazar-evo-fs500e-atx-sfx-500-w-slim-no-modular-ventilador-80-mm-negro-es-05002e\/\" \/>\n<meta property=\"og:site_name\" content=\"Compuviper\" \/>\n<meta property=\"article:publisher\" content=\"https:\/\/www.facebook.com\/compuviper\" \/>\n<meta property=\"og:image\" content=\"https:\/\/compuviper.mx\/tienda\/wp-content\/uploads\/2024\/05\/Fuente-de-poder-acteck-blazar-evo-fs500e-atx-sfx-500-w-slim-no-modular-ventilador-80-mm-3-anos-de-garantia-negro-es-05002e.jpg\" \/>\n\t<meta property=\"og:image:width\" content=\"200\" \/>\n\t<meta property=\"og:image:height\" content=\"200\" \/>\n\t<meta property=\"og:image:type\" content=\"image\/jpeg\" \/>\n<meta name=\"twitter:card\" content=\"summary_large_image\" \/>\n<meta name=\"twitter:label1\" content=\"Precio\" \/>\n\t<meta name=\"twitter:data1\" content=\"&#36;303 &#36;288 con IVA\" \/>\n\t<meta name=\"twitter:label2\" content=\"Availability\" \/>\n\t<meta name=\"twitter:data2\" content=\"In stock\" \/>\n<script type=\"application\/ld+json\" class=\"yoast-schema-graph\">{\"@context\":\"https:\/\/schema.org\",\"@graph\":[{\"@type\":\"WebPage\",\"@id\":\"https:\/\/compuviper.mx\/tienda\/producto\/acteck-es-05002e7506215937603-fuente-de-poder-blazar-evo-fs500e-atx-sfx-500-w-slim-no-modular-ventilador-80-mm-negro-es-05002e\/\",\"url\":\"https:\/\/compuviper.mx\/tienda\/producto\/acteck-es-05002e7506215937603-fuente-de-poder-blazar-evo-fs500e-atx-sfx-500-w-slim-no-modular-ventilador-80-mm-negro-es-05002e\/\",\"name\":\"[ Acteck ] &#129351; Es-05002e,7506215937603 Fuente De Poder Blazar Evo Fs500e \/ Atx \/ Sfx \/ 500 W \/slim \/ No Modular \/ Ventilador 80 Mm \/ Negro \/ Es-05002e\",\"isPartOf\":{\"@id\":\"https:\/\/compuviper.mx\/tienda\/#website\"},\"datePublished\":\"2026-04-07T06:07:32+00:00\",\"dateModified\":\"2026-04-07T06:07:32+00:00\",\"description\":\"Compra Es-05002e,7506215937603 Fuente De Poder Blazar Evo Fs500e \/ Atx \/ Sfx \/ 500 W \/slim \/ No Modular \/ Ventilador 80 Mm \/ Negro \/ Es-05002e + Env\u00edo a domicilio + Pago seguro + Garant\u00eda\",\"breadcrumb\":{\"@id\":\"https:\/\/compuviper.mx\/tienda\/producto\/acteck-es-05002e7506215937603-fuente-de-poder-blazar-evo-fs500e-atx-sfx-500-w-slim-no-modular-ventilador-80-mm-negro-es-05002e\/#breadcrumb\"},\"inLanguage\":\"es-MX\",\"potentialAction\":[{\"@type\":\"ReadAction\",\"target\":[\"https:\/\/compuviper.mx\/tienda\/producto\/acteck-es-05002e7506215937603-fuente-de-poder-blazar-evo-fs500e-atx-sfx-500-w-slim-no-modular-ventilador-80-mm-negro-es-05002e\/\"]}]},{\"@type\":\"BreadcrumbList\",\"@id\":\"https:\/\/compuviper.mx\/tienda\/producto\/acteck-es-05002e7506215937603-fuente-de-poder-blazar-evo-fs500e-atx-sfx-500-w-slim-no-modular-ventilador-80-mm-negro-es-05002e\/#breadcrumb\",\"itemListElement\":[{\"@type\":\"ListItem\",\"position\":1,\"name\":\"Inicio\",\"item\":\"https:\/\/compuviper.mx\/tienda\/\"},{\"@type\":\"ListItem\",\"position\":2,\"name\":\"Productos\",\"item\":\"https:\/\/compuviper.mx\/tienda\/productos\/\"},{\"@type\":\"ListItem\",\"position\":3,\"name\":\"Energia\",\"item\":\"https:\/\/compuviper.mx\/tienda\/categoria-producto\/energia\/\"},{\"@type\":\"ListItem\",\"position\":4,\"name\":\"Fuentes De Poder\",\"item\":\"https:\/\/compuviper.mx\/tienda\/categoria-producto\/energia\/fuentes-de-poder\/\"},{\"@type\":\"ListItem\",\"position\":5,\"name\":\"Acteck Es-05002e,7506215937603 Fuente De Poder Blazar Evo Fs500e \/ Atx \/ Sfx \/ 500 W \/slim \/ No Modular \/ Ventilador 80 Mm \/ Negro \/ Es-05002e\"}]},{\"@type\":\"WebSite\",\"@id\":\"https:\/\/compuviper.mx\/tienda\/#website\",\"url\":\"https:\/\/compuviper.mx\/tienda\/\",\"name\":\"Compuviper\",\"description\":\"Proveedor de Computadoras, Laptops, Servidores, Monitores, Puntos de Venta, Teclados,   Impresoras, T\u00f3ner, C\u00e1maras de Seguridad y m\u00e1s en tu tienda en l\u00ednea\",\"publisher\":{\"@id\":\"https:\/\/compuviper.mx\/tienda\/#organization\"},\"potentialAction\":[{\"@type\":\"SearchAction\",\"target\":{\"@type\":\"EntryPoint\",\"urlTemplate\":\"https:\/\/compuviper.mx\/tienda\/?s={search_term_string}\"},\"query-input\":\"required name=search_term_string\"}],\"inLanguage\":\"es-MX\"},{\"@type\":\"Organization\",\"@id\":\"https:\/\/compuviper.mx\/tienda\/#organization\",\"name\":\"Compuviper\",\"url\":\"https:\/\/compuviper.mx\/tienda\/\",\"logo\":{\"@type\":\"ImageObject\",\"inLanguage\":\"es-MX\",\"@id\":\"https:\/\/compuviper.mx\/tienda\/#\/schema\/logo\/image\/\",\"url\":\"https:\/\/compuviper.mx\/tienda\/wp-content\/uploads\/2021\/08\/Logo-Compuviper-10.png\",\"contentUrl\":\"https:\/\/compuviper.mx\/tienda\/wp-content\/uploads\/2021\/08\/Logo-Compuviper-10.png\",\"width\":1000,\"height\":500,\"caption\":\"Compuviper\"},\"image\":{\"@id\":\"https:\/\/compuviper.mx\/tienda\/#\/schema\/logo\/image\/\"},\"sameAs\":[\"https:\/\/www.facebook.com\/compuviper\",\"https:\/\/www.youtube.com\/channel\/UCf73dERp9Y3cfOq7q8BhLjA?view_as=subscriber\"]}]}<\/script>\n<meta property=\"product:brand\" content=\"ACTECK\" \/>\n<meta property=\"product:price:amount\" content=\"288\" \/>\n<meta property=\"product:price:currency\" content=\"MXN\" \/>\n<meta property=\"og:availability\" content=\"instock\" \/>\n<meta property=\"product:availability\" content=\"instock\" \/>\n<meta property=\"product:retailer_item_id\" content=\"ES-05002E,7506215937603\" \/>\n<meta property=\"product:condition\" content=\"new\" \/>\n<!-- \/ Yoast SEO plugin. -->","yoast_head_json":{"title":"[ Acteck ] &#129351; Es-05002e,7506215937603 Fuente De Poder Blazar Evo Fs500e \/ Atx \/ Sfx \/ 500 W \/slim \/ No Modular \/ Ventilador 80 Mm \/ Negro \/ Es-05002e","description":"Compra Es-05002e,7506215937603 Fuente De Poder Blazar Evo Fs500e \/ Atx \/ Sfx \/ 500 W \/slim \/ No Modular \/ Ventilador 80 Mm \/ Negro \/ Es-05002e + Env\u00edo a domicilio + Pago seguro + Garant\u00eda","robots":{"index":"index","follow":"follow","max-snippet":"max-snippet:-1","max-image-preview":"max-image-preview:large","max-video-preview":"max-video-preview:-1"},"canonical":"https:\/\/compuviper.mx\/tienda\/producto\/acteck-es-05002e7506215937603-fuente-de-poder-blazar-evo-fs500e-atx-sfx-500-w-slim-no-modular-ventilador-80-mm-negro-es-05002e\/","og_locale":"es_MX","og_type":"article","og_title":"[ Acteck ] &#129351; Es-05002e,7506215937603 Fuente De Poder Blazar Evo Fs500e \/ Atx \/ Sfx \/ 500 W \/slim \/ No Modular \/ Ventilador 80 Mm \/ Negro \/ Es-05002e","og_description":"Compra Es-05002e,7506215937603 Fuente De Poder Blazar Evo Fs500e \/ Atx \/ Sfx \/ 500 W \/slim \/ No Modular \/ Ventilador 80 Mm \/ Negro \/ Es-05002e + Env\u00edo a domicilio + Pago seguro + Garant\u00eda","og_url":"https:\/\/compuviper.mx\/tienda\/producto\/acteck-es-05002e7506215937603-fuente-de-poder-blazar-evo-fs500e-atx-sfx-500-w-slim-no-modular-ventilador-80-mm-negro-es-05002e\/","og_site_name":"Compuviper","article_publisher":"https:\/\/www.facebook.com\/compuviper","og_image":[{"width":200,"height":200,"url":"https:\/\/compuviper.mx\/tienda\/wp-content\/uploads\/2024\/05\/Fuente-de-poder-acteck-blazar-evo-fs500e-atx-sfx-500-w-slim-no-modular-ventilador-80-mm-3-anos-de-garantia-negro-es-05002e.jpg","type":"image\/jpeg"}],"twitter_card":"summary_large_image","twitter_misc":{"Precio":"&#36;303 &#36;288 con IVA","Availability":"In stock"},"schema":{"@context":"https:\/\/schema.org","@graph":[{"@type":"WebPage","@id":"https:\/\/compuviper.mx\/tienda\/producto\/acteck-es-05002e7506215937603-fuente-de-poder-blazar-evo-fs500e-atx-sfx-500-w-slim-no-modular-ventilador-80-mm-negro-es-05002e\/","url":"https:\/\/compuviper.mx\/tienda\/producto\/acteck-es-05002e7506215937603-fuente-de-poder-blazar-evo-fs500e-atx-sfx-500-w-slim-no-modular-ventilador-80-mm-negro-es-05002e\/","name":"[ Acteck ] &#129351; Es-05002e,7506215937603 Fuente De Poder Blazar Evo Fs500e \/ Atx \/ Sfx \/ 500 W \/slim \/ No Modular \/ Ventilador 80 Mm \/ Negro \/ Es-05002e","isPartOf":{"@id":"https:\/\/compuviper.mx\/tienda\/#website"},"datePublished":"2026-04-07T06:07:32+00:00","dateModified":"2026-04-07T06:07:32+00:00","description":"Compra Es-05002e,7506215937603 Fuente De Poder Blazar Evo Fs500e \/ Atx \/ Sfx \/ 500 W \/slim \/ No Modular \/ Ventilador 80 Mm \/ Negro \/ Es-05002e + Env\u00edo a domicilio + Pago seguro + Garant\u00eda","breadcrumb":{"@id":"https:\/\/compuviper.mx\/tienda\/producto\/acteck-es-05002e7506215937603-fuente-de-poder-blazar-evo-fs500e-atx-sfx-500-w-slim-no-modular-ventilador-80-mm-negro-es-05002e\/#breadcrumb"},"inLanguage":"es-MX","potentialAction":[{"@type":"ReadAction","target":["https:\/\/compuviper.mx\/tienda\/producto\/acteck-es-05002e7506215937603-fuente-de-poder-blazar-evo-fs500e-atx-sfx-500-w-slim-no-modular-ventilador-80-mm-negro-es-05002e\/"]}]},{"@type":"BreadcrumbList","@id":"https:\/\/compuviper.mx\/tienda\/producto\/acteck-es-05002e7506215937603-fuente-de-poder-blazar-evo-fs500e-atx-sfx-500-w-slim-no-modular-ventilador-80-mm-negro-es-05002e\/#breadcrumb","itemListElement":[{"@type":"ListItem","position":1,"name":"Inicio","item":"https:\/\/compuviper.mx\/tienda\/"},{"@type":"ListItem","position":2,"name":"Productos","item":"https:\/\/compuviper.mx\/tienda\/productos\/"},{"@type":"ListItem","position":3,"name":"Energia","item":"https:\/\/compuviper.mx\/tienda\/categoria-producto\/energia\/"},{"@type":"ListItem","position":4,"name":"Fuentes De Poder","item":"https:\/\/compuviper.mx\/tienda\/categoria-producto\/energia\/fuentes-de-poder\/"},{"@type":"ListItem","position":5,"name":"Acteck Es-05002e,7506215937603 Fuente De Poder Blazar Evo Fs500e \/ Atx \/ Sfx \/ 500 W \/slim \/ No Modular \/ Ventilador 80 Mm \/ Negro \/ Es-05002e"}]},{"@type":"WebSite","@id":"https:\/\/compuviper.mx\/tienda\/#website","url":"https:\/\/compuviper.mx\/tienda\/","name":"Compuviper","description":"Proveedor de Computadoras, Laptops, Servidores, Monitores, Puntos de Venta, Teclados,   Impresoras, T\u00f3ner, C\u00e1maras de Seguridad y m\u00e1s en tu tienda en l\u00ednea","publisher":{"@id":"https:\/\/compuviper.mx\/tienda\/#organization"},"potentialAction":[{"@type":"SearchAction","target":{"@type":"EntryPoint","urlTemplate":"https:\/\/compuviper.mx\/tienda\/?s={search_term_string}"},"query-input":"required name=search_term_string"}],"inLanguage":"es-MX"},{"@type":"Organization","@id":"https:\/\/compuviper.mx\/tienda\/#organization","name":"Compuviper","url":"https:\/\/compuviper.mx\/tienda\/","logo":{"@type":"ImageObject","inLanguage":"es-MX","@id":"https:\/\/compuviper.mx\/tienda\/#\/schema\/logo\/image\/","url":"https:\/\/compuviper.mx\/tienda\/wp-content\/uploads\/2021\/08\/Logo-Compuviper-10.png","contentUrl":"https:\/\/compuviper.mx\/tienda\/wp-content\/uploads\/2021\/08\/Logo-Compuviper-10.png","width":1000,"height":500,"caption":"Compuviper"},"image":{"@id":"https:\/\/compuviper.mx\/tienda\/#\/schema\/logo\/image\/"},"sameAs":["https:\/\/www.facebook.com\/compuviper","https:\/\/www.youtube.com\/channel\/UCf73dERp9Y3cfOq7q8BhLjA?view_as=subscriber"]}]},"product_brand":"ACTECK","product_price_amount":"288","product_price_currency":"MXN","og_availability":"instock","product_availability":"instock","product_retailer_item_id":"ES-05002E,7506215937603","product_condition":"new"},"_links":{"self":[{"href":"https:\/\/compuviper.mx\/tienda\/wp-json\/wp\/v2\/product\/227552"}],"collection":[{"href":"https:\/\/compuviper.mx\/tienda\/wp-json\/wp\/v2\/product"}],"about":[{"href":"https:\/\/compuviper.mx\/tienda\/wp-json\/wp\/v2\/types\/product"}],"replies":[{"embeddable":true,"href":"https:\/\/compuviper.mx\/tienda\/wp-json\/wp\/v2\/comments?post=227552"}],"wp:featuredmedia":[{"embeddable":true,"href":"https:\/\/compuviper.mx\/tienda\/wp-json\/wp\/v2\/media\/233894"}],"wp:attachment":[{"href":"https:\/\/compuviper.mx\/tienda\/wp-json\/wp\/v2\/media?parent=227552"}],"wp:term":[{"taxonomy":"product_cat","embeddable":true,"href":"https:\/\/compuviper.mx\/tienda\/wp-json\/wp\/v2\/product_cat?post=227552"},{"taxonomy":"product_tag","embeddable":true,"href":"https:\/\/compuviper.mx\/tienda\/wp-json\/wp\/v2\/product_tag?post=227552"}],"curies":[{"name":"wp","href":"https:\/\/api.w.org\/{rel}","templated":true}]}}