{"id":227450,"date":"2026-04-25T02:17:20","date_gmt":"2026-04-25T08:17:20","guid":{"rendered":"https:\/\/compuviper.mx\/tienda\/producto\/viewsonic-pa503hd-videoproyector-dlp-full-hd-1920x1080-4000-lumens-hdmi-x-2-usb-a-rs-232-15000-horas-tiro-normal-bocina-interna\/"},"modified":"2026-04-25T02:17:20","modified_gmt":"2026-04-25T08:17:20","slug":"viewsonic-pa503hd-2-videoproyector-dlp-pa503hd-full-hd-1920x1080-4000-lumens-hdmi-x-2-usb-a-rs-232-15000-horas-tiro-normal-bocina-interna","status":"publish","type":"product","link":"https:\/\/compuviper.mx\/tienda\/producto\/viewsonic-pa503hd-2-videoproyector-dlp-pa503hd-full-hd-1920x1080-4000-lumens-hdmi-x-2-usb-a-rs-232-15000-horas-tiro-normal-bocina-interna\/","title":{"rendered":"Viewsonic Pa503hd-2 Videoproyector  Dlp Pa503hd Full Hd 1920&#215;1080 \/4000 Lumens \/ Hdmi X 2\/ Usb-a\/ Rs-232 \/ 15,000 Horas\/tiro Normal \/bocina Interna"},"content":{"rendered":"<table class=\"descripcion\">\n<tr>\n<td>Light source: dlp lamp<\/td>\n<\/tr>\n<tr>\n<td>Display resolution: full hd (1920&#215;1080)<\/td>\n<\/tr>\n<tr>\n<td>Display resolution: 1920 x 1080<\/td>\n<\/tr>\n<tr>\n<td>Brightness (lumens): 4,000 ansi<\/td>\n<\/tr>\n<tr>\n<td>Screen size: 30 &#8211; 300 in. \/ 0.76 &#8211; 7.62 m<\/td>\n<\/tr>\n<tr>\n<td>Throw distance: 1m-10m (100\u0094@3.28m)<\/td>\n<\/tr>\n<tr>\n<td>Throw ratio: 1.48-1.62<\/td>\n<\/tr>\n<tr>\n<td>Keystone: vertical (+\/- 40\u00b0)<\/td>\n<\/tr>\n<tr>\n<td>Lens: 1.1x optical zoom<\/td>\n<\/tr>\n<tr>\n<td>Light source (watt): 240<\/td>\n<\/tr>\n<tr>\n<td>Light source life, normal (hours): 4000<\/td>\n<\/tr>\n<tr>\n<td>Light source life, dynamic eco-mode (hours): 15000<\/td>\n<\/tr>\n<tr>\n<td>Color depth: 1.07b color (r\/g\/b 10bit)<\/td>\n<\/tr>\n<tr>\n<td>Dynamic contrast ratio: 22,000:1<\/td>\n<\/tr>\n<tr>\n<td>Aspect ratio: 16:9<\/td>\n<\/tr>\n<tr>\n<td>Frequency horizontal: 15k~102khz<\/td>\n<\/tr>\n<tr>\n<td>Frequency vertical: 23~120mhz<\/td>\n<\/tr>\n<tr>\n<td>Pc resolution (max): vga(640 x 480) to wuxga_rb(1920 x 1200) *rb-reduced blanking<\/td>\n<\/tr>\n<tr>\n<td>Mac\u00ae resolution (max): 480i, 480p, 576i, 576p, 720p, 1080i, 1080p<\/td>\n<\/tr>\n<tr>\n<td>3.5mm audio out: 1<\/td>\n<\/tr>\n<tr>\n<td>3.5mm audio in: 1<\/td>\n<\/tr>\n<tr>\n<td>Control (rs232): 1<\/td>\n<\/tr>\n<tr>\n<td>Hdmi 1.4 (with hdcp 1.4): 2<\/td>\n<\/tr>\n<tr>\n<td>Internal speakers: 3w (x1)<\/td>\n<\/tr>\n<tr>\n<td>Voltage: 100-240v+\/- 10%, 50\/60hz ac<\/td>\n<\/tr>\n<tr>\n<td>Consumption (typical): 295w<\/td>\n<\/tr>\n<tr>\n<td>Stand-by:  0.5w<\/td>\n<\/tr>\n<tr>\n<td>Physical controls: keypad, power key<\/td>\n<\/tr>\n<tr>\n<td>On screen display: display, image, power management, basic, advanced, system, information (see user guide for full osd functionality)<\/td>\n<\/tr>\n<tr>\n<td>Temperature: 32-104\u00ba f (0 &#8211; 40\u00ba c)<\/td>\n<\/tr>\n<tr>\n<td>Kensington lock slot: 1<\/td>\n<\/tr>\n<tr>\n<td>Net (lbs): 6.0<\/td>\n<\/tr>\n<tr>\n<td>Gross (lbs): 8.4<\/td>\n<\/tr>\n<tr>\n<td>Net (kg): 2.7<\/td>\n<\/tr>\n<tr>\n<td>Gross (kg): 3.8<\/td>\n<\/tr>\n<tr>\n<td>Packaging (in.): 15.8 x 9.2 x 6.6<\/td>\n<\/tr>\n<tr>\n<td>Physical (in.): 12.2 x 13.3 x 4.5<\/td>\n<\/tr>\n<tr>\n<td>Packaging (mm): 400.0 x 337.0 x 168.0<\/td>\n<\/tr>\n<tr>\n<td>Physical (mm): 309.0 x 234.0 x 115.0<\/td>\n<\/tr>\n<\/table>\n","protected":false},"excerpt":{"rendered":"<p>Ponga sus presentaciones en la mejor luz con el proyector viewsonic pa503hd full hd 1080p. Este proyector de alta luminosidad de ultima generacion combina una potente iluminacion de 4000 ansi  lumenes y full hd para obtener imagenes asombrosas en una pantalla de 300. Los puertos hdmi duales le permiten cambiar sin problemas entre diferentes dispositivos, mientras que un puerto usb tipo a le permite conectar dongles inalambricos directamente al proyector. Y con las sencillas actualizaciones de software usb, puede mantener su proyector actualizado sin esfuerzo con las funciones mas recientes. Ya sea que considere el pa503hd como un proyector empresarial o educativo, este potente dispositivo es la herramienta de presentacion perfecta para cualquier entorno.<\/p>\n","protected":false},"featured_media":243659,"comment_status":"open","ping_status":"open","template":"","meta":[],"product_cat":[1846,1843],"product_tag":[1862],"acf":[],"yoast_head":"<!-- This site is optimized with the Yoast SEO plugin v21.7 - https:\/\/yoast.com\/wordpress\/plugins\/seo\/ -->\n<title>[ Viewsonic ] &#129351; Pa503hd-2 Videoproyector Dlp Pa503hd Full Hd 1920x1080 \/4000 Lumens \/ Hdmi X 2\/ Usb-a\/ Rs-232 \/ 15,000 Horas\/tiro Normal \/bocina Interna<\/title>\n<meta name=\"description\" content=\"Compra Pa503hd-2 Videoproyector Dlp Pa503hd Full Hd 1920x1080 \/4000 Lumens \/ Hdmi X 2\/ Usb-a\/ Rs-232 \/ 15,000 Horas\/tiro Normal \/bocina Interna + Env\u00edo a domicilio + Pago seguro + Garant\u00eda\" \/>\n<meta name=\"robots\" content=\"index, follow, max-snippet:-1, max-image-preview:large, max-video-preview:-1\" \/>\n<link rel=\"canonical\" href=\"https:\/\/compuviper.mx\/tienda\/producto\/viewsonic-pa503hd-2-videoproyector-dlp-pa503hd-full-hd-1920x1080-4000-lumens-hdmi-x-2-usb-a-rs-232-15000-horas-tiro-normal-bocina-interna\/\" \/>\n<meta property=\"og:locale\" content=\"es_MX\" \/>\n<meta property=\"og:type\" content=\"article\" \/>\n<meta property=\"og:title\" content=\"[ Viewsonic ] &#129351; Pa503hd-2 Videoproyector Dlp Pa503hd Full Hd 1920x1080 \/4000 Lumens \/ Hdmi X 2\/ Usb-a\/ Rs-232 \/ 15,000 Horas\/tiro Normal \/bocina Interna\" \/>\n<meta property=\"og:description\" content=\"Compra Pa503hd-2 Videoproyector Dlp Pa503hd Full Hd 1920x1080 \/4000 Lumens \/ Hdmi X 2\/ Usb-a\/ Rs-232 \/ 15,000 Horas\/tiro Normal \/bocina Interna + Env\u00edo a domicilio + Pago seguro + Garant\u00eda\" \/>\n<meta property=\"og:url\" content=\"https:\/\/compuviper.mx\/tienda\/producto\/viewsonic-pa503hd-2-videoproyector-dlp-pa503hd-full-hd-1920x1080-4000-lumens-hdmi-x-2-usb-a-rs-232-15000-horas-tiro-normal-bocina-interna\/\" \/>\n<meta property=\"og:site_name\" content=\"Compuviper\" \/>\n<meta property=\"article:publisher\" content=\"https:\/\/www.facebook.com\/compuviper\" \/>\n<meta property=\"og:image\" content=\"https:\/\/compuviper.mx\/tienda\/wp-content\/uploads\/2024\/09\/Videoproyector-viewsonic-dlp-pa503hd-full-hd-1920x1080-4000-lumens-hdmi-x-2-usb-a-rs-232-15000-horastiro-normal-bocina-interna.jpg\" \/>\n\t<meta property=\"og:image:width\" content=\"200\" \/>\n\t<meta property=\"og:image:height\" content=\"200\" \/>\n\t<meta property=\"og:image:type\" content=\"image\/jpeg\" \/>\n<meta name=\"twitter:card\" content=\"summary_large_image\" \/>\n<meta name=\"twitter:label1\" content=\"Precio\" \/>\n\t<meta name=\"twitter:data1\" content=\"&#36;11,919 con IVA\" \/>\n\t<meta name=\"twitter:label2\" content=\"Availability\" \/>\n\t<meta name=\"twitter:data2\" content=\"In stock\" \/>\n<script type=\"application\/ld+json\" class=\"yoast-schema-graph\">{\"@context\":\"https:\/\/schema.org\",\"@graph\":[{\"@type\":\"WebPage\",\"@id\":\"https:\/\/compuviper.mx\/tienda\/producto\/viewsonic-pa503hd-2-videoproyector-dlp-pa503hd-full-hd-1920x1080-4000-lumens-hdmi-x-2-usb-a-rs-232-15000-horas-tiro-normal-bocina-interna\/\",\"url\":\"https:\/\/compuviper.mx\/tienda\/producto\/viewsonic-pa503hd-2-videoproyector-dlp-pa503hd-full-hd-1920x1080-4000-lumens-hdmi-x-2-usb-a-rs-232-15000-horas-tiro-normal-bocina-interna\/\",\"name\":\"[ Viewsonic ] &#129351; Pa503hd-2 Videoproyector Dlp Pa503hd Full Hd 1920x1080 \/4000 Lumens \/ Hdmi X 2\/ Usb-a\/ Rs-232 \/ 15,000 Horas\/tiro Normal \/bocina Interna\",\"isPartOf\":{\"@id\":\"https:\/\/compuviper.mx\/tienda\/#website\"},\"datePublished\":\"2026-04-25T08:17:20+00:00\",\"dateModified\":\"2026-04-25T08:17:20+00:00\",\"description\":\"Compra Pa503hd-2 Videoproyector Dlp Pa503hd Full Hd 1920x1080 \/4000 Lumens \/ Hdmi X 2\/ Usb-a\/ Rs-232 \/ 15,000 Horas\/tiro Normal \/bocina Interna + Env\u00edo a domicilio + Pago seguro + Garant\u00eda\",\"breadcrumb\":{\"@id\":\"https:\/\/compuviper.mx\/tienda\/producto\/viewsonic-pa503hd-2-videoproyector-dlp-pa503hd-full-hd-1920x1080-4000-lumens-hdmi-x-2-usb-a-rs-232-15000-horas-tiro-normal-bocina-interna\/#breadcrumb\"},\"inLanguage\":\"es-MX\",\"potentialAction\":[{\"@type\":\"ReadAction\",\"target\":[\"https:\/\/compuviper.mx\/tienda\/producto\/viewsonic-pa503hd-2-videoproyector-dlp-pa503hd-full-hd-1920x1080-4000-lumens-hdmi-x-2-usb-a-rs-232-15000-horas-tiro-normal-bocina-interna\/\"]}]},{\"@type\":\"BreadcrumbList\",\"@id\":\"https:\/\/compuviper.mx\/tienda\/producto\/viewsonic-pa503hd-2-videoproyector-dlp-pa503hd-full-hd-1920x1080-4000-lumens-hdmi-x-2-usb-a-rs-232-15000-horas-tiro-normal-bocina-interna\/#breadcrumb\",\"itemListElement\":[{\"@type\":\"ListItem\",\"position\":1,\"name\":\"Inicio\",\"item\":\"https:\/\/compuviper.mx\/tienda\/\"},{\"@type\":\"ListItem\",\"position\":2,\"name\":\"Productos\",\"item\":\"https:\/\/compuviper.mx\/tienda\/productos\/\"},{\"@type\":\"ListItem\",\"position\":3,\"name\":\"Videoproyector\",\"item\":\"https:\/\/compuviper.mx\/tienda\/categoria-producto\/videoproyector\/\"},{\"@type\":\"ListItem\",\"position\":4,\"name\":\"Profesional\",\"item\":\"https:\/\/compuviper.mx\/tienda\/categoria-producto\/videoproyector\/profesional\/\"},{\"@type\":\"ListItem\",\"position\":5,\"name\":\"Viewsonic Pa503hd-2 Videoproyector Dlp Pa503hd Full Hd 1920&#215;1080 \/4000 Lumens \/ Hdmi X 2\/ Usb-a\/ Rs-232 \/ 15,000 Horas\/tiro Normal \/bocina Interna\"}]},{\"@type\":\"WebSite\",\"@id\":\"https:\/\/compuviper.mx\/tienda\/#website\",\"url\":\"https:\/\/compuviper.mx\/tienda\/\",\"name\":\"Compuviper\",\"description\":\"Proveedor de Computadoras, Laptops, Servidores, Monitores, Puntos de Venta, Teclados,   Impresoras, T\u00f3ner, C\u00e1maras de Seguridad y m\u00e1s en tu tienda en l\u00ednea\",\"publisher\":{\"@id\":\"https:\/\/compuviper.mx\/tienda\/#organization\"},\"potentialAction\":[{\"@type\":\"SearchAction\",\"target\":{\"@type\":\"EntryPoint\",\"urlTemplate\":\"https:\/\/compuviper.mx\/tienda\/?s={search_term_string}\"},\"query-input\":\"required name=search_term_string\"}],\"inLanguage\":\"es-MX\"},{\"@type\":\"Organization\",\"@id\":\"https:\/\/compuviper.mx\/tienda\/#organization\",\"name\":\"Compuviper\",\"url\":\"https:\/\/compuviper.mx\/tienda\/\",\"logo\":{\"@type\":\"ImageObject\",\"inLanguage\":\"es-MX\",\"@id\":\"https:\/\/compuviper.mx\/tienda\/#\/schema\/logo\/image\/\",\"url\":\"https:\/\/compuviper.mx\/tienda\/wp-content\/uploads\/2021\/08\/Logo-Compuviper-10.png\",\"contentUrl\":\"https:\/\/compuviper.mx\/tienda\/wp-content\/uploads\/2021\/08\/Logo-Compuviper-10.png\",\"width\":1000,\"height\":500,\"caption\":\"Compuviper\"},\"image\":{\"@id\":\"https:\/\/compuviper.mx\/tienda\/#\/schema\/logo\/image\/\"},\"sameAs\":[\"https:\/\/www.facebook.com\/compuviper\",\"https:\/\/www.youtube.com\/channel\/UCf73dERp9Y3cfOq7q8BhLjA?view_as=subscriber\"]}]}<\/script>\n<meta property=\"product:brand\" content=\"VIEWSONIC\" \/>\n<meta property=\"product:price:amount\" content=\"11919\" \/>\n<meta property=\"product:price:currency\" content=\"MXN\" \/>\n<meta property=\"og:availability\" content=\"instock\" \/>\n<meta property=\"product:availability\" content=\"instock\" \/>\n<meta property=\"product:retailer_item_id\" content=\"PA503HD-2\" \/>\n<meta property=\"product:condition\" content=\"new\" \/>\n<!-- \/ Yoast SEO plugin. -->","yoast_head_json":{"title":"[ Viewsonic ] &#129351; Pa503hd-2 Videoproyector Dlp Pa503hd Full Hd 1920x1080 \/4000 Lumens \/ Hdmi X 2\/ Usb-a\/ Rs-232 \/ 15,000 Horas\/tiro Normal \/bocina Interna","description":"Compra Pa503hd-2 Videoproyector Dlp Pa503hd Full Hd 1920x1080 \/4000 Lumens \/ Hdmi X 2\/ Usb-a\/ Rs-232 \/ 15,000 Horas\/tiro Normal \/bocina Interna + Env\u00edo a domicilio + Pago seguro + Garant\u00eda","robots":{"index":"index","follow":"follow","max-snippet":"max-snippet:-1","max-image-preview":"max-image-preview:large","max-video-preview":"max-video-preview:-1"},"canonical":"https:\/\/compuviper.mx\/tienda\/producto\/viewsonic-pa503hd-2-videoproyector-dlp-pa503hd-full-hd-1920x1080-4000-lumens-hdmi-x-2-usb-a-rs-232-15000-horas-tiro-normal-bocina-interna\/","og_locale":"es_MX","og_type":"article","og_title":"[ Viewsonic ] &#129351; Pa503hd-2 Videoproyector Dlp Pa503hd Full Hd 1920x1080 \/4000 Lumens \/ Hdmi X 2\/ Usb-a\/ Rs-232 \/ 15,000 Horas\/tiro Normal \/bocina Interna","og_description":"Compra Pa503hd-2 Videoproyector Dlp Pa503hd Full Hd 1920x1080 \/4000 Lumens \/ Hdmi X 2\/ Usb-a\/ Rs-232 \/ 15,000 Horas\/tiro Normal \/bocina Interna + Env\u00edo a domicilio + Pago seguro + Garant\u00eda","og_url":"https:\/\/compuviper.mx\/tienda\/producto\/viewsonic-pa503hd-2-videoproyector-dlp-pa503hd-full-hd-1920x1080-4000-lumens-hdmi-x-2-usb-a-rs-232-15000-horas-tiro-normal-bocina-interna\/","og_site_name":"Compuviper","article_publisher":"https:\/\/www.facebook.com\/compuviper","og_image":[{"width":200,"height":200,"url":"https:\/\/compuviper.mx\/tienda\/wp-content\/uploads\/2024\/09\/Videoproyector-viewsonic-dlp-pa503hd-full-hd-1920x1080-4000-lumens-hdmi-x-2-usb-a-rs-232-15000-horastiro-normal-bocina-interna.jpg","type":"image\/jpeg"}],"twitter_card":"summary_large_image","twitter_misc":{"Precio":"&#36;11,919 con IVA","Availability":"In stock"},"schema":{"@context":"https:\/\/schema.org","@graph":[{"@type":"WebPage","@id":"https:\/\/compuviper.mx\/tienda\/producto\/viewsonic-pa503hd-2-videoproyector-dlp-pa503hd-full-hd-1920x1080-4000-lumens-hdmi-x-2-usb-a-rs-232-15000-horas-tiro-normal-bocina-interna\/","url":"https:\/\/compuviper.mx\/tienda\/producto\/viewsonic-pa503hd-2-videoproyector-dlp-pa503hd-full-hd-1920x1080-4000-lumens-hdmi-x-2-usb-a-rs-232-15000-horas-tiro-normal-bocina-interna\/","name":"[ Viewsonic ] &#129351; Pa503hd-2 Videoproyector Dlp Pa503hd Full Hd 1920x1080 \/4000 Lumens \/ Hdmi X 2\/ Usb-a\/ Rs-232 \/ 15,000 Horas\/tiro Normal \/bocina Interna","isPartOf":{"@id":"https:\/\/compuviper.mx\/tienda\/#website"},"datePublished":"2026-04-25T08:17:20+00:00","dateModified":"2026-04-25T08:17:20+00:00","description":"Compra Pa503hd-2 Videoproyector Dlp Pa503hd Full Hd 1920x1080 \/4000 Lumens \/ Hdmi X 2\/ Usb-a\/ Rs-232 \/ 15,000 Horas\/tiro Normal \/bocina Interna + Env\u00edo a domicilio + Pago seguro + Garant\u00eda","breadcrumb":{"@id":"https:\/\/compuviper.mx\/tienda\/producto\/viewsonic-pa503hd-2-videoproyector-dlp-pa503hd-full-hd-1920x1080-4000-lumens-hdmi-x-2-usb-a-rs-232-15000-horas-tiro-normal-bocina-interna\/#breadcrumb"},"inLanguage":"es-MX","potentialAction":[{"@type":"ReadAction","target":["https:\/\/compuviper.mx\/tienda\/producto\/viewsonic-pa503hd-2-videoproyector-dlp-pa503hd-full-hd-1920x1080-4000-lumens-hdmi-x-2-usb-a-rs-232-15000-horas-tiro-normal-bocina-interna\/"]}]},{"@type":"BreadcrumbList","@id":"https:\/\/compuviper.mx\/tienda\/producto\/viewsonic-pa503hd-2-videoproyector-dlp-pa503hd-full-hd-1920x1080-4000-lumens-hdmi-x-2-usb-a-rs-232-15000-horas-tiro-normal-bocina-interna\/#breadcrumb","itemListElement":[{"@type":"ListItem","position":1,"name":"Inicio","item":"https:\/\/compuviper.mx\/tienda\/"},{"@type":"ListItem","position":2,"name":"Productos","item":"https:\/\/compuviper.mx\/tienda\/productos\/"},{"@type":"ListItem","position":3,"name":"Videoproyector","item":"https:\/\/compuviper.mx\/tienda\/categoria-producto\/videoproyector\/"},{"@type":"ListItem","position":4,"name":"Profesional","item":"https:\/\/compuviper.mx\/tienda\/categoria-producto\/videoproyector\/profesional\/"},{"@type":"ListItem","position":5,"name":"Viewsonic Pa503hd-2 Videoproyector Dlp Pa503hd Full Hd 1920&#215;1080 \/4000 Lumens \/ Hdmi X 2\/ Usb-a\/ Rs-232 \/ 15,000 Horas\/tiro Normal \/bocina Interna"}]},{"@type":"WebSite","@id":"https:\/\/compuviper.mx\/tienda\/#website","url":"https:\/\/compuviper.mx\/tienda\/","name":"Compuviper","description":"Proveedor de Computadoras, Laptops, Servidores, Monitores, Puntos de Venta, Teclados,   Impresoras, T\u00f3ner, C\u00e1maras de Seguridad y m\u00e1s en tu tienda en l\u00ednea","publisher":{"@id":"https:\/\/compuviper.mx\/tienda\/#organization"},"potentialAction":[{"@type":"SearchAction","target":{"@type":"EntryPoint","urlTemplate":"https:\/\/compuviper.mx\/tienda\/?s={search_term_string}"},"query-input":"required name=search_term_string"}],"inLanguage":"es-MX"},{"@type":"Organization","@id":"https:\/\/compuviper.mx\/tienda\/#organization","name":"Compuviper","url":"https:\/\/compuviper.mx\/tienda\/","logo":{"@type":"ImageObject","inLanguage":"es-MX","@id":"https:\/\/compuviper.mx\/tienda\/#\/schema\/logo\/image\/","url":"https:\/\/compuviper.mx\/tienda\/wp-content\/uploads\/2021\/08\/Logo-Compuviper-10.png","contentUrl":"https:\/\/compuviper.mx\/tienda\/wp-content\/uploads\/2021\/08\/Logo-Compuviper-10.png","width":1000,"height":500,"caption":"Compuviper"},"image":{"@id":"https:\/\/compuviper.mx\/tienda\/#\/schema\/logo\/image\/"},"sameAs":["https:\/\/www.facebook.com\/compuviper","https:\/\/www.youtube.com\/channel\/UCf73dERp9Y3cfOq7q8BhLjA?view_as=subscriber"]}]},"product_brand":"VIEWSONIC","product_price_amount":"11919","product_price_currency":"MXN","og_availability":"instock","product_availability":"instock","product_retailer_item_id":"PA503HD-2","product_condition":"new"},"_links":{"self":[{"href":"https:\/\/compuviper.mx\/tienda\/wp-json\/wp\/v2\/product\/227450"}],"collection":[{"href":"https:\/\/compuviper.mx\/tienda\/wp-json\/wp\/v2\/product"}],"about":[{"href":"https:\/\/compuviper.mx\/tienda\/wp-json\/wp\/v2\/types\/product"}],"replies":[{"embeddable":true,"href":"https:\/\/compuviper.mx\/tienda\/wp-json\/wp\/v2\/comments?post=227450"}],"wp:featuredmedia":[{"embeddable":true,"href":"https:\/\/compuviper.mx\/tienda\/wp-json\/wp\/v2\/media\/243659"}],"wp:attachment":[{"href":"https:\/\/compuviper.mx\/tienda\/wp-json\/wp\/v2\/media?parent=227450"}],"wp:term":[{"taxonomy":"product_cat","embeddable":true,"href":"https:\/\/compuviper.mx\/tienda\/wp-json\/wp\/v2\/product_cat?post=227450"},{"taxonomy":"product_tag","embeddable":true,"href":"https:\/\/compuviper.mx\/tienda\/wp-json\/wp\/v2\/product_tag?post=227450"}],"curies":[{"name":"wp","href":"https:\/\/api.w.org\/{rel}","templated":true}]}}