{"id":227351,"date":"2026-04-17T02:30:38","date_gmt":"2026-04-17T08:30:38","guid":{"rendered":"https:\/\/compuviper.mx\/tienda\/producto\/logitech-960-001485-rally-bar-huddle-sistema-de-videoconferencia-todo-en-uno-4k-wifi-y-autonomo-para-espacios-reducidos-y-salas-pequeas\/"},"modified":"2026-04-17T02:30:38","modified_gmt":"2026-04-17T08:30:38","slug":"logitech-960-001485-sistema-de-videoconferencia-rally-bar-huddle-all-in-one-4k-30fps-zoom-4x-hd-ideal-para-reuniones-y-salas-pequeas","status":"publish","type":"product","link":"https:\/\/compuviper.mx\/tienda\/producto\/logitech-960-001485-sistema-de-videoconferencia-rally-bar-huddle-all-in-one-4k-30fps-zoom-4x-hd-ideal-para-reuniones-y-salas-pequeas\/","title":{"rendered":"Logitech 960-001485 Sistema De Videoconferencia  Rally Bar Huddle All In One 4k 30fps Zoom 4x Hd Ideal Para Reuniones Y Salas Peque?as."},"content":{"rendered":"<table class=\"descripcion\">\n<tr>\n<td>Dimensiones<\/td>\n<\/tr>\n<tr>\n<td>Ancho: 549,6 mm<\/td>\n<\/tr>\n<tr>\n<td>Altura: 78,9 mm<\/td>\n<\/tr>\n<tr>\n<td>Profundidad: 76,0 mm<\/td>\n<\/tr>\n<tr>\n<td>Peso: 1,8 kg<\/td>\n<\/tr>\n<tr>\n<td>Compatibilidad<\/td>\n<\/tr>\n<tr>\n<td>Conexi\u00f3n a internet: con cable o inal\u00e1mbrica<\/td>\n<\/tr>\n<tr>\n<td>Modo usb: windows 11, windows 10, las dos versiones m\u00e1s recientes de macos<\/td>\n<\/tr>\n<tr>\n<td>Modo aut\u00f3nomo: licencia de software de la soluci\u00f3n para salas de reuni\u00f3n (no incluida)<\/td>\n<\/tr>\n<tr>\n<td>Especificaciones t\u00e9cnicas<\/td>\n<\/tr>\n<tr>\n<td>Certificaciones y compatibilidad<\/td>\n<\/tr>\n<tr>\n<td>Para obtener la informaci\u00f3n m\u00e1s reciente sobre certificaci\u00f3n y compatibilidad, consulte www.logitech.com\/support\/vc-certifications.<\/td>\n<\/tr>\n<tr>\n<td>Especificaciones generales<\/td>\n<\/tr>\n<tr>\n<td>Componentes integrados: matriz de 6 micr\u00f3fonos dmic, c\u00e1mara ptz digital, 1 bocina con puerto de rango completo, sistema de gesti\u00f3n y retenci\u00f3n de cables, montaje multifuncional, tapa de privacidad robotizada integrada, plataforma logitech collab os<\/td>\n<\/tr>\n<tr>\n<td>Carcasa: carcasa todo-en-uno con cubierta frontal reemplazable en campo<\/td>\n<\/tr>\n<tr>\n<td>Administraci\u00f3n de dispositivos: logitech sync<\/td>\n<\/tr>\n<tr>\n<td>Pantallas admitidas: 1 (pr\u00f3ximamente, compatibilidad con una segunda pantalla)<\/td>\n<\/tr>\n<tr>\n<td>Resoluci\u00f3n de pantalla: 1080p<\/td>\n<\/tr>\n<tr>\n<td>Compatibilidad con protocolo de red: ipv4, ipv6<\/td>\n<\/tr>\n<tr>\n<td>Compatibilidad de proxy: proxy basado en ip, proxy basado en fqdn, proxy con uso de archivo pac<\/td>\n<\/tr>\n<tr>\n<td>C\u00e1mara<\/td>\n<\/tr>\n<tr>\n<td>Panor\u00e1mica digital: \u00b148\u00b0 con zoom 4x<\/td>\n<\/tr>\n<tr>\n<td>Inclinaci\u00f3n digital: \u00b132\u00b0 con zoom 4x<\/td>\n<\/tr>\n<tr>\n<td>Zoom: digital 4x hd<\/td>\n<\/tr>\n<tr>\n<td>Campo visual diagonal: 120\u00b0<\/td>\n<\/tr>\n<tr>\n<td>Campo visual horizontal: 113\u00b0<\/td>\n<\/tr>\n<tr>\n<td>Campo visual vertical: 80\u00b0<\/td>\n<\/tr>\n<tr>\n<td>Resoluci\u00f3n: 4k<\/td>\n<\/tr>\n<tr>\n<td>Altavoces<\/td>\n<\/tr>\n<tr>\n<td>Transductor: 55 mm con carcasa con reflector de bajos y dise\u00f1o de suspensi\u00f3n patentado<\/td>\n<\/tr>\n<tr>\n<td>Sensibilidad: 83 db spl a 1w +\/- 2db a 1 metro<\/td>\n<\/tr>\n<tr>\n<td>Potencia nominal: 8w<\/td>\n<\/tr>\n<tr>\n<td>Thd a 1w, 1khz:  2%<\/td>\n<\/tr>\n<tr>\n<td>Frecuencia de muestreo de bocinas: 48 khz<\/td>\n<\/tr>\n<tr>\n<td>Impedancia: 4 ohmios<\/td>\n<\/tr>\n<tr>\n<td>Micr\u00f3fonos<\/td>\n<\/tr>\n<tr>\n<td>Respuesta de frecuencia: 90 hz \u0096 16 khz<\/td>\n<\/tr>\n<tr>\n<td>Sensibilidad: -36 dbfs +\/-1 db a 1 pa<\/td>\n<\/tr>\n<tr>\n<td>Velocidad de salida de datos de micr\u00f3fono: 48 khz<\/td>\n<\/tr>\n<tr>\n<td>Radio de captaci\u00f3n de audio: hasta 7m<\/td>\n<\/tr>\n<tr>\n<td>Elementos de formaci\u00f3n de haces: 6 micr\u00f3fonos omnidireccionales digitales mems que forman 5 haces ac\u00fasticos adaptativos de radiaci\u00f3n transversal<\/td>\n<\/tr>\n<tr>\n<td>Procesamiento de audio: aec (acoustic echo cancellation), vad (voice activity detector)<\/td>\n<\/tr>\n<tr>\n<td>Cancelaci\u00f3n de ruido: algoritmo de cancelaci\u00f3n de ruido basado en inteligencia artificial<\/td>\n<\/tr>\n<tr>\n<td>Interfaces<\/td>\n<\/tr>\n<tr>\n<td>Salida hdmi: 1<\/td>\n<\/tr>\n<tr>\n<td>Entrada hdmi: 1<\/td>\n<\/tr>\n<tr>\n<td>Usb: 1x usb 3.1 tipo a, 1x usb 3.1 tipo c<\/td>\n<\/tr>\n<tr>\n<td>Red: ethernet 10\/100\/1g<\/td>\n<\/tr>\n<tr>\n<td>Wifi: 802.11a\/b\/g\/n\/ac<\/td>\n<\/tr>\n<tr>\n<td>Bluetooth: bluetooth\u00ae low energy<\/td>\n<\/tr>\n<tr>\n<td>Alimentaci\u00f3n y cables<\/td>\n<\/tr>\n<tr>\n<td>Fuente de alimentaci\u00f3n: detecci\u00f3n autom\u00e1tica<\/td>\n<\/tr>\n<tr>\n<td>Alimentaci\u00f3n\/voltaje de funcionamiento: 100-240 v, 19 v, 2,1 a<\/td>\n<\/tr>\n<tr>\n<td>Dimensiones de fuente de alimentaci\u00f3n: 114 mm x 47 mm x 32.3 mm<\/td>\n<\/tr>\n<tr>\n<td>Cable de cc: 1,5 m<\/td>\n<\/tr>\n<tr>\n<td>Cable de ca: 1 m<\/td>\n<\/tr>\n<tr>\n<td>Cable hdmi 1.4: 2 m<\/td>\n<\/tr>\n<tr>\n<td>Cable usb a a usb c 3.0: 2,2 m<\/td>\n<\/tr>\n<tr>\n<td>Medioambiente<\/td>\n<\/tr>\n<tr>\n<td>Temperatura de funcionamiento: de 0 \u00b0c a 40 \u00b0c<\/td>\n<\/tr>\n<tr>\n<td>Temperatura de almacenamiento: de -25 \u00b0c a 70 \u00b0c<\/td>\n<\/tr>\n<tr>\n<td>Humedad: 10 % a 90 %<\/td>\n<\/tr>\n<tr>\n<td>Seguridad<\/td>\n<\/tr>\n<tr>\n<td>Cifrado basado en archivos: aes-128<\/td>\n<\/tr>\n<tr>\n<td>Cifrado de datos: claves sim\u00e9tricas, infraestructura de clave p\u00fablica (pki)<\/td>\n<\/tr>\n<tr>\n<td>Identidad de dispositivos: protecci\u00f3n mediante atestaci\u00f3n de estado de dispositivos<\/td>\n<\/tr>\n<tr>\n<td>Acceso a dispositivos: autenticaci\u00f3n mediante api<\/td>\n<\/tr>\n<tr>\n<td>Protecci\u00f3n mediante clave: arm trustzone, rpmp<\/td>\n<\/tr>\n<tr>\n<td>Accesorios<\/td>\n<\/tr>\n<tr>\n<td>Cubierta: cubierta frontal de tela en blanco crudo que se puede limpiar para rally bar huddle<\/td>\n<\/tr>\n<tr>\n<td>Piezas de montaje: pieza de montaje en pared para barras de video, pieza de montaje en tv para barras de video<\/td>\n<\/tr>\n<tr>\n<td>Controlador t\u00e1ctil: logitech tap (pr\u00f3ximamente) y tap ip<\/td>\n<\/tr>\n<tr>\n<td>Contenido de la caja<\/td>\n<\/tr>\n<tr>\n<td>Rally bar huddle<\/td>\n<\/tr>\n<tr>\n<td>Soporte m\u00faltiple<\/td>\n<\/tr>\n<tr>\n<td>Fuente de alimentaci\u00f3n<\/td>\n<\/tr>\n<tr>\n<td>Cable de alimentaci\u00f3n de ca<\/td>\n<\/tr>\n<tr>\n<td>Cable hdmi<\/td>\n<\/tr>\n<tr>\n<td>Cable usb<\/td>\n<\/tr>\n<tr>\n<td>Informaci\u00f3n de garant\u00eda<\/td>\n<\/tr>\n<tr>\n<td>Est\u00e1ndar: incluye dos a\u00f1os de garant\u00eda de hardware limitada<\/td>\n<\/tr>\n<tr>\n<td>Extendida: garant\u00edas adicionales extendidas de un a\u00f1o y tres a\u00f1os disponibles en el momento de la compra del hardware.<\/td>\n<\/tr>\n<tr>\n<td>Contacta a tu distribuidor para consultar la disponibilidad.<\/td>\n<\/tr>\n<tr>\n<td>N\u00famero de referencia<\/td>\n<\/tr>\n<tr>\n<td>960-001485<\/td>\n<\/tr>\n<\/table>\n","protected":false},"excerpt":{"rendered":"<p>Asequiblemente sencillo. Con un dise\u00f1o elegante y tecnolog\u00eda robusta, rally bar huddle es una soluci\u00f3n sencilla y potente para espacios peque\u00f1os. Permite reuniones equitativas. Aseg\u00farate de que todos puedan verse y escucharse con claridad durante las reuniones h\u00edbridas. La inteligencia de video con ia, la captaci\u00f3n de sonido avanzada, la cancelaci\u00f3n de ruido y las mejoras continuas del software brindan claridad y naturalidad a la experiencia de reuni\u00f3n para los trabajadores remotos. 3 formas de implementar. Adem\u00e1s, usa rally bar huddle como un dispositivo de sala de reuniones,en modo usb conectado a una pc o con\u00e9ctelo a trav\u00e9s de una laptop. Rally bar huddle 3 formas de implementar. Configura en minutos. Rally bar huddle est\u00e1 dise\u00f1ado para ofrecer reuniones de video sencillas, se puede configurar r\u00e1pidamente y es f\u00e1cil de administrar y de integrar con tap ip a trav\u00e9s de collabos. Adem\u00e1s, puedes usar el soporte m\u00faltiple incluido para fijar rally bar huddle de tres maneras diferentes: en la pared, sobre el escritorio o encima de la pantalla.<\/p>\n","protected":false},"featured_media":243653,"comment_status":"open","ping_status":"open","template":"","meta":[],"product_cat":[2011,2012],"product_tag":[1500],"acf":[],"yoast_head":"<!-- This site is optimized with the Yoast SEO plugin v21.7 - https:\/\/yoast.com\/wordpress\/plugins\/seo\/ -->\n<title>[ Logitech ] &#129351; 960-001485 Sistema De Videoconferencia Rally Bar Huddle All In One 4k 30fps Zoom 4x Hd Ideal Para Reuniones Y Salas Peque\u00f1as.<\/title>\n<meta name=\"description\" content=\"Compra 960-001485 Sistema De Videoconferencia Rally Bar Huddle All In One 4k 30fps Zoom 4x Hd Ideal Para Reuniones Y Salas Peque\u00f1as. + Env\u00edo a domicilio + Pago seguro + Garant\u00eda\" \/>\n<meta name=\"robots\" content=\"index, follow, max-snippet:-1, max-image-preview:large, max-video-preview:-1\" \/>\n<link rel=\"canonical\" href=\"https:\/\/compuviper.mx\/tienda\/producto\/logitech-960-001485-sistema-de-videoconferencia-rally-bar-huddle-all-in-one-4k-30fps-zoom-4x-hd-ideal-para-reuniones-y-salas-pequeas\/\" \/>\n<meta property=\"og:locale\" content=\"es_MX\" \/>\n<meta property=\"og:type\" content=\"article\" \/>\n<meta property=\"og:title\" content=\"[ Logitech ] &#129351; 960-001485 Sistema De Videoconferencia Rally Bar Huddle All In One 4k 30fps Zoom 4x Hd Ideal Para Reuniones Y Salas Peque\u00f1as.\" \/>\n<meta property=\"og:description\" content=\"Compra 960-001485 Sistema De Videoconferencia Rally Bar Huddle All In One 4k 30fps Zoom 4x Hd Ideal Para Reuniones Y Salas Peque\u00f1as. + Env\u00edo a domicilio + Pago seguro + Garant\u00eda\" \/>\n<meta property=\"og:url\" content=\"https:\/\/compuviper.mx\/tienda\/producto\/logitech-960-001485-sistema-de-videoconferencia-rally-bar-huddle-all-in-one-4k-30fps-zoom-4x-hd-ideal-para-reuniones-y-salas-pequeas\/\" \/>\n<meta property=\"og:site_name\" content=\"Compuviper\" \/>\n<meta property=\"article:publisher\" content=\"https:\/\/www.facebook.com\/compuviper\" \/>\n<meta property=\"og:image\" content=\"https:\/\/compuviper.mx\/tienda\/wp-content\/uploads\/2024\/09\/Sistema-de-videoconferencia-logitech-rally-bar-huddle-all-in-one-4k-30fps-zoom-4x-hd-ideal-para-reuniones-y-salas-pequenas.jpg\" \/>\n\t<meta property=\"og:image:width\" content=\"200\" \/>\n\t<meta property=\"og:image:height\" content=\"200\" \/>\n\t<meta property=\"og:image:type\" content=\"image\/jpeg\" \/>\n<meta name=\"twitter:card\" content=\"summary_large_image\" \/>\n<meta name=\"twitter:label1\" content=\"Precio\" \/>\n\t<meta name=\"twitter:data1\" content=\"&#36;36,348 con IVA\" \/>\n\t<meta name=\"twitter:label2\" content=\"Availability\" \/>\n\t<meta name=\"twitter:data2\" content=\"Out of stock\" \/>\n<script type=\"application\/ld+json\" class=\"yoast-schema-graph\">{\"@context\":\"https:\/\/schema.org\",\"@graph\":[{\"@type\":\"WebPage\",\"@id\":\"https:\/\/compuviper.mx\/tienda\/producto\/logitech-960-001485-sistema-de-videoconferencia-rally-bar-huddle-all-in-one-4k-30fps-zoom-4x-hd-ideal-para-reuniones-y-salas-pequeas\/\",\"url\":\"https:\/\/compuviper.mx\/tienda\/producto\/logitech-960-001485-sistema-de-videoconferencia-rally-bar-huddle-all-in-one-4k-30fps-zoom-4x-hd-ideal-para-reuniones-y-salas-pequeas\/\",\"name\":\"[ Logitech ] &#129351; 960-001485 Sistema De Videoconferencia Rally Bar Huddle All In One 4k 30fps Zoom 4x Hd Ideal Para Reuniones Y Salas Peque\u00f1as.\",\"isPartOf\":{\"@id\":\"https:\/\/compuviper.mx\/tienda\/#website\"},\"datePublished\":\"2026-04-17T08:30:38+00:00\",\"dateModified\":\"2026-04-17T08:30:38+00:00\",\"description\":\"Compra 960-001485 Sistema De Videoconferencia Rally Bar Huddle All In One 4k 30fps Zoom 4x Hd Ideal Para Reuniones Y Salas Peque\u00f1as. + Env\u00edo a domicilio + Pago seguro + Garant\u00eda\",\"breadcrumb\":{\"@id\":\"https:\/\/compuviper.mx\/tienda\/producto\/logitech-960-001485-sistema-de-videoconferencia-rally-bar-huddle-all-in-one-4k-30fps-zoom-4x-hd-ideal-para-reuniones-y-salas-pequeas\/#breadcrumb\"},\"inLanguage\":\"es-MX\",\"potentialAction\":[{\"@type\":\"ReadAction\",\"target\":[\"https:\/\/compuviper.mx\/tienda\/producto\/logitech-960-001485-sistema-de-videoconferencia-rally-bar-huddle-all-in-one-4k-30fps-zoom-4x-hd-ideal-para-reuniones-y-salas-pequeas\/\"]}]},{\"@type\":\"BreadcrumbList\",\"@id\":\"https:\/\/compuviper.mx\/tienda\/producto\/logitech-960-001485-sistema-de-videoconferencia-rally-bar-huddle-all-in-one-4k-30fps-zoom-4x-hd-ideal-para-reuniones-y-salas-pequeas\/#breadcrumb\",\"itemListElement\":[{\"@type\":\"ListItem\",\"position\":1,\"name\":\"Inicio\",\"item\":\"https:\/\/compuviper.mx\/tienda\/\"},{\"@type\":\"ListItem\",\"position\":2,\"name\":\"Productos\",\"item\":\"https:\/\/compuviper.mx\/tienda\/productos\/\"},{\"@type\":\"ListItem\",\"position\":3,\"name\":\"Videoconferencia\",\"item\":\"https:\/\/compuviper.mx\/tienda\/categoria-producto\/videoconferencia\/\"},{\"@type\":\"ListItem\",\"position\":4,\"name\":\"Sin Categor\u00eda\",\"item\":\"https:\/\/compuviper.mx\/tienda\/categoria-producto\/videoconferencia\/sin-categoria-videoconferencia\/\"},{\"@type\":\"ListItem\",\"position\":5,\"name\":\"Logitech 960-001485 Sistema De Videoconferencia Rally Bar Huddle All In One 4k 30fps Zoom 4x Hd Ideal Para Reuniones Y Salas Peque?as.\"}]},{\"@type\":\"WebSite\",\"@id\":\"https:\/\/compuviper.mx\/tienda\/#website\",\"url\":\"https:\/\/compuviper.mx\/tienda\/\",\"name\":\"Compuviper\",\"description\":\"Proveedor de Computadoras, Laptops, Servidores, Monitores, Puntos de Venta, Teclados,   Impresoras, T\u00f3ner, C\u00e1maras de Seguridad y m\u00e1s en tu tienda en l\u00ednea\",\"publisher\":{\"@id\":\"https:\/\/compuviper.mx\/tienda\/#organization\"},\"potentialAction\":[{\"@type\":\"SearchAction\",\"target\":{\"@type\":\"EntryPoint\",\"urlTemplate\":\"https:\/\/compuviper.mx\/tienda\/?s={search_term_string}\"},\"query-input\":\"required name=search_term_string\"}],\"inLanguage\":\"es-MX\"},{\"@type\":\"Organization\",\"@id\":\"https:\/\/compuviper.mx\/tienda\/#organization\",\"name\":\"Compuviper\",\"url\":\"https:\/\/compuviper.mx\/tienda\/\",\"logo\":{\"@type\":\"ImageObject\",\"inLanguage\":\"es-MX\",\"@id\":\"https:\/\/compuviper.mx\/tienda\/#\/schema\/logo\/image\/\",\"url\":\"https:\/\/compuviper.mx\/tienda\/wp-content\/uploads\/2021\/08\/Logo-Compuviper-10.png\",\"contentUrl\":\"https:\/\/compuviper.mx\/tienda\/wp-content\/uploads\/2021\/08\/Logo-Compuviper-10.png\",\"width\":1000,\"height\":500,\"caption\":\"Compuviper\"},\"image\":{\"@id\":\"https:\/\/compuviper.mx\/tienda\/#\/schema\/logo\/image\/\"},\"sameAs\":[\"https:\/\/www.facebook.com\/compuviper\",\"https:\/\/www.youtube.com\/channel\/UCf73dERp9Y3cfOq7q8BhLjA?view_as=subscriber\"]}]}<\/script>\n<meta property=\"product:brand\" content=\"LOGITECH\" \/>\n<meta property=\"product:price:amount\" content=\"36348\" \/>\n<meta property=\"product:price:currency\" content=\"MXN\" \/>\n<meta property=\"og:availability\" content=\"out of stock\" \/>\n<meta property=\"product:availability\" content=\"out of stock\" \/>\n<meta property=\"product:retailer_item_id\" content=\"960-001485\" \/>\n<meta property=\"product:condition\" content=\"new\" \/>\n<!-- \/ Yoast SEO plugin. -->","yoast_head_json":{"title":"[ Logitech ] &#129351; 960-001485 Sistema De Videoconferencia Rally Bar Huddle All In One 4k 30fps Zoom 4x Hd Ideal Para Reuniones Y Salas Peque\u00f1as.","description":"Compra 960-001485 Sistema De Videoconferencia Rally Bar Huddle All In One 4k 30fps Zoom 4x Hd Ideal Para Reuniones Y Salas Peque\u00f1as. + Env\u00edo a domicilio + Pago seguro + Garant\u00eda","robots":{"index":"index","follow":"follow","max-snippet":"max-snippet:-1","max-image-preview":"max-image-preview:large","max-video-preview":"max-video-preview:-1"},"canonical":"https:\/\/compuviper.mx\/tienda\/producto\/logitech-960-001485-sistema-de-videoconferencia-rally-bar-huddle-all-in-one-4k-30fps-zoom-4x-hd-ideal-para-reuniones-y-salas-pequeas\/","og_locale":"es_MX","og_type":"article","og_title":"[ Logitech ] &#129351; 960-001485 Sistema De Videoconferencia Rally Bar Huddle All In One 4k 30fps Zoom 4x Hd Ideal Para Reuniones Y Salas Peque\u00f1as.","og_description":"Compra 960-001485 Sistema De Videoconferencia Rally Bar Huddle All In One 4k 30fps Zoom 4x Hd Ideal Para Reuniones Y Salas Peque\u00f1as. + Env\u00edo a domicilio + Pago seguro + Garant\u00eda","og_url":"https:\/\/compuviper.mx\/tienda\/producto\/logitech-960-001485-sistema-de-videoconferencia-rally-bar-huddle-all-in-one-4k-30fps-zoom-4x-hd-ideal-para-reuniones-y-salas-pequeas\/","og_site_name":"Compuviper","article_publisher":"https:\/\/www.facebook.com\/compuviper","og_image":[{"width":200,"height":200,"url":"https:\/\/compuviper.mx\/tienda\/wp-content\/uploads\/2024\/09\/Sistema-de-videoconferencia-logitech-rally-bar-huddle-all-in-one-4k-30fps-zoom-4x-hd-ideal-para-reuniones-y-salas-pequenas.jpg","type":"image\/jpeg"}],"twitter_card":"summary_large_image","twitter_misc":{"Precio":"&#36;36,348 con IVA","Availability":"Out of stock"},"schema":{"@context":"https:\/\/schema.org","@graph":[{"@type":"WebPage","@id":"https:\/\/compuviper.mx\/tienda\/producto\/logitech-960-001485-sistema-de-videoconferencia-rally-bar-huddle-all-in-one-4k-30fps-zoom-4x-hd-ideal-para-reuniones-y-salas-pequeas\/","url":"https:\/\/compuviper.mx\/tienda\/producto\/logitech-960-001485-sistema-de-videoconferencia-rally-bar-huddle-all-in-one-4k-30fps-zoom-4x-hd-ideal-para-reuniones-y-salas-pequeas\/","name":"[ Logitech ] &#129351; 960-001485 Sistema De Videoconferencia Rally Bar Huddle All In One 4k 30fps Zoom 4x Hd Ideal Para Reuniones Y Salas Peque\u00f1as.","isPartOf":{"@id":"https:\/\/compuviper.mx\/tienda\/#website"},"datePublished":"2026-04-17T08:30:38+00:00","dateModified":"2026-04-17T08:30:38+00:00","description":"Compra 960-001485 Sistema De Videoconferencia Rally Bar Huddle All In One 4k 30fps Zoom 4x Hd Ideal Para Reuniones Y Salas Peque\u00f1as. + Env\u00edo a domicilio + Pago seguro + Garant\u00eda","breadcrumb":{"@id":"https:\/\/compuviper.mx\/tienda\/producto\/logitech-960-001485-sistema-de-videoconferencia-rally-bar-huddle-all-in-one-4k-30fps-zoom-4x-hd-ideal-para-reuniones-y-salas-pequeas\/#breadcrumb"},"inLanguage":"es-MX","potentialAction":[{"@type":"ReadAction","target":["https:\/\/compuviper.mx\/tienda\/producto\/logitech-960-001485-sistema-de-videoconferencia-rally-bar-huddle-all-in-one-4k-30fps-zoom-4x-hd-ideal-para-reuniones-y-salas-pequeas\/"]}]},{"@type":"BreadcrumbList","@id":"https:\/\/compuviper.mx\/tienda\/producto\/logitech-960-001485-sistema-de-videoconferencia-rally-bar-huddle-all-in-one-4k-30fps-zoom-4x-hd-ideal-para-reuniones-y-salas-pequeas\/#breadcrumb","itemListElement":[{"@type":"ListItem","position":1,"name":"Inicio","item":"https:\/\/compuviper.mx\/tienda\/"},{"@type":"ListItem","position":2,"name":"Productos","item":"https:\/\/compuviper.mx\/tienda\/productos\/"},{"@type":"ListItem","position":3,"name":"Videoconferencia","item":"https:\/\/compuviper.mx\/tienda\/categoria-producto\/videoconferencia\/"},{"@type":"ListItem","position":4,"name":"Sin Categor\u00eda","item":"https:\/\/compuviper.mx\/tienda\/categoria-producto\/videoconferencia\/sin-categoria-videoconferencia\/"},{"@type":"ListItem","position":5,"name":"Logitech 960-001485 Sistema De Videoconferencia Rally Bar Huddle All In One 4k 30fps Zoom 4x Hd Ideal Para Reuniones Y Salas Peque?as."}]},{"@type":"WebSite","@id":"https:\/\/compuviper.mx\/tienda\/#website","url":"https:\/\/compuviper.mx\/tienda\/","name":"Compuviper","description":"Proveedor de Computadoras, Laptops, Servidores, Monitores, Puntos de Venta, Teclados,   Impresoras, T\u00f3ner, C\u00e1maras de Seguridad y m\u00e1s en tu tienda en l\u00ednea","publisher":{"@id":"https:\/\/compuviper.mx\/tienda\/#organization"},"potentialAction":[{"@type":"SearchAction","target":{"@type":"EntryPoint","urlTemplate":"https:\/\/compuviper.mx\/tienda\/?s={search_term_string}"},"query-input":"required name=search_term_string"}],"inLanguage":"es-MX"},{"@type":"Organization","@id":"https:\/\/compuviper.mx\/tienda\/#organization","name":"Compuviper","url":"https:\/\/compuviper.mx\/tienda\/","logo":{"@type":"ImageObject","inLanguage":"es-MX","@id":"https:\/\/compuviper.mx\/tienda\/#\/schema\/logo\/image\/","url":"https:\/\/compuviper.mx\/tienda\/wp-content\/uploads\/2021\/08\/Logo-Compuviper-10.png","contentUrl":"https:\/\/compuviper.mx\/tienda\/wp-content\/uploads\/2021\/08\/Logo-Compuviper-10.png","width":1000,"height":500,"caption":"Compuviper"},"image":{"@id":"https:\/\/compuviper.mx\/tienda\/#\/schema\/logo\/image\/"},"sameAs":["https:\/\/www.facebook.com\/compuviper","https:\/\/www.youtube.com\/channel\/UCf73dERp9Y3cfOq7q8BhLjA?view_as=subscriber"]}]},"product_brand":"LOGITECH","product_price_amount":"36348","product_price_currency":"MXN","og_availability":"out of stock","product_availability":"out of stock","product_retailer_item_id":"960-001485","product_condition":"new"},"_links":{"self":[{"href":"https:\/\/compuviper.mx\/tienda\/wp-json\/wp\/v2\/product\/227351"}],"collection":[{"href":"https:\/\/compuviper.mx\/tienda\/wp-json\/wp\/v2\/product"}],"about":[{"href":"https:\/\/compuviper.mx\/tienda\/wp-json\/wp\/v2\/types\/product"}],"replies":[{"embeddable":true,"href":"https:\/\/compuviper.mx\/tienda\/wp-json\/wp\/v2\/comments?post=227351"}],"wp:featuredmedia":[{"embeddable":true,"href":"https:\/\/compuviper.mx\/tienda\/wp-json\/wp\/v2\/media\/243653"}],"wp:attachment":[{"href":"https:\/\/compuviper.mx\/tienda\/wp-json\/wp\/v2\/media?parent=227351"}],"wp:term":[{"taxonomy":"product_cat","embeddable":true,"href":"https:\/\/compuviper.mx\/tienda\/wp-json\/wp\/v2\/product_cat?post=227351"},{"taxonomy":"product_tag","embeddable":true,"href":"https:\/\/compuviper.mx\/tienda\/wp-json\/wp\/v2\/product_tag?post=227351"}],"curies":[{"name":"wp","href":"https:\/\/api.w.org\/{rel}","templated":true}]}}