{"id":227317,"date":"2026-04-17T02:30:33","date_gmt":"2026-04-17T08:30:33","guid":{"rendered":"https:\/\/compuviper.mx\/tienda\/producto\/logitech-960-001054-group-sistema-de-videoconferencia-full-hd-manos-libres-para-salas-de-reuniones-medianas-y-grandes\/"},"modified":"2026-04-17T02:30:33","modified_gmt":"2026-04-17T08:30:33","slug":"logitech-960-001054-camara-de-videoconferencia-group-fhd-1080p-zoom-10x-hd-campo-visual-90-ideal-para-salas-medianas-y-grandes","status":"publish","type":"product","link":"https:\/\/compuviper.mx\/tienda\/producto\/logitech-960-001054-camara-de-videoconferencia-group-fhd-1080p-zoom-10x-hd-campo-visual-90-ideal-para-salas-medianas-y-grandes\/","title":{"rendered":"Logitech 960-001054 Camara De Videoconferencia  Group Fhd 1080p Zoom 10x Hd Campo Visual 90? Ideal Para Salas Medianas Y Grandes."},"content":{"rendered":"<table class=\"descripcion\">\n<tr>\n<td>Videoconferencia para grupos medianos a grandes<\/td>\n<\/tr>\n<tr>\n<td>Cualquier lugar de reuni\u00f3n puede convertirse en un espacio de colaboraci\u00f3n. logitech group es tan sencilla de usar como un celular, y tan asequible como una silla de oficina. el sistema b\u00e1sico se dise\u00f1\u00f3 para reuniones con hasta 14 personas en una sala. los micr\u00f3fonos de expansi\u00f3n opcionales permiten la colaboraci\u00f3n de hasta 20 personas. la conectividad usb plug and play permite conectar una laptop e iniciar una videoconferencia al instante.<\/td>\n<\/tr>\n<tr>\n<td>Perfecta para grupos de 14 a 20 personas<\/td>\n<\/tr>\n<tr>\n<td>Group ofrece video hd y audio excepcionalmente n\u00edtido. hay disponibles micr\u00f3fonos de expansi\u00f3n opcionales y cables de 10 metros y 15 metros para salas de reuniones grandes. las funciones avanzadas, como la cancelaci\u00f3n de eco ac\u00fastico, la reducci\u00f3n de ruido y los controles intuitivos ofrecen un sonido natural.<\/td>\n<\/tr>\n<tr>\n<td>Simplicidad usb plug and play<\/td>\n<\/tr>\n<tr>\n<td>Para organizar una reuni\u00f3n por video con group, con\u00e9ctala a la laptop por usb, y ya est\u00e1. usa group con cualquier software de videoconferencia, incluidos los programas que ya usas. para llamadas de audio con un sonido estupendo, empareja el dispositivo m\u00f3vil mediante tecnolog\u00eda inal\u00e1mbrica bluetooth\u00ae al sistema manos libres group.<\/td>\n<\/tr>\n<tr>\n<td>M\u00e1s opciones, m\u00e1s versatilidad<\/td>\n<\/tr>\n<tr>\n<td>Personaliza la configuraci\u00f3n para adaptarla al tama\u00f1o y distribuci\u00f3n de la sala. monta la c\u00e1mara en un mesa, un tr\u00edpode o una pared. los micr\u00f3fonos de expansi\u00f3n opcionales extienden la cobertura a 8,5 metros. a\u00f1ade un cable opcional de 10 metros  o 15 metros  para aumentar el alcance del sistema manos libres o la c\u00e1mara.<\/td>\n<\/tr>\n<tr>\n<td>Video de alta definici\u00f3n<\/td>\n<\/tr>\n<tr>\n<td>Dale vida a las reuniones con el video de alta calidad hd 1080p de group a 30 fotogramas por segundo. la compresi\u00f3n h.264 reduce el ancho de banda. el zoom 10x proporciona primeros planos detallados y n\u00edtidos. el enfoque autom\u00e1tico simplifica la configuraci\u00f3n.<\/td>\n<\/tr>\n<tr>\n<td>Audio que suena natural<\/td>\n<\/tr>\n<tr>\n<td>Todos pueden o\u00edr y ser o\u00eddos gracias al sistema manos libres d\u00faplex de group, que ofrece un sonido natural, n\u00edtido y totalmente inteligible. la tecnolog\u00eda de cancelaci\u00f3n de eco ac\u00fastico y de supresi\u00f3n de ruido dota a las conversaciones de un sonido natural a la vez que reduce la reverberaci\u00f3n y el ruido ambiental.<\/td>\n<\/tr>\n<tr>\n<td>Dimensiones<\/td>\n<\/tr>\n<tr>\n<td>C\u00e1mara:<\/td>\n<\/tr>\n<tr>\n<td>Altura x anchura x profundidad: 130 mm x 170 mm x 138 mm<\/td>\n<\/tr>\n<tr>\n<td>Peso: 585 g<\/td>\n<\/tr>\n<tr>\n<td>Sistema manos libres:<\/td>\n<\/tr>\n<tr>\n<td>Altura x anchura x profundidad: 240 mm x 65 mm x 240 mm<\/td>\n<\/tr>\n<tr>\n<td>Peso: 1223 g<\/td>\n<\/tr>\n<tr>\n<td>Hub:<\/td>\n<\/tr>\n<tr>\n<td>Altura x anchura x profundidad: 94 mm x 34 mm x 74 mm<\/td>\n<\/tr>\n<tr>\n<td>Peso: 83 g<\/td>\n<\/tr>\n<tr>\n<td>Remoto:<\/td>\n<\/tr>\n<tr>\n<td>Altura x anchura x profundidad: 50 mm x 120 mm x 12 mm<\/td>\n<\/tr>\n<tr>\n<td>Peso: 51 g<\/td>\n<\/tr>\n<tr>\n<td>Soporte para pared\/mesa:<\/td>\n<\/tr>\n<tr>\n<td>Altura x anchura x profundidad: 210 mm x 120 mm x 99 mm<\/td>\n<\/tr>\n<tr>\n<td>Peso: 255 g<\/td>\n<\/tr>\n<tr>\n<td>Micr\u00f3fonos de expansi\u00f3n:<\/td>\n<\/tr>\n<tr>\n<td>Altura x anchura x profundidad: 83 mm x 83 mm x 21 mm<\/td>\n<\/tr>\n<tr>\n<td>Peso: 230 g<\/td>\n<\/tr>\n<tr>\n<td>Requisitos del sistema<\/td>\n<\/tr>\n<tr>\n<td>Windows\u00ae 7, 8.1 o 10<\/td>\n<\/tr>\n<tr>\n<td>Mac os x 10.7 o posterior<\/td>\n<\/tr>\n<tr>\n<td>Especificaciones<\/td>\n<\/tr>\n<tr>\n<td>C\u00e1mara<\/td>\n<\/tr>\n<tr>\n<td>Fluido panor\u00e1mico robotizado<\/td>\n<\/tr>\n<tr>\n<td>Inclinaci\u00f3n y zoom<\/td>\n<\/tr>\n<tr>\n<td>Control con remoto o consola panor\u00e1mico de 260\u00b0<\/td>\n<\/tr>\n<tr>\n<td>Inclinaci\u00f3n de 130 grados<\/td>\n<\/tr>\n<tr>\n<td>Zoom 10x hd sin p\u00e9rdida<\/td>\n<\/tr>\n<tr>\n<td>Campo de visi\u00f3n de 90\u00ba<\/td>\n<\/tr>\n<tr>\n<td>Full hd 1080p 30 fps<\/td>\n<\/tr>\n<tr>\n<td>H.264 uvc 1.5 con codificaci\u00f3n de video escalable (svc)<\/td>\n<\/tr>\n<tr>\n<td>Enfoque autom\u00e1tico 5 opciones de c\u00e1mara predefinidas<\/td>\n<\/tr>\n<tr>\n<td>Control remoto (ptz) de producto conferencecam<\/td>\n<\/tr>\n<tr>\n<td>Kensington security slot<\/td>\n<\/tr>\n<tr>\n<td>Led para confirmar el streaming de video<\/td>\n<\/tr>\n<tr>\n<td>Adaptador para tr\u00edpode est\u00e1ndar<\/td>\n<\/tr>\n<tr>\n<td>Control remoto<\/td>\n<\/tr>\n<tr>\n<td>Acoplable; radio de acci\u00f3n de 8,5 m\/28 ft<\/td>\n<\/tr>\n<tr>\n<td>Sistema manos libres<\/td>\n<\/tr>\n<tr>\n<td>D\u00faplex completo<\/td>\n<\/tr>\n<tr>\n<td>Cancelaci\u00f3n de eco ac\u00fastico<\/td>\n<\/tr>\n<tr>\n<td>Tecnolog\u00eda de reducci\u00f3n de ruido<\/td>\n<\/tr>\n<tr>\n<td>Audio de banda superancha<\/td>\n<\/tr>\n<tr>\n<td>Bluetooth y nfc<\/td>\n<\/tr>\n<tr>\n<td>Lcd para identificaci\u00f3n y duraci\u00f3n de llamadas, y otras funciones de respuesta<\/td>\n<\/tr>\n<tr>\n<td>Indicadores led para streaming, silencio, puesta en espera y bluetooth<\/td>\n<\/tr>\n<tr>\n<td>Controles t\u00e1ctiles para respuesta\/finalizaci\u00f3n de llamada, control de volumen y silencio y bluetooth, m\u00e1s<\/td>\n<\/tr>\n<tr>\n<td>Valor predefinido de \u00bfinicio\u00bf y control remoto ptz<\/td>\n<\/tr>\n<tr>\n<td>Micr\u00f3fonos (tx)<\/td>\n<\/tr>\n<tr>\n<td>Cuatro micr\u00f3fonos omnidireccionales con un radio de acci\u00f3n de 6 metros (20 ft)<\/td>\n<\/tr>\n<tr>\n<td>Respuesta de frecuencia: 100 hz &#8211; 11 khz<\/td>\n<\/tr>\n<tr>\n<td>Sensibilidad: -28 db +\/-3 db<\/td>\n<\/tr>\n<tr>\n<td>Distorsi\u00f3n:  5% de 200 hz<\/td>\n<\/tr>\n<tr>\n<td>Kensington security slot<\/td>\n<\/tr>\n<tr>\n<td>Hub \/ cable<\/td>\n<\/tr>\n<tr>\n<td>Hub montable central para conectar todos los componentes<\/td>\n<\/tr>\n<tr>\n<td>Soluci\u00f3n adhesiva incluida para montaje bajo la mesa<\/td>\n<\/tr>\n<tr>\n<td>Dos cables para conexi\u00f3n entre hub y c\u00e1mara\/sistema manos libres (longitud: 5 m\/16 ft)<\/td>\n<\/tr>\n<tr>\n<td>Cable usb para conexi\u00f3n a pc\/mac (longitud: 2 m\/6,6 ft)<\/td>\n<\/tr>\n<tr>\n<td>Adaptador de alimentaci\u00f3n de ca (longitud: 3 m\/9,8 ft)<\/td>\n<\/tr>\n<tr>\n<td>Soporte<\/td>\n<\/tr>\n<tr>\n<td>Soporte de doble funci\u00f3n para colocaci\u00f3n en pared o en posici\u00f3n elevada sobre una mesa<\/td>\n<\/tr>\n<tr>\n<td>Compatibilidad y herramientas<\/td>\n<\/tr>\n<tr>\n<td>Compatible con usb 2.0<\/td>\n<\/tr>\n<tr>\n<td>Audio y video conformes con uvc para compatibilidad con diversas aplicaciones<\/td>\n<\/tr>\n<tr>\n<td>Certificaci\u00f3n skype for business, compatibilidad con microsoft\u00ae lync\u00ae, cisco jabber\u00ae y webex\u00ae<\/td>\n<\/tr>\n<tr>\n<td>Integraci\u00f3n mejorada con miembros de logitech collaboration program (lcp)<\/td>\n<\/tr>\n<tr>\n<td>Herramienta de diagn\u00f3stico descargable<\/td>\n<\/tr>\n<tr>\n<td>Herramienta de actualizaci\u00f3n de firmware in situ<\/td>\n<\/tr>\n<tr>\n<td>Complementos descargables para funciones avanzadas<\/td>\n<\/tr>\n<tr>\n<td>Esta caja contiene<\/td>\n<\/tr>\n<tr>\n<td>C\u00e1mara<\/td>\n<\/tr>\n<tr>\n<td>Sistema manos libres<\/td>\n<\/tr>\n<tr>\n<td>Control remoto<\/td>\n<\/tr>\n<tr>\n<td>Dos cables de 5 m\/16,4 ft para conectar al hub el sistema manos libres y la c\u00e1mara<\/td>\n<\/tr>\n<tr>\n<td>Cable de 3 m\/9,8 ft entre hub y pc<\/td>\n<\/tr>\n<tr>\n<td>Velcro para sujeci\u00f3n de cables<\/td>\n<\/tr>\n<tr>\n<td>Velcro para fijar el hub a la mesa<\/td>\n<\/tr>\n<tr>\n<td>Hub con alimentaci\u00f3n propia<\/td>\n<\/tr>\n<tr>\n<td>Adaptador de corriente con conectores regionales<\/td>\n<\/tr>\n<tr>\n<td>Soporte<\/td>\n<\/tr>\n<tr>\n<td>Gu\u00eda de inicio r\u00e1pido<\/td>\n<\/tr>\n<tr>\n<td>Tarjeta de garant\u00eda<\/td>\n<\/tr>\n<tr>\n<td>Informaci\u00f3n de garant\u00eda<\/td>\n<\/tr>\n<tr>\n<td>Dos a\u00f1os de garant\u00eda de hardware limitada<\/td>\n<\/tr>\n<tr>\n<td>N\u00famero de referencia<\/td>\n<\/tr>\n<tr>\n<td>N\u00ba de referencia 960-001054<\/td>\n<\/tr>\n<\/table>\n","protected":false},"excerpt":{"rendered":"<p>Sistema de video conferencias group perfecta para grupos de 12 a14 se puedes expandir has 20 personas con un par de microfonos que se venden por separados, ahora es posible oir y ver con toda claridad a los participantes en las reuniones group video hd y audio execpcionalmente nitido. Existen microfonos de expansion opcionales para salas mas grandes. Las funciones avanzadas como las cancelacion de eco acustico, la tecnologia de reduccion de ruido y los controles intuitivos ofrecen un sonido natural.<\/p>\n","protected":false},"featured_media":227318,"comment_status":"open","ping_status":"open","template":"","meta":[],"product_cat":[2011,2012],"product_tag":[1500],"acf":[],"yoast_head":"<!-- This site is optimized with the Yoast SEO plugin v21.7 - https:\/\/yoast.com\/wordpress\/plugins\/seo\/ -->\n<title>[ Logitech ] &#129351; 960-001054 Camara De Videoconferencia Group Fhd 1080p Zoom 10x Hd Campo Visual 90\u00b0 Ideal Para Salas Medianas Y Grandes.<\/title>\n<meta name=\"description\" content=\"Compra 960-001054 Camara De Videoconferencia Group Fhd 1080p Zoom 10x Hd Campo Visual 90\u00b0 Ideal Para Salas Medianas Y Grandes. + Env\u00edo a domicilio + Pago seguro + Garant\u00eda\" \/>\n<meta name=\"robots\" content=\"index, follow, max-snippet:-1, max-image-preview:large, max-video-preview:-1\" \/>\n<link rel=\"canonical\" href=\"https:\/\/compuviper.mx\/tienda\/producto\/logitech-960-001054-camara-de-videoconferencia-group-fhd-1080p-zoom-10x-hd-campo-visual-90-ideal-para-salas-medianas-y-grandes\/\" \/>\n<meta property=\"og:locale\" content=\"es_MX\" \/>\n<meta property=\"og:type\" content=\"article\" \/>\n<meta property=\"og:title\" content=\"[ Logitech ] &#129351; 960-001054 Camara De Videoconferencia Group Fhd 1080p Zoom 10x Hd Campo Visual 90\u00b0 Ideal Para Salas Medianas Y Grandes.\" \/>\n<meta property=\"og:description\" content=\"Compra 960-001054 Camara De Videoconferencia Group Fhd 1080p Zoom 10x Hd Campo Visual 90\u00b0 Ideal Para Salas Medianas Y Grandes. + Env\u00edo a domicilio + Pago seguro + Garant\u00eda\" \/>\n<meta property=\"og:url\" content=\"https:\/\/compuviper.mx\/tienda\/producto\/logitech-960-001054-camara-de-videoconferencia-group-fhd-1080p-zoom-10x-hd-campo-visual-90-ideal-para-salas-medianas-y-grandes\/\" \/>\n<meta property=\"og:site_name\" content=\"Compuviper\" \/>\n<meta property=\"article:publisher\" content=\"https:\/\/www.facebook.com\/compuviper\" \/>\n<meta property=\"og:image\" content=\"https:\/\/compuviper.mx\/tienda\/wp-content\/uploads\/2023\/12\/Logitech-group-sistema-de-videoconferencia-full-hd-manos-libres-para-salas-de-reuniones-medianas-y-grandes.jpg\" \/>\n\t<meta property=\"og:image:width\" content=\"200\" \/>\n\t<meta property=\"og:image:height\" content=\"200\" \/>\n\t<meta property=\"og:image:type\" content=\"image\/jpeg\" \/>\n<meta name=\"twitter:card\" content=\"summary_large_image\" \/>\n<meta name=\"twitter:label1\" content=\"Precio\" \/>\n\t<meta name=\"twitter:data1\" content=\"&#36;19,234 con IVA\" \/>\n\t<meta name=\"twitter:label2\" content=\"Availability\" \/>\n\t<meta name=\"twitter:data2\" content=\"Out of stock\" \/>\n<script type=\"application\/ld+json\" class=\"yoast-schema-graph\">{\"@context\":\"https:\/\/schema.org\",\"@graph\":[{\"@type\":\"WebPage\",\"@id\":\"https:\/\/compuviper.mx\/tienda\/producto\/logitech-960-001054-camara-de-videoconferencia-group-fhd-1080p-zoom-10x-hd-campo-visual-90-ideal-para-salas-medianas-y-grandes\/\",\"url\":\"https:\/\/compuviper.mx\/tienda\/producto\/logitech-960-001054-camara-de-videoconferencia-group-fhd-1080p-zoom-10x-hd-campo-visual-90-ideal-para-salas-medianas-y-grandes\/\",\"name\":\"[ Logitech ] &#129351; 960-001054 Camara De Videoconferencia Group Fhd 1080p Zoom 10x Hd Campo Visual 90\u00b0 Ideal Para Salas Medianas Y Grandes.\",\"isPartOf\":{\"@id\":\"https:\/\/compuviper.mx\/tienda\/#website\"},\"datePublished\":\"2026-04-17T08:30:33+00:00\",\"dateModified\":\"2026-04-17T08:30:33+00:00\",\"description\":\"Compra 960-001054 Camara De Videoconferencia Group Fhd 1080p Zoom 10x Hd Campo Visual 90\u00b0 Ideal Para Salas Medianas Y Grandes. + Env\u00edo a domicilio + Pago seguro + Garant\u00eda\",\"breadcrumb\":{\"@id\":\"https:\/\/compuviper.mx\/tienda\/producto\/logitech-960-001054-camara-de-videoconferencia-group-fhd-1080p-zoom-10x-hd-campo-visual-90-ideal-para-salas-medianas-y-grandes\/#breadcrumb\"},\"inLanguage\":\"es-MX\",\"potentialAction\":[{\"@type\":\"ReadAction\",\"target\":[\"https:\/\/compuviper.mx\/tienda\/producto\/logitech-960-001054-camara-de-videoconferencia-group-fhd-1080p-zoom-10x-hd-campo-visual-90-ideal-para-salas-medianas-y-grandes\/\"]}]},{\"@type\":\"BreadcrumbList\",\"@id\":\"https:\/\/compuviper.mx\/tienda\/producto\/logitech-960-001054-camara-de-videoconferencia-group-fhd-1080p-zoom-10x-hd-campo-visual-90-ideal-para-salas-medianas-y-grandes\/#breadcrumb\",\"itemListElement\":[{\"@type\":\"ListItem\",\"position\":1,\"name\":\"Inicio\",\"item\":\"https:\/\/compuviper.mx\/tienda\/\"},{\"@type\":\"ListItem\",\"position\":2,\"name\":\"Productos\",\"item\":\"https:\/\/compuviper.mx\/tienda\/productos\/\"},{\"@type\":\"ListItem\",\"position\":3,\"name\":\"Videoconferencia\",\"item\":\"https:\/\/compuviper.mx\/tienda\/categoria-producto\/videoconferencia\/\"},{\"@type\":\"ListItem\",\"position\":4,\"name\":\"Sin Categor\u00eda\",\"item\":\"https:\/\/compuviper.mx\/tienda\/categoria-producto\/videoconferencia\/sin-categoria-videoconferencia\/\"},{\"@type\":\"ListItem\",\"position\":5,\"name\":\"Logitech 960-001054 Camara De Videoconferencia Group Fhd 1080p Zoom 10x Hd Campo Visual 90? Ideal Para Salas Medianas Y Grandes.\"}]},{\"@type\":\"WebSite\",\"@id\":\"https:\/\/compuviper.mx\/tienda\/#website\",\"url\":\"https:\/\/compuviper.mx\/tienda\/\",\"name\":\"Compuviper\",\"description\":\"Proveedor de Computadoras, Laptops, Servidores, Monitores, Puntos de Venta, Teclados,   Impresoras, T\u00f3ner, C\u00e1maras de Seguridad y m\u00e1s en tu tienda en l\u00ednea\",\"publisher\":{\"@id\":\"https:\/\/compuviper.mx\/tienda\/#organization\"},\"potentialAction\":[{\"@type\":\"SearchAction\",\"target\":{\"@type\":\"EntryPoint\",\"urlTemplate\":\"https:\/\/compuviper.mx\/tienda\/?s={search_term_string}\"},\"query-input\":\"required name=search_term_string\"}],\"inLanguage\":\"es-MX\"},{\"@type\":\"Organization\",\"@id\":\"https:\/\/compuviper.mx\/tienda\/#organization\",\"name\":\"Compuviper\",\"url\":\"https:\/\/compuviper.mx\/tienda\/\",\"logo\":{\"@type\":\"ImageObject\",\"inLanguage\":\"es-MX\",\"@id\":\"https:\/\/compuviper.mx\/tienda\/#\/schema\/logo\/image\/\",\"url\":\"https:\/\/compuviper.mx\/tienda\/wp-content\/uploads\/2021\/08\/Logo-Compuviper-10.png\",\"contentUrl\":\"https:\/\/compuviper.mx\/tienda\/wp-content\/uploads\/2021\/08\/Logo-Compuviper-10.png\",\"width\":1000,\"height\":500,\"caption\":\"Compuviper\"},\"image\":{\"@id\":\"https:\/\/compuviper.mx\/tienda\/#\/schema\/logo\/image\/\"},\"sameAs\":[\"https:\/\/www.facebook.com\/compuviper\",\"https:\/\/www.youtube.com\/channel\/UCf73dERp9Y3cfOq7q8BhLjA?view_as=subscriber\"]}]}<\/script>\n<meta property=\"product:brand\" content=\"LOGITECH\" \/>\n<meta property=\"product:price:amount\" content=\"19234\" \/>\n<meta property=\"product:price:currency\" content=\"MXN\" \/>\n<meta property=\"og:availability\" content=\"out of stock\" \/>\n<meta property=\"product:availability\" content=\"out of stock\" \/>\n<meta property=\"product:retailer_item_id\" content=\"960-001054\" \/>\n<meta property=\"product:condition\" content=\"new\" \/>\n<!-- \/ Yoast SEO plugin. -->","yoast_head_json":{"title":"[ Logitech ] &#129351; 960-001054 Camara De Videoconferencia Group Fhd 1080p Zoom 10x Hd Campo Visual 90\u00b0 Ideal Para Salas Medianas Y Grandes.","description":"Compra 960-001054 Camara De Videoconferencia Group Fhd 1080p Zoom 10x Hd Campo Visual 90\u00b0 Ideal Para Salas Medianas Y Grandes. + Env\u00edo a domicilio + Pago seguro + Garant\u00eda","robots":{"index":"index","follow":"follow","max-snippet":"max-snippet:-1","max-image-preview":"max-image-preview:large","max-video-preview":"max-video-preview:-1"},"canonical":"https:\/\/compuviper.mx\/tienda\/producto\/logitech-960-001054-camara-de-videoconferencia-group-fhd-1080p-zoom-10x-hd-campo-visual-90-ideal-para-salas-medianas-y-grandes\/","og_locale":"es_MX","og_type":"article","og_title":"[ Logitech ] &#129351; 960-001054 Camara De Videoconferencia Group Fhd 1080p Zoom 10x Hd Campo Visual 90\u00b0 Ideal Para Salas Medianas Y Grandes.","og_description":"Compra 960-001054 Camara De Videoconferencia Group Fhd 1080p Zoom 10x Hd Campo Visual 90\u00b0 Ideal Para Salas Medianas Y Grandes. + Env\u00edo a domicilio + Pago seguro + Garant\u00eda","og_url":"https:\/\/compuviper.mx\/tienda\/producto\/logitech-960-001054-camara-de-videoconferencia-group-fhd-1080p-zoom-10x-hd-campo-visual-90-ideal-para-salas-medianas-y-grandes\/","og_site_name":"Compuviper","article_publisher":"https:\/\/www.facebook.com\/compuviper","og_image":[{"width":200,"height":200,"url":"https:\/\/compuviper.mx\/tienda\/wp-content\/uploads\/2023\/12\/Logitech-group-sistema-de-videoconferencia-full-hd-manos-libres-para-salas-de-reuniones-medianas-y-grandes.jpg","type":"image\/jpeg"}],"twitter_card":"summary_large_image","twitter_misc":{"Precio":"&#36;19,234 con IVA","Availability":"Out of stock"},"schema":{"@context":"https:\/\/schema.org","@graph":[{"@type":"WebPage","@id":"https:\/\/compuviper.mx\/tienda\/producto\/logitech-960-001054-camara-de-videoconferencia-group-fhd-1080p-zoom-10x-hd-campo-visual-90-ideal-para-salas-medianas-y-grandes\/","url":"https:\/\/compuviper.mx\/tienda\/producto\/logitech-960-001054-camara-de-videoconferencia-group-fhd-1080p-zoom-10x-hd-campo-visual-90-ideal-para-salas-medianas-y-grandes\/","name":"[ Logitech ] &#129351; 960-001054 Camara De Videoconferencia Group Fhd 1080p Zoom 10x Hd Campo Visual 90\u00b0 Ideal Para Salas Medianas Y Grandes.","isPartOf":{"@id":"https:\/\/compuviper.mx\/tienda\/#website"},"datePublished":"2026-04-17T08:30:33+00:00","dateModified":"2026-04-17T08:30:33+00:00","description":"Compra 960-001054 Camara De Videoconferencia Group Fhd 1080p Zoom 10x Hd Campo Visual 90\u00b0 Ideal Para Salas Medianas Y Grandes. + Env\u00edo a domicilio + Pago seguro + Garant\u00eda","breadcrumb":{"@id":"https:\/\/compuviper.mx\/tienda\/producto\/logitech-960-001054-camara-de-videoconferencia-group-fhd-1080p-zoom-10x-hd-campo-visual-90-ideal-para-salas-medianas-y-grandes\/#breadcrumb"},"inLanguage":"es-MX","potentialAction":[{"@type":"ReadAction","target":["https:\/\/compuviper.mx\/tienda\/producto\/logitech-960-001054-camara-de-videoconferencia-group-fhd-1080p-zoom-10x-hd-campo-visual-90-ideal-para-salas-medianas-y-grandes\/"]}]},{"@type":"BreadcrumbList","@id":"https:\/\/compuviper.mx\/tienda\/producto\/logitech-960-001054-camara-de-videoconferencia-group-fhd-1080p-zoom-10x-hd-campo-visual-90-ideal-para-salas-medianas-y-grandes\/#breadcrumb","itemListElement":[{"@type":"ListItem","position":1,"name":"Inicio","item":"https:\/\/compuviper.mx\/tienda\/"},{"@type":"ListItem","position":2,"name":"Productos","item":"https:\/\/compuviper.mx\/tienda\/productos\/"},{"@type":"ListItem","position":3,"name":"Videoconferencia","item":"https:\/\/compuviper.mx\/tienda\/categoria-producto\/videoconferencia\/"},{"@type":"ListItem","position":4,"name":"Sin Categor\u00eda","item":"https:\/\/compuviper.mx\/tienda\/categoria-producto\/videoconferencia\/sin-categoria-videoconferencia\/"},{"@type":"ListItem","position":5,"name":"Logitech 960-001054 Camara De Videoconferencia Group Fhd 1080p Zoom 10x Hd Campo Visual 90? Ideal Para Salas Medianas Y Grandes."}]},{"@type":"WebSite","@id":"https:\/\/compuviper.mx\/tienda\/#website","url":"https:\/\/compuviper.mx\/tienda\/","name":"Compuviper","description":"Proveedor de Computadoras, Laptops, Servidores, Monitores, Puntos de Venta, Teclados,   Impresoras, T\u00f3ner, C\u00e1maras de Seguridad y m\u00e1s en tu tienda en l\u00ednea","publisher":{"@id":"https:\/\/compuviper.mx\/tienda\/#organization"},"potentialAction":[{"@type":"SearchAction","target":{"@type":"EntryPoint","urlTemplate":"https:\/\/compuviper.mx\/tienda\/?s={search_term_string}"},"query-input":"required name=search_term_string"}],"inLanguage":"es-MX"},{"@type":"Organization","@id":"https:\/\/compuviper.mx\/tienda\/#organization","name":"Compuviper","url":"https:\/\/compuviper.mx\/tienda\/","logo":{"@type":"ImageObject","inLanguage":"es-MX","@id":"https:\/\/compuviper.mx\/tienda\/#\/schema\/logo\/image\/","url":"https:\/\/compuviper.mx\/tienda\/wp-content\/uploads\/2021\/08\/Logo-Compuviper-10.png","contentUrl":"https:\/\/compuviper.mx\/tienda\/wp-content\/uploads\/2021\/08\/Logo-Compuviper-10.png","width":1000,"height":500,"caption":"Compuviper"},"image":{"@id":"https:\/\/compuviper.mx\/tienda\/#\/schema\/logo\/image\/"},"sameAs":["https:\/\/www.facebook.com\/compuviper","https:\/\/www.youtube.com\/channel\/UCf73dERp9Y3cfOq7q8BhLjA?view_as=subscriber"]}]},"product_brand":"LOGITECH","product_price_amount":"19234","product_price_currency":"MXN","og_availability":"out of stock","product_availability":"out of stock","product_retailer_item_id":"960-001054","product_condition":"new"},"_links":{"self":[{"href":"https:\/\/compuviper.mx\/tienda\/wp-json\/wp\/v2\/product\/227317"}],"collection":[{"href":"https:\/\/compuviper.mx\/tienda\/wp-json\/wp\/v2\/product"}],"about":[{"href":"https:\/\/compuviper.mx\/tienda\/wp-json\/wp\/v2\/types\/product"}],"replies":[{"embeddable":true,"href":"https:\/\/compuviper.mx\/tienda\/wp-json\/wp\/v2\/comments?post=227317"}],"wp:featuredmedia":[{"embeddable":true,"href":"https:\/\/compuviper.mx\/tienda\/wp-json\/wp\/v2\/media\/227318"}],"wp:attachment":[{"href":"https:\/\/compuviper.mx\/tienda\/wp-json\/wp\/v2\/media?parent=227317"}],"wp:term":[{"taxonomy":"product_cat","embeddable":true,"href":"https:\/\/compuviper.mx\/tienda\/wp-json\/wp\/v2\/product_cat?post=227317"},{"taxonomy":"product_tag","embeddable":true,"href":"https:\/\/compuviper.mx\/tienda\/wp-json\/wp\/v2\/product_tag?post=227317"}],"curies":[{"name":"wp","href":"https:\/\/api.w.org\/{rel}","templated":true}]}}