{"id":225617,"date":"2026-04-08T01:59:49","date_gmt":"2026-04-08T07:59:49","guid":{"rendered":"https:\/\/compuviper.mx\/tienda\/producto\/manhattan-179843-audifonos-diadema-usb-mediano-control-integrado\/"},"modified":"2026-04-08T01:59:49","modified_gmt":"2026-04-08T07:59:49","slug":"manhattan-179843-audifonos-diadema-usb-mediano-control-integrado","status":"publish","type":"product","link":"https:\/\/compuviper.mx\/tienda\/producto\/manhattan-179843-audifonos-diadema-usb-mediano-control-integrado\/","title":{"rendered":"Manhattan 179843 Audifonos Diadema, ,, Usb Mediano, Control Integrado"},"content":{"rendered":"<table class=\"descripcion\">\n<tr>\n<td>Los aud\u00edfonos usb est\u00e9reo de manhattan son la mejor herramienta de audio para<\/td>\n<\/tr>\n<tr>\n<td>Aplicaciones de llamadas, como skype, teams o zoom, en todas las plataformas y<\/td>\n<\/tr>\n<tr>\n<td>Sistemas operativos. ya sea que est\u00e9 participando en una llamada en conferencia,<\/td>\n<\/tr>\n<tr>\n<td>Escuchando un seminario web o disfrutando de su lista de reproducci\u00f3n favorita, obtendr\u00e1<\/td>\n<\/tr>\n<tr>\n<td>Siempre una calidad de sonido digital est\u00e9reo clara y confiable gracias a los generosos<\/td>\n<\/tr>\n<tr>\n<td>Conductores de 40 mm.<\/td>\n<\/tr>\n<tr>\n<td>La diadema acolchada y ligera de los aud\u00edfonos usb tiene unos cojines suaves que se<\/td>\n<\/tr>\n<tr>\n<td>Colocan sobre la oreja para proporcionar horas de confort. puede reposicionar f\u00e1cilmente<\/td>\n<\/tr>\n<tr>\n<td>El micr\u00f3fono flexible del lado izquierdo para una mejor captura de voz y luego moverlo<\/td>\n<\/tr>\n<tr>\n<td>Cuando termine de hacer llamadas.<\/td>\n<\/tr>\n<tr>\n<td>Los c\u00f3modos controles ubicados en el cable de los aud\u00edfonos usb facilitan el ajuste del<\/td>\n<\/tr>\n<tr>\n<td>Volumen o el silenciamiento del micr\u00f3fono y los altavoces de forma individual, todo ello sin<\/td>\n<\/tr>\n<tr>\n<td>Interrumpir la llamada o el ritmo de trabajo.<\/td>\n<\/tr>\n<\/table>\n","protected":false},"excerpt":{"rendered":"<p>Features. Audio de alta calidad y gran claridad de llamada, ideal para aplicaciones en casa y. En la oficina. Almohadillas acolchadas para la comodidad durante largos per\u00edodos de uso. Diadema ajustable y acolchada para un c\u00f3modo y seguro posicionamiento. Micr\u00f3fono flexible y retr\u00e1ctil para comunicarte sin tener que usar las manos. Micr\u00f3fono acolchado para eliminar el ruido del estallido al hablar. Control de volumen integrado con botones de micr\u00f3fono y silencio. Una sola conexi\u00f3n usb para el audio y el micr\u00f3fono. Conectividad usb para evitar la deficiencia de la tarjeta de sonido o de los puertos. De audio. Plug and play. Compatible con todos los sistemas operativos. Tres a\u00f1os de garant\u00eda. Especificaciones. Est\u00e1ndares y certificaciones. \u0095 usb 2.0. \u0095 ce. \u0095 fcc. \u0095 rohs. Auriculares. \u0095 impedancia: 32 ohm. \u0095 sensibilidad: 103 db \u00b13 db (a 1 mw \/ 1 khz. \u0095 tama\u00f1o del auricular: 40 mm. \u0095 salida: 30 mw (m\u00e1x.. \u0095 tensi\u00f3n de entrada: 5 v \/ 50 ma. Micr\u00f3fono. \u0095 tipo: unidireccional. \u0095 respuesta de frecuencia: 30 hz &#8211; 16 khz. \u0095 sensibilidad: 58 \u00b13 db. Dise\u00f1o. \u0095 longitud del cable: 1.5 m. \u0095 dimensiones totales: 190 x 170 x 87 mm (7.48 x 6.69 x 3.43 pulg.. \u0095 dimensiones de la almohadilla: 108 x 87 x 40 mm (2.36 x 3.43 x 1.57 pulg.. \u0095 peso: 203 g (7.16 onzas. Requerimientos del sistema. \u0095 un puerto usb-a disponible. Ambiente de operaci\u00f3n. \u0095 temperatura de operaci\u00f3n: 0 &#8211; 40\u00b0c (32 &#8211; 104\u00b0f. \u0095 temperatura de almacenaje: de -20\u00b0 c a 60\u00b0 c. \u0095 humedad (sin condensar): 0 \u0096 96. Contenido del paquete. \u0095 aud\u00edfonos est\u00e9reo usb. \u0095 instructivo<\/p>\n","protected":false},"featured_media":225618,"comment_status":"open","ping_status":"open","template":"","meta":[],"product_cat":[1552,1816],"product_tag":[1487],"acf":[],"yoast_head":"<!-- This site is optimized with the Yoast SEO plugin v21.7 - https:\/\/yoast.com\/wordpress\/plugins\/seo\/ -->\n<title>[ Manhattan ] &#129351; 179843 Audifonos Diadema, ,, Usb Mediano, Control Integrado<\/title>\n<meta name=\"description\" content=\"Compra 179843 Audifonos Diadema, ,, Usb Mediano, Control Integrado + Env\u00edo a domicilio + Pago seguro + Garant\u00eda\" \/>\n<meta name=\"robots\" content=\"index, follow, max-snippet:-1, max-image-preview:large, max-video-preview:-1\" \/>\n<link rel=\"canonical\" href=\"https:\/\/compuviper.mx\/tienda\/producto\/manhattan-179843-audifonos-diadema-usb-mediano-control-integrado\/\" \/>\n<meta property=\"og:locale\" content=\"es_MX\" \/>\n<meta property=\"og:type\" content=\"article\" \/>\n<meta property=\"og:title\" content=\"[ Manhattan ] &#129351; 179843 Audifonos Diadema, ,, Usb Mediano, Control Integrado\" \/>\n<meta property=\"og:description\" content=\"Compra 179843 Audifonos Diadema, ,, Usb Mediano, Control Integrado + Env\u00edo a domicilio + Pago seguro + Garant\u00eda\" \/>\n<meta property=\"og:url\" content=\"https:\/\/compuviper.mx\/tienda\/producto\/manhattan-179843-audifonos-diadema-usb-mediano-control-integrado\/\" \/>\n<meta property=\"og:site_name\" content=\"Compuviper\" \/>\n<meta property=\"article:publisher\" content=\"https:\/\/www.facebook.com\/compuviper\" \/>\n<meta property=\"og:image\" content=\"https:\/\/compuviper.mx\/tienda\/wp-content\/uploads\/2023\/12\/Audifonos-diadema-manhattan179843-usb-mediano-control-integrado.jpg\" \/>\n\t<meta property=\"og:image:width\" content=\"200\" \/>\n\t<meta property=\"og:image:height\" content=\"200\" \/>\n\t<meta property=\"og:image:type\" content=\"image\/jpeg\" \/>\n<meta name=\"twitter:card\" content=\"summary_large_image\" \/>\n<meta name=\"twitter:label1\" content=\"Precio\" \/>\n\t<meta name=\"twitter:data1\" content=\"&#36;252 con IVA\" \/>\n\t<meta name=\"twitter:label2\" content=\"Availability\" \/>\n\t<meta name=\"twitter:data2\" content=\"In stock\" \/>\n<script type=\"application\/ld+json\" class=\"yoast-schema-graph\">{\"@context\":\"https:\/\/schema.org\",\"@graph\":[{\"@type\":\"WebPage\",\"@id\":\"https:\/\/compuviper.mx\/tienda\/producto\/manhattan-179843-audifonos-diadema-usb-mediano-control-integrado\/\",\"url\":\"https:\/\/compuviper.mx\/tienda\/producto\/manhattan-179843-audifonos-diadema-usb-mediano-control-integrado\/\",\"name\":\"[ Manhattan ] &#129351; 179843 Audifonos Diadema, ,, Usb Mediano, Control Integrado\",\"isPartOf\":{\"@id\":\"https:\/\/compuviper.mx\/tienda\/#website\"},\"datePublished\":\"2026-04-08T07:59:49+00:00\",\"dateModified\":\"2026-04-08T07:59:49+00:00\",\"description\":\"Compra 179843 Audifonos Diadema, ,, Usb Mediano, Control Integrado + Env\u00edo a domicilio + Pago seguro + Garant\u00eda\",\"breadcrumb\":{\"@id\":\"https:\/\/compuviper.mx\/tienda\/producto\/manhattan-179843-audifonos-diadema-usb-mediano-control-integrado\/#breadcrumb\"},\"inLanguage\":\"es-MX\",\"potentialAction\":[{\"@type\":\"ReadAction\",\"target\":[\"https:\/\/compuviper.mx\/tienda\/producto\/manhattan-179843-audifonos-diadema-usb-mediano-control-integrado\/\"]}]},{\"@type\":\"BreadcrumbList\",\"@id\":\"https:\/\/compuviper.mx\/tienda\/producto\/manhattan-179843-audifonos-diadema-usb-mediano-control-integrado\/#breadcrumb\",\"itemListElement\":[{\"@type\":\"ListItem\",\"position\":1,\"name\":\"Inicio\",\"item\":\"https:\/\/compuviper.mx\/tienda\/\"},{\"@type\":\"ListItem\",\"position\":2,\"name\":\"Productos\",\"item\":\"https:\/\/compuviper.mx\/tienda\/productos\/\"},{\"@type\":\"ListItem\",\"position\":3,\"name\":\"Audifonos Y Micro\",\"item\":\"https:\/\/compuviper.mx\/tienda\/categoria-producto\/audifonos-y-micro\/\"},{\"@type\":\"ListItem\",\"position\":4,\"name\":\"Audifono Con Microfono\",\"item\":\"https:\/\/compuviper.mx\/tienda\/categoria-producto\/audifonos-y-micro\/audifono-con-microfono\/\"},{\"@type\":\"ListItem\",\"position\":5,\"name\":\"Manhattan 179843 Audifonos Diadema, ,, Usb Mediano, Control Integrado\"}]},{\"@type\":\"WebSite\",\"@id\":\"https:\/\/compuviper.mx\/tienda\/#website\",\"url\":\"https:\/\/compuviper.mx\/tienda\/\",\"name\":\"Compuviper\",\"description\":\"Proveedor de Computadoras, Laptops, Servidores, Monitores, Puntos de Venta, Teclados,   Impresoras, T\u00f3ner, C\u00e1maras de Seguridad y m\u00e1s en tu tienda en l\u00ednea\",\"publisher\":{\"@id\":\"https:\/\/compuviper.mx\/tienda\/#organization\"},\"potentialAction\":[{\"@type\":\"SearchAction\",\"target\":{\"@type\":\"EntryPoint\",\"urlTemplate\":\"https:\/\/compuviper.mx\/tienda\/?s={search_term_string}\"},\"query-input\":\"required name=search_term_string\"}],\"inLanguage\":\"es-MX\"},{\"@type\":\"Organization\",\"@id\":\"https:\/\/compuviper.mx\/tienda\/#organization\",\"name\":\"Compuviper\",\"url\":\"https:\/\/compuviper.mx\/tienda\/\",\"logo\":{\"@type\":\"ImageObject\",\"inLanguage\":\"es-MX\",\"@id\":\"https:\/\/compuviper.mx\/tienda\/#\/schema\/logo\/image\/\",\"url\":\"https:\/\/compuviper.mx\/tienda\/wp-content\/uploads\/2021\/08\/Logo-Compuviper-10.png\",\"contentUrl\":\"https:\/\/compuviper.mx\/tienda\/wp-content\/uploads\/2021\/08\/Logo-Compuviper-10.png\",\"width\":1000,\"height\":500,\"caption\":\"Compuviper\"},\"image\":{\"@id\":\"https:\/\/compuviper.mx\/tienda\/#\/schema\/logo\/image\/\"},\"sameAs\":[\"https:\/\/www.facebook.com\/compuviper\",\"https:\/\/www.youtube.com\/channel\/UCf73dERp9Y3cfOq7q8BhLjA?view_as=subscriber\"]}]}<\/script>\n<meta property=\"product:brand\" content=\"MANHATTAN\" \/>\n<meta property=\"product:price:amount\" content=\"252\" \/>\n<meta property=\"product:price:currency\" content=\"MXN\" \/>\n<meta property=\"og:availability\" content=\"instock\" \/>\n<meta property=\"product:availability\" content=\"instock\" \/>\n<meta property=\"product:retailer_item_id\" content=\"179843\" \/>\n<meta property=\"product:condition\" content=\"new\" \/>\n<!-- \/ Yoast SEO plugin. -->","yoast_head_json":{"title":"[ Manhattan ] &#129351; 179843 Audifonos Diadema, ,, Usb Mediano, Control Integrado","description":"Compra 179843 Audifonos Diadema, ,, Usb Mediano, Control Integrado + Env\u00edo a domicilio + Pago seguro + Garant\u00eda","robots":{"index":"index","follow":"follow","max-snippet":"max-snippet:-1","max-image-preview":"max-image-preview:large","max-video-preview":"max-video-preview:-1"},"canonical":"https:\/\/compuviper.mx\/tienda\/producto\/manhattan-179843-audifonos-diadema-usb-mediano-control-integrado\/","og_locale":"es_MX","og_type":"article","og_title":"[ Manhattan ] &#129351; 179843 Audifonos Diadema, ,, Usb Mediano, Control Integrado","og_description":"Compra 179843 Audifonos Diadema, ,, Usb Mediano, Control Integrado + Env\u00edo a domicilio + Pago seguro + Garant\u00eda","og_url":"https:\/\/compuviper.mx\/tienda\/producto\/manhattan-179843-audifonos-diadema-usb-mediano-control-integrado\/","og_site_name":"Compuviper","article_publisher":"https:\/\/www.facebook.com\/compuviper","og_image":[{"width":200,"height":200,"url":"https:\/\/compuviper.mx\/tienda\/wp-content\/uploads\/2023\/12\/Audifonos-diadema-manhattan179843-usb-mediano-control-integrado.jpg","type":"image\/jpeg"}],"twitter_card":"summary_large_image","twitter_misc":{"Precio":"&#36;252 con IVA","Availability":"In stock"},"schema":{"@context":"https:\/\/schema.org","@graph":[{"@type":"WebPage","@id":"https:\/\/compuviper.mx\/tienda\/producto\/manhattan-179843-audifonos-diadema-usb-mediano-control-integrado\/","url":"https:\/\/compuviper.mx\/tienda\/producto\/manhattan-179843-audifonos-diadema-usb-mediano-control-integrado\/","name":"[ Manhattan ] &#129351; 179843 Audifonos Diadema, ,, Usb Mediano, Control Integrado","isPartOf":{"@id":"https:\/\/compuviper.mx\/tienda\/#website"},"datePublished":"2026-04-08T07:59:49+00:00","dateModified":"2026-04-08T07:59:49+00:00","description":"Compra 179843 Audifonos Diadema, ,, Usb Mediano, Control Integrado + Env\u00edo a domicilio + Pago seguro + Garant\u00eda","breadcrumb":{"@id":"https:\/\/compuviper.mx\/tienda\/producto\/manhattan-179843-audifonos-diadema-usb-mediano-control-integrado\/#breadcrumb"},"inLanguage":"es-MX","potentialAction":[{"@type":"ReadAction","target":["https:\/\/compuviper.mx\/tienda\/producto\/manhattan-179843-audifonos-diadema-usb-mediano-control-integrado\/"]}]},{"@type":"BreadcrumbList","@id":"https:\/\/compuviper.mx\/tienda\/producto\/manhattan-179843-audifonos-diadema-usb-mediano-control-integrado\/#breadcrumb","itemListElement":[{"@type":"ListItem","position":1,"name":"Inicio","item":"https:\/\/compuviper.mx\/tienda\/"},{"@type":"ListItem","position":2,"name":"Productos","item":"https:\/\/compuviper.mx\/tienda\/productos\/"},{"@type":"ListItem","position":3,"name":"Audifonos Y Micro","item":"https:\/\/compuviper.mx\/tienda\/categoria-producto\/audifonos-y-micro\/"},{"@type":"ListItem","position":4,"name":"Audifono Con Microfono","item":"https:\/\/compuviper.mx\/tienda\/categoria-producto\/audifonos-y-micro\/audifono-con-microfono\/"},{"@type":"ListItem","position":5,"name":"Manhattan 179843 Audifonos Diadema, ,, Usb Mediano, Control Integrado"}]},{"@type":"WebSite","@id":"https:\/\/compuviper.mx\/tienda\/#website","url":"https:\/\/compuviper.mx\/tienda\/","name":"Compuviper","description":"Proveedor de Computadoras, Laptops, Servidores, Monitores, Puntos de Venta, Teclados,   Impresoras, T\u00f3ner, C\u00e1maras de Seguridad y m\u00e1s en tu tienda en l\u00ednea","publisher":{"@id":"https:\/\/compuviper.mx\/tienda\/#organization"},"potentialAction":[{"@type":"SearchAction","target":{"@type":"EntryPoint","urlTemplate":"https:\/\/compuviper.mx\/tienda\/?s={search_term_string}"},"query-input":"required name=search_term_string"}],"inLanguage":"es-MX"},{"@type":"Organization","@id":"https:\/\/compuviper.mx\/tienda\/#organization","name":"Compuviper","url":"https:\/\/compuviper.mx\/tienda\/","logo":{"@type":"ImageObject","inLanguage":"es-MX","@id":"https:\/\/compuviper.mx\/tienda\/#\/schema\/logo\/image\/","url":"https:\/\/compuviper.mx\/tienda\/wp-content\/uploads\/2021\/08\/Logo-Compuviper-10.png","contentUrl":"https:\/\/compuviper.mx\/tienda\/wp-content\/uploads\/2021\/08\/Logo-Compuviper-10.png","width":1000,"height":500,"caption":"Compuviper"},"image":{"@id":"https:\/\/compuviper.mx\/tienda\/#\/schema\/logo\/image\/"},"sameAs":["https:\/\/www.facebook.com\/compuviper","https:\/\/www.youtube.com\/channel\/UCf73dERp9Y3cfOq7q8BhLjA?view_as=subscriber"]}]},"product_brand":"MANHATTAN","product_price_amount":"252","product_price_currency":"MXN","og_availability":"instock","product_availability":"instock","product_retailer_item_id":"179843","product_condition":"new"},"_links":{"self":[{"href":"https:\/\/compuviper.mx\/tienda\/wp-json\/wp\/v2\/product\/225617"}],"collection":[{"href":"https:\/\/compuviper.mx\/tienda\/wp-json\/wp\/v2\/product"}],"about":[{"href":"https:\/\/compuviper.mx\/tienda\/wp-json\/wp\/v2\/types\/product"}],"replies":[{"embeddable":true,"href":"https:\/\/compuviper.mx\/tienda\/wp-json\/wp\/v2\/comments?post=225617"}],"wp:featuredmedia":[{"embeddable":true,"href":"https:\/\/compuviper.mx\/tienda\/wp-json\/wp\/v2\/media\/225618"}],"wp:attachment":[{"href":"https:\/\/compuviper.mx\/tienda\/wp-json\/wp\/v2\/media?parent=225617"}],"wp:term":[{"taxonomy":"product_cat","embeddable":true,"href":"https:\/\/compuviper.mx\/tienda\/wp-json\/wp\/v2\/product_cat?post=225617"},{"taxonomy":"product_tag","embeddable":true,"href":"https:\/\/compuviper.mx\/tienda\/wp-json\/wp\/v2\/product_tag?post=225617"}],"curies":[{"name":"wp","href":"https:\/\/api.w.org\/{rel}","templated":true}]}}