{"id":225513,"date":"2026-04-08T01:59:42","date_gmt":"2026-04-08T07:59:42","guid":{"rendered":"https:\/\/compuviper.mx\/tienda\/producto\/logitech-980-001300-bocinas-g560-para-gaming-negras-2-1-120-watts-rms-lightsync-iluminacion-rgbsonido-envolvente-dtsx-ultra-compatible-con-usb-35-mm-y-bluetooth\/"},"modified":"2026-04-08T01:59:43","modified_gmt":"2026-04-08T07:59:43","slug":"logitech-980-001300-bocinas-g560-para-gaming-negras-2-1-120-watts-rms-lightsync-iluminacion-rgbsonido-envolvente-dtsx-ultra-compatible-con-usb-35-mm-y-bluetooth","status":"publish","type":"product","link":"https:\/\/compuviper.mx\/tienda\/producto\/logitech-980-001300-bocinas-g560-para-gaming-negras-2-1-120-watts-rms-lightsync-iluminacion-rgbsonido-envolvente-dtsx-ultra-compatible-con-usb-35-mm-y-bluetooth\/","title":{"rendered":"Logitech 980-001300 Bocinas  G560 Para Gaming Negras 2.1, 120 Watts Rms, Lightsync Iluminacion Rgb,sonido Envolvente Dtsx Ultra, Compatible Con Usb, 3,5 Mm Y Bluetooth"},"content":{"rendered":"<table class=\"descripcion\">\n<tr>\n<td>Saca tus juegos a la luz<\/td>\n<\/tr>\n<tr>\n<td>Experiencia rgb personalizada para t\u00edtulos populares<\/td>\n<\/tr>\n<tr>\n<td>Proyecta el mundo del juego en tu habitaci\u00f3n. los desarrolladores de juegos trabajan con nuestro sdk rgb al programar los efectos de color y animaci\u00f3n de cada juego para realzar con rgb los espectaculares momentos que crean. tus juegos favoritos. a plena luz.<\/td>\n<\/tr>\n<tr>\n<td>Juegos que emanan del monitor<\/td>\n<\/tr>\n<tr>\n<td>La muestra de pantalla personalizable propaga el color<\/td>\n<\/tr>\n<tr>\n<td>Elige un \u00e1rea del monitor y as\u00edgnala a cualquiera de las cuatro zonas de iluminaci\u00f3n usando logitech gaming software (lgs). g560 lo detectar\u00e1 en tiempo real y combinar\u00e1 la iluminaci\u00f3n de los altavoces con los colores en pantalla. el resultado es una sorprendente iluminaci\u00f3n ambiental que impregna la habitaci\u00f3n.<\/td>\n<\/tr>\n<tr>\n<td>Visualizador de audio<\/td>\n<\/tr>\n<tr>\n<td>Iluminaci\u00f3n de espectro completo seg\u00fan la m\u00fasica<\/td>\n<\/tr>\n<tr>\n<td>Ve tu m\u00fasica. usa una conexi\u00f3n bluetooth, de toma de 3,5 mm o usb para activar el visualizador de audio g560 y dar vida a tu m\u00fasica. la respuesta de bajo volumen es un efecto de respiraci\u00f3n suave. la iluminaci\u00f3n de alto volumen emite pulsos r\u00edtmicos, las luces posteriores representan los tonos graves y las frontales los medios y los agudos. usa una conexi\u00f3n usb y logitech gaming software para personalizar colores y efectos de iluminaci\u00f3n.<\/td>\n<\/tr>\n<tr>\n<td>240 vatios de potente sonido<\/td>\n<\/tr>\n<tr>\n<td>Sonido envolvente desde todos los \u00e1ngulos<\/td>\n<\/tr>\n<tr>\n<td>Siente la acci\u00f3n explosiva de 240 vatios de pico (120 vatios reales) del subwoofer con salida inferior y dos altavoces sat\u00e9lite con ligeros pero robustos transductores met\u00e1licos. oye todos los detalles tal y como los imaginaron los dise\u00f1adores de juegos y sonido de este sistema de altavoces 2.1. desde diversos \u00e1ngulos, gracias al exclusivo dise\u00f1o de transductor con un enorme espacio sonoro<\/td>\n<\/tr>\n<tr>\n<td>Sonido envolvente dts:x ultra<\/td>\n<\/tr>\n<tr>\n<td>Audio posicional de pr\u00f3xima generaci\u00f3n<\/td>\n<\/tr>\n<tr>\n<td>La intensidad que quieres con el extra necesario del audio posicional preciso. dts:x ultra crea un espacio sonoro 3d para que oigas el entorno de juego desde cualquier \u00e1ngulo. y con dts:x ultra las fuentes de m\u00fasica multicanal como 5.1 o 7.1 envolventes se convierten en una experiencia multidimensional. cada canal de la mezcla ocupa una posici\u00f3n espec\u00edfica, para mayor realismo<\/td>\n<\/tr>\n<tr>\n<td>Un altavoz para todo tu audio<\/td>\n<\/tr>\n<tr>\n<td>Compatible con usb, 3,5 mm y bluetooth<\/td>\n<\/tr>\n<tr>\n<td>Mejora tu equipo con una soluci\u00f3n de audio vers\u00e1til y de f\u00e1cil acceso. g560 se conecta a varias fuentes y usa combinadamente usb, 3,5 mm y bluetooth\u00ae. se requiere una conexi\u00f3n usb para audio genuinamente digital, rgb lightsync y sonido envolvente dts:x ultra\u00ae. con logitech easy-switch\u00bf puedes alternar f\u00e1cilmente entre 4 dispositivo conectados.<\/td>\n<\/tr>\n<tr>\n<td>Logitech gaming software<\/td>\n<\/tr>\n<tr>\n<td>Integraci\u00f3n de juego y efectos de iluminaci\u00f3n personalizados<\/td>\n<\/tr>\n<tr>\n<td>La iluminaci\u00f3n determinada por el juego se activa autom\u00e1ticamente. t\u00fa simplemente escaneas y agregas juegos en lgs y g560 se encarga del resto. con lgs puedes personalizar el color y los efectos de la visualizaci\u00f3n de audio, y una muestra de pantalla que lee los p\u00edxeles y combina colores de forma din\u00e1mica. elige una secci\u00f3n cualquiera de la pantalla y as\u00edgnala a una de las cuatro \u00e1reas: izquierda, derecha, frontal y posterior. la tecla g tambi\u00e9n se puede programar para activar comandos personalizados para cualquier aplicaci\u00f3n.<\/td>\n<\/tr>\n<tr>\n<td>Dise\u00f1ado para rebasar l\u00edmites<\/td>\n<\/tr>\n<tr>\n<td>El primer altavoz rgb de su clase<\/td>\n<\/tr>\n<tr>\n<td>Siente los juegos y la m\u00fasica de una forma totalmente nueva. dos zonas de iluminaci\u00f3n por altavoz ofrecen proyecci\u00f3n posterior para crear ambiente en el entorno y las dos zonas frontales aportan la iluminaci\u00f3n m\u00e1s activa e informativa. con lgs puedes personalizar unos 16,8 millones de colores seg\u00fan tus ajustes y estilo propios. deja que la muestra de pantalla programable reaccione al monitor para proyectar en la habitaci\u00f3n cualquier color en pantalla.<\/td>\n<\/tr>\n<tr>\n<td>Controles muy a mano<\/td>\n<\/tr>\n<tr>\n<td>Juego personalizado<\/td>\n<\/tr>\n<tr>\n<td>G560 tambi\u00e9n act\u00faa como centro de control de audio. el control de volumen es frontal y central. el emparejamiento bluetooth se realiza con una simple pulsaci\u00f3n. la tecla g programable recorre de forma predeterminada los valores de brillo del color y permite activar cualquier cosa: desde una habilidad especial en un juego hasta una aplicaci\u00f3n de audio a trav\u00e9s de lgs. el bot\u00f3n de encendido tambi\u00e9n est\u00e1 f\u00e1cilmente accesible, en la parte posterior del altavoz sat\u00e9lite derecho.<\/td>\n<\/tr>\n<tr>\n<td>Contenido de la caja<\/td>\n<\/tr>\n<tr>\n<td>Altavoces para juegos en pc g560 lightsync<\/td>\n<\/tr>\n<tr>\n<td>Dos altavoces sat\u00e9lite<\/td>\n<\/tr>\n<tr>\n<td>Un subwoofer con cable de alimentaci\u00f3n<\/td>\n<\/tr>\n<tr>\n<td>Cable usb<\/td>\n<\/tr>\n<tr>\n<td>Documentaci\u00f3n del usuario<\/td>\n<\/tr>\n<tr>\n<td>Especificaciones<\/td>\n<\/tr>\n<tr>\n<td>N\u00famero de referencia<\/td>\n<\/tr>\n<tr>\n<td>Negro: 980-001300<\/td>\n<\/tr>\n<tr>\n<td>Informaci\u00f3n de garant\u00eda<\/td>\n<\/tr>\n<tr>\n<td>Dos a\u00f1os de garant\u00eda de hardware limitada<\/td>\n<\/tr>\n<tr>\n<td>Requisitos del sistema<\/td>\n<\/tr>\n<tr>\n<td>Windows\u00ae 10, windows 8.1 o windows 7<\/td>\n<\/tr>\n<tr>\n<td>Macos x (no se admite dts:x)<\/td>\n<\/tr>\n<tr>\n<td>Puerto usb para pc o puerto de audio de 3,5 mm para pc y dispositivos m\u00f3viles<\/td>\n<\/tr>\n<tr>\n<td>Dispositivos con bluetooth, entre ellos computadoras, smartphones, tablets y reproductores de m\u00fasica<\/td>\n<\/tr>\n<tr>\n<td>Conexi\u00f3n a internet para instalaci\u00f3n de logitech gaming software y dts:x2<\/td>\n<\/tr>\n<tr>\n<td>Contenido de la caja<\/td>\n<\/tr>\n<tr>\n<td>Dos altavoces sat\u00e9lite<\/td>\n<\/tr>\n<tr>\n<td>Un subwoofer con cable de alimentaci\u00f3n<\/td>\n<\/tr>\n<tr>\n<td>Cable usb<\/td>\n<\/tr>\n<tr>\n<td>Documentaci\u00f3n del usuario<\/td>\n<\/tr>\n<tr>\n<td>Especificaciones f\u00edsicas<\/td>\n<\/tr>\n<tr>\n<td>Subwoofer:<\/td>\n<\/tr>\n<tr>\n<td>Altura: 404 mm<\/td>\n<\/tr>\n<tr>\n<td>Anchura: 255 mm<\/td>\n<\/tr>\n<tr>\n<td>Profundidad: 207 mm<\/td>\n<\/tr>\n<tr>\n<td>Peso: 5,5 kg<\/td>\n<\/tr>\n<tr>\n<td>Altavoces sat\u00e9lite:<\/td>\n<\/tr>\n<tr>\n<td>Altura: 148 mm<\/td>\n<\/tr>\n<tr>\n<td>Anchura: 166 mm<\/td>\n<\/tr>\n<tr>\n<td>Profundidad: 118 mm<\/td>\n<\/tr>\n<tr>\n<td>Peso (par): 1,79 kg<\/td>\n<\/tr>\n<tr>\n<td>Peso total: 7,27 kg<\/td>\n<\/tr>\n<tr>\n<td>Especificaciones t\u00e9cnicas<\/td>\n<\/tr>\n<tr>\n<td>Total de vatios reales: 240 w<\/td>\n<\/tr>\n<tr>\n<td>Total de vatios reales: 120 w<\/td>\n<\/tr>\n<tr>\n<td>Bluetooth versi\u00f3n 4.1<\/td>\n<\/tr>\n<tr>\n<td>Confiable radio de acci\u00f3n de 25 metros con l\u00ednea de visi\u00f3n directa<\/td>\n<\/tr>\n<tr>\n<td>Entrada usb x 1<\/td>\n<\/tr>\n<tr>\n<td>Toma de aud\u00edfonos x 1<\/td>\n<\/tr>\n<tr>\n<td>Los botones de emparejamiento bluetooth y de encendido se encuentran en la parte posterior del altavoz derecho. la tecla g y los controles de volumen se encuentran en la parte superior del altavoz derecho.<\/td>\n<\/tr>\n<tr>\n<td>Respuesta de frecuencia: 40 hz &#8211; 18 khz<\/td>\n<\/tr>\n<tr>\n<td>Spl m\u00e1x.: 97 db a 426 b<\/td>\n<\/tr>\n<tr>\n<td>Sensibilidad: 84 db a 1 m\/1 w<\/td>\n<\/tr>\n<tr>\n<td>Impedancia de entrada:   10.000 ohmios<\/td>\n<\/tr>\n<tr>\n<td>Tipo de conexi\u00f3n: usb, 3,5 mm, bluetooth<\/td>\n<\/tr>\n<tr>\n<td>Indicadores luminosos (led): zonas de iluminaci\u00f3n posterior y frontal<\/td>\n<\/tr>\n<tr>\n<td>Radio de acci\u00f3n inal\u00e1mbrico: 25 metros con l\u00ednea de visi\u00f3n directa<\/td>\n<\/tr>\n<tr>\n<td>Tama\u00f1o de transductor:<\/td>\n<\/tr>\n<tr>\n<td>Sat\u00e9lite: 63,5 mm<\/td>\n<\/tr>\n<tr>\n<td>Subwoofer: 165 mm<\/td>\n<\/tr>\n<tr>\n<td>Impedancia de entrada:  10.000 ohmios<\/td>\n<\/tr>\n<tr>\n<td>Nivel de presi\u00f3n de sonido (spl m\u00e1x.): 97 db a 426 b<\/td>\n<\/tr>\n<tr>\n<td>Controles de audio: en altavoz sat\u00e9lite derecho<\/td>\n<\/tr>\n<tr>\n<td>Salida de audio: toma de aud\u00edfonos de 3,5 mm en el altavoz sat\u00e9lite derecho<\/td>\n<\/tr>\n<tr>\n<td>Tipo de altavoz: 2.1<\/td>\n<\/tr>\n<tr>\n<td>Longitud de cable (alimentaci\u00f3n\/carga):<\/td>\n<\/tr>\n<tr>\n<td>Alimentaci\u00f3n: 2.200 mm<\/td>\n<\/tr>\n<tr>\n<td>Sat\u00e9lite derecho a subwoofer = 2.200 mm<\/td>\n<\/tr>\n<tr>\n<td>Sat\u00e9lite izquierdo a subwoofer = 2.200 mm<\/td>\n<\/tr>\n<tr>\n<td>Longitud de cable usb = 2500 mm<\/td>\n<\/tr>\n<\/table>\n","protected":false},"excerpt":{"rendered":"<p>Bocinas 2.1 canales para gaming en pc, lightsync  iluminaci\u00f3n rgb que reacciona a los juegos. Experimenta nuevos niveles de intensidad de juego. Rgb lightsync te sumerge en la acci\u00f3n con efectos de iluminaci\u00f3n determinados por el juego que reaccionan a muchos juegos populares. Lightsync emitir\u00e1 r\u00e1fagas de luz para representar explosiones, acosos del enemigo, da\u00f1os sufridos, recuperaciones, nuevos mundos visitados, etc.<\/p>\n","protected":false},"featured_media":225514,"comment_status":"open","ping_status":"open","template":"","meta":[],"product_cat":[1817,1820],"product_tag":[1500],"acf":[],"yoast_head":"<!-- This site is optimized with the Yoast SEO plugin v21.7 - https:\/\/yoast.com\/wordpress\/plugins\/seo\/ -->\n<title>[ Logitech ] &#129351; 980-001300 Bocinas G560 Para Gaming Negras 2.1, 120 Watts Rms, Lightsync Iluminacion Rgb,sonido Envolvente Dtsx Ultra, Compatible Con Usb, 3,5 Mm Y Bluetooth<\/title>\n<meta name=\"description\" content=\"Compra 980-001300 Bocinas G560 Para Gaming Negras 2.1, 120 Watts Rms, Lightsync Iluminacion Rgb,sonido Envolvente Dtsx Ultra, Compatible Con Usb, 3,5 Mm Y Bluetooth + Env\u00edo a domicilio + Pago seguro + Garant\u00eda\" \/>\n<meta name=\"robots\" content=\"index, follow, max-snippet:-1, max-image-preview:large, max-video-preview:-1\" \/>\n<link rel=\"canonical\" href=\"https:\/\/compuviper.mx\/tienda\/producto\/logitech-980-001300-bocinas-g560-para-gaming-negras-2-1-120-watts-rms-lightsync-iluminacion-rgbsonido-envolvente-dtsx-ultra-compatible-con-usb-35-mm-y-bluetooth\/\" \/>\n<meta property=\"og:locale\" content=\"es_MX\" \/>\n<meta property=\"og:type\" content=\"article\" \/>\n<meta property=\"og:title\" content=\"[ Logitech ] &#129351; 980-001300 Bocinas G560 Para Gaming Negras 2.1, 120 Watts Rms, Lightsync Iluminacion Rgb,sonido Envolvente Dtsx Ultra, Compatible Con Usb, 3,5 Mm Y Bluetooth\" \/>\n<meta property=\"og:description\" content=\"Compra 980-001300 Bocinas G560 Para Gaming Negras 2.1, 120 Watts Rms, Lightsync Iluminacion Rgb,sonido Envolvente Dtsx Ultra, Compatible Con Usb, 3,5 Mm Y Bluetooth + Env\u00edo a domicilio + Pago seguro + Garant\u00eda\" \/>\n<meta property=\"og:url\" content=\"https:\/\/compuviper.mx\/tienda\/producto\/logitech-980-001300-bocinas-g560-para-gaming-negras-2-1-120-watts-rms-lightsync-iluminacion-rgbsonido-envolvente-dtsx-ultra-compatible-con-usb-35-mm-y-bluetooth\/\" \/>\n<meta property=\"og:site_name\" content=\"Compuviper\" \/>\n<meta property=\"article:publisher\" content=\"https:\/\/www.facebook.com\/compuviper\" \/>\n<meta property=\"article:modified_time\" content=\"2026-04-08T07:59:43+00:00\" \/>\n<meta property=\"og:image\" content=\"https:\/\/compuviper.mx\/tienda\/wp-content\/uploads\/2023\/12\/Bocinas-logitech-g560-para-gaming-negras-2.1-120-watts-rms-lightsync-iluminacion-rgbsonido-envolvente-dtsx-ultra-compatible-con-usb-35-mm-y-bluetooth.jpg\" \/>\n\t<meta property=\"og:image:width\" content=\"200\" \/>\n\t<meta property=\"og:image:height\" content=\"200\" \/>\n\t<meta property=\"og:image:type\" content=\"image\/jpeg\" \/>\n<meta name=\"twitter:card\" content=\"summary_large_image\" \/>\n<meta name=\"twitter:label1\" content=\"Precio\" \/>\n\t<meta name=\"twitter:data1\" content=\"&#36;4,676 con IVA\" \/>\n\t<meta name=\"twitter:label2\" content=\"Availability\" \/>\n\t<meta name=\"twitter:data2\" content=\"Out of stock\" \/>\n<script type=\"application\/ld+json\" class=\"yoast-schema-graph\">{\"@context\":\"https:\/\/schema.org\",\"@graph\":[{\"@type\":\"WebPage\",\"@id\":\"https:\/\/compuviper.mx\/tienda\/producto\/logitech-980-001300-bocinas-g560-para-gaming-negras-2-1-120-watts-rms-lightsync-iluminacion-rgbsonido-envolvente-dtsx-ultra-compatible-con-usb-35-mm-y-bluetooth\/\",\"url\":\"https:\/\/compuviper.mx\/tienda\/producto\/logitech-980-001300-bocinas-g560-para-gaming-negras-2-1-120-watts-rms-lightsync-iluminacion-rgbsonido-envolvente-dtsx-ultra-compatible-con-usb-35-mm-y-bluetooth\/\",\"name\":\"[ Logitech ] &#129351; 980-001300 Bocinas G560 Para Gaming Negras 2.1, 120 Watts Rms, Lightsync Iluminacion Rgb,sonido Envolvente Dtsx Ultra, Compatible Con Usb, 3,5 Mm Y Bluetooth\",\"isPartOf\":{\"@id\":\"https:\/\/compuviper.mx\/tienda\/#website\"},\"datePublished\":\"2026-04-08T07:59:42+00:00\",\"dateModified\":\"2026-04-08T07:59:43+00:00\",\"description\":\"Compra 980-001300 Bocinas G560 Para Gaming Negras 2.1, 120 Watts Rms, Lightsync Iluminacion Rgb,sonido Envolvente Dtsx Ultra, Compatible Con Usb, 3,5 Mm Y Bluetooth + Env\u00edo a domicilio + Pago seguro + Garant\u00eda\",\"breadcrumb\":{\"@id\":\"https:\/\/compuviper.mx\/tienda\/producto\/logitech-980-001300-bocinas-g560-para-gaming-negras-2-1-120-watts-rms-lightsync-iluminacion-rgbsonido-envolvente-dtsx-ultra-compatible-con-usb-35-mm-y-bluetooth\/#breadcrumb\"},\"inLanguage\":\"es-MX\",\"potentialAction\":[{\"@type\":\"ReadAction\",\"target\":[\"https:\/\/compuviper.mx\/tienda\/producto\/logitech-980-001300-bocinas-g560-para-gaming-negras-2-1-120-watts-rms-lightsync-iluminacion-rgbsonido-envolvente-dtsx-ultra-compatible-con-usb-35-mm-y-bluetooth\/\"]}]},{\"@type\":\"BreadcrumbList\",\"@id\":\"https:\/\/compuviper.mx\/tienda\/producto\/logitech-980-001300-bocinas-g560-para-gaming-negras-2-1-120-watts-rms-lightsync-iluminacion-rgbsonido-envolvente-dtsx-ultra-compatible-con-usb-35-mm-y-bluetooth\/#breadcrumb\",\"itemListElement\":[{\"@type\":\"ListItem\",\"position\":1,\"name\":\"Inicio\",\"item\":\"https:\/\/compuviper.mx\/tienda\/\"},{\"@type\":\"ListItem\",\"position\":2,\"name\":\"Productos\",\"item\":\"https:\/\/compuviper.mx\/tienda\/productos\/\"},{\"@type\":\"ListItem\",\"position\":3,\"name\":\"Bocinas\",\"item\":\"https:\/\/compuviper.mx\/tienda\/categoria-producto\/bocinas\/\"},{\"@type\":\"ListItem\",\"position\":4,\"name\":\"Bocina Con Subwoofer\",\"item\":\"https:\/\/compuviper.mx\/tienda\/categoria-producto\/bocinas\/bocina-con-subwoofer\/\"},{\"@type\":\"ListItem\",\"position\":5,\"name\":\"Logitech 980-001300 Bocinas G560 Para Gaming Negras 2.1, 120 Watts Rms, Lightsync Iluminacion Rgb,sonido Envolvente Dtsx Ultra, Compatible Con Usb, 3,5 Mm Y Bluetooth\"}]},{\"@type\":\"WebSite\",\"@id\":\"https:\/\/compuviper.mx\/tienda\/#website\",\"url\":\"https:\/\/compuviper.mx\/tienda\/\",\"name\":\"Compuviper\",\"description\":\"Proveedor de Computadoras, Laptops, Servidores, Monitores, Puntos de Venta, Teclados,   Impresoras, T\u00f3ner, C\u00e1maras de Seguridad y m\u00e1s en tu tienda en l\u00ednea\",\"publisher\":{\"@id\":\"https:\/\/compuviper.mx\/tienda\/#organization\"},\"potentialAction\":[{\"@type\":\"SearchAction\",\"target\":{\"@type\":\"EntryPoint\",\"urlTemplate\":\"https:\/\/compuviper.mx\/tienda\/?s={search_term_string}\"},\"query-input\":\"required name=search_term_string\"}],\"inLanguage\":\"es-MX\"},{\"@type\":\"Organization\",\"@id\":\"https:\/\/compuviper.mx\/tienda\/#organization\",\"name\":\"Compuviper\",\"url\":\"https:\/\/compuviper.mx\/tienda\/\",\"logo\":{\"@type\":\"ImageObject\",\"inLanguage\":\"es-MX\",\"@id\":\"https:\/\/compuviper.mx\/tienda\/#\/schema\/logo\/image\/\",\"url\":\"https:\/\/compuviper.mx\/tienda\/wp-content\/uploads\/2021\/08\/Logo-Compuviper-10.png\",\"contentUrl\":\"https:\/\/compuviper.mx\/tienda\/wp-content\/uploads\/2021\/08\/Logo-Compuviper-10.png\",\"width\":1000,\"height\":500,\"caption\":\"Compuviper\"},\"image\":{\"@id\":\"https:\/\/compuviper.mx\/tienda\/#\/schema\/logo\/image\/\"},\"sameAs\":[\"https:\/\/www.facebook.com\/compuviper\",\"https:\/\/www.youtube.com\/channel\/UCf73dERp9Y3cfOq7q8BhLjA?view_as=subscriber\"]}]}<\/script>\n<meta property=\"product:brand\" content=\"LOGITECH\" \/>\n<meta property=\"product:price:amount\" content=\"4676\" \/>\n<meta property=\"product:price:currency\" content=\"MXN\" \/>\n<meta property=\"og:availability\" content=\"out of stock\" \/>\n<meta property=\"product:availability\" content=\"out of stock\" \/>\n<meta property=\"product:retailer_item_id\" content=\"980-001300\" \/>\n<meta property=\"product:condition\" content=\"new\" \/>\n<!-- \/ Yoast SEO plugin. -->","yoast_head_json":{"title":"[ Logitech ] &#129351; 980-001300 Bocinas G560 Para Gaming Negras 2.1, 120 Watts Rms, Lightsync Iluminacion Rgb,sonido Envolvente Dtsx Ultra, Compatible Con Usb, 3,5 Mm Y Bluetooth","description":"Compra 980-001300 Bocinas G560 Para Gaming Negras 2.1, 120 Watts Rms, Lightsync Iluminacion Rgb,sonido Envolvente Dtsx Ultra, Compatible Con Usb, 3,5 Mm Y Bluetooth + Env\u00edo a domicilio + Pago seguro + Garant\u00eda","robots":{"index":"index","follow":"follow","max-snippet":"max-snippet:-1","max-image-preview":"max-image-preview:large","max-video-preview":"max-video-preview:-1"},"canonical":"https:\/\/compuviper.mx\/tienda\/producto\/logitech-980-001300-bocinas-g560-para-gaming-negras-2-1-120-watts-rms-lightsync-iluminacion-rgbsonido-envolvente-dtsx-ultra-compatible-con-usb-35-mm-y-bluetooth\/","og_locale":"es_MX","og_type":"article","og_title":"[ Logitech ] &#129351; 980-001300 Bocinas G560 Para Gaming Negras 2.1, 120 Watts Rms, Lightsync Iluminacion Rgb,sonido Envolvente Dtsx Ultra, Compatible Con Usb, 3,5 Mm Y Bluetooth","og_description":"Compra 980-001300 Bocinas G560 Para Gaming Negras 2.1, 120 Watts Rms, Lightsync Iluminacion Rgb,sonido Envolvente Dtsx Ultra, Compatible Con Usb, 3,5 Mm Y Bluetooth + Env\u00edo a domicilio + Pago seguro + Garant\u00eda","og_url":"https:\/\/compuviper.mx\/tienda\/producto\/logitech-980-001300-bocinas-g560-para-gaming-negras-2-1-120-watts-rms-lightsync-iluminacion-rgbsonido-envolvente-dtsx-ultra-compatible-con-usb-35-mm-y-bluetooth\/","og_site_name":"Compuviper","article_publisher":"https:\/\/www.facebook.com\/compuviper","article_modified_time":"2026-04-08T07:59:43+00:00","og_image":[{"width":200,"height":200,"url":"https:\/\/compuviper.mx\/tienda\/wp-content\/uploads\/2023\/12\/Bocinas-logitech-g560-para-gaming-negras-2.1-120-watts-rms-lightsync-iluminacion-rgbsonido-envolvente-dtsx-ultra-compatible-con-usb-35-mm-y-bluetooth.jpg","type":"image\/jpeg"}],"twitter_card":"summary_large_image","twitter_misc":{"Precio":"&#36;4,676 con IVA","Availability":"Out of stock"},"schema":{"@context":"https:\/\/schema.org","@graph":[{"@type":"WebPage","@id":"https:\/\/compuviper.mx\/tienda\/producto\/logitech-980-001300-bocinas-g560-para-gaming-negras-2-1-120-watts-rms-lightsync-iluminacion-rgbsonido-envolvente-dtsx-ultra-compatible-con-usb-35-mm-y-bluetooth\/","url":"https:\/\/compuviper.mx\/tienda\/producto\/logitech-980-001300-bocinas-g560-para-gaming-negras-2-1-120-watts-rms-lightsync-iluminacion-rgbsonido-envolvente-dtsx-ultra-compatible-con-usb-35-mm-y-bluetooth\/","name":"[ Logitech ] &#129351; 980-001300 Bocinas G560 Para Gaming Negras 2.1, 120 Watts Rms, Lightsync Iluminacion Rgb,sonido Envolvente Dtsx Ultra, Compatible Con Usb, 3,5 Mm Y Bluetooth","isPartOf":{"@id":"https:\/\/compuviper.mx\/tienda\/#website"},"datePublished":"2026-04-08T07:59:42+00:00","dateModified":"2026-04-08T07:59:43+00:00","description":"Compra 980-001300 Bocinas G560 Para Gaming Negras 2.1, 120 Watts Rms, Lightsync Iluminacion Rgb,sonido Envolvente Dtsx Ultra, Compatible Con Usb, 3,5 Mm Y Bluetooth + Env\u00edo a domicilio + Pago seguro + Garant\u00eda","breadcrumb":{"@id":"https:\/\/compuviper.mx\/tienda\/producto\/logitech-980-001300-bocinas-g560-para-gaming-negras-2-1-120-watts-rms-lightsync-iluminacion-rgbsonido-envolvente-dtsx-ultra-compatible-con-usb-35-mm-y-bluetooth\/#breadcrumb"},"inLanguage":"es-MX","potentialAction":[{"@type":"ReadAction","target":["https:\/\/compuviper.mx\/tienda\/producto\/logitech-980-001300-bocinas-g560-para-gaming-negras-2-1-120-watts-rms-lightsync-iluminacion-rgbsonido-envolvente-dtsx-ultra-compatible-con-usb-35-mm-y-bluetooth\/"]}]},{"@type":"BreadcrumbList","@id":"https:\/\/compuviper.mx\/tienda\/producto\/logitech-980-001300-bocinas-g560-para-gaming-negras-2-1-120-watts-rms-lightsync-iluminacion-rgbsonido-envolvente-dtsx-ultra-compatible-con-usb-35-mm-y-bluetooth\/#breadcrumb","itemListElement":[{"@type":"ListItem","position":1,"name":"Inicio","item":"https:\/\/compuviper.mx\/tienda\/"},{"@type":"ListItem","position":2,"name":"Productos","item":"https:\/\/compuviper.mx\/tienda\/productos\/"},{"@type":"ListItem","position":3,"name":"Bocinas","item":"https:\/\/compuviper.mx\/tienda\/categoria-producto\/bocinas\/"},{"@type":"ListItem","position":4,"name":"Bocina Con Subwoofer","item":"https:\/\/compuviper.mx\/tienda\/categoria-producto\/bocinas\/bocina-con-subwoofer\/"},{"@type":"ListItem","position":5,"name":"Logitech 980-001300 Bocinas G560 Para Gaming Negras 2.1, 120 Watts Rms, Lightsync Iluminacion Rgb,sonido Envolvente Dtsx Ultra, Compatible Con Usb, 3,5 Mm Y Bluetooth"}]},{"@type":"WebSite","@id":"https:\/\/compuviper.mx\/tienda\/#website","url":"https:\/\/compuviper.mx\/tienda\/","name":"Compuviper","description":"Proveedor de Computadoras, Laptops, Servidores, Monitores, Puntos de Venta, Teclados,   Impresoras, T\u00f3ner, C\u00e1maras de Seguridad y m\u00e1s en tu tienda en l\u00ednea","publisher":{"@id":"https:\/\/compuviper.mx\/tienda\/#organization"},"potentialAction":[{"@type":"SearchAction","target":{"@type":"EntryPoint","urlTemplate":"https:\/\/compuviper.mx\/tienda\/?s={search_term_string}"},"query-input":"required name=search_term_string"}],"inLanguage":"es-MX"},{"@type":"Organization","@id":"https:\/\/compuviper.mx\/tienda\/#organization","name":"Compuviper","url":"https:\/\/compuviper.mx\/tienda\/","logo":{"@type":"ImageObject","inLanguage":"es-MX","@id":"https:\/\/compuviper.mx\/tienda\/#\/schema\/logo\/image\/","url":"https:\/\/compuviper.mx\/tienda\/wp-content\/uploads\/2021\/08\/Logo-Compuviper-10.png","contentUrl":"https:\/\/compuviper.mx\/tienda\/wp-content\/uploads\/2021\/08\/Logo-Compuviper-10.png","width":1000,"height":500,"caption":"Compuviper"},"image":{"@id":"https:\/\/compuviper.mx\/tienda\/#\/schema\/logo\/image\/"},"sameAs":["https:\/\/www.facebook.com\/compuviper","https:\/\/www.youtube.com\/channel\/UCf73dERp9Y3cfOq7q8BhLjA?view_as=subscriber"]}]},"product_brand":"LOGITECH","product_price_amount":"4676","product_price_currency":"MXN","og_availability":"out of stock","product_availability":"out of stock","product_retailer_item_id":"980-001300","product_condition":"new"},"_links":{"self":[{"href":"https:\/\/compuviper.mx\/tienda\/wp-json\/wp\/v2\/product\/225513"}],"collection":[{"href":"https:\/\/compuviper.mx\/tienda\/wp-json\/wp\/v2\/product"}],"about":[{"href":"https:\/\/compuviper.mx\/tienda\/wp-json\/wp\/v2\/types\/product"}],"replies":[{"embeddable":true,"href":"https:\/\/compuviper.mx\/tienda\/wp-json\/wp\/v2\/comments?post=225513"}],"wp:featuredmedia":[{"embeddable":true,"href":"https:\/\/compuviper.mx\/tienda\/wp-json\/wp\/v2\/media\/225514"}],"wp:attachment":[{"href":"https:\/\/compuviper.mx\/tienda\/wp-json\/wp\/v2\/media?parent=225513"}],"wp:term":[{"taxonomy":"product_cat","embeddable":true,"href":"https:\/\/compuviper.mx\/tienda\/wp-json\/wp\/v2\/product_cat?post=225513"},{"taxonomy":"product_tag","embeddable":true,"href":"https:\/\/compuviper.mx\/tienda\/wp-json\/wp\/v2\/product_tag?post=225513"}],"curies":[{"name":"wp","href":"https:\/\/api.w.org\/{rel}","templated":true}]}}