{"id":225465,"date":"2026-04-09T02:09:35","date_gmt":"2026-04-09T08:09:35","guid":{"rendered":"https:\/\/compuviper.mx\/tienda\/producto\/poly-84693-01-cs540-diadema-monoaural-para-telefono-de-escritorio-1-dispositivo-cancelacion-de-ruidao-6-horas-de-conversacion-alcance-hasta-100-mts\/"},"modified":"2026-04-09T02:09:36","modified_gmt":"2026-04-09T08:09:36","slug":"poly-7w073aaaba-diadema-hp-7w073aaaba-cs540-monoaural-para-telefono-de-escritorio-1-dispositivo-cancelacion-de-ruidao-6-horas-de-conversacion-alcance-hasta-100-mts","status":"publish","type":"product","link":"https:\/\/compuviper.mx\/tienda\/producto\/poly-7w073aaaba-diadema-hp-7w073aaaba-cs540-monoaural-para-telefono-de-escritorio-1-dispositivo-cancelacion-de-ruidao-6-horas-de-conversacion-alcance-hasta-100-mts\/","title":{"rendered":"Poly 7w073aa#aba Diadema Hp  7w073aaaba Cs540\/ Monoaural Para Telefono De Escritorio 1 Dispositivo Cancelacion De Ruidao 6 Horas De Conversacion Alcance Hasta 100 Mts"},"content":{"rendered":"<table class=\"descripcion\">\n<tr>\n<td>Se conecta a tel\u00e9fono de escritorio<\/td>\n<\/tr>\n<tr>\n<td>Perfecto para personal de oficina y con base en el escritorio de toda la<\/td>\n<\/tr>\n<tr>\n<td>Empresa que necesitan un producto inal\u00e1mbrico f\u00e1cil de<\/td>\n<\/tr>\n<tr>\n<td>Configurar y de usar para gestionar las llamadas de escritorio<\/td>\n<\/tr>\n<tr>\n<td>Tiempo de conversaci\u00f3n cs540: hasta 7 horas<\/td>\n<\/tr>\n<tr>\n<td>Peso del auricular cs540 (con) \u0096 22g;<\/td>\n<\/tr>\n<tr>\n<td>Frecuencia inalambrica dect,<\/td>\n<\/tr>\n<tr>\n<td>Alcance de hasta 120 metros<\/td>\n<\/tr>\n<tr>\n<td>Calidad de sonido banda estrecha o banda ancha: hasta 6.800 hz<\/td>\n<\/tr>\n<tr>\n<td>Proteccion auditiva soundguard\u00ae: protege de niveles de sonido que superen los<\/td>\n<\/tr>\n<tr>\n<td>118 dba<\/td>\n<\/tr>\n<\/table>\n","protected":false},"excerpt":{"rendered":"<p>Gestion de llamadas comoda y de calidad. \u0095             mayor movilidad: manos libres multitarea con un. Alcance de hasta 120 metros. \u0095 controles de volumen\/mute al alcance de su mano. \u0095 conferencia en hasta tres auriculares adicionales para. Mejorar la colaboracion. \u0095 tres comodas opciones* de colocacion para ajustarse a. Su estilo personal. \u0095 utilicelo con un cable de conmutador electronico o con. Un dispositivo para descolgar el telefono al responder y. Finalizar de manera remota las llamadas (se vende por. Separado. Calidad de sonido excepcional. \u0095             la tecnologia dect ofrece un mejor sonido y elimina. Las interferencias de las redes wi-fi. \u0095 sonido de banda ancha avanzado gracias a la. Tecnologia cat-iq para obtener una calidad de voz de. Alta definicion. \u0095 el microfono con anulacion de ruido limita las. Interrupciones de ruido de fondo, garantizando una. Calidad de sonido excelente y reduciendo el cansancio. Del oyente. \u0095 la tecnologia de procesamiento de se\u00f1al digital (dsp. Mejorada ofrece un sonido de voz mas natural. Accesorios recomendados<\/p>\n","protected":false},"featured_media":225466,"comment_status":"open","ping_status":"open","template":"","meta":[],"product_cat":[1553,1552],"product_tag":[2035],"acf":[],"yoast_head":"<!-- This site is optimized with the Yoast SEO plugin v21.7 - https:\/\/yoast.com\/wordpress\/plugins\/seo\/ -->\n<title>[ Poly ] &#129351; 7w073aa#aba Diadema Hp 7w073aaaba Cs540\/ Monoaural Para Telefono De Escritorio 1 Dispositivo Cancelacion De Ruidao 6 Horas De Conversacion Alcance Hasta 100 Mts<\/title>\n<meta name=\"description\" content=\"Compra 7w073aa#aba Diadema Hp 7w073aaaba Cs540\/ Monoaural Para Telefono De Escritorio 1 Dispositivo Cancelacion De Ruidao 6 Horas De Conversacion Alcance Hasta 100 Mts + Env\u00edo a domicilio + Pago seguro + Garant\u00eda\" \/>\n<meta name=\"robots\" content=\"index, follow, max-snippet:-1, max-image-preview:large, max-video-preview:-1\" \/>\n<link rel=\"canonical\" href=\"https:\/\/compuviper.mx\/tienda\/producto\/poly-7w073aaaba-diadema-hp-7w073aaaba-cs540-monoaural-para-telefono-de-escritorio-1-dispositivo-cancelacion-de-ruidao-6-horas-de-conversacion-alcance-hasta-100-mts\/\" \/>\n<meta property=\"og:locale\" content=\"es_MX\" \/>\n<meta property=\"og:type\" content=\"article\" \/>\n<meta property=\"og:title\" content=\"[ Poly ] &#129351; 7w073aa#aba Diadema Hp 7w073aaaba Cs540\/ Monoaural Para Telefono De Escritorio 1 Dispositivo Cancelacion De Ruidao 6 Horas De Conversacion Alcance Hasta 100 Mts\" \/>\n<meta property=\"og:description\" content=\"Compra 7w073aa#aba Diadema Hp 7w073aaaba Cs540\/ Monoaural Para Telefono De Escritorio 1 Dispositivo Cancelacion De Ruidao 6 Horas De Conversacion Alcance Hasta 100 Mts + Env\u00edo a domicilio + Pago seguro + Garant\u00eda\" \/>\n<meta property=\"og:url\" content=\"https:\/\/compuviper.mx\/tienda\/producto\/poly-7w073aaaba-diadema-hp-7w073aaaba-cs540-monoaural-para-telefono-de-escritorio-1-dispositivo-cancelacion-de-ruidao-6-horas-de-conversacion-alcance-hasta-100-mts\/\" \/>\n<meta property=\"og:site_name\" content=\"Compuviper\" \/>\n<meta property=\"article:publisher\" content=\"https:\/\/www.facebook.com\/compuviper\" \/>\n<meta property=\"article:modified_time\" content=\"2026-04-09T08:09:36+00:00\" \/>\n<meta property=\"og:image\" content=\"https:\/\/compuviper.mx\/tienda\/wp-content\/uploads\/2023\/12\/Diadema-poly-84693-01-cs540-monoaural-para-telefono-de-escritorio-1-dispositivo-cancelacion-de-ruidao-6-horas-de-conversacion-alcance-hasta-100-mts.jpg\" \/>\n\t<meta property=\"og:image:width\" content=\"200\" \/>\n\t<meta property=\"og:image:height\" content=\"200\" \/>\n\t<meta property=\"og:image:type\" content=\"image\/jpeg\" \/>\n<meta name=\"twitter:card\" content=\"summary_large_image\" \/>\n<meta name=\"twitter:label1\" content=\"Precio\" \/>\n\t<meta name=\"twitter:data1\" content=\"&#36;5,893 con IVA\" \/>\n\t<meta name=\"twitter:label2\" content=\"Availability\" \/>\n\t<meta name=\"twitter:data2\" content=\"On backorder\" \/>\n<script type=\"application\/ld+json\" class=\"yoast-schema-graph\">{\"@context\":\"https:\/\/schema.org\",\"@graph\":[{\"@type\":\"WebPage\",\"@id\":\"https:\/\/compuviper.mx\/tienda\/producto\/poly-7w073aaaba-diadema-hp-7w073aaaba-cs540-monoaural-para-telefono-de-escritorio-1-dispositivo-cancelacion-de-ruidao-6-horas-de-conversacion-alcance-hasta-100-mts\/\",\"url\":\"https:\/\/compuviper.mx\/tienda\/producto\/poly-7w073aaaba-diadema-hp-7w073aaaba-cs540-monoaural-para-telefono-de-escritorio-1-dispositivo-cancelacion-de-ruidao-6-horas-de-conversacion-alcance-hasta-100-mts\/\",\"name\":\"[ Poly ] &#129351; 7w073aa#aba Diadema Hp 7w073aaaba Cs540\/ Monoaural Para Telefono De Escritorio 1 Dispositivo Cancelacion De Ruidao 6 Horas De Conversacion Alcance Hasta 100 Mts\",\"isPartOf\":{\"@id\":\"https:\/\/compuviper.mx\/tienda\/#website\"},\"datePublished\":\"2026-04-09T08:09:35+00:00\",\"dateModified\":\"2026-04-09T08:09:36+00:00\",\"description\":\"Compra 7w073aa#aba Diadema Hp 7w073aaaba Cs540\/ Monoaural Para Telefono De Escritorio 1 Dispositivo Cancelacion De Ruidao 6 Horas De Conversacion Alcance Hasta 100 Mts + Env\u00edo a domicilio + Pago seguro + Garant\u00eda\",\"breadcrumb\":{\"@id\":\"https:\/\/compuviper.mx\/tienda\/producto\/poly-7w073aaaba-diadema-hp-7w073aaaba-cs540-monoaural-para-telefono-de-escritorio-1-dispositivo-cancelacion-de-ruidao-6-horas-de-conversacion-alcance-hasta-100-mts\/#breadcrumb\"},\"inLanguage\":\"es-MX\",\"potentialAction\":[{\"@type\":\"ReadAction\",\"target\":[\"https:\/\/compuviper.mx\/tienda\/producto\/poly-7w073aaaba-diadema-hp-7w073aaaba-cs540-monoaural-para-telefono-de-escritorio-1-dispositivo-cancelacion-de-ruidao-6-horas-de-conversacion-alcance-hasta-100-mts\/\"]}]},{\"@type\":\"BreadcrumbList\",\"@id\":\"https:\/\/compuviper.mx\/tienda\/producto\/poly-7w073aaaba-diadema-hp-7w073aaaba-cs540-monoaural-para-telefono-de-escritorio-1-dispositivo-cancelacion-de-ruidao-6-horas-de-conversacion-alcance-hasta-100-mts\/#breadcrumb\",\"itemListElement\":[{\"@type\":\"ListItem\",\"position\":1,\"name\":\"Inicio\",\"item\":\"https:\/\/compuviper.mx\/tienda\/\"},{\"@type\":\"ListItem\",\"position\":2,\"name\":\"Productos\",\"item\":\"https:\/\/compuviper.mx\/tienda\/productos\/\"},{\"@type\":\"ListItem\",\"position\":3,\"name\":\"Audifonos Y Micro\",\"item\":\"https:\/\/compuviper.mx\/tienda\/categoria-producto\/audifonos-y-micro\/\"},{\"@type\":\"ListItem\",\"position\":4,\"name\":\"Audifono\",\"item\":\"https:\/\/compuviper.mx\/tienda\/categoria-producto\/audifonos-y-micro\/audifono\/\"},{\"@type\":\"ListItem\",\"position\":5,\"name\":\"Poly 7w073aa#aba Diadema Hp 7w073aaaba Cs540\/ Monoaural Para Telefono De Escritorio 1 Dispositivo Cancelacion De Ruidao 6 Horas De Conversacion Alcance Hasta 100 Mts\"}]},{\"@type\":\"WebSite\",\"@id\":\"https:\/\/compuviper.mx\/tienda\/#website\",\"url\":\"https:\/\/compuviper.mx\/tienda\/\",\"name\":\"Compuviper\",\"description\":\"Proveedor de Computadoras, Laptops, Servidores, Monitores, Puntos de Venta, Teclados,   Impresoras, T\u00f3ner, C\u00e1maras de Seguridad y m\u00e1s en tu tienda en l\u00ednea\",\"publisher\":{\"@id\":\"https:\/\/compuviper.mx\/tienda\/#organization\"},\"potentialAction\":[{\"@type\":\"SearchAction\",\"target\":{\"@type\":\"EntryPoint\",\"urlTemplate\":\"https:\/\/compuviper.mx\/tienda\/?s={search_term_string}\"},\"query-input\":\"required name=search_term_string\"}],\"inLanguage\":\"es-MX\"},{\"@type\":\"Organization\",\"@id\":\"https:\/\/compuviper.mx\/tienda\/#organization\",\"name\":\"Compuviper\",\"url\":\"https:\/\/compuviper.mx\/tienda\/\",\"logo\":{\"@type\":\"ImageObject\",\"inLanguage\":\"es-MX\",\"@id\":\"https:\/\/compuviper.mx\/tienda\/#\/schema\/logo\/image\/\",\"url\":\"https:\/\/compuviper.mx\/tienda\/wp-content\/uploads\/2021\/08\/Logo-Compuviper-10.png\",\"contentUrl\":\"https:\/\/compuviper.mx\/tienda\/wp-content\/uploads\/2021\/08\/Logo-Compuviper-10.png\",\"width\":1000,\"height\":500,\"caption\":\"Compuviper\"},\"image\":{\"@id\":\"https:\/\/compuviper.mx\/tienda\/#\/schema\/logo\/image\/\"},\"sameAs\":[\"https:\/\/www.facebook.com\/compuviper\",\"https:\/\/www.youtube.com\/channel\/UCf73dERp9Y3cfOq7q8BhLjA?view_as=subscriber\"]}]}<\/script>\n<meta property=\"product:brand\" content=\"POLY\" \/>\n<meta property=\"product:price:amount\" content=\"5893\" \/>\n<meta property=\"product:price:currency\" content=\"MXN\" \/>\n<meta property=\"og:availability\" content=\"backorder\" \/>\n<meta property=\"product:availability\" content=\"available for order\" \/>\n<meta property=\"product:retailer_item_id\" content=\"7W073AA#ABA\" \/>\n<meta property=\"product:condition\" content=\"new\" \/>\n<!-- \/ Yoast SEO plugin. -->","yoast_head_json":{"title":"[ Poly ] &#129351; 7w073aa#aba Diadema Hp 7w073aaaba Cs540\/ Monoaural Para Telefono De Escritorio 1 Dispositivo Cancelacion De Ruidao 6 Horas De Conversacion Alcance Hasta 100 Mts","description":"Compra 7w073aa#aba Diadema Hp 7w073aaaba Cs540\/ Monoaural Para Telefono De Escritorio 1 Dispositivo Cancelacion De Ruidao 6 Horas De Conversacion Alcance Hasta 100 Mts + Env\u00edo a domicilio + Pago seguro + Garant\u00eda","robots":{"index":"index","follow":"follow","max-snippet":"max-snippet:-1","max-image-preview":"max-image-preview:large","max-video-preview":"max-video-preview:-1"},"canonical":"https:\/\/compuviper.mx\/tienda\/producto\/poly-7w073aaaba-diadema-hp-7w073aaaba-cs540-monoaural-para-telefono-de-escritorio-1-dispositivo-cancelacion-de-ruidao-6-horas-de-conversacion-alcance-hasta-100-mts\/","og_locale":"es_MX","og_type":"article","og_title":"[ Poly ] &#129351; 7w073aa#aba Diadema Hp 7w073aaaba Cs540\/ Monoaural Para Telefono De Escritorio 1 Dispositivo Cancelacion De Ruidao 6 Horas De Conversacion Alcance Hasta 100 Mts","og_description":"Compra 7w073aa#aba Diadema Hp 7w073aaaba Cs540\/ Monoaural Para Telefono De Escritorio 1 Dispositivo Cancelacion De Ruidao 6 Horas De Conversacion Alcance Hasta 100 Mts + Env\u00edo a domicilio + Pago seguro + Garant\u00eda","og_url":"https:\/\/compuviper.mx\/tienda\/producto\/poly-7w073aaaba-diadema-hp-7w073aaaba-cs540-monoaural-para-telefono-de-escritorio-1-dispositivo-cancelacion-de-ruidao-6-horas-de-conversacion-alcance-hasta-100-mts\/","og_site_name":"Compuviper","article_publisher":"https:\/\/www.facebook.com\/compuviper","article_modified_time":"2026-04-09T08:09:36+00:00","og_image":[{"width":200,"height":200,"url":"https:\/\/compuviper.mx\/tienda\/wp-content\/uploads\/2023\/12\/Diadema-poly-84693-01-cs540-monoaural-para-telefono-de-escritorio-1-dispositivo-cancelacion-de-ruidao-6-horas-de-conversacion-alcance-hasta-100-mts.jpg","type":"image\/jpeg"}],"twitter_card":"summary_large_image","twitter_misc":{"Precio":"&#36;5,893 con IVA","Availability":"On backorder"},"schema":{"@context":"https:\/\/schema.org","@graph":[{"@type":"WebPage","@id":"https:\/\/compuviper.mx\/tienda\/producto\/poly-7w073aaaba-diadema-hp-7w073aaaba-cs540-monoaural-para-telefono-de-escritorio-1-dispositivo-cancelacion-de-ruidao-6-horas-de-conversacion-alcance-hasta-100-mts\/","url":"https:\/\/compuviper.mx\/tienda\/producto\/poly-7w073aaaba-diadema-hp-7w073aaaba-cs540-monoaural-para-telefono-de-escritorio-1-dispositivo-cancelacion-de-ruidao-6-horas-de-conversacion-alcance-hasta-100-mts\/","name":"[ Poly ] &#129351; 7w073aa#aba Diadema Hp 7w073aaaba Cs540\/ Monoaural Para Telefono De Escritorio 1 Dispositivo Cancelacion De Ruidao 6 Horas De Conversacion Alcance Hasta 100 Mts","isPartOf":{"@id":"https:\/\/compuviper.mx\/tienda\/#website"},"datePublished":"2026-04-09T08:09:35+00:00","dateModified":"2026-04-09T08:09:36+00:00","description":"Compra 7w073aa#aba Diadema Hp 7w073aaaba Cs540\/ Monoaural Para Telefono De Escritorio 1 Dispositivo Cancelacion De Ruidao 6 Horas De Conversacion Alcance Hasta 100 Mts + Env\u00edo a domicilio + Pago seguro + Garant\u00eda","breadcrumb":{"@id":"https:\/\/compuviper.mx\/tienda\/producto\/poly-7w073aaaba-diadema-hp-7w073aaaba-cs540-monoaural-para-telefono-de-escritorio-1-dispositivo-cancelacion-de-ruidao-6-horas-de-conversacion-alcance-hasta-100-mts\/#breadcrumb"},"inLanguage":"es-MX","potentialAction":[{"@type":"ReadAction","target":["https:\/\/compuviper.mx\/tienda\/producto\/poly-7w073aaaba-diadema-hp-7w073aaaba-cs540-monoaural-para-telefono-de-escritorio-1-dispositivo-cancelacion-de-ruidao-6-horas-de-conversacion-alcance-hasta-100-mts\/"]}]},{"@type":"BreadcrumbList","@id":"https:\/\/compuviper.mx\/tienda\/producto\/poly-7w073aaaba-diadema-hp-7w073aaaba-cs540-monoaural-para-telefono-de-escritorio-1-dispositivo-cancelacion-de-ruidao-6-horas-de-conversacion-alcance-hasta-100-mts\/#breadcrumb","itemListElement":[{"@type":"ListItem","position":1,"name":"Inicio","item":"https:\/\/compuviper.mx\/tienda\/"},{"@type":"ListItem","position":2,"name":"Productos","item":"https:\/\/compuviper.mx\/tienda\/productos\/"},{"@type":"ListItem","position":3,"name":"Audifonos Y Micro","item":"https:\/\/compuviper.mx\/tienda\/categoria-producto\/audifonos-y-micro\/"},{"@type":"ListItem","position":4,"name":"Audifono","item":"https:\/\/compuviper.mx\/tienda\/categoria-producto\/audifonos-y-micro\/audifono\/"},{"@type":"ListItem","position":5,"name":"Poly 7w073aa#aba Diadema Hp 7w073aaaba Cs540\/ Monoaural Para Telefono De Escritorio 1 Dispositivo Cancelacion De Ruidao 6 Horas De Conversacion Alcance Hasta 100 Mts"}]},{"@type":"WebSite","@id":"https:\/\/compuviper.mx\/tienda\/#website","url":"https:\/\/compuviper.mx\/tienda\/","name":"Compuviper","description":"Proveedor de Computadoras, Laptops, Servidores, Monitores, Puntos de Venta, Teclados,   Impresoras, T\u00f3ner, C\u00e1maras de Seguridad y m\u00e1s en tu tienda en l\u00ednea","publisher":{"@id":"https:\/\/compuviper.mx\/tienda\/#organization"},"potentialAction":[{"@type":"SearchAction","target":{"@type":"EntryPoint","urlTemplate":"https:\/\/compuviper.mx\/tienda\/?s={search_term_string}"},"query-input":"required name=search_term_string"}],"inLanguage":"es-MX"},{"@type":"Organization","@id":"https:\/\/compuviper.mx\/tienda\/#organization","name":"Compuviper","url":"https:\/\/compuviper.mx\/tienda\/","logo":{"@type":"ImageObject","inLanguage":"es-MX","@id":"https:\/\/compuviper.mx\/tienda\/#\/schema\/logo\/image\/","url":"https:\/\/compuviper.mx\/tienda\/wp-content\/uploads\/2021\/08\/Logo-Compuviper-10.png","contentUrl":"https:\/\/compuviper.mx\/tienda\/wp-content\/uploads\/2021\/08\/Logo-Compuviper-10.png","width":1000,"height":500,"caption":"Compuviper"},"image":{"@id":"https:\/\/compuviper.mx\/tienda\/#\/schema\/logo\/image\/"},"sameAs":["https:\/\/www.facebook.com\/compuviper","https:\/\/www.youtube.com\/channel\/UCf73dERp9Y3cfOq7q8BhLjA?view_as=subscriber"]}]},"product_brand":"POLY","product_price_amount":"5893","product_price_currency":"MXN","og_availability":"backorder","product_availability":"available for order","product_retailer_item_id":"7W073AA#ABA","product_condition":"new"},"_links":{"self":[{"href":"https:\/\/compuviper.mx\/tienda\/wp-json\/wp\/v2\/product\/225465"}],"collection":[{"href":"https:\/\/compuviper.mx\/tienda\/wp-json\/wp\/v2\/product"}],"about":[{"href":"https:\/\/compuviper.mx\/tienda\/wp-json\/wp\/v2\/types\/product"}],"replies":[{"embeddable":true,"href":"https:\/\/compuviper.mx\/tienda\/wp-json\/wp\/v2\/comments?post=225465"}],"wp:featuredmedia":[{"embeddable":true,"href":"https:\/\/compuviper.mx\/tienda\/wp-json\/wp\/v2\/media\/225466"}],"wp:attachment":[{"href":"https:\/\/compuviper.mx\/tienda\/wp-json\/wp\/v2\/media?parent=225465"}],"wp:term":[{"taxonomy":"product_cat","embeddable":true,"href":"https:\/\/compuviper.mx\/tienda\/wp-json\/wp\/v2\/product_cat?post=225465"},{"taxonomy":"product_tag","embeddable":true,"href":"https:\/\/compuviper.mx\/tienda\/wp-json\/wp\/v2\/product_tag?post=225465"}],"curies":[{"name":"wp","href":"https:\/\/api.w.org\/{rel}","templated":true}]}}