{"id":225360,"date":"2026-04-11T01:59:11","date_gmt":"2026-04-11T07:59:11","guid":{"rendered":"https:\/\/compuviper.mx\/tienda\/producto\/hewlett-packard-enterprise-p44114-b21-servidor-hpe-proliant-dl20-gen10-plus-intel-e-2314-28-ghz-4-ncleos-1p-16-gb-u-4-sff-fuente-de-alimentacin-redundante-de-500-w\/"},"modified":"2026-04-11T01:59:11","modified_gmt":"2026-04-11T07:59:11","slug":"hewlett-packard-enterprise-p44114-b21-servidor-hpe-proliant-dl20-gen10-plus-intel-e-2314-28-ghz-4-ncleos-1p-16-gb-u-4-sff-fuente-de-alimentacin-redundante-de-500-w","status":"publish","type":"product","link":"https:\/\/compuviper.mx\/tienda\/producto\/hewlett-packard-enterprise-p44114-b21-servidor-hpe-proliant-dl20-gen10-plus-intel-e-2314-28-ghz-4-ncleos-1p-16-gb-u-4-sff-fuente-de-alimentacin-redundante-de-500-w\/","title":{"rendered":"Hewlett Packard Enterprise P44114-b21 Servidor Hpe Proliant Dl20 Gen10 Plus Intel E-2314 2,8 Ghz 4 Ncleos 1p 16 Gb-u 4 Sff Fuente De Alimentacin Redundante De 500 W"},"content":{"rendered":"<table class=\"descripcion\">\n<tr>\n<td>Procesador<\/td>\n<\/tr>\n<tr>\n<td>Intel xeon e-2314 4 ncleos, 2,8 ghz, 8 mb, 65 w<\/td>\n<\/tr>\n<tr>\n<td>Ncleo de procesador disponible<\/td>\n<\/tr>\n<tr>\n<td>4 ncleos<\/td>\n<\/tr>\n<tr>\n<td>Cach de procesador<\/td>\n<\/tr>\n<tr>\n<td>8 mb intel\u00ae smart cache<\/td>\n<\/tr>\n<tr>\n<td>Velocidad del procesador<\/td>\n<\/tr>\n<tr>\n<td>2,8 ghz<\/td>\n<\/tr>\n<tr>\n<td>Tipo de fuente de alimentacin<\/td>\n<\/tr>\n<tr>\n<td>1 fuente hpe 500 w redundante<\/td>\n<\/tr>\n<tr>\n<td>Ranuras de expansin<\/td>\n<\/tr>\n<tr>\n<td>2 m\u00e1ximo<\/td>\n<\/tr>\n<tr>\n<td>Para obtener una descripcin detallada, consulta las especificaciones r\u00e1pidas<\/td>\n<\/tr>\n<tr>\n<td>Memoria, est\u00e1ndar<\/td>\n<\/tr>\n<tr>\n<td>16 gb 1 x 16 gb udimm<\/td>\n<\/tr>\n<tr>\n<td>Tipo de memoria<\/td>\n<\/tr>\n<tr>\n<td>Memoria est\u00e1ndar hpe ddr4<\/td>\n<\/tr>\n<tr>\n<td>Unidades de disco duro incluidas<\/td>\n<\/tr>\n<tr>\n<td>No incluido de serie<\/td>\n<\/tr>\n<tr>\n<td>Incluye 3 espacios para discos duros sff<\/td>\n<\/tr>\n<tr>\n<td>Tipo de unidad ptica<\/td>\n<\/tr>\n<tr>\n<td>Opcional<\/td>\n<\/tr>\n<tr>\n<td>Controlador de red<\/td>\n<\/tr>\n<tr>\n<td>Adaptador de red integrado hpe 1 gb 2 puertos bcm5720<\/td>\n<\/tr>\n<tr>\n<td>Controlador de almacenamiento<\/td>\n<\/tr>\n<tr>\n<td>Intel\u00ae vroc sata anteriormente conocido como intel\u00ae rste<\/td>\n<\/tr>\n<tr>\n<td>Dimensiones mnimas alto x ancho x fondo<\/td>\n<\/tr>\n<tr>\n<td>\u00954,32 x 43,46 x 38,22 cm<\/td>\n<\/tr>\n<tr>\n<td>\u00951.70 x 17.11 x 15.05 in<\/td>\n<\/tr>\n<tr>\n<td>Peso<\/td>\n<\/tr>\n<tr>\n<td>\u00956 kg mnimo<\/td>\n<\/tr>\n<tr>\n<td>9,46 kg m\u00e1ximo<\/td>\n<\/tr>\n<tr>\n<td>\u009513.18 lb minimum, 20.81 lb maximum<\/td>\n<\/tr>\n<\/table>\n","protected":false},"excerpt":{"rendered":"<p>\u0095fuente de 290 w sin conexin hot-plug y eficiencia platinum. \u0095compatible con los procesadores intel\u00ae xeon\u00ae de la serie e-2300, hasta 8 ncleos. \u0095hpe infosight proporciona una herramienta basada en la nube de an\u00e1lisis que predice y evita los problemas antes de que su negocio se vea afectado. \u0095puerto de gestin hpe ilo dedicado como kit opcional para transmisin de datos m\u00e1s r\u00e1pida con seguridad mejorada. \u0095dos ranuras pcie gen4 para un mayor ancho de banda de e\/s.<\/p>\n","protected":false},"featured_media":225361,"comment_status":"open","ping_status":"open","template":"","meta":[],"product_cat":[1808,1809],"product_tag":[1568],"acf":[],"yoast_head":"<!-- This site is optimized with the Yoast SEO plugin v21.7 - https:\/\/yoast.com\/wordpress\/plugins\/seo\/ -->\n<title>[ Hewlett Packard Enterprise ] &#129351; P44114-b21 Servidor Hpe Proliant Dl20 Gen10 Plus Intel E-2314 2,8 Ghz 4 Ncleos 1p 16 Gb-u 4 Sff Fuente De Alimentacin Redundante De 500 W<\/title>\n<meta name=\"description\" content=\"Compra P44114-b21 Servidor Hpe Proliant Dl20 Gen10 Plus Intel E-2314 2,8 Ghz 4 Ncleos 1p 16 Gb-u 4 Sff Fuente De Alimentacin Redundante De 500 W + Env\u00edo a domicilio + Pago seguro + Garant\u00eda\" \/>\n<meta name=\"robots\" content=\"index, follow, max-snippet:-1, max-image-preview:large, max-video-preview:-1\" \/>\n<link rel=\"canonical\" href=\"https:\/\/compuviper.mx\/tienda\/producto\/hewlett-packard-enterprise-p44114-b21-servidor-hpe-proliant-dl20-gen10-plus-intel-e-2314-28-ghz-4-ncleos-1p-16-gb-u-4-sff-fuente-de-alimentacin-redundante-de-500-w\/\" \/>\n<meta property=\"og:locale\" content=\"es_MX\" \/>\n<meta property=\"og:type\" content=\"article\" \/>\n<meta property=\"og:title\" content=\"[ Hewlett Packard Enterprise ] &#129351; P44114-b21 Servidor Hpe Proliant Dl20 Gen10 Plus Intel E-2314 2,8 Ghz 4 Ncleos 1p 16 Gb-u 4 Sff Fuente De Alimentacin Redundante De 500 W\" \/>\n<meta property=\"og:description\" content=\"Compra P44114-b21 Servidor Hpe Proliant Dl20 Gen10 Plus Intel E-2314 2,8 Ghz 4 Ncleos 1p 16 Gb-u 4 Sff Fuente De Alimentacin Redundante De 500 W + Env\u00edo a domicilio + Pago seguro + Garant\u00eda\" \/>\n<meta property=\"og:url\" content=\"https:\/\/compuviper.mx\/tienda\/producto\/hewlett-packard-enterprise-p44114-b21-servidor-hpe-proliant-dl20-gen10-plus-intel-e-2314-28-ghz-4-ncleos-1p-16-gb-u-4-sff-fuente-de-alimentacin-redundante-de-500-w\/\" \/>\n<meta property=\"og:site_name\" content=\"Compuviper\" \/>\n<meta property=\"article:publisher\" content=\"https:\/\/www.facebook.com\/compuviper\" \/>\n<meta property=\"og:image\" content=\"https:\/\/compuviper.mx\/tienda\/wp-content\/uploads\/2023\/12\/Servidor-hpe-proliant-dl20-gen10-plus-intel-e-2314-28-ghz-4-ncleos-1p-16-gb-u-4-sff-fuente-de-alimentacin-redundante-de-500-w.jpg\" \/>\n\t<meta property=\"og:image:width\" content=\"200\" \/>\n\t<meta property=\"og:image:height\" content=\"200\" \/>\n\t<meta property=\"og:image:type\" content=\"image\/jpeg\" \/>\n<meta name=\"twitter:card\" content=\"summary_large_image\" \/>\n<meta name=\"twitter:label1\" content=\"Precio\" \/>\n\t<meta name=\"twitter:data1\" content=\"&#36;29,195 con IVA\" \/>\n\t<meta name=\"twitter:label2\" content=\"Availability\" \/>\n\t<meta name=\"twitter:data2\" content=\"Out of stock\" \/>\n<script type=\"application\/ld+json\" class=\"yoast-schema-graph\">{\"@context\":\"https:\/\/schema.org\",\"@graph\":[{\"@type\":\"WebPage\",\"@id\":\"https:\/\/compuviper.mx\/tienda\/producto\/hewlett-packard-enterprise-p44114-b21-servidor-hpe-proliant-dl20-gen10-plus-intel-e-2314-28-ghz-4-ncleos-1p-16-gb-u-4-sff-fuente-de-alimentacin-redundante-de-500-w\/\",\"url\":\"https:\/\/compuviper.mx\/tienda\/producto\/hewlett-packard-enterprise-p44114-b21-servidor-hpe-proliant-dl20-gen10-plus-intel-e-2314-28-ghz-4-ncleos-1p-16-gb-u-4-sff-fuente-de-alimentacin-redundante-de-500-w\/\",\"name\":\"[ Hewlett Packard Enterprise ] &#129351; P44114-b21 Servidor Hpe Proliant Dl20 Gen10 Plus Intel E-2314 2,8 Ghz 4 Ncleos 1p 16 Gb-u 4 Sff Fuente De Alimentacin Redundante De 500 W\",\"isPartOf\":{\"@id\":\"https:\/\/compuviper.mx\/tienda\/#website\"},\"datePublished\":\"2026-04-11T07:59:11+00:00\",\"dateModified\":\"2026-04-11T07:59:11+00:00\",\"description\":\"Compra P44114-b21 Servidor Hpe Proliant Dl20 Gen10 Plus Intel E-2314 2,8 Ghz 4 Ncleos 1p 16 Gb-u 4 Sff Fuente De Alimentacin Redundante De 500 W + Env\u00edo a domicilio + Pago seguro + Garant\u00eda\",\"breadcrumb\":{\"@id\":\"https:\/\/compuviper.mx\/tienda\/producto\/hewlett-packard-enterprise-p44114-b21-servidor-hpe-proliant-dl20-gen10-plus-intel-e-2314-28-ghz-4-ncleos-1p-16-gb-u-4-sff-fuente-de-alimentacin-redundante-de-500-w\/#breadcrumb\"},\"inLanguage\":\"es-MX\",\"potentialAction\":[{\"@type\":\"ReadAction\",\"target\":[\"https:\/\/compuviper.mx\/tienda\/producto\/hewlett-packard-enterprise-p44114-b21-servidor-hpe-proliant-dl20-gen10-plus-intel-e-2314-28-ghz-4-ncleos-1p-16-gb-u-4-sff-fuente-de-alimentacin-redundante-de-500-w\/\"]}]},{\"@type\":\"BreadcrumbList\",\"@id\":\"https:\/\/compuviper.mx\/tienda\/producto\/hewlett-packard-enterprise-p44114-b21-servidor-hpe-proliant-dl20-gen10-plus-intel-e-2314-28-ghz-4-ncleos-1p-16-gb-u-4-sff-fuente-de-alimentacin-redundante-de-500-w\/#breadcrumb\",\"itemListElement\":[{\"@type\":\"ListItem\",\"position\":1,\"name\":\"Inicio\",\"item\":\"https:\/\/compuviper.mx\/tienda\/\"},{\"@type\":\"ListItem\",\"position\":2,\"name\":\"Productos\",\"item\":\"https:\/\/compuviper.mx\/tienda\/productos\/\"},{\"@type\":\"ListItem\",\"position\":3,\"name\":\"Servidores\",\"item\":\"https:\/\/compuviper.mx\/tienda\/categoria-producto\/servidores-2\/\"},{\"@type\":\"ListItem\",\"position\":4,\"name\":\"Rack (dl)\",\"item\":\"https:\/\/compuviper.mx\/tienda\/categoria-producto\/servidores-2\/rack-dl\/\"},{\"@type\":\"ListItem\",\"position\":5,\"name\":\"Hewlett Packard Enterprise P44114-b21 Servidor Hpe Proliant Dl20 Gen10 Plus Intel E-2314 2,8 Ghz 4 Ncleos 1p 16 Gb-u 4 Sff Fuente De Alimentacin Redundante De 500 W\"}]},{\"@type\":\"WebSite\",\"@id\":\"https:\/\/compuviper.mx\/tienda\/#website\",\"url\":\"https:\/\/compuviper.mx\/tienda\/\",\"name\":\"Compuviper\",\"description\":\"Proveedor de Computadoras, Laptops, Servidores, Monitores, Puntos de Venta, Teclados,   Impresoras, T\u00f3ner, C\u00e1maras de Seguridad y m\u00e1s en tu tienda en l\u00ednea\",\"publisher\":{\"@id\":\"https:\/\/compuviper.mx\/tienda\/#organization\"},\"potentialAction\":[{\"@type\":\"SearchAction\",\"target\":{\"@type\":\"EntryPoint\",\"urlTemplate\":\"https:\/\/compuviper.mx\/tienda\/?s={search_term_string}\"},\"query-input\":\"required name=search_term_string\"}],\"inLanguage\":\"es-MX\"},{\"@type\":\"Organization\",\"@id\":\"https:\/\/compuviper.mx\/tienda\/#organization\",\"name\":\"Compuviper\",\"url\":\"https:\/\/compuviper.mx\/tienda\/\",\"logo\":{\"@type\":\"ImageObject\",\"inLanguage\":\"es-MX\",\"@id\":\"https:\/\/compuviper.mx\/tienda\/#\/schema\/logo\/image\/\",\"url\":\"https:\/\/compuviper.mx\/tienda\/wp-content\/uploads\/2021\/08\/Logo-Compuviper-10.png\",\"contentUrl\":\"https:\/\/compuviper.mx\/tienda\/wp-content\/uploads\/2021\/08\/Logo-Compuviper-10.png\",\"width\":1000,\"height\":500,\"caption\":\"Compuviper\"},\"image\":{\"@id\":\"https:\/\/compuviper.mx\/tienda\/#\/schema\/logo\/image\/\"},\"sameAs\":[\"https:\/\/www.facebook.com\/compuviper\",\"https:\/\/www.youtube.com\/channel\/UCf73dERp9Y3cfOq7q8BhLjA?view_as=subscriber\"]}]}<\/script>\n<meta property=\"product:brand\" content=\"HEWLETT PACKARD ENTERPRISE\" \/>\n<meta property=\"product:price:amount\" content=\"29195\" \/>\n<meta property=\"product:price:currency\" content=\"MXN\" \/>\n<meta property=\"og:availability\" content=\"out of stock\" \/>\n<meta property=\"product:availability\" content=\"out of stock\" \/>\n<meta property=\"product:retailer_item_id\" content=\"P44114-B21\" \/>\n<meta property=\"product:condition\" content=\"new\" \/>\n<!-- \/ Yoast SEO plugin. -->","yoast_head_json":{"title":"[ Hewlett Packard Enterprise ] &#129351; P44114-b21 Servidor Hpe Proliant Dl20 Gen10 Plus Intel E-2314 2,8 Ghz 4 Ncleos 1p 16 Gb-u 4 Sff Fuente De Alimentacin Redundante De 500 W","description":"Compra P44114-b21 Servidor Hpe Proliant Dl20 Gen10 Plus Intel E-2314 2,8 Ghz 4 Ncleos 1p 16 Gb-u 4 Sff Fuente De Alimentacin Redundante De 500 W + Env\u00edo a domicilio + Pago seguro + Garant\u00eda","robots":{"index":"index","follow":"follow","max-snippet":"max-snippet:-1","max-image-preview":"max-image-preview:large","max-video-preview":"max-video-preview:-1"},"canonical":"https:\/\/compuviper.mx\/tienda\/producto\/hewlett-packard-enterprise-p44114-b21-servidor-hpe-proliant-dl20-gen10-plus-intel-e-2314-28-ghz-4-ncleos-1p-16-gb-u-4-sff-fuente-de-alimentacin-redundante-de-500-w\/","og_locale":"es_MX","og_type":"article","og_title":"[ Hewlett Packard Enterprise ] &#129351; P44114-b21 Servidor Hpe Proliant Dl20 Gen10 Plus Intel E-2314 2,8 Ghz 4 Ncleos 1p 16 Gb-u 4 Sff Fuente De Alimentacin Redundante De 500 W","og_description":"Compra P44114-b21 Servidor Hpe Proliant Dl20 Gen10 Plus Intel E-2314 2,8 Ghz 4 Ncleos 1p 16 Gb-u 4 Sff Fuente De Alimentacin Redundante De 500 W + Env\u00edo a domicilio + Pago seguro + Garant\u00eda","og_url":"https:\/\/compuviper.mx\/tienda\/producto\/hewlett-packard-enterprise-p44114-b21-servidor-hpe-proliant-dl20-gen10-plus-intel-e-2314-28-ghz-4-ncleos-1p-16-gb-u-4-sff-fuente-de-alimentacin-redundante-de-500-w\/","og_site_name":"Compuviper","article_publisher":"https:\/\/www.facebook.com\/compuviper","og_image":[{"width":200,"height":200,"url":"https:\/\/compuviper.mx\/tienda\/wp-content\/uploads\/2023\/12\/Servidor-hpe-proliant-dl20-gen10-plus-intel-e-2314-28-ghz-4-ncleos-1p-16-gb-u-4-sff-fuente-de-alimentacin-redundante-de-500-w.jpg","type":"image\/jpeg"}],"twitter_card":"summary_large_image","twitter_misc":{"Precio":"&#36;29,195 con IVA","Availability":"Out of stock"},"schema":{"@context":"https:\/\/schema.org","@graph":[{"@type":"WebPage","@id":"https:\/\/compuviper.mx\/tienda\/producto\/hewlett-packard-enterprise-p44114-b21-servidor-hpe-proliant-dl20-gen10-plus-intel-e-2314-28-ghz-4-ncleos-1p-16-gb-u-4-sff-fuente-de-alimentacin-redundante-de-500-w\/","url":"https:\/\/compuviper.mx\/tienda\/producto\/hewlett-packard-enterprise-p44114-b21-servidor-hpe-proliant-dl20-gen10-plus-intel-e-2314-28-ghz-4-ncleos-1p-16-gb-u-4-sff-fuente-de-alimentacin-redundante-de-500-w\/","name":"[ Hewlett Packard Enterprise ] &#129351; P44114-b21 Servidor Hpe Proliant Dl20 Gen10 Plus Intel E-2314 2,8 Ghz 4 Ncleos 1p 16 Gb-u 4 Sff Fuente De Alimentacin Redundante De 500 W","isPartOf":{"@id":"https:\/\/compuviper.mx\/tienda\/#website"},"datePublished":"2026-04-11T07:59:11+00:00","dateModified":"2026-04-11T07:59:11+00:00","description":"Compra P44114-b21 Servidor Hpe Proliant Dl20 Gen10 Plus Intel E-2314 2,8 Ghz 4 Ncleos 1p 16 Gb-u 4 Sff Fuente De Alimentacin Redundante De 500 W + Env\u00edo a domicilio + Pago seguro + Garant\u00eda","breadcrumb":{"@id":"https:\/\/compuviper.mx\/tienda\/producto\/hewlett-packard-enterprise-p44114-b21-servidor-hpe-proliant-dl20-gen10-plus-intel-e-2314-28-ghz-4-ncleos-1p-16-gb-u-4-sff-fuente-de-alimentacin-redundante-de-500-w\/#breadcrumb"},"inLanguage":"es-MX","potentialAction":[{"@type":"ReadAction","target":["https:\/\/compuviper.mx\/tienda\/producto\/hewlett-packard-enterprise-p44114-b21-servidor-hpe-proliant-dl20-gen10-plus-intel-e-2314-28-ghz-4-ncleos-1p-16-gb-u-4-sff-fuente-de-alimentacin-redundante-de-500-w\/"]}]},{"@type":"BreadcrumbList","@id":"https:\/\/compuviper.mx\/tienda\/producto\/hewlett-packard-enterprise-p44114-b21-servidor-hpe-proliant-dl20-gen10-plus-intel-e-2314-28-ghz-4-ncleos-1p-16-gb-u-4-sff-fuente-de-alimentacin-redundante-de-500-w\/#breadcrumb","itemListElement":[{"@type":"ListItem","position":1,"name":"Inicio","item":"https:\/\/compuviper.mx\/tienda\/"},{"@type":"ListItem","position":2,"name":"Productos","item":"https:\/\/compuviper.mx\/tienda\/productos\/"},{"@type":"ListItem","position":3,"name":"Servidores","item":"https:\/\/compuviper.mx\/tienda\/categoria-producto\/servidores-2\/"},{"@type":"ListItem","position":4,"name":"Rack (dl)","item":"https:\/\/compuviper.mx\/tienda\/categoria-producto\/servidores-2\/rack-dl\/"},{"@type":"ListItem","position":5,"name":"Hewlett Packard Enterprise P44114-b21 Servidor Hpe Proliant Dl20 Gen10 Plus Intel E-2314 2,8 Ghz 4 Ncleos 1p 16 Gb-u 4 Sff Fuente De Alimentacin Redundante De 500 W"}]},{"@type":"WebSite","@id":"https:\/\/compuviper.mx\/tienda\/#website","url":"https:\/\/compuviper.mx\/tienda\/","name":"Compuviper","description":"Proveedor de Computadoras, Laptops, Servidores, Monitores, Puntos de Venta, Teclados,   Impresoras, T\u00f3ner, C\u00e1maras de Seguridad y m\u00e1s en tu tienda en l\u00ednea","publisher":{"@id":"https:\/\/compuviper.mx\/tienda\/#organization"},"potentialAction":[{"@type":"SearchAction","target":{"@type":"EntryPoint","urlTemplate":"https:\/\/compuviper.mx\/tienda\/?s={search_term_string}"},"query-input":"required name=search_term_string"}],"inLanguage":"es-MX"},{"@type":"Organization","@id":"https:\/\/compuviper.mx\/tienda\/#organization","name":"Compuviper","url":"https:\/\/compuviper.mx\/tienda\/","logo":{"@type":"ImageObject","inLanguage":"es-MX","@id":"https:\/\/compuviper.mx\/tienda\/#\/schema\/logo\/image\/","url":"https:\/\/compuviper.mx\/tienda\/wp-content\/uploads\/2021\/08\/Logo-Compuviper-10.png","contentUrl":"https:\/\/compuviper.mx\/tienda\/wp-content\/uploads\/2021\/08\/Logo-Compuviper-10.png","width":1000,"height":500,"caption":"Compuviper"},"image":{"@id":"https:\/\/compuviper.mx\/tienda\/#\/schema\/logo\/image\/"},"sameAs":["https:\/\/www.facebook.com\/compuviper","https:\/\/www.youtube.com\/channel\/UCf73dERp9Y3cfOq7q8BhLjA?view_as=subscriber"]}]},"product_brand":"HEWLETT PACKARD ENTERPRISE","product_price_amount":"29195","product_price_currency":"MXN","og_availability":"out of stock","product_availability":"out of stock","product_retailer_item_id":"P44114-B21","product_condition":"new"},"_links":{"self":[{"href":"https:\/\/compuviper.mx\/tienda\/wp-json\/wp\/v2\/product\/225360"}],"collection":[{"href":"https:\/\/compuviper.mx\/tienda\/wp-json\/wp\/v2\/product"}],"about":[{"href":"https:\/\/compuviper.mx\/tienda\/wp-json\/wp\/v2\/types\/product"}],"replies":[{"embeddable":true,"href":"https:\/\/compuviper.mx\/tienda\/wp-json\/wp\/v2\/comments?post=225360"}],"wp:featuredmedia":[{"embeddable":true,"href":"https:\/\/compuviper.mx\/tienda\/wp-json\/wp\/v2\/media\/225361"}],"wp:attachment":[{"href":"https:\/\/compuviper.mx\/tienda\/wp-json\/wp\/v2\/media?parent=225360"}],"wp:term":[{"taxonomy":"product_cat","embeddable":true,"href":"https:\/\/compuviper.mx\/tienda\/wp-json\/wp\/v2\/product_cat?post=225360"},{"taxonomy":"product_tag","embeddable":true,"href":"https:\/\/compuviper.mx\/tienda\/wp-json\/wp\/v2\/product_tag?post=225360"}],"curies":[{"name":"wp","href":"https:\/\/api.w.org\/{rel}","templated":true}]}}