{"id":225348,"date":"2026-05-01T01:54:55","date_gmt":"2026-05-01T07:54:55","guid":{"rendered":"https:\/\/compuviper.mx\/tienda\/producto\/hewlett-packard-enterprise-p55250-b21-servidor-hpe-proliant-dl325-gen10-plus-v2-7313p-amd-epyc-3-ghz-16-ncleos-1p-32-gb-r-mr416i-a-8-sff-fuente-de-500-w\/"},"modified":"2026-05-01T01:54:55","modified_gmt":"2026-05-01T07:54:55","slug":"hewlett-packard-enterprise-p55250-b21-servidor-hpe-proliant-dl325-gen10-plus-v2-7313p-amd-epyc-3-ghz-16-ncleos-1p-32-gb-r-mr416i-a-8-sff-fuente-de-500-w","status":"publish","type":"product","link":"https:\/\/compuviper.mx\/tienda\/producto\/hewlett-packard-enterprise-p55250-b21-servidor-hpe-proliant-dl325-gen10-plus-v2-7313p-amd-epyc-3-ghz-16-ncleos-1p-32-gb-r-mr416i-a-8-sff-fuente-de-500-w\/","title":{"rendered":"Hewlett Packard Enterprise P55250-b21 Servidor Hpe Proliant Dl325 Gen10 Plus V2 7313p Amd Epyc 3 Ghz 16 Ncleos 1p 32 Gb-r Mr416i-a 8 Sff Fuente De 500 W"},"content":{"rendered":"<table class=\"descripcion\">\n<tr>\n<td>Procesador<\/td>\n<\/tr>\n<tr>\n<td>Amd epyc\u0099 7313p (16 n\u00facleos, 3 ghz, 128 mb, 155 w)<\/td>\n<\/tr>\n<tr>\n<td>N\u00facleo de procesador disponible<\/td>\n<\/tr>\n<tr>\n<td>16 n\u00facleos<\/td>\n<\/tr>\n<tr>\n<td>Cach\u00e9 de procesador<\/td>\n<\/tr>\n<tr>\n<td>128 mb l3<\/td>\n<\/tr>\n<tr>\n<td>Velocidad del procesador<\/td>\n<\/tr>\n<tr>\n<td>3,0 ghz<\/td>\n<\/tr>\n<tr>\n<td>Tipo de fuente de alimentaci\u00f3n<\/td>\n<\/tr>\n<tr>\n<td>1 fuente de alimentaci\u00f3n con ranura flexible hpe de 500 w<\/td>\n<\/tr>\n<tr>\n<td>Ranuras de expansi\u00f3n<\/td>\n<\/tr>\n<tr>\n<td>3, para obtener una descripci\u00f3n detallada, consulte las quickspecs<\/td>\n<\/tr>\n<tr>\n<td>Memoria, est\u00e1ndar<\/td>\n<\/tr>\n<tr>\n<td>Rdimm de 32 gb (1x 32 gb)<\/td>\n<\/tr>\n<tr>\n<td>Tipo de memoria<\/td>\n<\/tr>\n<tr>\n<td>Hpe smart memory ddr4<\/td>\n<\/tr>\n<tr>\n<td>Unidades de disco duro incluidas<\/td>\n<\/tr>\n<tr>\n<td>No incluido de serie, 8 sff admitidas<\/td>\n<\/tr>\n<tr>\n<td>Tipo de unidad \u00f3ptica<\/td>\n<\/tr>\n<tr>\n<td>Opcional, no incluido de serie<\/td>\n<\/tr>\n<tr>\n<td>Controlador de red<\/td>\n<\/tr>\n<tr>\n<td>Adaptador hpe 1gbe 4 puertos ocp3 m\u00e1s opci\u00f3n de tarjeta ocp o de soporte<\/td>\n<\/tr>\n<tr>\n<td>Controlador de almacenamiento<\/td>\n<\/tr>\n<tr>\n<td>Controlador broadcom mr416i-a para hpe gen10+<\/td>\n<\/tr>\n<tr>\n<td>Dimensiones m\u00ednimas (alto x ancho x fondo)<\/td>\n<\/tr>\n<tr>\n<td>\u0095 4,29 x 43,46 x 64,43 cm<\/td>\n<\/tr>\n<tr>\n<td>\u0095 1.69 x 17.11 x 25.37 in<\/td>\n<\/tr>\n<tr>\n<td>Peso<\/td>\n<\/tr>\n<tr>\n<td>\u0095 12 kg m\u00ednimo<\/td>\n<\/tr>\n<tr>\n<td>\u0095 26.86 lb minimum<\/td>\n<\/tr>\n<tr>\n<td>Administraci\u00f3n de infraestructura<\/td>\n<\/tr>\n<tr>\n<td>Hpe ilo standard con aprovisionamiento inteligente (integrado)<\/td>\n<\/tr>\n<tr>\n<td>Hpe oneview standard (requiere descarga)<\/td>\n<\/tr>\n<tr>\n<td>Hpe ilo advanced<\/td>\n<\/tr>\n<tr>\n<td>Hpe ilo advanced premium security edition y hpe oneview advanced (requieren licencias)<\/td>\n<\/tr>\n<tr>\n<td>Garant\u00eda<\/td>\n<\/tr>\n<tr>\n<td>3\/3\/3: la garant\u00eda del servidor incluye tres a\u00f1os de garant\u00eda en piezas, tres a\u00f1os de mano de obra y tres a\u00f1os de cobertura de soporte a domicilio. informaci\u00f3n adicional sobre la garant\u00eda limitada en todo el mundo y el soporte t\u00e9cnico disponible en: http:\/\/h20564.www2.hpe.com\/hpsc\/wc\/public\/home. se puede comprar localmente cobertura de servicio y soporte de hpe adicionales para el producto. para obtener informaci\u00f3n acerca de la disponibilidad de las actualizaciones del servicio y su coste, visita el sitio web de hpe en http:\/\/www.hpe.com\/support.<\/td>\n<\/tr>\n<\/table>\n","protected":false},"excerpt":{"rendered":"<p>\u0095 incorpora los procesadores amd epyc\u0099 de 3.\u00aa generaci\u00f3n, con mayor rendimiento de procesamiento que la generaci\u00f3n anterior. \u0095 gesti\u00f3n del almacenamiento mejorada con controladores de almacenamiento de triple modo, compatibles con las unidades nvme\/sas\/sata. \u0095 chasis m\u00e1s corto (menos de un metro) para mejorar la compatibilidad con los centros de datos. \u0095 compatible con procesadores amd epyc de 3.\u00aa generaci\u00f3n con 3d v-cache, que proporcionan 768 mb de cach\u00e9 l3 por procesador.<\/p>\n","protected":false},"featured_media":225349,"comment_status":"open","ping_status":"open","template":"","meta":[],"product_cat":[1808,1809],"product_tag":[1568],"acf":[],"yoast_head":"<!-- This site is optimized with the Yoast SEO plugin v21.7 - https:\/\/yoast.com\/wordpress\/plugins\/seo\/ -->\n<title>[ Hewlett Packard Enterprise ] &#129351; P55250-b21 Servidor Hpe Proliant Dl325 Gen10 Plus V2 7313p Amd Epyc 3 Ghz 16 Ncleos 1p 32 Gb-r Mr416i-a 8 Sff Fuente De 500 W<\/title>\n<meta name=\"description\" content=\"Compra P55250-b21 Servidor Hpe Proliant Dl325 Gen10 Plus V2 7313p Amd Epyc 3 Ghz 16 Ncleos 1p 32 Gb-r Mr416i-a 8 Sff Fuente De 500 W + Env\u00edo a domicilio + Pago seguro + Garant\u00eda\" \/>\n<meta name=\"robots\" content=\"index, follow, max-snippet:-1, max-image-preview:large, max-video-preview:-1\" \/>\n<link rel=\"canonical\" href=\"https:\/\/compuviper.mx\/tienda\/producto\/hewlett-packard-enterprise-p55250-b21-servidor-hpe-proliant-dl325-gen10-plus-v2-7313p-amd-epyc-3-ghz-16-ncleos-1p-32-gb-r-mr416i-a-8-sff-fuente-de-500-w\/\" \/>\n<meta property=\"og:locale\" content=\"es_MX\" \/>\n<meta property=\"og:type\" content=\"article\" \/>\n<meta property=\"og:title\" content=\"[ Hewlett Packard Enterprise ] &#129351; P55250-b21 Servidor Hpe Proliant Dl325 Gen10 Plus V2 7313p Amd Epyc 3 Ghz 16 Ncleos 1p 32 Gb-r Mr416i-a 8 Sff Fuente De 500 W\" \/>\n<meta property=\"og:description\" content=\"Compra P55250-b21 Servidor Hpe Proliant Dl325 Gen10 Plus V2 7313p Amd Epyc 3 Ghz 16 Ncleos 1p 32 Gb-r Mr416i-a 8 Sff Fuente De 500 W + Env\u00edo a domicilio + Pago seguro + Garant\u00eda\" \/>\n<meta property=\"og:url\" content=\"https:\/\/compuviper.mx\/tienda\/producto\/hewlett-packard-enterprise-p55250-b21-servidor-hpe-proliant-dl325-gen10-plus-v2-7313p-amd-epyc-3-ghz-16-ncleos-1p-32-gb-r-mr416i-a-8-sff-fuente-de-500-w\/\" \/>\n<meta property=\"og:site_name\" content=\"Compuviper\" \/>\n<meta property=\"article:publisher\" content=\"https:\/\/www.facebook.com\/compuviper\" \/>\n<meta property=\"og:image\" content=\"https:\/\/compuviper.mx\/tienda\/wp-content\/uploads\/2023\/12\/Servidor-hpe-proliant-dl325-gen10-plus-v2-7313p-amd-epyc-3-ghz-16-ncleos-1p-32-gb-r-mr416i-a-8-sff-fuente-de-500-w.jpg\" \/>\n\t<meta property=\"og:image:width\" content=\"200\" \/>\n\t<meta property=\"og:image:height\" content=\"200\" \/>\n\t<meta property=\"og:image:type\" content=\"image\/jpeg\" \/>\n<meta name=\"twitter:card\" content=\"summary_large_image\" \/>\n<meta name=\"twitter:label1\" content=\"Precio\" \/>\n\t<meta name=\"twitter:data1\" content=\"&#36;108,028 con IVA\" \/>\n\t<meta name=\"twitter:label2\" content=\"Availability\" \/>\n\t<meta name=\"twitter:data2\" content=\"Out of stock\" \/>\n<script type=\"application\/ld+json\" class=\"yoast-schema-graph\">{\"@context\":\"https:\/\/schema.org\",\"@graph\":[{\"@type\":\"WebPage\",\"@id\":\"https:\/\/compuviper.mx\/tienda\/producto\/hewlett-packard-enterprise-p55250-b21-servidor-hpe-proliant-dl325-gen10-plus-v2-7313p-amd-epyc-3-ghz-16-ncleos-1p-32-gb-r-mr416i-a-8-sff-fuente-de-500-w\/\",\"url\":\"https:\/\/compuviper.mx\/tienda\/producto\/hewlett-packard-enterprise-p55250-b21-servidor-hpe-proliant-dl325-gen10-plus-v2-7313p-amd-epyc-3-ghz-16-ncleos-1p-32-gb-r-mr416i-a-8-sff-fuente-de-500-w\/\",\"name\":\"[ Hewlett Packard Enterprise ] &#129351; P55250-b21 Servidor Hpe Proliant Dl325 Gen10 Plus V2 7313p Amd Epyc 3 Ghz 16 Ncleos 1p 32 Gb-r Mr416i-a 8 Sff Fuente De 500 W\",\"isPartOf\":{\"@id\":\"https:\/\/compuviper.mx\/tienda\/#website\"},\"datePublished\":\"2026-05-01T07:54:55+00:00\",\"dateModified\":\"2026-05-01T07:54:55+00:00\",\"description\":\"Compra P55250-b21 Servidor Hpe Proliant Dl325 Gen10 Plus V2 7313p Amd Epyc 3 Ghz 16 Ncleos 1p 32 Gb-r Mr416i-a 8 Sff Fuente De 500 W + Env\u00edo a domicilio + Pago seguro + Garant\u00eda\",\"breadcrumb\":{\"@id\":\"https:\/\/compuviper.mx\/tienda\/producto\/hewlett-packard-enterprise-p55250-b21-servidor-hpe-proliant-dl325-gen10-plus-v2-7313p-amd-epyc-3-ghz-16-ncleos-1p-32-gb-r-mr416i-a-8-sff-fuente-de-500-w\/#breadcrumb\"},\"inLanguage\":\"es-MX\",\"potentialAction\":[{\"@type\":\"ReadAction\",\"target\":[\"https:\/\/compuviper.mx\/tienda\/producto\/hewlett-packard-enterprise-p55250-b21-servidor-hpe-proliant-dl325-gen10-plus-v2-7313p-amd-epyc-3-ghz-16-ncleos-1p-32-gb-r-mr416i-a-8-sff-fuente-de-500-w\/\"]}]},{\"@type\":\"BreadcrumbList\",\"@id\":\"https:\/\/compuviper.mx\/tienda\/producto\/hewlett-packard-enterprise-p55250-b21-servidor-hpe-proliant-dl325-gen10-plus-v2-7313p-amd-epyc-3-ghz-16-ncleos-1p-32-gb-r-mr416i-a-8-sff-fuente-de-500-w\/#breadcrumb\",\"itemListElement\":[{\"@type\":\"ListItem\",\"position\":1,\"name\":\"Inicio\",\"item\":\"https:\/\/compuviper.mx\/tienda\/\"},{\"@type\":\"ListItem\",\"position\":2,\"name\":\"Productos\",\"item\":\"https:\/\/compuviper.mx\/tienda\/productos\/\"},{\"@type\":\"ListItem\",\"position\":3,\"name\":\"Servidores\",\"item\":\"https:\/\/compuviper.mx\/tienda\/categoria-producto\/servidores-2\/\"},{\"@type\":\"ListItem\",\"position\":4,\"name\":\"Rack (dl)\",\"item\":\"https:\/\/compuviper.mx\/tienda\/categoria-producto\/servidores-2\/rack-dl\/\"},{\"@type\":\"ListItem\",\"position\":5,\"name\":\"Hewlett Packard Enterprise P55250-b21 Servidor Hpe Proliant Dl325 Gen10 Plus V2 7313p Amd Epyc 3 Ghz 16 Ncleos 1p 32 Gb-r Mr416i-a 8 Sff Fuente De 500 W\"}]},{\"@type\":\"WebSite\",\"@id\":\"https:\/\/compuviper.mx\/tienda\/#website\",\"url\":\"https:\/\/compuviper.mx\/tienda\/\",\"name\":\"Compuviper\",\"description\":\"Proveedor de Computadoras, Laptops, Servidores, Monitores, Puntos de Venta, Teclados,   Impresoras, T\u00f3ner, C\u00e1maras de Seguridad y m\u00e1s en tu tienda en l\u00ednea\",\"publisher\":{\"@id\":\"https:\/\/compuviper.mx\/tienda\/#organization\"},\"potentialAction\":[{\"@type\":\"SearchAction\",\"target\":{\"@type\":\"EntryPoint\",\"urlTemplate\":\"https:\/\/compuviper.mx\/tienda\/?s={search_term_string}\"},\"query-input\":\"required name=search_term_string\"}],\"inLanguage\":\"es-MX\"},{\"@type\":\"Organization\",\"@id\":\"https:\/\/compuviper.mx\/tienda\/#organization\",\"name\":\"Compuviper\",\"url\":\"https:\/\/compuviper.mx\/tienda\/\",\"logo\":{\"@type\":\"ImageObject\",\"inLanguage\":\"es-MX\",\"@id\":\"https:\/\/compuviper.mx\/tienda\/#\/schema\/logo\/image\/\",\"url\":\"https:\/\/compuviper.mx\/tienda\/wp-content\/uploads\/2021\/08\/Logo-Compuviper-10.png\",\"contentUrl\":\"https:\/\/compuviper.mx\/tienda\/wp-content\/uploads\/2021\/08\/Logo-Compuviper-10.png\",\"width\":1000,\"height\":500,\"caption\":\"Compuviper\"},\"image\":{\"@id\":\"https:\/\/compuviper.mx\/tienda\/#\/schema\/logo\/image\/\"},\"sameAs\":[\"https:\/\/www.facebook.com\/compuviper\",\"https:\/\/www.youtube.com\/channel\/UCf73dERp9Y3cfOq7q8BhLjA?view_as=subscriber\"]}]}<\/script>\n<meta property=\"product:brand\" content=\"HEWLETT PACKARD ENTERPRISE\" \/>\n<meta property=\"product:price:amount\" content=\"108028\" \/>\n<meta property=\"product:price:currency\" content=\"MXN\" \/>\n<meta property=\"og:availability\" content=\"out of stock\" \/>\n<meta property=\"product:availability\" content=\"out of stock\" \/>\n<meta property=\"product:retailer_item_id\" content=\"P55250-B21\" \/>\n<meta property=\"product:condition\" content=\"new\" \/>\n<!-- \/ Yoast SEO plugin. -->","yoast_head_json":{"title":"[ Hewlett Packard Enterprise ] &#129351; P55250-b21 Servidor Hpe Proliant Dl325 Gen10 Plus V2 7313p Amd Epyc 3 Ghz 16 Ncleos 1p 32 Gb-r Mr416i-a 8 Sff Fuente De 500 W","description":"Compra P55250-b21 Servidor Hpe Proliant Dl325 Gen10 Plus V2 7313p Amd Epyc 3 Ghz 16 Ncleos 1p 32 Gb-r Mr416i-a 8 Sff Fuente De 500 W + Env\u00edo a domicilio + Pago seguro + Garant\u00eda","robots":{"index":"index","follow":"follow","max-snippet":"max-snippet:-1","max-image-preview":"max-image-preview:large","max-video-preview":"max-video-preview:-1"},"canonical":"https:\/\/compuviper.mx\/tienda\/producto\/hewlett-packard-enterprise-p55250-b21-servidor-hpe-proliant-dl325-gen10-plus-v2-7313p-amd-epyc-3-ghz-16-ncleos-1p-32-gb-r-mr416i-a-8-sff-fuente-de-500-w\/","og_locale":"es_MX","og_type":"article","og_title":"[ Hewlett Packard Enterprise ] &#129351; P55250-b21 Servidor Hpe Proliant Dl325 Gen10 Plus V2 7313p Amd Epyc 3 Ghz 16 Ncleos 1p 32 Gb-r Mr416i-a 8 Sff Fuente De 500 W","og_description":"Compra P55250-b21 Servidor Hpe Proliant Dl325 Gen10 Plus V2 7313p Amd Epyc 3 Ghz 16 Ncleos 1p 32 Gb-r Mr416i-a 8 Sff Fuente De 500 W + Env\u00edo a domicilio + Pago seguro + Garant\u00eda","og_url":"https:\/\/compuviper.mx\/tienda\/producto\/hewlett-packard-enterprise-p55250-b21-servidor-hpe-proliant-dl325-gen10-plus-v2-7313p-amd-epyc-3-ghz-16-ncleos-1p-32-gb-r-mr416i-a-8-sff-fuente-de-500-w\/","og_site_name":"Compuviper","article_publisher":"https:\/\/www.facebook.com\/compuviper","og_image":[{"width":200,"height":200,"url":"https:\/\/compuviper.mx\/tienda\/wp-content\/uploads\/2023\/12\/Servidor-hpe-proliant-dl325-gen10-plus-v2-7313p-amd-epyc-3-ghz-16-ncleos-1p-32-gb-r-mr416i-a-8-sff-fuente-de-500-w.jpg","type":"image\/jpeg"}],"twitter_card":"summary_large_image","twitter_misc":{"Precio":"&#36;108,028 con IVA","Availability":"Out of stock"},"schema":{"@context":"https:\/\/schema.org","@graph":[{"@type":"WebPage","@id":"https:\/\/compuviper.mx\/tienda\/producto\/hewlett-packard-enterprise-p55250-b21-servidor-hpe-proliant-dl325-gen10-plus-v2-7313p-amd-epyc-3-ghz-16-ncleos-1p-32-gb-r-mr416i-a-8-sff-fuente-de-500-w\/","url":"https:\/\/compuviper.mx\/tienda\/producto\/hewlett-packard-enterprise-p55250-b21-servidor-hpe-proliant-dl325-gen10-plus-v2-7313p-amd-epyc-3-ghz-16-ncleos-1p-32-gb-r-mr416i-a-8-sff-fuente-de-500-w\/","name":"[ Hewlett Packard Enterprise ] &#129351; P55250-b21 Servidor Hpe Proliant Dl325 Gen10 Plus V2 7313p Amd Epyc 3 Ghz 16 Ncleos 1p 32 Gb-r Mr416i-a 8 Sff Fuente De 500 W","isPartOf":{"@id":"https:\/\/compuviper.mx\/tienda\/#website"},"datePublished":"2026-05-01T07:54:55+00:00","dateModified":"2026-05-01T07:54:55+00:00","description":"Compra P55250-b21 Servidor Hpe Proliant Dl325 Gen10 Plus V2 7313p Amd Epyc 3 Ghz 16 Ncleos 1p 32 Gb-r Mr416i-a 8 Sff Fuente De 500 W + Env\u00edo a domicilio + Pago seguro + Garant\u00eda","breadcrumb":{"@id":"https:\/\/compuviper.mx\/tienda\/producto\/hewlett-packard-enterprise-p55250-b21-servidor-hpe-proliant-dl325-gen10-plus-v2-7313p-amd-epyc-3-ghz-16-ncleos-1p-32-gb-r-mr416i-a-8-sff-fuente-de-500-w\/#breadcrumb"},"inLanguage":"es-MX","potentialAction":[{"@type":"ReadAction","target":["https:\/\/compuviper.mx\/tienda\/producto\/hewlett-packard-enterprise-p55250-b21-servidor-hpe-proliant-dl325-gen10-plus-v2-7313p-amd-epyc-3-ghz-16-ncleos-1p-32-gb-r-mr416i-a-8-sff-fuente-de-500-w\/"]}]},{"@type":"BreadcrumbList","@id":"https:\/\/compuviper.mx\/tienda\/producto\/hewlett-packard-enterprise-p55250-b21-servidor-hpe-proliant-dl325-gen10-plus-v2-7313p-amd-epyc-3-ghz-16-ncleos-1p-32-gb-r-mr416i-a-8-sff-fuente-de-500-w\/#breadcrumb","itemListElement":[{"@type":"ListItem","position":1,"name":"Inicio","item":"https:\/\/compuviper.mx\/tienda\/"},{"@type":"ListItem","position":2,"name":"Productos","item":"https:\/\/compuviper.mx\/tienda\/productos\/"},{"@type":"ListItem","position":3,"name":"Servidores","item":"https:\/\/compuviper.mx\/tienda\/categoria-producto\/servidores-2\/"},{"@type":"ListItem","position":4,"name":"Rack (dl)","item":"https:\/\/compuviper.mx\/tienda\/categoria-producto\/servidores-2\/rack-dl\/"},{"@type":"ListItem","position":5,"name":"Hewlett Packard Enterprise P55250-b21 Servidor Hpe Proliant Dl325 Gen10 Plus V2 7313p Amd Epyc 3 Ghz 16 Ncleos 1p 32 Gb-r Mr416i-a 8 Sff Fuente De 500 W"}]},{"@type":"WebSite","@id":"https:\/\/compuviper.mx\/tienda\/#website","url":"https:\/\/compuviper.mx\/tienda\/","name":"Compuviper","description":"Proveedor de Computadoras, Laptops, Servidores, Monitores, Puntos de Venta, Teclados,   Impresoras, T\u00f3ner, C\u00e1maras de Seguridad y m\u00e1s en tu tienda en l\u00ednea","publisher":{"@id":"https:\/\/compuviper.mx\/tienda\/#organization"},"potentialAction":[{"@type":"SearchAction","target":{"@type":"EntryPoint","urlTemplate":"https:\/\/compuviper.mx\/tienda\/?s={search_term_string}"},"query-input":"required name=search_term_string"}],"inLanguage":"es-MX"},{"@type":"Organization","@id":"https:\/\/compuviper.mx\/tienda\/#organization","name":"Compuviper","url":"https:\/\/compuviper.mx\/tienda\/","logo":{"@type":"ImageObject","inLanguage":"es-MX","@id":"https:\/\/compuviper.mx\/tienda\/#\/schema\/logo\/image\/","url":"https:\/\/compuviper.mx\/tienda\/wp-content\/uploads\/2021\/08\/Logo-Compuviper-10.png","contentUrl":"https:\/\/compuviper.mx\/tienda\/wp-content\/uploads\/2021\/08\/Logo-Compuviper-10.png","width":1000,"height":500,"caption":"Compuviper"},"image":{"@id":"https:\/\/compuviper.mx\/tienda\/#\/schema\/logo\/image\/"},"sameAs":["https:\/\/www.facebook.com\/compuviper","https:\/\/www.youtube.com\/channel\/UCf73dERp9Y3cfOq7q8BhLjA?view_as=subscriber"]}]},"product_brand":"HEWLETT PACKARD ENTERPRISE","product_price_amount":"108028","product_price_currency":"MXN","og_availability":"out of stock","product_availability":"out of stock","product_retailer_item_id":"P55250-B21","product_condition":"new"},"_links":{"self":[{"href":"https:\/\/compuviper.mx\/tienda\/wp-json\/wp\/v2\/product\/225348"}],"collection":[{"href":"https:\/\/compuviper.mx\/tienda\/wp-json\/wp\/v2\/product"}],"about":[{"href":"https:\/\/compuviper.mx\/tienda\/wp-json\/wp\/v2\/types\/product"}],"replies":[{"embeddable":true,"href":"https:\/\/compuviper.mx\/tienda\/wp-json\/wp\/v2\/comments?post=225348"}],"wp:featuredmedia":[{"embeddable":true,"href":"https:\/\/compuviper.mx\/tienda\/wp-json\/wp\/v2\/media\/225349"}],"wp:attachment":[{"href":"https:\/\/compuviper.mx\/tienda\/wp-json\/wp\/v2\/media?parent=225348"}],"wp:term":[{"taxonomy":"product_cat","embeddable":true,"href":"https:\/\/compuviper.mx\/tienda\/wp-json\/wp\/v2\/product_cat?post=225348"},{"taxonomy":"product_tag","embeddable":true,"href":"https:\/\/compuviper.mx\/tienda\/wp-json\/wp\/v2\/product_tag?post=225348"}],"curies":[{"name":"wp","href":"https:\/\/api.w.org\/{rel}","templated":true}]}}