{"id":225320,"date":"2026-04-11T01:59:03","date_gmt":"2026-04-11T07:59:03","guid":{"rendered":"https:\/\/compuviper.mx\/tienda\/producto\/hewlett-packard-enterprise-p23578-b21-servidor-hpe-proliant-dl360-gen10-procesador-intel-xeon-silver-4210r10-core-2-40ghz-16gb-ram-pc4-2933y-rdimm-8-x-hot-plug-2-5in-sff-smart-carrier-smart-array\/"},"modified":"2026-04-11T01:59:03","modified_gmt":"2026-04-11T07:59:03","slug":"hewlett-packard-enterprise-p23578-b21-servidor-hpe-proliant-dl360-gen10-procesador-intel-xeon-silver-4210r10-core-2-40ghz-16gb-ram-pc4-2933y-rdimm-8-x-hot-plug-2-5in-sff-smart-carrier-smart-array","status":"publish","type":"product","link":"https:\/\/compuviper.mx\/tienda\/producto\/hewlett-packard-enterprise-p23578-b21-servidor-hpe-proliant-dl360-gen10-procesador-intel-xeon-silver-4210r10-core-2-40ghz-16gb-ram-pc4-2933y-rdimm-8-x-hot-plug-2-5in-sff-smart-carrier-smart-array\/","title":{"rendered":"Hewlett Packard Enterprise P23578-b21 Servidor Hpe Proliant Dl360 Gen10 Procesador Intel Xeon-silver 4210r,10-core (2.40ghz) 16gb Ram, Pc4-2933y Rdimm 8 X Hot Plug 2.5in Sff, Smart Carrier Smart Array P408i-a Nc, No Optical 500w 3yr Nbd"},"content":{"rendered":"<table class=\"descripcion\">\n<tr>\n<td>Procesador<\/td>\n<\/tr>\n<tr>\n<td>Intel\u00ae xeon\u00ae scalable 4210r (10 n\u00facleos, 2,4 ghz, 100 w)<\/td>\n<\/tr>\n<tr>\n<td>N\u00famero de procesadores<\/td>\n<\/tr>\n<tr>\n<td>2, m\u00e1ximo seg\u00fan modelo<\/td>\n<\/tr>\n<tr>\n<td>N\u00facleo de procesador disponible<\/td>\n<\/tr>\n<tr>\n<td>10 n\u00facleos<\/td>\n<\/tr>\n<tr>\n<td>Cach\u00e9 de procesador<\/td>\n<\/tr>\n<tr>\n<td>13,75 mb l3<\/td>\n<\/tr>\n<tr>\n<td>Velocidad del procesador<\/td>\n<\/tr>\n<tr>\n<td>2,4 ghz<\/td>\n<\/tr>\n<tr>\n<td>Tipo de fuente de alimentaci\u00f3n<\/td>\n<\/tr>\n<tr>\n<td>1 fuente de alimentaci\u00f3n hot-plug con ranura flexible de 500 w hpe platinum<\/td>\n<\/tr>\n<tr>\n<td>Ranuras de expansi\u00f3n<\/td>\n<\/tr>\n<tr>\n<td>2 pcie 3.0, para obtener una descripci\u00f3n detallada, consulte las quickspecs<\/td>\n<\/tr>\n<tr>\n<td>Memoria, est\u00e1ndar<\/td>\n<\/tr>\n<tr>\n<td>Rdimm de 16 gb (1 x 16 gb)<\/td>\n<\/tr>\n<tr>\n<td>Tipo de memoria<\/td>\n<\/tr>\n<tr>\n<td>Hpe ddr4 smartmemory<\/td>\n<\/tr>\n<tr>\n<td>Unidades de disco duro incluidas<\/td>\n<\/tr>\n<tr>\n<td>No incluido de serie, 8 unidades sff admitidas<\/td>\n<\/tr>\n<tr>\n<td>Tipo de unidad \u00f3ptica<\/td>\n<\/tr>\n<tr>\n<td>Ninguna incluida<\/td>\n<\/tr>\n<tr>\n<td>Caracter\u00edsticas de los ventiladores del sistema<\/td>\n<\/tr>\n<tr>\n<td>5 ventiladores est\u00e1ndares hot-plug<\/td>\n<\/tr>\n<tr>\n<td>Controlador de red<\/td>\n<\/tr>\n<tr>\n<td>Adaptador hpe ethernet 366flr de 1 gb y 4 puertos<\/td>\n<\/tr>\n<tr>\n<td>Controlador de almacenamiento<\/td>\n<\/tr>\n<tr>\n<td>Hpe smart array p408i-a\/2 gb y bater\u00eda de almacenamiento inteligente<\/td>\n<\/tr>\n<tr>\n<td>Dimensiones m\u00ednimas (alto x ancho x fondo)<\/td>\n<\/tr>\n<tr>\n<td>\u0095 4,29 x 43,46 x 70,7 cm<\/td>\n<\/tr>\n<tr>\n<td>\u0095 1.69 x 17.11 x 27.83 in<\/td>\n<\/tr>\n<tr>\n<td>Peso<\/td>\n<\/tr>\n<tr>\n<td>\u0095 13,04 kg m\u00ednimo, 16,27 kg m\u00e1ximo<\/td>\n<\/tr>\n<tr>\n<td>\u0095 28.74 lb minimum, 35.86 lb maximum<\/td>\n<\/tr>\n<tr>\n<td>Administraci\u00f3n de infraestructura<\/td>\n<\/tr>\n<tr>\n<td>Hpe ilo standard con aprovisionamiento inteligente (integrado), hpe oneview standard (requiere descarga)<\/td>\n<\/tr>\n<tr>\n<td>Opcional: hpe ilo advanced y hpe oneview advanced (requieren licencias)<\/td>\n<\/tr>\n<tr>\n<td>Garant\u00eda<\/td>\n<\/tr>\n<tr>\n<td>3\/3\/3 &#8211; la garant\u00eda del servidor incluye tres a\u00f1os de garant\u00eda en piezas, tres a\u00f1os de mano de obra y tres a\u00f1os de cobertura de soporte a domicilio.<\/td>\n<\/tr>\n<\/table>\n","protected":false},"excerpt":{"rendered":"<p>\u00bfnecesita un servidor denso, caracterizado por su seguridad y rendimiento para su centro de datos, que pueda implementar con tranquilidad para virtualizaci\u00f3n, bases de datos o procesamiento de alto rendimiento? el servidor hpe proliant dl360 gen10 proporciona seguridad, agilidad y flexibilidad sin sacrificar el rendimiento. Es compatible con los procesadores escalables intel\u00ae xeon\u00ae con aumento de hasta el 60 % [1] y 27 % del rendimiento en los n\u00facleos [2] y ddr4 hpe smartmemory de 2933 mt\/s y hasta 3,0 tb [2] con un incremento del rendimiento de hasta el 82 % [3]. Gracias al rendimiento adicional que proporcionan la memoria persistente hpe [6], nvdimm hpe [7] y 10 nvme, el hpe proliant dl360 gen10 es un negocio serio. Implemente, actualice, supervise y mantenga su servidor con facilidad al automatizar las tareas esenciales de gesti\u00f3n del ciclo de vida del servidor con hpe oneview y hpe integrated lights out 5 (ilo 5). Implemente esta plataforma 2p segura para diversas cargas de trabajo en entornos con limitaciones de espacio.<\/p>\n","protected":false},"featured_media":225321,"comment_status":"open","ping_status":"open","template":"","meta":[],"product_cat":[1808,1809],"product_tag":[1568],"acf":[],"yoast_head":"<!-- This site is optimized with the Yoast SEO plugin v21.7 - https:\/\/yoast.com\/wordpress\/plugins\/seo\/ -->\n<title>[ Hewlett Packard Enterprise ] &#129351; P23578-b21 Servidor Hpe Proliant Dl360 Gen10 Procesador Intel Xeon-silver 4210r,10-core (2.40ghz) 16gb Ram, Pc4-2933y Rdimm 8 X Hot Plug 2.5in Sff, Smart Carrier Smart Array P408i-a Nc, No Optical 500w 3yr Nbd<\/title>\n<meta name=\"description\" content=\"Compra P23578-b21 Servidor Hpe Proliant Dl360 Gen10 Procesador Intel Xeon-silver 4210r,10-core (2.40ghz) 16gb Ram, Pc4-2933y Rdimm 8 X Hot Plug 2.5in Sff, Smart Carrier Smart Array P408i-a Nc, No Optical 500w 3yr Nbd + Env\u00edo a domicilio + Pago seguro + Garant\u00eda\" \/>\n<meta name=\"robots\" content=\"index, follow, max-snippet:-1, max-image-preview:large, max-video-preview:-1\" \/>\n<link rel=\"canonical\" href=\"https:\/\/compuviper.mx\/tienda\/producto\/hewlett-packard-enterprise-p23578-b21-servidor-hpe-proliant-dl360-gen10-procesador-intel-xeon-silver-4210r10-core-2-40ghz-16gb-ram-pc4-2933y-rdimm-8-x-hot-plug-2-5in-sff-smart-carrier-smart-array\/\" \/>\n<meta property=\"og:locale\" content=\"es_MX\" \/>\n<meta property=\"og:type\" content=\"article\" \/>\n<meta property=\"og:title\" content=\"[ Hewlett Packard Enterprise ] &#129351; P23578-b21 Servidor Hpe Proliant Dl360 Gen10 Procesador Intel Xeon-silver 4210r,10-core (2.40ghz) 16gb Ram, Pc4-2933y Rdimm 8 X Hot Plug 2.5in Sff, Smart Carrier Smart Array P408i-a Nc, No Optical 500w 3yr Nbd\" \/>\n<meta property=\"og:description\" content=\"Compra P23578-b21 Servidor Hpe Proliant Dl360 Gen10 Procesador Intel Xeon-silver 4210r,10-core (2.40ghz) 16gb Ram, Pc4-2933y Rdimm 8 X Hot Plug 2.5in Sff, Smart Carrier Smart Array P408i-a Nc, No Optical 500w 3yr Nbd + Env\u00edo a domicilio + Pago seguro + Garant\u00eda\" \/>\n<meta property=\"og:url\" content=\"https:\/\/compuviper.mx\/tienda\/producto\/hewlett-packard-enterprise-p23578-b21-servidor-hpe-proliant-dl360-gen10-procesador-intel-xeon-silver-4210r10-core-2-40ghz-16gb-ram-pc4-2933y-rdimm-8-x-hot-plug-2-5in-sff-smart-carrier-smart-array\/\" \/>\n<meta property=\"og:site_name\" content=\"Compuviper\" \/>\n<meta property=\"article:publisher\" content=\"https:\/\/www.facebook.com\/compuviper\" \/>\n<meta property=\"og:image\" content=\"https:\/\/compuviper.mx\/tienda\/wp-content\/uploads\/2023\/12\/Servidor-hpe-proliant-dl360-gen10-procesador-intel-xeon-silver-4210r10-core-2.40ghz-16gb-ram-pc4-2933y-rdimm-8-x-hot-plug-2.5in-sff-smart-carrier-smart-array-p408i-a-nc-no-optical-500w-3yr-nbd.jpg\" \/>\n\t<meta property=\"og:image:width\" content=\"200\" \/>\n\t<meta property=\"og:image:height\" content=\"200\" \/>\n\t<meta property=\"og:image:type\" content=\"image\/jpeg\" \/>\n<meta name=\"twitter:card\" content=\"summary_large_image\" \/>\n<meta name=\"twitter:label1\" content=\"Precio\" \/>\n\t<meta name=\"twitter:data1\" content=\"&#36;77,171 con IVA\" \/>\n\t<meta name=\"twitter:label2\" content=\"Availability\" \/>\n\t<meta name=\"twitter:data2\" content=\"On backorder\" \/>\n<script type=\"application\/ld+json\" class=\"yoast-schema-graph\">{\"@context\":\"https:\/\/schema.org\",\"@graph\":[{\"@type\":\"WebPage\",\"@id\":\"https:\/\/compuviper.mx\/tienda\/producto\/hewlett-packard-enterprise-p23578-b21-servidor-hpe-proliant-dl360-gen10-procesador-intel-xeon-silver-4210r10-core-2-40ghz-16gb-ram-pc4-2933y-rdimm-8-x-hot-plug-2-5in-sff-smart-carrier-smart-array\/\",\"url\":\"https:\/\/compuviper.mx\/tienda\/producto\/hewlett-packard-enterprise-p23578-b21-servidor-hpe-proliant-dl360-gen10-procesador-intel-xeon-silver-4210r10-core-2-40ghz-16gb-ram-pc4-2933y-rdimm-8-x-hot-plug-2-5in-sff-smart-carrier-smart-array\/\",\"name\":\"[ Hewlett Packard Enterprise ] &#129351; P23578-b21 Servidor Hpe Proliant Dl360 Gen10 Procesador Intel Xeon-silver 4210r,10-core (2.40ghz) 16gb Ram, Pc4-2933y Rdimm 8 X Hot Plug 2.5in Sff, Smart Carrier Smart Array P408i-a Nc, No Optical 500w 3yr Nbd\",\"isPartOf\":{\"@id\":\"https:\/\/compuviper.mx\/tienda\/#website\"},\"datePublished\":\"2026-04-11T07:59:03+00:00\",\"dateModified\":\"2026-04-11T07:59:03+00:00\",\"description\":\"Compra P23578-b21 Servidor Hpe Proliant Dl360 Gen10 Procesador Intel Xeon-silver 4210r,10-core (2.40ghz) 16gb Ram, Pc4-2933y Rdimm 8 X Hot Plug 2.5in Sff, Smart Carrier Smart Array P408i-a Nc, No Optical 500w 3yr Nbd + Env\u00edo a domicilio + Pago seguro + Garant\u00eda\",\"breadcrumb\":{\"@id\":\"https:\/\/compuviper.mx\/tienda\/producto\/hewlett-packard-enterprise-p23578-b21-servidor-hpe-proliant-dl360-gen10-procesador-intel-xeon-silver-4210r10-core-2-40ghz-16gb-ram-pc4-2933y-rdimm-8-x-hot-plug-2-5in-sff-smart-carrier-smart-array\/#breadcrumb\"},\"inLanguage\":\"es-MX\",\"potentialAction\":[{\"@type\":\"ReadAction\",\"target\":[\"https:\/\/compuviper.mx\/tienda\/producto\/hewlett-packard-enterprise-p23578-b21-servidor-hpe-proliant-dl360-gen10-procesador-intel-xeon-silver-4210r10-core-2-40ghz-16gb-ram-pc4-2933y-rdimm-8-x-hot-plug-2-5in-sff-smart-carrier-smart-array\/\"]}]},{\"@type\":\"BreadcrumbList\",\"@id\":\"https:\/\/compuviper.mx\/tienda\/producto\/hewlett-packard-enterprise-p23578-b21-servidor-hpe-proliant-dl360-gen10-procesador-intel-xeon-silver-4210r10-core-2-40ghz-16gb-ram-pc4-2933y-rdimm-8-x-hot-plug-2-5in-sff-smart-carrier-smart-array\/#breadcrumb\",\"itemListElement\":[{\"@type\":\"ListItem\",\"position\":1,\"name\":\"Inicio\",\"item\":\"https:\/\/compuviper.mx\/tienda\/\"},{\"@type\":\"ListItem\",\"position\":2,\"name\":\"Productos\",\"item\":\"https:\/\/compuviper.mx\/tienda\/productos\/\"},{\"@type\":\"ListItem\",\"position\":3,\"name\":\"Servidores\",\"item\":\"https:\/\/compuviper.mx\/tienda\/categoria-producto\/servidores-2\/\"},{\"@type\":\"ListItem\",\"position\":4,\"name\":\"Rack (dl)\",\"item\":\"https:\/\/compuviper.mx\/tienda\/categoria-producto\/servidores-2\/rack-dl\/\"},{\"@type\":\"ListItem\",\"position\":5,\"name\":\"Hewlett Packard Enterprise P23578-b21 Servidor Hpe Proliant Dl360 Gen10 Procesador Intel Xeon-silver 4210r,10-core (2.40ghz) 16gb Ram, Pc4-2933y Rdimm 8 X Hot Plug 2.5in Sff, Smart Carrier Smart Array P408i-a Nc, No Optical 500w 3yr Nbd\"}]},{\"@type\":\"WebSite\",\"@id\":\"https:\/\/compuviper.mx\/tienda\/#website\",\"url\":\"https:\/\/compuviper.mx\/tienda\/\",\"name\":\"Compuviper\",\"description\":\"Proveedor de Computadoras, Laptops, Servidores, Monitores, Puntos de Venta, Teclados,   Impresoras, T\u00f3ner, C\u00e1maras de Seguridad y m\u00e1s en tu tienda en l\u00ednea\",\"publisher\":{\"@id\":\"https:\/\/compuviper.mx\/tienda\/#organization\"},\"potentialAction\":[{\"@type\":\"SearchAction\",\"target\":{\"@type\":\"EntryPoint\",\"urlTemplate\":\"https:\/\/compuviper.mx\/tienda\/?s={search_term_string}\"},\"query-input\":\"required name=search_term_string\"}],\"inLanguage\":\"es-MX\"},{\"@type\":\"Organization\",\"@id\":\"https:\/\/compuviper.mx\/tienda\/#organization\",\"name\":\"Compuviper\",\"url\":\"https:\/\/compuviper.mx\/tienda\/\",\"logo\":{\"@type\":\"ImageObject\",\"inLanguage\":\"es-MX\",\"@id\":\"https:\/\/compuviper.mx\/tienda\/#\/schema\/logo\/image\/\",\"url\":\"https:\/\/compuviper.mx\/tienda\/wp-content\/uploads\/2021\/08\/Logo-Compuviper-10.png\",\"contentUrl\":\"https:\/\/compuviper.mx\/tienda\/wp-content\/uploads\/2021\/08\/Logo-Compuviper-10.png\",\"width\":1000,\"height\":500,\"caption\":\"Compuviper\"},\"image\":{\"@id\":\"https:\/\/compuviper.mx\/tienda\/#\/schema\/logo\/image\/\"},\"sameAs\":[\"https:\/\/www.facebook.com\/compuviper\",\"https:\/\/www.youtube.com\/channel\/UCf73dERp9Y3cfOq7q8BhLjA?view_as=subscriber\"]}]}<\/script>\n<meta property=\"product:brand\" content=\"HEWLETT PACKARD ENTERPRISE\" \/>\n<meta property=\"product:price:amount\" content=\"77171\" \/>\n<meta property=\"product:price:currency\" content=\"MXN\" \/>\n<meta property=\"og:availability\" content=\"backorder\" \/>\n<meta property=\"product:availability\" content=\"available for order\" \/>\n<meta property=\"product:retailer_item_id\" content=\"P23578-B21\" \/>\n<meta property=\"product:condition\" content=\"new\" \/>\n<!-- \/ Yoast SEO plugin. -->","yoast_head_json":{"title":"[ Hewlett Packard Enterprise ] &#129351; P23578-b21 Servidor Hpe Proliant Dl360 Gen10 Procesador Intel Xeon-silver 4210r,10-core (2.40ghz) 16gb Ram, Pc4-2933y Rdimm 8 X Hot Plug 2.5in Sff, Smart Carrier Smart Array P408i-a Nc, No Optical 500w 3yr Nbd","description":"Compra P23578-b21 Servidor Hpe Proliant Dl360 Gen10 Procesador Intel Xeon-silver 4210r,10-core (2.40ghz) 16gb Ram, Pc4-2933y Rdimm 8 X Hot Plug 2.5in Sff, Smart Carrier Smart Array P408i-a Nc, No Optical 500w 3yr Nbd + Env\u00edo a domicilio + Pago seguro + Garant\u00eda","robots":{"index":"index","follow":"follow","max-snippet":"max-snippet:-1","max-image-preview":"max-image-preview:large","max-video-preview":"max-video-preview:-1"},"canonical":"https:\/\/compuviper.mx\/tienda\/producto\/hewlett-packard-enterprise-p23578-b21-servidor-hpe-proliant-dl360-gen10-procesador-intel-xeon-silver-4210r10-core-2-40ghz-16gb-ram-pc4-2933y-rdimm-8-x-hot-plug-2-5in-sff-smart-carrier-smart-array\/","og_locale":"es_MX","og_type":"article","og_title":"[ Hewlett Packard Enterprise ] &#129351; P23578-b21 Servidor Hpe Proliant Dl360 Gen10 Procesador Intel Xeon-silver 4210r,10-core (2.40ghz) 16gb Ram, Pc4-2933y Rdimm 8 X Hot Plug 2.5in Sff, Smart Carrier Smart Array P408i-a Nc, No Optical 500w 3yr Nbd","og_description":"Compra P23578-b21 Servidor Hpe Proliant Dl360 Gen10 Procesador Intel Xeon-silver 4210r,10-core (2.40ghz) 16gb Ram, Pc4-2933y Rdimm 8 X Hot Plug 2.5in Sff, Smart Carrier Smart Array P408i-a Nc, No Optical 500w 3yr Nbd + Env\u00edo a domicilio + Pago seguro + Garant\u00eda","og_url":"https:\/\/compuviper.mx\/tienda\/producto\/hewlett-packard-enterprise-p23578-b21-servidor-hpe-proliant-dl360-gen10-procesador-intel-xeon-silver-4210r10-core-2-40ghz-16gb-ram-pc4-2933y-rdimm-8-x-hot-plug-2-5in-sff-smart-carrier-smart-array\/","og_site_name":"Compuviper","article_publisher":"https:\/\/www.facebook.com\/compuviper","og_image":[{"width":200,"height":200,"url":"https:\/\/compuviper.mx\/tienda\/wp-content\/uploads\/2023\/12\/Servidor-hpe-proliant-dl360-gen10-procesador-intel-xeon-silver-4210r10-core-2.40ghz-16gb-ram-pc4-2933y-rdimm-8-x-hot-plug-2.5in-sff-smart-carrier-smart-array-p408i-a-nc-no-optical-500w-3yr-nbd.jpg","type":"image\/jpeg"}],"twitter_card":"summary_large_image","twitter_misc":{"Precio":"&#36;77,171 con IVA","Availability":"On backorder"},"schema":{"@context":"https:\/\/schema.org","@graph":[{"@type":"WebPage","@id":"https:\/\/compuviper.mx\/tienda\/producto\/hewlett-packard-enterprise-p23578-b21-servidor-hpe-proliant-dl360-gen10-procesador-intel-xeon-silver-4210r10-core-2-40ghz-16gb-ram-pc4-2933y-rdimm-8-x-hot-plug-2-5in-sff-smart-carrier-smart-array\/","url":"https:\/\/compuviper.mx\/tienda\/producto\/hewlett-packard-enterprise-p23578-b21-servidor-hpe-proliant-dl360-gen10-procesador-intel-xeon-silver-4210r10-core-2-40ghz-16gb-ram-pc4-2933y-rdimm-8-x-hot-plug-2-5in-sff-smart-carrier-smart-array\/","name":"[ Hewlett Packard Enterprise ] &#129351; P23578-b21 Servidor Hpe Proliant Dl360 Gen10 Procesador Intel Xeon-silver 4210r,10-core (2.40ghz) 16gb Ram, Pc4-2933y Rdimm 8 X Hot Plug 2.5in Sff, Smart Carrier Smart Array P408i-a Nc, No Optical 500w 3yr Nbd","isPartOf":{"@id":"https:\/\/compuviper.mx\/tienda\/#website"},"datePublished":"2026-04-11T07:59:03+00:00","dateModified":"2026-04-11T07:59:03+00:00","description":"Compra P23578-b21 Servidor Hpe Proliant Dl360 Gen10 Procesador Intel Xeon-silver 4210r,10-core (2.40ghz) 16gb Ram, Pc4-2933y Rdimm 8 X Hot Plug 2.5in Sff, Smart Carrier Smart Array P408i-a Nc, No Optical 500w 3yr Nbd + Env\u00edo a domicilio + Pago seguro + Garant\u00eda","breadcrumb":{"@id":"https:\/\/compuviper.mx\/tienda\/producto\/hewlett-packard-enterprise-p23578-b21-servidor-hpe-proliant-dl360-gen10-procesador-intel-xeon-silver-4210r10-core-2-40ghz-16gb-ram-pc4-2933y-rdimm-8-x-hot-plug-2-5in-sff-smart-carrier-smart-array\/#breadcrumb"},"inLanguage":"es-MX","potentialAction":[{"@type":"ReadAction","target":["https:\/\/compuviper.mx\/tienda\/producto\/hewlett-packard-enterprise-p23578-b21-servidor-hpe-proliant-dl360-gen10-procesador-intel-xeon-silver-4210r10-core-2-40ghz-16gb-ram-pc4-2933y-rdimm-8-x-hot-plug-2-5in-sff-smart-carrier-smart-array\/"]}]},{"@type":"BreadcrumbList","@id":"https:\/\/compuviper.mx\/tienda\/producto\/hewlett-packard-enterprise-p23578-b21-servidor-hpe-proliant-dl360-gen10-procesador-intel-xeon-silver-4210r10-core-2-40ghz-16gb-ram-pc4-2933y-rdimm-8-x-hot-plug-2-5in-sff-smart-carrier-smart-array\/#breadcrumb","itemListElement":[{"@type":"ListItem","position":1,"name":"Inicio","item":"https:\/\/compuviper.mx\/tienda\/"},{"@type":"ListItem","position":2,"name":"Productos","item":"https:\/\/compuviper.mx\/tienda\/productos\/"},{"@type":"ListItem","position":3,"name":"Servidores","item":"https:\/\/compuviper.mx\/tienda\/categoria-producto\/servidores-2\/"},{"@type":"ListItem","position":4,"name":"Rack (dl)","item":"https:\/\/compuviper.mx\/tienda\/categoria-producto\/servidores-2\/rack-dl\/"},{"@type":"ListItem","position":5,"name":"Hewlett Packard Enterprise P23578-b21 Servidor Hpe Proliant Dl360 Gen10 Procesador Intel Xeon-silver 4210r,10-core (2.40ghz) 16gb Ram, Pc4-2933y Rdimm 8 X Hot Plug 2.5in Sff, Smart Carrier Smart Array P408i-a Nc, No Optical 500w 3yr Nbd"}]},{"@type":"WebSite","@id":"https:\/\/compuviper.mx\/tienda\/#website","url":"https:\/\/compuviper.mx\/tienda\/","name":"Compuviper","description":"Proveedor de Computadoras, Laptops, Servidores, Monitores, Puntos de Venta, Teclados,   Impresoras, T\u00f3ner, C\u00e1maras de Seguridad y m\u00e1s en tu tienda en l\u00ednea","publisher":{"@id":"https:\/\/compuviper.mx\/tienda\/#organization"},"potentialAction":[{"@type":"SearchAction","target":{"@type":"EntryPoint","urlTemplate":"https:\/\/compuviper.mx\/tienda\/?s={search_term_string}"},"query-input":"required name=search_term_string"}],"inLanguage":"es-MX"},{"@type":"Organization","@id":"https:\/\/compuviper.mx\/tienda\/#organization","name":"Compuviper","url":"https:\/\/compuviper.mx\/tienda\/","logo":{"@type":"ImageObject","inLanguage":"es-MX","@id":"https:\/\/compuviper.mx\/tienda\/#\/schema\/logo\/image\/","url":"https:\/\/compuviper.mx\/tienda\/wp-content\/uploads\/2021\/08\/Logo-Compuviper-10.png","contentUrl":"https:\/\/compuviper.mx\/tienda\/wp-content\/uploads\/2021\/08\/Logo-Compuviper-10.png","width":1000,"height":500,"caption":"Compuviper"},"image":{"@id":"https:\/\/compuviper.mx\/tienda\/#\/schema\/logo\/image\/"},"sameAs":["https:\/\/www.facebook.com\/compuviper","https:\/\/www.youtube.com\/channel\/UCf73dERp9Y3cfOq7q8BhLjA?view_as=subscriber"]}]},"product_brand":"HEWLETT PACKARD ENTERPRISE","product_price_amount":"77171","product_price_currency":"MXN","og_availability":"backorder","product_availability":"available for order","product_retailer_item_id":"P23578-B21","product_condition":"new"},"_links":{"self":[{"href":"https:\/\/compuviper.mx\/tienda\/wp-json\/wp\/v2\/product\/225320"}],"collection":[{"href":"https:\/\/compuviper.mx\/tienda\/wp-json\/wp\/v2\/product"}],"about":[{"href":"https:\/\/compuviper.mx\/tienda\/wp-json\/wp\/v2\/types\/product"}],"replies":[{"embeddable":true,"href":"https:\/\/compuviper.mx\/tienda\/wp-json\/wp\/v2\/comments?post=225320"}],"wp:featuredmedia":[{"embeddable":true,"href":"https:\/\/compuviper.mx\/tienda\/wp-json\/wp\/v2\/media\/225321"}],"wp:attachment":[{"href":"https:\/\/compuviper.mx\/tienda\/wp-json\/wp\/v2\/media?parent=225320"}],"wp:term":[{"taxonomy":"product_cat","embeddable":true,"href":"https:\/\/compuviper.mx\/tienda\/wp-json\/wp\/v2\/product_cat?post=225320"},{"taxonomy":"product_tag","embeddable":true,"href":"https:\/\/compuviper.mx\/tienda\/wp-json\/wp\/v2\/product_tag?post=225320"}],"curies":[{"name":"wp","href":"https:\/\/api.w.org\/{rel}","templated":true}]}}