{"id":225286,"date":"2026-05-06T01:56:19","date_gmt":"2026-05-06T07:56:19","guid":{"rendered":"https:\/\/compuviper.mx\/tienda\/producto\/canon-0651c002ae-escaner-dr-c240-45-ppm-90-ipm-600-dpi-24-bits-usb-duplex-adf-compatible-windows-alimentacion-60-hojas-oficio-vertical-escaneo-diario-4000\/"},"modified":"2026-05-06T01:56:19","modified_gmt":"2026-05-06T07:56:19","slug":"canon-0651c002ae013803258172-escaner-dr-c240-45-ppm-90-ipm-600-dpi-24-bits-usb-duplex-adf-oficio-4000-escaneos-diarios","status":"publish","type":"product","link":"https:\/\/compuviper.mx\/tienda\/producto\/canon-0651c002ae013803258172-escaner-dr-c240-45-ppm-90-ipm-600-dpi-24-bits-usb-duplex-adf-oficio-4000-escaneos-diarios\/","title":{"rendered":"Canon 0651c002ae,013803258172 Escaner  Dr-c240, 45 Ppm\/90 Ipm, 600 Dpi, 24 Bits, Usb, Duplex, Adf Oficio, 4000 Escaneos Diarios"},"content":{"rendered":"<table class=\"descripcion\">\n<tr>\n<td>Tipo: esc\u00e1ner de documentos de oficina<\/td>\n<\/tr>\n<tr>\n<td>Alimentaci\u00f3n de documentos: autom\u00e1tico o manual<\/td>\n<\/tr>\n<tr>\n<td>Peso de los documentos: papel com\u00fan de 7 a 56 lb<\/td>\n<\/tr>\n<tr>\n<td>Anchura del documento: de 2.0 a 8.5<\/td>\n<\/tr>\n<tr>\n<td>Longitud del documento: de 2.8 a 14.0<\/td>\n<\/tr>\n<tr>\n<td>Capacidad del alimentador: 60 hojas<\/td>\n<\/tr>\n<tr>\n<td>Escala de grises: 8 bits<\/td>\n<\/tr>\n<tr>\n<td>Color: 24 bits<\/td>\n<\/tr>\n<tr>\n<td>Elemento de escaneo: sensor de imagen por contacto (cmos)<\/td>\n<\/tr>\n<tr>\n<td>Fuente de luz led: rgb<\/td>\n<\/tr>\n<tr>\n<td>Modos de operaci\u00f3n: color, escala de grises, blanco y negro<\/td>\n<\/tr>\n<tr>\n<td>Resoluci\u00f3n \u00f3ptica: 600 ppp<\/td>\n<\/tr>\n<tr>\n<td>Resoluci\u00f3n de salida: 100\/150\/200\/240\/300\/400\/600 ppp<\/td>\n<\/tr>\n<tr>\n<td>Velocidades de escaneo<\/td>\n<\/tr>\n<tr>\n<td>Blanco y negro: (unilateral\/bilateral)2: hasta 45 ppm\/hasta 90 ipm<\/td>\n<\/tr>\n<tr>\n<td>Escala de grises: (unilateral\/bilateral)2: hasta 45 ppm\/hasta 90 ipm<\/td>\n<\/tr>\n<tr>\n<td>24 bits en color: (unilateral\/bilateral)2: hasta 30 ppm\/hasta 60 ipm<\/td>\n<\/tr>\n<tr>\n<td>Interfaz: hi-speed usb 2.0<\/td>\n<\/tr>\n<tr>\n<td>Dimensiones: 9.0 x 11.4 x 9.9 (con las bandejas cerradas)<\/td>\n<\/tr>\n<tr>\n<td>Peso: aprox. 6.17 lb<\/td>\n<\/tr>\n<tr>\n<td>Consumo de energ\u00eda : 19 w o menos (modo dormir: 1.4 w o menos)<\/td>\n<\/tr>\n<\/table>\n","protected":false},"excerpt":{"rendered":"<p>Compacto y din\u00e1mico. Este dispositivo puede usarse para integrar la informaci\u00f3n a los flujos de trabajo digitales y as\u00ed automatizar los procesos y distribuir la informaci\u00f3n. Ideal para los sectores gubernamentales, finanzas, seguros, servicios hoteleros, transporte, bienes ra\u00edces, servicios jur\u00eddicos y m\u00e1s. F\u00e1cil de usar. Panel de f\u00e1cil operaci\u00f3n de un solo toque. Iniciar y detener el escaneo. Preconfigurar las tareas de trabajo. Conectividad. Usb 2.0 de alta velocidad. Software captureontouch. Programaci\u00f3n de rutas de env\u00edo en un solo toque. Escaneo hacia aplicaciones en la nube2 de otros fabricantes. Evernote\u0099, microsoft\u00ae sharepoint\u00ae, google drive\u0099, sugarsync. Onedrive y dropbox. Certificado energy star<\/p>\n","protected":false},"featured_media":225287,"comment_status":"open","ping_status":"open","template":"","meta":[],"product_cat":[1805,1807],"product_tag":[1554],"acf":[],"yoast_head":"<!-- This site is optimized with the Yoast SEO plugin v21.7 - https:\/\/yoast.com\/wordpress\/plugins\/seo\/ -->\n<title>[ Canon ] &#129351; 0651c002ae,013803258172 Escaner Dr-c240, 45 Ppm\/90 Ipm, 600 Dpi, 24 Bits, Usb, Duplex, Adf Oficio, 4000 Escaneos Diarios<\/title>\n<meta name=\"description\" content=\"Compra 0651c002ae,013803258172 Escaner Dr-c240, 45 Ppm\/90 Ipm, 600 Dpi, 24 Bits, Usb, Duplex, Adf Oficio, 4000 Escaneos Diarios + Env\u00edo a domicilio + Pago seguro + Garant\u00eda\" \/>\n<meta name=\"robots\" content=\"index, follow, max-snippet:-1, max-image-preview:large, max-video-preview:-1\" \/>\n<link rel=\"canonical\" href=\"https:\/\/compuviper.mx\/tienda\/producto\/canon-0651c002ae013803258172-escaner-dr-c240-45-ppm-90-ipm-600-dpi-24-bits-usb-duplex-adf-oficio-4000-escaneos-diarios\/\" \/>\n<meta property=\"og:locale\" content=\"es_MX\" \/>\n<meta property=\"og:type\" content=\"article\" \/>\n<meta property=\"og:title\" content=\"[ Canon ] &#129351; 0651c002ae,013803258172 Escaner Dr-c240, 45 Ppm\/90 Ipm, 600 Dpi, 24 Bits, Usb, Duplex, Adf Oficio, 4000 Escaneos Diarios\" \/>\n<meta property=\"og:description\" content=\"Compra 0651c002ae,013803258172 Escaner Dr-c240, 45 Ppm\/90 Ipm, 600 Dpi, 24 Bits, Usb, Duplex, Adf Oficio, 4000 Escaneos Diarios + Env\u00edo a domicilio + Pago seguro + Garant\u00eda\" \/>\n<meta property=\"og:url\" content=\"https:\/\/compuviper.mx\/tienda\/producto\/canon-0651c002ae013803258172-escaner-dr-c240-45-ppm-90-ipm-600-dpi-24-bits-usb-duplex-adf-oficio-4000-escaneos-diarios\/\" \/>\n<meta property=\"og:site_name\" content=\"Compuviper\" \/>\n<meta property=\"article:publisher\" content=\"https:\/\/www.facebook.com\/compuviper\" \/>\n<meta property=\"og:image\" content=\"https:\/\/compuviper.mx\/tienda\/wp-content\/uploads\/2023\/12\/Escaner-canon-dr-c240-45-ppm90-ipm-600-dpi-24-bits-usb-duplex-adf-compatible-windows-alimentacion-60-hojas-oficio-vertical-escaneo-diario-4000.jpg\" \/>\n\t<meta property=\"og:image:width\" content=\"200\" \/>\n\t<meta property=\"og:image:height\" content=\"200\" \/>\n\t<meta property=\"og:image:type\" content=\"image\/jpeg\" \/>\n<meta name=\"twitter:card\" content=\"summary_large_image\" \/>\n<meta name=\"twitter:label1\" content=\"Precio\" \/>\n\t<meta name=\"twitter:data1\" content=\"&#36;12,953 &#36;9,234 con IVA\" \/>\n\t<meta name=\"twitter:label2\" content=\"Availability\" \/>\n\t<meta name=\"twitter:data2\" content=\"In stock\" \/>\n<script type=\"application\/ld+json\" class=\"yoast-schema-graph\">{\"@context\":\"https:\/\/schema.org\",\"@graph\":[{\"@type\":\"WebPage\",\"@id\":\"https:\/\/compuviper.mx\/tienda\/producto\/canon-0651c002ae013803258172-escaner-dr-c240-45-ppm-90-ipm-600-dpi-24-bits-usb-duplex-adf-oficio-4000-escaneos-diarios\/\",\"url\":\"https:\/\/compuviper.mx\/tienda\/producto\/canon-0651c002ae013803258172-escaner-dr-c240-45-ppm-90-ipm-600-dpi-24-bits-usb-duplex-adf-oficio-4000-escaneos-diarios\/\",\"name\":\"[ Canon ] &#129351; 0651c002ae,013803258172 Escaner Dr-c240, 45 Ppm\/90 Ipm, 600 Dpi, 24 Bits, Usb, Duplex, Adf Oficio, 4000 Escaneos Diarios\",\"isPartOf\":{\"@id\":\"https:\/\/compuviper.mx\/tienda\/#website\"},\"datePublished\":\"2026-05-06T07:56:19+00:00\",\"dateModified\":\"2026-05-06T07:56:19+00:00\",\"description\":\"Compra 0651c002ae,013803258172 Escaner Dr-c240, 45 Ppm\/90 Ipm, 600 Dpi, 24 Bits, Usb, Duplex, Adf Oficio, 4000 Escaneos Diarios + Env\u00edo a domicilio + Pago seguro + Garant\u00eda\",\"breadcrumb\":{\"@id\":\"https:\/\/compuviper.mx\/tienda\/producto\/canon-0651c002ae013803258172-escaner-dr-c240-45-ppm-90-ipm-600-dpi-24-bits-usb-duplex-adf-oficio-4000-escaneos-diarios\/#breadcrumb\"},\"inLanguage\":\"es-MX\",\"potentialAction\":[{\"@type\":\"ReadAction\",\"target\":[\"https:\/\/compuviper.mx\/tienda\/producto\/canon-0651c002ae013803258172-escaner-dr-c240-45-ppm-90-ipm-600-dpi-24-bits-usb-duplex-adf-oficio-4000-escaneos-diarios\/\"]}]},{\"@type\":\"BreadcrumbList\",\"@id\":\"https:\/\/compuviper.mx\/tienda\/producto\/canon-0651c002ae013803258172-escaner-dr-c240-45-ppm-90-ipm-600-dpi-24-bits-usb-duplex-adf-oficio-4000-escaneos-diarios\/#breadcrumb\",\"itemListElement\":[{\"@type\":\"ListItem\",\"position\":1,\"name\":\"Inicio\",\"item\":\"https:\/\/compuviper.mx\/tienda\/\"},{\"@type\":\"ListItem\",\"position\":2,\"name\":\"Productos\",\"item\":\"https:\/\/compuviper.mx\/tienda\/productos\/\"},{\"@type\":\"ListItem\",\"position\":3,\"name\":\"Scanner\",\"item\":\"https:\/\/compuviper.mx\/tienda\/categoria-producto\/scanner\/\"},{\"@type\":\"ListItem\",\"position\":4,\"name\":\"Scanner Documentos\",\"item\":\"https:\/\/compuviper.mx\/tienda\/categoria-producto\/scanner\/scanner-documentos\/\"},{\"@type\":\"ListItem\",\"position\":5,\"name\":\"Canon 0651c002ae,013803258172 Escaner Dr-c240, 45 Ppm\/90 Ipm, 600 Dpi, 24 Bits, Usb, Duplex, Adf Oficio, 4000 Escaneos Diarios\"}]},{\"@type\":\"WebSite\",\"@id\":\"https:\/\/compuviper.mx\/tienda\/#website\",\"url\":\"https:\/\/compuviper.mx\/tienda\/\",\"name\":\"Compuviper\",\"description\":\"Proveedor de Computadoras, Laptops, Servidores, Monitores, Puntos de Venta, Teclados,   Impresoras, T\u00f3ner, C\u00e1maras de Seguridad y m\u00e1s en tu tienda en l\u00ednea\",\"publisher\":{\"@id\":\"https:\/\/compuviper.mx\/tienda\/#organization\"},\"potentialAction\":[{\"@type\":\"SearchAction\",\"target\":{\"@type\":\"EntryPoint\",\"urlTemplate\":\"https:\/\/compuviper.mx\/tienda\/?s={search_term_string}\"},\"query-input\":\"required name=search_term_string\"}],\"inLanguage\":\"es-MX\"},{\"@type\":\"Organization\",\"@id\":\"https:\/\/compuviper.mx\/tienda\/#organization\",\"name\":\"Compuviper\",\"url\":\"https:\/\/compuviper.mx\/tienda\/\",\"logo\":{\"@type\":\"ImageObject\",\"inLanguage\":\"es-MX\",\"@id\":\"https:\/\/compuviper.mx\/tienda\/#\/schema\/logo\/image\/\",\"url\":\"https:\/\/compuviper.mx\/tienda\/wp-content\/uploads\/2021\/08\/Logo-Compuviper-10.png\",\"contentUrl\":\"https:\/\/compuviper.mx\/tienda\/wp-content\/uploads\/2021\/08\/Logo-Compuviper-10.png\",\"width\":1000,\"height\":500,\"caption\":\"Compuviper\"},\"image\":{\"@id\":\"https:\/\/compuviper.mx\/tienda\/#\/schema\/logo\/image\/\"},\"sameAs\":[\"https:\/\/www.facebook.com\/compuviper\",\"https:\/\/www.youtube.com\/channel\/UCf73dERp9Y3cfOq7q8BhLjA?view_as=subscriber\"]}]}<\/script>\n<meta property=\"product:brand\" content=\"CANON\" \/>\n<meta property=\"product:price:amount\" content=\"9234\" \/>\n<meta property=\"product:price:currency\" content=\"MXN\" \/>\n<meta property=\"og:availability\" content=\"instock\" \/>\n<meta property=\"product:availability\" content=\"instock\" \/>\n<meta property=\"product:retailer_item_id\" content=\"0651C002AE,013803258172\" \/>\n<meta property=\"product:condition\" content=\"new\" \/>\n<!-- \/ Yoast SEO plugin. -->","yoast_head_json":{"title":"[ Canon ] &#129351; 0651c002ae,013803258172 Escaner Dr-c240, 45 Ppm\/90 Ipm, 600 Dpi, 24 Bits, Usb, Duplex, Adf Oficio, 4000 Escaneos Diarios","description":"Compra 0651c002ae,013803258172 Escaner Dr-c240, 45 Ppm\/90 Ipm, 600 Dpi, 24 Bits, Usb, Duplex, Adf Oficio, 4000 Escaneos Diarios + Env\u00edo a domicilio + Pago seguro + Garant\u00eda","robots":{"index":"index","follow":"follow","max-snippet":"max-snippet:-1","max-image-preview":"max-image-preview:large","max-video-preview":"max-video-preview:-1"},"canonical":"https:\/\/compuviper.mx\/tienda\/producto\/canon-0651c002ae013803258172-escaner-dr-c240-45-ppm-90-ipm-600-dpi-24-bits-usb-duplex-adf-oficio-4000-escaneos-diarios\/","og_locale":"es_MX","og_type":"article","og_title":"[ Canon ] &#129351; 0651c002ae,013803258172 Escaner Dr-c240, 45 Ppm\/90 Ipm, 600 Dpi, 24 Bits, Usb, Duplex, Adf Oficio, 4000 Escaneos Diarios","og_description":"Compra 0651c002ae,013803258172 Escaner Dr-c240, 45 Ppm\/90 Ipm, 600 Dpi, 24 Bits, Usb, Duplex, Adf Oficio, 4000 Escaneos Diarios + Env\u00edo a domicilio + Pago seguro + Garant\u00eda","og_url":"https:\/\/compuviper.mx\/tienda\/producto\/canon-0651c002ae013803258172-escaner-dr-c240-45-ppm-90-ipm-600-dpi-24-bits-usb-duplex-adf-oficio-4000-escaneos-diarios\/","og_site_name":"Compuviper","article_publisher":"https:\/\/www.facebook.com\/compuviper","og_image":[{"width":200,"height":200,"url":"https:\/\/compuviper.mx\/tienda\/wp-content\/uploads\/2023\/12\/Escaner-canon-dr-c240-45-ppm90-ipm-600-dpi-24-bits-usb-duplex-adf-compatible-windows-alimentacion-60-hojas-oficio-vertical-escaneo-diario-4000.jpg","type":"image\/jpeg"}],"twitter_card":"summary_large_image","twitter_misc":{"Precio":"&#36;12,953 &#36;9,234 con IVA","Availability":"In stock"},"schema":{"@context":"https:\/\/schema.org","@graph":[{"@type":"WebPage","@id":"https:\/\/compuviper.mx\/tienda\/producto\/canon-0651c002ae013803258172-escaner-dr-c240-45-ppm-90-ipm-600-dpi-24-bits-usb-duplex-adf-oficio-4000-escaneos-diarios\/","url":"https:\/\/compuviper.mx\/tienda\/producto\/canon-0651c002ae013803258172-escaner-dr-c240-45-ppm-90-ipm-600-dpi-24-bits-usb-duplex-adf-oficio-4000-escaneos-diarios\/","name":"[ Canon ] &#129351; 0651c002ae,013803258172 Escaner Dr-c240, 45 Ppm\/90 Ipm, 600 Dpi, 24 Bits, Usb, Duplex, Adf Oficio, 4000 Escaneos Diarios","isPartOf":{"@id":"https:\/\/compuviper.mx\/tienda\/#website"},"datePublished":"2026-05-06T07:56:19+00:00","dateModified":"2026-05-06T07:56:19+00:00","description":"Compra 0651c002ae,013803258172 Escaner Dr-c240, 45 Ppm\/90 Ipm, 600 Dpi, 24 Bits, Usb, Duplex, Adf Oficio, 4000 Escaneos Diarios + Env\u00edo a domicilio + Pago seguro + Garant\u00eda","breadcrumb":{"@id":"https:\/\/compuviper.mx\/tienda\/producto\/canon-0651c002ae013803258172-escaner-dr-c240-45-ppm-90-ipm-600-dpi-24-bits-usb-duplex-adf-oficio-4000-escaneos-diarios\/#breadcrumb"},"inLanguage":"es-MX","potentialAction":[{"@type":"ReadAction","target":["https:\/\/compuviper.mx\/tienda\/producto\/canon-0651c002ae013803258172-escaner-dr-c240-45-ppm-90-ipm-600-dpi-24-bits-usb-duplex-adf-oficio-4000-escaneos-diarios\/"]}]},{"@type":"BreadcrumbList","@id":"https:\/\/compuviper.mx\/tienda\/producto\/canon-0651c002ae013803258172-escaner-dr-c240-45-ppm-90-ipm-600-dpi-24-bits-usb-duplex-adf-oficio-4000-escaneos-diarios\/#breadcrumb","itemListElement":[{"@type":"ListItem","position":1,"name":"Inicio","item":"https:\/\/compuviper.mx\/tienda\/"},{"@type":"ListItem","position":2,"name":"Productos","item":"https:\/\/compuviper.mx\/tienda\/productos\/"},{"@type":"ListItem","position":3,"name":"Scanner","item":"https:\/\/compuviper.mx\/tienda\/categoria-producto\/scanner\/"},{"@type":"ListItem","position":4,"name":"Scanner Documentos","item":"https:\/\/compuviper.mx\/tienda\/categoria-producto\/scanner\/scanner-documentos\/"},{"@type":"ListItem","position":5,"name":"Canon 0651c002ae,013803258172 Escaner Dr-c240, 45 Ppm\/90 Ipm, 600 Dpi, 24 Bits, Usb, Duplex, Adf Oficio, 4000 Escaneos Diarios"}]},{"@type":"WebSite","@id":"https:\/\/compuviper.mx\/tienda\/#website","url":"https:\/\/compuviper.mx\/tienda\/","name":"Compuviper","description":"Proveedor de Computadoras, Laptops, Servidores, Monitores, Puntos de Venta, Teclados,   Impresoras, T\u00f3ner, C\u00e1maras de Seguridad y m\u00e1s en tu tienda en l\u00ednea","publisher":{"@id":"https:\/\/compuviper.mx\/tienda\/#organization"},"potentialAction":[{"@type":"SearchAction","target":{"@type":"EntryPoint","urlTemplate":"https:\/\/compuviper.mx\/tienda\/?s={search_term_string}"},"query-input":"required name=search_term_string"}],"inLanguage":"es-MX"},{"@type":"Organization","@id":"https:\/\/compuviper.mx\/tienda\/#organization","name":"Compuviper","url":"https:\/\/compuviper.mx\/tienda\/","logo":{"@type":"ImageObject","inLanguage":"es-MX","@id":"https:\/\/compuviper.mx\/tienda\/#\/schema\/logo\/image\/","url":"https:\/\/compuviper.mx\/tienda\/wp-content\/uploads\/2021\/08\/Logo-Compuviper-10.png","contentUrl":"https:\/\/compuviper.mx\/tienda\/wp-content\/uploads\/2021\/08\/Logo-Compuviper-10.png","width":1000,"height":500,"caption":"Compuviper"},"image":{"@id":"https:\/\/compuviper.mx\/tienda\/#\/schema\/logo\/image\/"},"sameAs":["https:\/\/www.facebook.com\/compuviper","https:\/\/www.youtube.com\/channel\/UCf73dERp9Y3cfOq7q8BhLjA?view_as=subscriber"]}]},"product_brand":"CANON","product_price_amount":"9234","product_price_currency":"MXN","og_availability":"instock","product_availability":"instock","product_retailer_item_id":"0651C002AE,013803258172","product_condition":"new"},"_links":{"self":[{"href":"https:\/\/compuviper.mx\/tienda\/wp-json\/wp\/v2\/product\/225286"}],"collection":[{"href":"https:\/\/compuviper.mx\/tienda\/wp-json\/wp\/v2\/product"}],"about":[{"href":"https:\/\/compuviper.mx\/tienda\/wp-json\/wp\/v2\/types\/product"}],"replies":[{"embeddable":true,"href":"https:\/\/compuviper.mx\/tienda\/wp-json\/wp\/v2\/comments?post=225286"}],"wp:featuredmedia":[{"embeddable":true,"href":"https:\/\/compuviper.mx\/tienda\/wp-json\/wp\/v2\/media\/225287"}],"wp:attachment":[{"href":"https:\/\/compuviper.mx\/tienda\/wp-json\/wp\/v2\/media?parent=225286"}],"wp:term":[{"taxonomy":"product_cat","embeddable":true,"href":"https:\/\/compuviper.mx\/tienda\/wp-json\/wp\/v2\/product_cat?post=225286"},{"taxonomy":"product_tag","embeddable":true,"href":"https:\/\/compuviper.mx\/tienda\/wp-json\/wp\/v2\/product_tag?post=225286"}],"curies":[{"name":"wp","href":"https:\/\/api.w.org\/{rel}","templated":true}]}}