{"id":225258,"date":"2026-04-28T01:56:41","date_gmt":"2026-04-28T07:56:41","guid":{"rendered":"https:\/\/compuviper.mx\/tienda\/producto\/epson-b11b261201-scanner-es-400-ii-35-ppm-70-ipm-600-dpi-31-bits-usb-adf-duplex\/"},"modified":"2026-04-28T01:56:41","modified_gmt":"2026-04-28T07:56:41","slug":"epson-b11b261201-escaner-es-400-ii-35-ppm-70-ipm-600-dpi-31-bits-usb-adf-duplex","status":"publish","type":"product","link":"https:\/\/compuviper.mx\/tienda\/producto\/epson-b11b261201-escaner-es-400-ii-35-ppm-70-ipm-600-dpi-31-bits-usb-adf-duplex\/","title":{"rendered":"Epson B11b261201 Escaner  Es-400 Ii, 35 Ppm \/ 70 Ipm, 600 Dpi, 31 Bits, Usb, Adf, Duplex"},"content":{"rendered":"<table class=\"descripcion\">\n<tr>\n<td>Epson es-400 ii, el rapido escaner de documentos a doble cara<\/td>\n<\/tr>\n<tr>\n<td>Con alimentador automatico.<\/td>\n<\/tr>\n<tr>\n<td>Escaneo<\/td>\n<\/tr>\n<tr>\n<td>* tipo de escaner: alimentacion vertical, escaner duplex a color de una pasada<\/td>\n<\/tr>\n<tr>\n<td>* metodo de escaneo: carro fijo y documento en movimiento<\/td>\n<\/tr>\n<tr>\n<td>* alimentacion de papel: alimentacion vertical (cara abajo)<\/td>\n<\/tr>\n<tr>\n<td>* sensor optico: sensor de imagen de contacto a color (cis)<\/td>\n<\/tr>\n<tr>\n<td>* fuente de luz: led rgb de 3 colores<\/td>\n<\/tr>\n<tr>\n<td>* resolucion optica: 600 dpi<\/td>\n<\/tr>\n<tr>\n<td>* maxima resolucion interpolada: 1,200 dpi<\/td>\n<\/tr>\n<tr>\n<td>* velocidad del escaner (adf): blanco y negro, color, escala de grises 300 dpi: 35 ppm   (simplex) \/ 70 ipm (duplex)<\/td>\n<\/tr>\n<tr>\n<td>* area maxima de escaneo: a 200 dpi: max. 21.6 cm x 609,6 cm (8.5 x 240); min. 5,1 cm x 5,1 cm (2 x 2)<\/td>\n<\/tr>\n<tr>\n<td>* profundidad de bits del escaner: rgb: 30 bits de entrada \/ 24 bits de salida<\/td>\n<\/tr>\n<tr>\n<td>Formatos soportados<\/td>\n<\/tr>\n<tr>\n<td>* formatos: bmp, jpeg, pdf, pdf habilitado para busqueda, png, tiff<\/td>\n<\/tr>\n<tr>\n<td>Alimentador automatico de documentos<\/td>\n<\/tr>\n<tr>\n<td>* gramaje de papel: 27 g\/m2 \u0096 413 g\/m2<\/td>\n<\/tr>\n<tr>\n<td>* capacidad maxima: 50 hojas<\/td>\n<\/tr>\n<tr>\n<td>* escaneo automatico a dos caras: si<\/td>\n<\/tr>\n<tr>\n<td>* ciclo maximo de trabajo diario: hasta 4,000 paginas<\/td>\n<\/tr>\n<tr>\n<td>Conectividad<\/td>\n<\/tr>\n<tr>\n<td>* sistemas operativos: windows 10 (32-bit, 64-bit), windows 8, windows 8.1 (32-bit, 64-bit), windows 7 (32-bit, 64-bit) sp1 mac os x 10.11.x, mac os 10.15.x<\/td>\n<\/tr>\n<tr>\n<td>General<\/td>\n<\/tr>\n<tr>\n<td>* fuente de alimentacion: adaptador ca universal 100-240 vac (50 hz\/60 hz)<\/td>\n<\/tr>\n<tr>\n<td>* interfaz: usb 3.2 de alta velocidad<\/td>\n<\/tr>\n<tr>\n<td>* temperatura: funcionamiento: 5c a 35c (41f a 95f)<\/td>\n<\/tr>\n<tr>\n<td>* humedad relativa: funcionamiento: 15% &#8211; 80% (sin condensacion)<\/td>\n<\/tr>\n<tr>\n<td>* consumo de energia (aproximado): modo operacion: 17w, modo en espera: 9.2w,  modo en reposo: 1.2w, modo apagado: 0.1w<\/td>\n<\/tr>\n<tr>\n<td>* pais de origen: indonesia<\/td>\n<\/tr>\n<tr>\n<td>* peso y dimensiones (ancho x profundidad x altura): 3.7 kg, 16.8 cm x 29.5 cm x 17.5 cm<\/td>\n<\/tr>\n<tr>\n<td>* \u00bfque hay en la caja?: epson es-400 ii, usb 3.2 cable de alta velocidad, adaptador de corriente, guia de inicio<\/td>\n<\/tr>\n<tr>\n<td>* drivers compatibles:  twain,<\/td>\n<\/tr>\n<tr>\n<td>* software incluido: epson document capture pro, epson scan 2<\/td>\n<\/tr>\n<tr>\n<td>* garantia: 12 meses<\/td>\n<\/tr>\n<tr>\n<td>Caracteristicas ecologicas<\/td>\n<\/tr>\n<tr>\n<td>* caracteristicas: cumple con la norma rohs<\/td>\n<\/tr>\n<tr>\n<td>Informacion del producto<\/td>\n<\/tr>\n<tr>\n<td>* epson es-400 ii: b11b261201<\/td>\n<\/tr>\n<tr>\n<td>* kit de rodillo: b12b819671<\/td>\n<\/tr>\n<tr>\n<td>* hoja de soporte: b12b819051<\/td>\n<\/tr>\n<tr>\n<td>* adaptador para cama plana de escaneo: b12b819011<\/td>\n<\/tr>\n<tr>\n<td>* kit de limpieza: b12b819291<\/td>\n<\/tr>\n<\/table>\n","protected":false},"excerpt":{"rendered":"<p>Epson es-400 ii, el rapido escaner de documentos a doble cara. Con alimentador automatico. Escaneo. * tipo de escaner: alimentacion vertical, escaner duplex a color de una pasada. * metodo de escaneo: carro fijo y documento en movimiento. * alimentacion de papel: alimentacion vertical (cara abajo. * sensor optico: sensor de imagen de contacto a color (cis. * fuente de luz: led rgb de 3 colores. * resolucion optica: 600 dpi. * maxima resolucion interpolada: 1,200 dpi. * velocidad del escaner (adf): blanco y negro, color, escala de grises 300 dpi: 35 ppm   (simplex) \/ 70 ipm (duplex. * area maxima de escaneo: a 200 dpi: max. 21.6 cm x 609,6 cm (8.5 x 240); min. 5,1 cm x 5,1 cm (2 x 2. * profundidad de bits del escaner: rgb: 30 bits de entrada \/ 24 bits de salida. Formatos soportados. * formatos: bmp, jpeg, pdf, pdf habilitado para busqueda, png, tiff. Alimentador automatico de documentos. * gramaje de papel: 27 g\/m2 \u0096 413 g\/m2. * capacidad maxima: 50 hojas. * escaneo automatico a dos caras: si. * ciclo maximo de trabajo diario: hasta 4,000 paginas. Conectividad. * sistemas operativos: windows 10 (32-bit, 64-bit), windows 8, windows 8.1 (32-bit, 64-bit), windows 7 (32-bit, 64-bit) sp1 mac os x 10.11.X, mac os 10.15.X. General. * fuente de alimentacion: adaptador ca universal 100-240 vac (50 hz\/60 hz. * interfaz: usb 3.2 de alta velocidad. * temperatura: funcionamiento: 5c a 35c (41f a 95f. * humedad relativa: funcionamiento: 15% &#8211; 80% (sin condensacion. * consumo de energia (aproximado): modo operacion: 17w, modo en espera: 9.2w,  modo en reposo: 1.2w, modo apagado: 0.1w. * pais de origen: indonesia. * peso y dimensiones (ancho x profundidad x altura): 3.7 kg, 16.8 cm x 29.5 cm x 17.5 cm. * \u00bfque hay en la caja?: epson es-400 ii, usb 3.2 cable de alta velocidad, adaptador de corriente, guia de inicio. * drivers compatibles:  twain. * software incluido: epson document capture pro, epson scan 2. * garantia: 12 meses. Caracteristicas ecologicas. * caracteristicas: cumple con la norma rohs. Informacion del producto. * epson es-400 ii: b11b261201. * kit de rodillo: b12b819671. * hoja de soporte: b12b819051. * adaptador para cama plana de escaneo: b12b819011. * kit de limpieza: b12b819291<\/p>\n","protected":false},"featured_media":225259,"comment_status":"open","ping_status":"open","template":"","meta":[],"product_cat":[1805,1807],"product_tag":[1624],"acf":[],"yoast_head":"<!-- This site is optimized with the Yoast SEO plugin v21.7 - https:\/\/yoast.com\/wordpress\/plugins\/seo\/ -->\n<title>[ Epson ] &#129351; B11b261201 Escaner Es-400 Ii, 35 Ppm \/ 70 Ipm, 600 Dpi, 31 Bits, Usb, Adf, Duplex<\/title>\n<meta name=\"description\" content=\"Compra B11b261201 Escaner Es-400 Ii, 35 Ppm \/ 70 Ipm, 600 Dpi, 31 Bits, Usb, Adf, Duplex + Env\u00edo a domicilio + Pago seguro + Garant\u00eda\" \/>\n<meta name=\"robots\" content=\"index, follow, max-snippet:-1, max-image-preview:large, max-video-preview:-1\" \/>\n<link rel=\"canonical\" href=\"https:\/\/compuviper.mx\/tienda\/producto\/epson-b11b261201-escaner-es-400-ii-35-ppm-70-ipm-600-dpi-31-bits-usb-adf-duplex\/\" \/>\n<meta property=\"og:locale\" content=\"es_MX\" \/>\n<meta property=\"og:type\" content=\"article\" \/>\n<meta property=\"og:title\" content=\"[ Epson ] &#129351; B11b261201 Escaner Es-400 Ii, 35 Ppm \/ 70 Ipm, 600 Dpi, 31 Bits, Usb, Adf, Duplex\" \/>\n<meta property=\"og:description\" content=\"Compra B11b261201 Escaner Es-400 Ii, 35 Ppm \/ 70 Ipm, 600 Dpi, 31 Bits, Usb, Adf, Duplex + Env\u00edo a domicilio + Pago seguro + Garant\u00eda\" \/>\n<meta property=\"og:url\" content=\"https:\/\/compuviper.mx\/tienda\/producto\/epson-b11b261201-escaner-es-400-ii-35-ppm-70-ipm-600-dpi-31-bits-usb-adf-duplex\/\" \/>\n<meta property=\"og:site_name\" content=\"Compuviper\" \/>\n<meta property=\"article:publisher\" content=\"https:\/\/www.facebook.com\/compuviper\" \/>\n<meta property=\"og:image\" content=\"https:\/\/compuviper.mx\/tienda\/wp-content\/uploads\/2023\/12\/Scanner-epson-es-400-ii-35-ppm-70-ipm-600-dpi-31-bits-usb-adf-duplex.jpg\" \/>\n\t<meta property=\"og:image:width\" content=\"200\" \/>\n\t<meta property=\"og:image:height\" content=\"200\" \/>\n\t<meta property=\"og:image:type\" content=\"image\/jpeg\" \/>\n<meta name=\"twitter:card\" content=\"summary_large_image\" \/>\n<meta name=\"twitter:label1\" content=\"Precio\" \/>\n\t<meta name=\"twitter:data1\" content=\"&#36;11,115 &#36;10,510 con IVA\" \/>\n\t<meta name=\"twitter:label2\" content=\"Availability\" \/>\n\t<meta name=\"twitter:data2\" content=\"In stock\" \/>\n<script type=\"application\/ld+json\" class=\"yoast-schema-graph\">{\"@context\":\"https:\/\/schema.org\",\"@graph\":[{\"@type\":\"WebPage\",\"@id\":\"https:\/\/compuviper.mx\/tienda\/producto\/epson-b11b261201-escaner-es-400-ii-35-ppm-70-ipm-600-dpi-31-bits-usb-adf-duplex\/\",\"url\":\"https:\/\/compuviper.mx\/tienda\/producto\/epson-b11b261201-escaner-es-400-ii-35-ppm-70-ipm-600-dpi-31-bits-usb-adf-duplex\/\",\"name\":\"[ Epson ] &#129351; B11b261201 Escaner Es-400 Ii, 35 Ppm \/ 70 Ipm, 600 Dpi, 31 Bits, Usb, Adf, Duplex\",\"isPartOf\":{\"@id\":\"https:\/\/compuviper.mx\/tienda\/#website\"},\"datePublished\":\"2026-04-28T07:56:41+00:00\",\"dateModified\":\"2026-04-28T07:56:41+00:00\",\"description\":\"Compra B11b261201 Escaner Es-400 Ii, 35 Ppm \/ 70 Ipm, 600 Dpi, 31 Bits, Usb, Adf, Duplex + Env\u00edo a domicilio + Pago seguro + Garant\u00eda\",\"breadcrumb\":{\"@id\":\"https:\/\/compuviper.mx\/tienda\/producto\/epson-b11b261201-escaner-es-400-ii-35-ppm-70-ipm-600-dpi-31-bits-usb-adf-duplex\/#breadcrumb\"},\"inLanguage\":\"es-MX\",\"potentialAction\":[{\"@type\":\"ReadAction\",\"target\":[\"https:\/\/compuviper.mx\/tienda\/producto\/epson-b11b261201-escaner-es-400-ii-35-ppm-70-ipm-600-dpi-31-bits-usb-adf-duplex\/\"]}]},{\"@type\":\"BreadcrumbList\",\"@id\":\"https:\/\/compuviper.mx\/tienda\/producto\/epson-b11b261201-escaner-es-400-ii-35-ppm-70-ipm-600-dpi-31-bits-usb-adf-duplex\/#breadcrumb\",\"itemListElement\":[{\"@type\":\"ListItem\",\"position\":1,\"name\":\"Inicio\",\"item\":\"https:\/\/compuviper.mx\/tienda\/\"},{\"@type\":\"ListItem\",\"position\":2,\"name\":\"Productos\",\"item\":\"https:\/\/compuviper.mx\/tienda\/productos\/\"},{\"@type\":\"ListItem\",\"position\":3,\"name\":\"Scanner\",\"item\":\"https:\/\/compuviper.mx\/tienda\/categoria-producto\/scanner\/\"},{\"@type\":\"ListItem\",\"position\":4,\"name\":\"Scanner Documentos\",\"item\":\"https:\/\/compuviper.mx\/tienda\/categoria-producto\/scanner\/scanner-documentos\/\"},{\"@type\":\"ListItem\",\"position\":5,\"name\":\"Epson B11b261201 Escaner Es-400 Ii, 35 Ppm \/ 70 Ipm, 600 Dpi, 31 Bits, Usb, Adf, Duplex\"}]},{\"@type\":\"WebSite\",\"@id\":\"https:\/\/compuviper.mx\/tienda\/#website\",\"url\":\"https:\/\/compuviper.mx\/tienda\/\",\"name\":\"Compuviper\",\"description\":\"Proveedor de Computadoras, Laptops, Servidores, Monitores, Puntos de Venta, Teclados,   Impresoras, T\u00f3ner, C\u00e1maras de Seguridad y m\u00e1s en tu tienda en l\u00ednea\",\"publisher\":{\"@id\":\"https:\/\/compuviper.mx\/tienda\/#organization\"},\"potentialAction\":[{\"@type\":\"SearchAction\",\"target\":{\"@type\":\"EntryPoint\",\"urlTemplate\":\"https:\/\/compuviper.mx\/tienda\/?s={search_term_string}\"},\"query-input\":\"required name=search_term_string\"}],\"inLanguage\":\"es-MX\"},{\"@type\":\"Organization\",\"@id\":\"https:\/\/compuviper.mx\/tienda\/#organization\",\"name\":\"Compuviper\",\"url\":\"https:\/\/compuviper.mx\/tienda\/\",\"logo\":{\"@type\":\"ImageObject\",\"inLanguage\":\"es-MX\",\"@id\":\"https:\/\/compuviper.mx\/tienda\/#\/schema\/logo\/image\/\",\"url\":\"https:\/\/compuviper.mx\/tienda\/wp-content\/uploads\/2021\/08\/Logo-Compuviper-10.png\",\"contentUrl\":\"https:\/\/compuviper.mx\/tienda\/wp-content\/uploads\/2021\/08\/Logo-Compuviper-10.png\",\"width\":1000,\"height\":500,\"caption\":\"Compuviper\"},\"image\":{\"@id\":\"https:\/\/compuviper.mx\/tienda\/#\/schema\/logo\/image\/\"},\"sameAs\":[\"https:\/\/www.facebook.com\/compuviper\",\"https:\/\/www.youtube.com\/channel\/UCf73dERp9Y3cfOq7q8BhLjA?view_as=subscriber\"]}]}<\/script>\n<meta property=\"product:brand\" content=\"EPSON\" \/>\n<meta property=\"product:price:amount\" content=\"10510\" \/>\n<meta property=\"product:price:currency\" content=\"MXN\" \/>\n<meta property=\"og:availability\" content=\"instock\" \/>\n<meta property=\"product:availability\" content=\"instock\" \/>\n<meta property=\"product:retailer_item_id\" content=\"B11B261201\" \/>\n<meta property=\"product:condition\" content=\"new\" \/>\n<!-- \/ Yoast SEO plugin. -->","yoast_head_json":{"title":"[ Epson ] &#129351; B11b261201 Escaner Es-400 Ii, 35 Ppm \/ 70 Ipm, 600 Dpi, 31 Bits, Usb, Adf, Duplex","description":"Compra B11b261201 Escaner Es-400 Ii, 35 Ppm \/ 70 Ipm, 600 Dpi, 31 Bits, Usb, Adf, Duplex + Env\u00edo a domicilio + Pago seguro + Garant\u00eda","robots":{"index":"index","follow":"follow","max-snippet":"max-snippet:-1","max-image-preview":"max-image-preview:large","max-video-preview":"max-video-preview:-1"},"canonical":"https:\/\/compuviper.mx\/tienda\/producto\/epson-b11b261201-escaner-es-400-ii-35-ppm-70-ipm-600-dpi-31-bits-usb-adf-duplex\/","og_locale":"es_MX","og_type":"article","og_title":"[ Epson ] &#129351; B11b261201 Escaner Es-400 Ii, 35 Ppm \/ 70 Ipm, 600 Dpi, 31 Bits, Usb, Adf, Duplex","og_description":"Compra B11b261201 Escaner Es-400 Ii, 35 Ppm \/ 70 Ipm, 600 Dpi, 31 Bits, Usb, Adf, Duplex + Env\u00edo a domicilio + Pago seguro + Garant\u00eda","og_url":"https:\/\/compuviper.mx\/tienda\/producto\/epson-b11b261201-escaner-es-400-ii-35-ppm-70-ipm-600-dpi-31-bits-usb-adf-duplex\/","og_site_name":"Compuviper","article_publisher":"https:\/\/www.facebook.com\/compuviper","og_image":[{"width":200,"height":200,"url":"https:\/\/compuviper.mx\/tienda\/wp-content\/uploads\/2023\/12\/Scanner-epson-es-400-ii-35-ppm-70-ipm-600-dpi-31-bits-usb-adf-duplex.jpg","type":"image\/jpeg"}],"twitter_card":"summary_large_image","twitter_misc":{"Precio":"&#36;11,115 &#36;10,510 con IVA","Availability":"In stock"},"schema":{"@context":"https:\/\/schema.org","@graph":[{"@type":"WebPage","@id":"https:\/\/compuviper.mx\/tienda\/producto\/epson-b11b261201-escaner-es-400-ii-35-ppm-70-ipm-600-dpi-31-bits-usb-adf-duplex\/","url":"https:\/\/compuviper.mx\/tienda\/producto\/epson-b11b261201-escaner-es-400-ii-35-ppm-70-ipm-600-dpi-31-bits-usb-adf-duplex\/","name":"[ Epson ] &#129351; B11b261201 Escaner Es-400 Ii, 35 Ppm \/ 70 Ipm, 600 Dpi, 31 Bits, Usb, Adf, Duplex","isPartOf":{"@id":"https:\/\/compuviper.mx\/tienda\/#website"},"datePublished":"2026-04-28T07:56:41+00:00","dateModified":"2026-04-28T07:56:41+00:00","description":"Compra B11b261201 Escaner Es-400 Ii, 35 Ppm \/ 70 Ipm, 600 Dpi, 31 Bits, Usb, Adf, Duplex + Env\u00edo a domicilio + Pago seguro + Garant\u00eda","breadcrumb":{"@id":"https:\/\/compuviper.mx\/tienda\/producto\/epson-b11b261201-escaner-es-400-ii-35-ppm-70-ipm-600-dpi-31-bits-usb-adf-duplex\/#breadcrumb"},"inLanguage":"es-MX","potentialAction":[{"@type":"ReadAction","target":["https:\/\/compuviper.mx\/tienda\/producto\/epson-b11b261201-escaner-es-400-ii-35-ppm-70-ipm-600-dpi-31-bits-usb-adf-duplex\/"]}]},{"@type":"BreadcrumbList","@id":"https:\/\/compuviper.mx\/tienda\/producto\/epson-b11b261201-escaner-es-400-ii-35-ppm-70-ipm-600-dpi-31-bits-usb-adf-duplex\/#breadcrumb","itemListElement":[{"@type":"ListItem","position":1,"name":"Inicio","item":"https:\/\/compuviper.mx\/tienda\/"},{"@type":"ListItem","position":2,"name":"Productos","item":"https:\/\/compuviper.mx\/tienda\/productos\/"},{"@type":"ListItem","position":3,"name":"Scanner","item":"https:\/\/compuviper.mx\/tienda\/categoria-producto\/scanner\/"},{"@type":"ListItem","position":4,"name":"Scanner Documentos","item":"https:\/\/compuviper.mx\/tienda\/categoria-producto\/scanner\/scanner-documentos\/"},{"@type":"ListItem","position":5,"name":"Epson B11b261201 Escaner Es-400 Ii, 35 Ppm \/ 70 Ipm, 600 Dpi, 31 Bits, Usb, Adf, Duplex"}]},{"@type":"WebSite","@id":"https:\/\/compuviper.mx\/tienda\/#website","url":"https:\/\/compuviper.mx\/tienda\/","name":"Compuviper","description":"Proveedor de Computadoras, Laptops, Servidores, Monitores, Puntos de Venta, Teclados,   Impresoras, T\u00f3ner, C\u00e1maras de Seguridad y m\u00e1s en tu tienda en l\u00ednea","publisher":{"@id":"https:\/\/compuviper.mx\/tienda\/#organization"},"potentialAction":[{"@type":"SearchAction","target":{"@type":"EntryPoint","urlTemplate":"https:\/\/compuviper.mx\/tienda\/?s={search_term_string}"},"query-input":"required name=search_term_string"}],"inLanguage":"es-MX"},{"@type":"Organization","@id":"https:\/\/compuviper.mx\/tienda\/#organization","name":"Compuviper","url":"https:\/\/compuviper.mx\/tienda\/","logo":{"@type":"ImageObject","inLanguage":"es-MX","@id":"https:\/\/compuviper.mx\/tienda\/#\/schema\/logo\/image\/","url":"https:\/\/compuviper.mx\/tienda\/wp-content\/uploads\/2021\/08\/Logo-Compuviper-10.png","contentUrl":"https:\/\/compuviper.mx\/tienda\/wp-content\/uploads\/2021\/08\/Logo-Compuviper-10.png","width":1000,"height":500,"caption":"Compuviper"},"image":{"@id":"https:\/\/compuviper.mx\/tienda\/#\/schema\/logo\/image\/"},"sameAs":["https:\/\/www.facebook.com\/compuviper","https:\/\/www.youtube.com\/channel\/UCf73dERp9Y3cfOq7q8BhLjA?view_as=subscriber"]}]},"product_brand":"EPSON","product_price_amount":"10510","product_price_currency":"MXN","og_availability":"instock","product_availability":"instock","product_retailer_item_id":"B11B261201","product_condition":"new"},"_links":{"self":[{"href":"https:\/\/compuviper.mx\/tienda\/wp-json\/wp\/v2\/product\/225258"}],"collection":[{"href":"https:\/\/compuviper.mx\/tienda\/wp-json\/wp\/v2\/product"}],"about":[{"href":"https:\/\/compuviper.mx\/tienda\/wp-json\/wp\/v2\/types\/product"}],"replies":[{"embeddable":true,"href":"https:\/\/compuviper.mx\/tienda\/wp-json\/wp\/v2\/comments?post=225258"}],"wp:featuredmedia":[{"embeddable":true,"href":"https:\/\/compuviper.mx\/tienda\/wp-json\/wp\/v2\/media\/225259"}],"wp:attachment":[{"href":"https:\/\/compuviper.mx\/tienda\/wp-json\/wp\/v2\/media?parent=225258"}],"wp:term":[{"taxonomy":"product_cat","embeddable":true,"href":"https:\/\/compuviper.mx\/tienda\/wp-json\/wp\/v2\/product_cat?post=225258"},{"taxonomy":"product_tag","embeddable":true,"href":"https:\/\/compuviper.mx\/tienda\/wp-json\/wp\/v2\/product_tag?post=225258"}],"curies":[{"name":"wp","href":"https:\/\/api.w.org\/{rel}","templated":true}]}}