{"id":225246,"date":"2026-04-28T01:56:40","date_gmt":"2026-04-28T07:56:40","guid":{"rendered":"https:\/\/compuviper.mx\/tienda\/producto\/epson-b11b261202-scanner-ds-530-ii-35-ppm-70-ipm-600-dpi-30-bits-usb-adf-duplex\/"},"modified":"2026-04-28T01:56:40","modified_gmt":"2026-04-28T07:56:40","slug":"epson-b11b261202-escaner-ds-530-ii-35-ppm-70-ipm-600-dpi-30-bits-usb-adf-duplex","status":"publish","type":"product","link":"https:\/\/compuviper.mx\/tienda\/producto\/epson-b11b261202-escaner-ds-530-ii-35-ppm-70-ipm-600-dpi-30-bits-usb-adf-duplex\/","title":{"rendered":"Epson B11b261202 Escaner  Ds-530 Ii, 35 Ppm \/ 70 Ipm, 600 Dpi, 30 Bits, Usb, Adf, Duplex"},"content":{"rendered":"<table class=\"descripcion\">\n<tr>\n<td>Scanner epson ds-530ii a color rapido y confiable para una gestion de documentos eficiente.<\/td>\n<\/tr>\n<tr>\n<td>Escaneo:<\/td>\n<\/tr>\n<tr>\n<td>* tipo de escaner: escaner a color duplex de una pasada con alimentacion de hojas<\/td>\n<\/tr>\n<tr>\n<td>* metodo de escaneo: carro fijo y documento en movimiento<\/td>\n<\/tr>\n<tr>\n<td>* alimentacion de papel: alimentacion vertical (cara abajo)<\/td>\n<\/tr>\n<tr>\n<td>* sensor optico: sensor de imagen de contacto a color (cis)<\/td>\n<\/tr>\n<tr>\n<td>* fuente de luz: led rgb de 3 colores<\/td>\n<\/tr>\n<tr>\n<td>* resolucion optica: 600 dpi<\/td>\n<\/tr>\n<tr>\n<td>* maxima resolucion interpolada: 1,200 dpi<\/td>\n<\/tr>\n<tr>\n<td>* velocidad del escaner (adf): blanco y negro, color, escala de grises 300 dpi y 300 dpi: 35 ppm   (simplex) \/ 75 ipm (duplex)<\/td>\n<\/tr>\n<tr>\n<td>* area maxima de escaneo: minimo: 5.1 cm x 5.1 cm (2\u0094 x 2\u0094) maximo: 21.6 cm x 609.6 cm (8.5\u0094 x 240\u0094) a 200 dpi<\/td>\n<\/tr>\n<tr>\n<td>* profundidad de bits del escaner: rgb: 30 bits de entrada \/ 24 bits de salida<\/td>\n<\/tr>\n<tr>\n<td>Formatos soportados:<\/td>\n<\/tr>\n<tr>\n<td>* formatos: bmp, jpeg, pdf, pdf habilitado para bisqueda, png, tiff<\/td>\n<\/tr>\n<tr>\n<td>Alimentador automatico de documentos:<\/td>\n<\/tr>\n<tr>\n<td>* gramaje de papel: 27 g\/m2 \u0096 413 g\/m2<\/td>\n<\/tr>\n<tr>\n<td>* capacidad maxima: 50 hojas<\/td>\n<\/tr>\n<tr>\n<td>* escaneo automatico a dos caras: si<\/td>\n<\/tr>\n<tr>\n<td>* ciclo maximo de trabajo diario: hasta 4,000 paginas, kit para rodillo 200,000 ciclos<\/td>\n<\/tr>\n<tr>\n<td>Conectividad:<\/td>\n<\/tr>\n<tr>\n<td>* sistemas operativos: windows 10, windows 8\/8.1, windows 7, mac os x, 10.10x, mac os 10.15x<\/td>\n<\/tr>\n<tr>\n<td>El software requiere conexi\u00f3n a internet para descargar e instalar<\/td>\n<\/tr>\n<tr>\n<td>General:<\/td>\n<\/tr>\n<tr>\n<td>* fuente de alimentacion: adaptador ca universal 24v<\/td>\n<\/tr>\n<tr>\n<td>* interfaz: usb 3.0 alta velocidad<\/td>\n<\/tr>\n<tr>\n<td>* temperatura: funcionamiento: 5c a 35c (41f a 95f)<\/td>\n<\/tr>\n<tr>\n<td>* humedad relativa: funcionamiento: 10% &#8211; 80% (sin condensacion)<\/td>\n<\/tr>\n<tr>\n<td>* consumo de energia (aproximado): modo operaci\u00f3n: 12w, modo en espera: 5.5w,  modo en reposo: 1.3w, modo apagado: 0.1w<\/td>\n<\/tr>\n<tr>\n<td>* pais de origen: indonesia<\/td>\n<\/tr>\n<tr>\n<td>* peso y dimensiones (ancho x profundidad x altura): 3.7 kg, 16.8 cm x 29.5 cm x 17.5 cm<\/td>\n<\/tr>\n<tr>\n<td>* \u00bfque hay en la caja?: epson ds-530ii, usb 3.0 cable de alta velocidad, adaptador de corriente<\/td>\n<\/tr>\n<tr>\n<td>* drivers compatibles: twain, isis<\/td>\n<\/tr>\n<tr>\n<td>* software incluido: epson scan 2, epson document capture pro, open text captiva isis<\/td>\n<\/tr>\n<tr>\n<td>Caracteristicas ecologicas:<\/td>\n<\/tr>\n<tr>\n<td>* caracteristicas: cumple con la norma rohs<\/td>\n<\/tr>\n<tr>\n<td>Informacion del producto:<\/td>\n<\/tr>\n<tr>\n<td>* epson ds-530ii: b11b261202<\/td>\n<\/tr>\n<tr>\n<td>* kit de rodillo: b12b819671<\/td>\n<\/tr>\n<tr>\n<td>* hoja de soporte: b12b819051<\/td>\n<\/tr>\n<tr>\n<td>* adaptador para cama plana de escaneo: b12b819011<\/td>\n<\/tr>\n<tr>\n<td>* kit de limpieza: b12b819291<\/td>\n<\/tr>\n<\/table>\n","protected":false},"excerpt":{"rendered":"<p>Scanner epson ds-530ii a color rapido y confiable para una gestion de documentos eficiente. Escaneo. * tipo de escaner: escaner a color duplex de una pasada con alimentacion de hojas. * metodo de escaneo: carro fijo y documento en movimiento. * alimentacion de papel: alimentacion vertical (cara abajo. * sensor optico: sensor de imagen de contacto a color (cis. * fuente de luz: led rgb de 3 colores. * resolucion optica: 600 dpi. * maxima resolucion interpolada: 1,200 dpi. * velocidad del escaner (adf): blanco y negro, color, escala de grises 300 dpi y 300 dpi: 35 ppm   (simplex) \/ 75 ipm (duplex. * area maxima de escaneo: minimo: 5.1 cm x 5.1 cm (2\u0094 x 2\u0094) maximo: 21.6 cm x 609.6 cm (8.5\u0094 x 240\u0094) a 200 dpi. * profundidad de bits del escaner: rgb: 30 bits de entrada \/ 24 bits de salida. Formatos soportados. * formatos: bmp, jpeg, pdf, pdf habilitado para bisqueda, png, tiff. Alimentador automatico de documentos. * gramaje de papel: 27 g\/m2 \u0096 413 g\/m2. * capacidad maxima: 50 hojas. * escaneo automatico a dos caras: si. * ciclo maximo de trabajo diario: hasta 4,000 paginas, kit para rodillo 200,000 ciclos. Conectividad. * sistemas operativos: windows 10, windows 8\/8.1, windows 7, mac os x, 10.10x, mac os 10.15x. El software requiere conexi\u00f3n a internet para descargar e instalar. General. * fuente de alimentacion: adaptador ca universal 24v. * interfaz: usb 3.0 alta velocidad. * temperatura: funcionamiento: 5c a 35c (41f a 95f. * humedad relativa: funcionamiento: 10% &#8211; 80% (sin condensacion. * consumo de energia (aproximado): modo operaci\u00f3n: 12w, modo en espera: 5.5w,  modo en reposo: 1.3w, modo apagado: 0.1w. * pais de origen: indonesia. * peso y dimensiones (ancho x profundidad x altura): 3.7 kg, 16.8 cm x 29.5 cm x 17.5 cm. * \u00bfque hay en la caja?: epson ds-530ii, usb 3.0 cable de alta velocidad, adaptador de corriente. * drivers compatibles: twain, isis. * software incluido: epson scan 2, epson document capture pro, open text captiva isis. Caracteristicas ecologicas. * caracteristicas: cumple con la norma rohs. Informacion del producto. * epson ds-530ii: b11b261202. * kit de rodillo: b12b819671. * hoja de soporte: b12b819051. * adaptador para cama plana de escaneo: b12b819011. * kit de limpieza: b12b819291<\/p>\n","protected":false},"featured_media":225247,"comment_status":"open","ping_status":"open","template":"","meta":[],"product_cat":[1805,1807],"product_tag":[1624],"acf":[],"yoast_head":"<!-- This site is optimized with the Yoast SEO plugin v21.7 - https:\/\/yoast.com\/wordpress\/plugins\/seo\/ -->\n<title>[ Epson ] &#129351; B11b261202 Escaner Ds-530 Ii, 35 Ppm \/ 70 Ipm, 600 Dpi, 30 Bits, Usb, Adf, Duplex<\/title>\n<meta name=\"description\" content=\"Compra B11b261202 Escaner Ds-530 Ii, 35 Ppm \/ 70 Ipm, 600 Dpi, 30 Bits, Usb, Adf, Duplex + Env\u00edo a domicilio + Pago seguro + Garant\u00eda\" \/>\n<meta name=\"robots\" content=\"index, follow, max-snippet:-1, max-image-preview:large, max-video-preview:-1\" \/>\n<link rel=\"canonical\" href=\"https:\/\/compuviper.mx\/tienda\/producto\/epson-b11b261202-escaner-ds-530-ii-35-ppm-70-ipm-600-dpi-30-bits-usb-adf-duplex\/\" \/>\n<meta property=\"og:locale\" content=\"es_MX\" \/>\n<meta property=\"og:type\" content=\"article\" \/>\n<meta property=\"og:title\" content=\"[ Epson ] &#129351; B11b261202 Escaner Ds-530 Ii, 35 Ppm \/ 70 Ipm, 600 Dpi, 30 Bits, Usb, Adf, Duplex\" \/>\n<meta property=\"og:description\" content=\"Compra B11b261202 Escaner Ds-530 Ii, 35 Ppm \/ 70 Ipm, 600 Dpi, 30 Bits, Usb, Adf, Duplex + Env\u00edo a domicilio + Pago seguro + Garant\u00eda\" \/>\n<meta property=\"og:url\" content=\"https:\/\/compuviper.mx\/tienda\/producto\/epson-b11b261202-escaner-ds-530-ii-35-ppm-70-ipm-600-dpi-30-bits-usb-adf-duplex\/\" \/>\n<meta property=\"og:site_name\" content=\"Compuviper\" \/>\n<meta property=\"article:publisher\" content=\"https:\/\/www.facebook.com\/compuviper\" \/>\n<meta property=\"og:image\" content=\"https:\/\/compuviper.mx\/tienda\/wp-content\/uploads\/2023\/12\/Scanner-epson-ds-530-ii-35-ppm-70-ipm-600-dpi-30-bits-usb-adf-duplex.jpg\" \/>\n\t<meta property=\"og:image:width\" content=\"200\" \/>\n\t<meta property=\"og:image:height\" content=\"200\" \/>\n\t<meta property=\"og:image:type\" content=\"image\/jpeg\" \/>\n<meta name=\"twitter:card\" content=\"summary_large_image\" \/>\n<meta name=\"twitter:label1\" content=\"Precio\" \/>\n\t<meta name=\"twitter:data1\" content=\"&#36;10,510 &#36;9,971 con IVA\" \/>\n\t<meta name=\"twitter:label2\" content=\"Availability\" \/>\n\t<meta name=\"twitter:data2\" content=\"In stock\" \/>\n<script type=\"application\/ld+json\" class=\"yoast-schema-graph\">{\"@context\":\"https:\/\/schema.org\",\"@graph\":[{\"@type\":\"WebPage\",\"@id\":\"https:\/\/compuviper.mx\/tienda\/producto\/epson-b11b261202-escaner-ds-530-ii-35-ppm-70-ipm-600-dpi-30-bits-usb-adf-duplex\/\",\"url\":\"https:\/\/compuviper.mx\/tienda\/producto\/epson-b11b261202-escaner-ds-530-ii-35-ppm-70-ipm-600-dpi-30-bits-usb-adf-duplex\/\",\"name\":\"[ Epson ] &#129351; B11b261202 Escaner Ds-530 Ii, 35 Ppm \/ 70 Ipm, 600 Dpi, 30 Bits, Usb, Adf, Duplex\",\"isPartOf\":{\"@id\":\"https:\/\/compuviper.mx\/tienda\/#website\"},\"datePublished\":\"2026-04-28T07:56:40+00:00\",\"dateModified\":\"2026-04-28T07:56:40+00:00\",\"description\":\"Compra B11b261202 Escaner Ds-530 Ii, 35 Ppm \/ 70 Ipm, 600 Dpi, 30 Bits, Usb, Adf, Duplex + Env\u00edo a domicilio + Pago seguro + Garant\u00eda\",\"breadcrumb\":{\"@id\":\"https:\/\/compuviper.mx\/tienda\/producto\/epson-b11b261202-escaner-ds-530-ii-35-ppm-70-ipm-600-dpi-30-bits-usb-adf-duplex\/#breadcrumb\"},\"inLanguage\":\"es-MX\",\"potentialAction\":[{\"@type\":\"ReadAction\",\"target\":[\"https:\/\/compuviper.mx\/tienda\/producto\/epson-b11b261202-escaner-ds-530-ii-35-ppm-70-ipm-600-dpi-30-bits-usb-adf-duplex\/\"]}]},{\"@type\":\"BreadcrumbList\",\"@id\":\"https:\/\/compuviper.mx\/tienda\/producto\/epson-b11b261202-escaner-ds-530-ii-35-ppm-70-ipm-600-dpi-30-bits-usb-adf-duplex\/#breadcrumb\",\"itemListElement\":[{\"@type\":\"ListItem\",\"position\":1,\"name\":\"Inicio\",\"item\":\"https:\/\/compuviper.mx\/tienda\/\"},{\"@type\":\"ListItem\",\"position\":2,\"name\":\"Productos\",\"item\":\"https:\/\/compuviper.mx\/tienda\/productos\/\"},{\"@type\":\"ListItem\",\"position\":3,\"name\":\"Scanner\",\"item\":\"https:\/\/compuviper.mx\/tienda\/categoria-producto\/scanner\/\"},{\"@type\":\"ListItem\",\"position\":4,\"name\":\"Scanner Documentos\",\"item\":\"https:\/\/compuviper.mx\/tienda\/categoria-producto\/scanner\/scanner-documentos\/\"},{\"@type\":\"ListItem\",\"position\":5,\"name\":\"Epson B11b261202 Escaner Ds-530 Ii, 35 Ppm \/ 70 Ipm, 600 Dpi, 30 Bits, Usb, Adf, Duplex\"}]},{\"@type\":\"WebSite\",\"@id\":\"https:\/\/compuviper.mx\/tienda\/#website\",\"url\":\"https:\/\/compuviper.mx\/tienda\/\",\"name\":\"Compuviper\",\"description\":\"Proveedor de Computadoras, Laptops, Servidores, Monitores, Puntos de Venta, Teclados,   Impresoras, T\u00f3ner, C\u00e1maras de Seguridad y m\u00e1s en tu tienda en l\u00ednea\",\"publisher\":{\"@id\":\"https:\/\/compuviper.mx\/tienda\/#organization\"},\"potentialAction\":[{\"@type\":\"SearchAction\",\"target\":{\"@type\":\"EntryPoint\",\"urlTemplate\":\"https:\/\/compuviper.mx\/tienda\/?s={search_term_string}\"},\"query-input\":\"required name=search_term_string\"}],\"inLanguage\":\"es-MX\"},{\"@type\":\"Organization\",\"@id\":\"https:\/\/compuviper.mx\/tienda\/#organization\",\"name\":\"Compuviper\",\"url\":\"https:\/\/compuviper.mx\/tienda\/\",\"logo\":{\"@type\":\"ImageObject\",\"inLanguage\":\"es-MX\",\"@id\":\"https:\/\/compuviper.mx\/tienda\/#\/schema\/logo\/image\/\",\"url\":\"https:\/\/compuviper.mx\/tienda\/wp-content\/uploads\/2021\/08\/Logo-Compuviper-10.png\",\"contentUrl\":\"https:\/\/compuviper.mx\/tienda\/wp-content\/uploads\/2021\/08\/Logo-Compuviper-10.png\",\"width\":1000,\"height\":500,\"caption\":\"Compuviper\"},\"image\":{\"@id\":\"https:\/\/compuviper.mx\/tienda\/#\/schema\/logo\/image\/\"},\"sameAs\":[\"https:\/\/www.facebook.com\/compuviper\",\"https:\/\/www.youtube.com\/channel\/UCf73dERp9Y3cfOq7q8BhLjA?view_as=subscriber\"]}]}<\/script>\n<meta property=\"product:brand\" content=\"EPSON\" \/>\n<meta property=\"product:price:amount\" content=\"9971\" \/>\n<meta property=\"product:price:currency\" content=\"MXN\" \/>\n<meta property=\"og:availability\" content=\"instock\" \/>\n<meta property=\"product:availability\" content=\"instock\" \/>\n<meta property=\"product:retailer_item_id\" content=\"B11B261202\" \/>\n<meta property=\"product:condition\" content=\"new\" \/>\n<!-- \/ Yoast SEO plugin. -->","yoast_head_json":{"title":"[ Epson ] &#129351; B11b261202 Escaner Ds-530 Ii, 35 Ppm \/ 70 Ipm, 600 Dpi, 30 Bits, Usb, Adf, Duplex","description":"Compra B11b261202 Escaner Ds-530 Ii, 35 Ppm \/ 70 Ipm, 600 Dpi, 30 Bits, Usb, Adf, Duplex + Env\u00edo a domicilio + Pago seguro + Garant\u00eda","robots":{"index":"index","follow":"follow","max-snippet":"max-snippet:-1","max-image-preview":"max-image-preview:large","max-video-preview":"max-video-preview:-1"},"canonical":"https:\/\/compuviper.mx\/tienda\/producto\/epson-b11b261202-escaner-ds-530-ii-35-ppm-70-ipm-600-dpi-30-bits-usb-adf-duplex\/","og_locale":"es_MX","og_type":"article","og_title":"[ Epson ] &#129351; B11b261202 Escaner Ds-530 Ii, 35 Ppm \/ 70 Ipm, 600 Dpi, 30 Bits, Usb, Adf, Duplex","og_description":"Compra B11b261202 Escaner Ds-530 Ii, 35 Ppm \/ 70 Ipm, 600 Dpi, 30 Bits, Usb, Adf, Duplex + Env\u00edo a domicilio + Pago seguro + Garant\u00eda","og_url":"https:\/\/compuviper.mx\/tienda\/producto\/epson-b11b261202-escaner-ds-530-ii-35-ppm-70-ipm-600-dpi-30-bits-usb-adf-duplex\/","og_site_name":"Compuviper","article_publisher":"https:\/\/www.facebook.com\/compuviper","og_image":[{"width":200,"height":200,"url":"https:\/\/compuviper.mx\/tienda\/wp-content\/uploads\/2023\/12\/Scanner-epson-ds-530-ii-35-ppm-70-ipm-600-dpi-30-bits-usb-adf-duplex.jpg","type":"image\/jpeg"}],"twitter_card":"summary_large_image","twitter_misc":{"Precio":"&#36;10,510 &#36;9,971 con IVA","Availability":"In stock"},"schema":{"@context":"https:\/\/schema.org","@graph":[{"@type":"WebPage","@id":"https:\/\/compuviper.mx\/tienda\/producto\/epson-b11b261202-escaner-ds-530-ii-35-ppm-70-ipm-600-dpi-30-bits-usb-adf-duplex\/","url":"https:\/\/compuviper.mx\/tienda\/producto\/epson-b11b261202-escaner-ds-530-ii-35-ppm-70-ipm-600-dpi-30-bits-usb-adf-duplex\/","name":"[ Epson ] &#129351; B11b261202 Escaner Ds-530 Ii, 35 Ppm \/ 70 Ipm, 600 Dpi, 30 Bits, Usb, Adf, Duplex","isPartOf":{"@id":"https:\/\/compuviper.mx\/tienda\/#website"},"datePublished":"2026-04-28T07:56:40+00:00","dateModified":"2026-04-28T07:56:40+00:00","description":"Compra B11b261202 Escaner Ds-530 Ii, 35 Ppm \/ 70 Ipm, 600 Dpi, 30 Bits, Usb, Adf, Duplex + Env\u00edo a domicilio + Pago seguro + Garant\u00eda","breadcrumb":{"@id":"https:\/\/compuviper.mx\/tienda\/producto\/epson-b11b261202-escaner-ds-530-ii-35-ppm-70-ipm-600-dpi-30-bits-usb-adf-duplex\/#breadcrumb"},"inLanguage":"es-MX","potentialAction":[{"@type":"ReadAction","target":["https:\/\/compuviper.mx\/tienda\/producto\/epson-b11b261202-escaner-ds-530-ii-35-ppm-70-ipm-600-dpi-30-bits-usb-adf-duplex\/"]}]},{"@type":"BreadcrumbList","@id":"https:\/\/compuviper.mx\/tienda\/producto\/epson-b11b261202-escaner-ds-530-ii-35-ppm-70-ipm-600-dpi-30-bits-usb-adf-duplex\/#breadcrumb","itemListElement":[{"@type":"ListItem","position":1,"name":"Inicio","item":"https:\/\/compuviper.mx\/tienda\/"},{"@type":"ListItem","position":2,"name":"Productos","item":"https:\/\/compuviper.mx\/tienda\/productos\/"},{"@type":"ListItem","position":3,"name":"Scanner","item":"https:\/\/compuviper.mx\/tienda\/categoria-producto\/scanner\/"},{"@type":"ListItem","position":4,"name":"Scanner Documentos","item":"https:\/\/compuviper.mx\/tienda\/categoria-producto\/scanner\/scanner-documentos\/"},{"@type":"ListItem","position":5,"name":"Epson B11b261202 Escaner Ds-530 Ii, 35 Ppm \/ 70 Ipm, 600 Dpi, 30 Bits, Usb, Adf, Duplex"}]},{"@type":"WebSite","@id":"https:\/\/compuviper.mx\/tienda\/#website","url":"https:\/\/compuviper.mx\/tienda\/","name":"Compuviper","description":"Proveedor de Computadoras, Laptops, Servidores, Monitores, Puntos de Venta, Teclados,   Impresoras, T\u00f3ner, C\u00e1maras de Seguridad y m\u00e1s en tu tienda en l\u00ednea","publisher":{"@id":"https:\/\/compuviper.mx\/tienda\/#organization"},"potentialAction":[{"@type":"SearchAction","target":{"@type":"EntryPoint","urlTemplate":"https:\/\/compuviper.mx\/tienda\/?s={search_term_string}"},"query-input":"required name=search_term_string"}],"inLanguage":"es-MX"},{"@type":"Organization","@id":"https:\/\/compuviper.mx\/tienda\/#organization","name":"Compuviper","url":"https:\/\/compuviper.mx\/tienda\/","logo":{"@type":"ImageObject","inLanguage":"es-MX","@id":"https:\/\/compuviper.mx\/tienda\/#\/schema\/logo\/image\/","url":"https:\/\/compuviper.mx\/tienda\/wp-content\/uploads\/2021\/08\/Logo-Compuviper-10.png","contentUrl":"https:\/\/compuviper.mx\/tienda\/wp-content\/uploads\/2021\/08\/Logo-Compuviper-10.png","width":1000,"height":500,"caption":"Compuviper"},"image":{"@id":"https:\/\/compuviper.mx\/tienda\/#\/schema\/logo\/image\/"},"sameAs":["https:\/\/www.facebook.com\/compuviper","https:\/\/www.youtube.com\/channel\/UCf73dERp9Y3cfOq7q8BhLjA?view_as=subscriber"]}]},"product_brand":"EPSON","product_price_amount":"9971","product_price_currency":"MXN","og_availability":"instock","product_availability":"instock","product_retailer_item_id":"B11B261202","product_condition":"new"},"_links":{"self":[{"href":"https:\/\/compuviper.mx\/tienda\/wp-json\/wp\/v2\/product\/225246"}],"collection":[{"href":"https:\/\/compuviper.mx\/tienda\/wp-json\/wp\/v2\/product"}],"about":[{"href":"https:\/\/compuviper.mx\/tienda\/wp-json\/wp\/v2\/types\/product"}],"replies":[{"embeddable":true,"href":"https:\/\/compuviper.mx\/tienda\/wp-json\/wp\/v2\/comments?post=225246"}],"wp:featuredmedia":[{"embeddable":true,"href":"https:\/\/compuviper.mx\/tienda\/wp-json\/wp\/v2\/media\/225247"}],"wp:attachment":[{"href":"https:\/\/compuviper.mx\/tienda\/wp-json\/wp\/v2\/media?parent=225246"}],"wp:term":[{"taxonomy":"product_cat","embeddable":true,"href":"https:\/\/compuviper.mx\/tienda\/wp-json\/wp\/v2\/product_cat?post=225246"},{"taxonomy":"product_tag","embeddable":true,"href":"https:\/\/compuviper.mx\/tienda\/wp-json\/wp\/v2\/product_tag?post=225246"}],"curies":[{"name":"wp","href":"https:\/\/api.w.org\/{rel}","templated":true}]}}