{"id":225156,"date":"2026-04-16T01:55:28","date_gmt":"2026-04-16T07:55:28","guid":{"rendered":"https:\/\/compuviper.mx\/tienda\/producto\/hewlett-packard-enterprise-r0q87b-unidad-de-almacenamiento-san-hpe-msa-1060-12gb-sas-sff-storage\/"},"modified":"2026-04-16T01:55:28","modified_gmt":"2026-04-16T07:55:28","slug":"hewlett-packard-enterprise-r0q87b-unidad-de-almacenamiento-san-hpe-msa-1060-12gb-sas-sff-storage","status":"publish","type":"product","link":"https:\/\/compuviper.mx\/tienda\/producto\/hewlett-packard-enterprise-r0q87b-unidad-de-almacenamiento-san-hpe-msa-1060-12gb-sas-sff-storage\/","title":{"rendered":"Hewlett Packard Enterprise R0q87b Unidad De Almacenamiento San Hpe Msa 1060 12gb Sas Sff Storage"},"content":{"rendered":"<table class=\"descripcion\">\n<tr>\n<td>Almacenamiento hpe msa 1060 12 gb sas sff<\/td>\n<\/tr>\n<\/table>\n","protected":false},"excerpt":{"rendered":"<p>\u00bfnecesitas una cabina moderna de almacenamiento compartido que est\u00e9 preparada para flash y sea asequible con respecto a lo que queda de un presupuesto peque\u00f1o? el almacenamiento hpe msa 1060 ofrece almacenamiento flash asequible a los clientes con poco presupuesto. Dise\u00f1ado para satisfacer los requisitos de almacenamiento de nivel b\u00e1sico, el almacenamiento hpe msa 1060 es una buena elecci\u00f3n para clientes con limitaciones de presupuesto. Con uno de los precios de entrada m\u00e1s bajos del portfolio de almacenamiento de hewlett packard enterprise y con compatibilidad probada con hpe proliant, el almacenamiento hpe msa 1060 es la plataforma id\u00f3nea para las cargas de trabajo de ti m\u00e1s peque\u00f1as. El almacenamiento hpe msa 1060 cuenta con conectividad de interfaz host 10g-baset iscsi, fc y sas que previamente eran inalcanzables a precios econ\u00f3micos. Msa 1060 permite a los usuarios aprovechar las tecnolog\u00edas de almacenamiento m\u00e1s recientes al tiempo que proporciona un equilibrio entre rendimiento y presupuesto. Novedades. \u0095 modelos actualizados de cabina de almacenamiento hpe msa 1060 gen6 y opciones de gabinete de unidades de hpe msa 2060 con fuentes de alimentaci\u00f3n que presentan una eficiencia del 94 % en cumplimiento de los requisitos de eficiencia energ\u00e9tica de la normativa ue lot9 2023. \u0095 rendimiento mejorado de cabina que proporciona m\u00e1s iops, mayor ancho de banda y conectividad backend ampliada. \u0095 hasta un 55% de incremento [1] en iops, y hasta un 100% de mejora en el rendimiento secuencial frente a msa gen5 (en funci\u00f3n del protocolo host). \u0095 nuevo tipo de disco de grupo (msa dp+) que incrementa la disponibilidad, reduce dr\u00e1sticamente los tiempos de recuperaci\u00f3n raid, mejora el rendimiento, simplifica la configuraci\u00f3n y proporciona una mayor expansi\u00f3n granular de los pool de discos. \u0095 nuevo disco duro sas 7200 rpm lff de 18 tb de capacidad, opciones de unidad \u00fanica y paquete de seis, disponible a trav\u00e9s de la carcasa de unidad de expansi\u00f3n 2060 2u lff. Solo ventajas. Acelera las aplicaciones de forma asequible. \u0095 el almacenamiento hpe msa 1060 es capaz de ofrecer m\u00e1s de 150 000 iops para una aceleraci\u00f3n asequible de la aplicaci\u00f3n en implementaciones y pymes. \u0095 la plataforma msa 1060 permite a los usuarios definir e implementar configuraciones h\u00edbridas o flash desde el primer momento y crecer seg\u00fan se necesite. Los servicios de datos \u00abset and forget\u00bb de msa no requieren un administrador de almacenamiento dedicado para su gesti\u00f3n. \u0095 el almacenamiento hpe msa 1060 es f\u00e1cil de instalar, usar y mantener, incluso para un generalista de ti. Los administradores encontrar\u00e1n la nueva utilidad de gesti\u00f3n del almacenamiento del msa 1060 intuitiva y f\u00e1cil de navegar. \u0095 el motor autom\u00e1tico de clasificaci\u00f3n por niveles de hpe msa responde de forma din\u00e1mica a los cambios en las cargas de trabajo para que no tengas que ocuparte de ello, garantizando que los datos m\u00e1s recientes ser\u00e1n trasladados a los soportes m\u00e1s r\u00e1pidos autom\u00e1ticamente y en tiempo real. Aprovecha las funciones de protecci\u00f3n de datos para mantener a tu empresa funcionando en caso de desastre. \u0095 el almacenamiento hpe msa 1060 proporciona tecnolog\u00eda de snapshot virtualizada haciendo que la protecci\u00f3n de datos y la recuperaci\u00f3n instant\u00e1nea sean muy sencillas. \u0095 la replicaci\u00f3n remota a trav\u00e9s de canal de fibra (fc) o iscsi facilita una soluci\u00f3n de recuperaci\u00f3n ante desastres asequible. Arquitectura modular y flexible que facilita el crecimiento futuro. \u0095 la soluci\u00f3n de almacenamiento hpe msa 1060 admite una combinaci\u00f3n de carcasas de expansi\u00f3n 2060 lff (3,5 pulg.) y sff (2,5 pulg.) para ofrecer un m\u00e1ximo de 3 carcasas (4 si se incluye la cabina 1060). \u0095 empieza poco a poco y escala seg\u00fan tus necesidades con cualquier combinaci\u00f3n de ssd, hdd enterprise sas o hdd midline sas.<\/p>\n","protected":false},"featured_media":225157,"comment_status":"open","ping_status":"open","template":"","meta":[],"product_cat":[1803,1804],"product_tag":[1568],"acf":[],"yoast_head":"<!-- This site is optimized with the Yoast SEO plugin v21.7 - https:\/\/yoast.com\/wordpress\/plugins\/seo\/ -->\n<title>[ Hewlett Packard Enterprise ] &#129351; R0q87b Unidad De Almacenamiento San Hpe Msa 1060 12gb Sas Sff Storage<\/title>\n<meta name=\"description\" content=\"Compra R0q87b Unidad De Almacenamiento San Hpe Msa 1060 12gb Sas Sff Storage + Env\u00edo a domicilio + Pago seguro + Garant\u00eda\" \/>\n<meta name=\"robots\" content=\"index, follow, max-snippet:-1, max-image-preview:large, max-video-preview:-1\" \/>\n<link rel=\"canonical\" href=\"https:\/\/compuviper.mx\/tienda\/producto\/hewlett-packard-enterprise-r0q87b-unidad-de-almacenamiento-san-hpe-msa-1060-12gb-sas-sff-storage\/\" \/>\n<meta property=\"og:locale\" content=\"es_MX\" \/>\n<meta property=\"og:type\" content=\"article\" \/>\n<meta property=\"og:title\" content=\"[ Hewlett Packard Enterprise ] &#129351; R0q87b Unidad De Almacenamiento San Hpe Msa 1060 12gb Sas Sff Storage\" \/>\n<meta property=\"og:description\" content=\"Compra R0q87b Unidad De Almacenamiento San Hpe Msa 1060 12gb Sas Sff Storage + Env\u00edo a domicilio + Pago seguro + Garant\u00eda\" \/>\n<meta property=\"og:url\" content=\"https:\/\/compuviper.mx\/tienda\/producto\/hewlett-packard-enterprise-r0q87b-unidad-de-almacenamiento-san-hpe-msa-1060-12gb-sas-sff-storage\/\" \/>\n<meta property=\"og:site_name\" content=\"Compuviper\" \/>\n<meta property=\"article:publisher\" content=\"https:\/\/www.facebook.com\/compuviper\" \/>\n<meta property=\"og:image\" content=\"https:\/\/compuviper.mx\/tienda\/wp-content\/uploads\/2023\/12\/Unidad-de-almacenamiento-san-hpe-msa-1060-12gb-sas-sff-storage.jpg\" \/>\n\t<meta property=\"og:image:width\" content=\"200\" \/>\n\t<meta property=\"og:image:height\" content=\"200\" \/>\n\t<meta property=\"og:image:type\" content=\"image\/jpeg\" \/>\n<meta name=\"twitter:card\" content=\"summary_large_image\" \/>\n<meta name=\"twitter:label1\" content=\"Precio\" \/>\n\t<meta name=\"twitter:data1\" content=\"&#36;110,856 con IVA\" \/>\n\t<meta name=\"twitter:label2\" content=\"Availability\" \/>\n\t<meta name=\"twitter:data2\" content=\"On backorder\" \/>\n<script type=\"application\/ld+json\" class=\"yoast-schema-graph\">{\"@context\":\"https:\/\/schema.org\",\"@graph\":[{\"@type\":\"WebPage\",\"@id\":\"https:\/\/compuviper.mx\/tienda\/producto\/hewlett-packard-enterprise-r0q87b-unidad-de-almacenamiento-san-hpe-msa-1060-12gb-sas-sff-storage\/\",\"url\":\"https:\/\/compuviper.mx\/tienda\/producto\/hewlett-packard-enterprise-r0q87b-unidad-de-almacenamiento-san-hpe-msa-1060-12gb-sas-sff-storage\/\",\"name\":\"[ Hewlett Packard Enterprise ] &#129351; R0q87b Unidad De Almacenamiento San Hpe Msa 1060 12gb Sas Sff Storage\",\"isPartOf\":{\"@id\":\"https:\/\/compuviper.mx\/tienda\/#website\"},\"datePublished\":\"2026-04-16T07:55:28+00:00\",\"dateModified\":\"2026-04-16T07:55:28+00:00\",\"description\":\"Compra R0q87b Unidad De Almacenamiento San Hpe Msa 1060 12gb Sas Sff Storage + Env\u00edo a domicilio + Pago seguro + Garant\u00eda\",\"breadcrumb\":{\"@id\":\"https:\/\/compuviper.mx\/tienda\/producto\/hewlett-packard-enterprise-r0q87b-unidad-de-almacenamiento-san-hpe-msa-1060-12gb-sas-sff-storage\/#breadcrumb\"},\"inLanguage\":\"es-MX\",\"potentialAction\":[{\"@type\":\"ReadAction\",\"target\":[\"https:\/\/compuviper.mx\/tienda\/producto\/hewlett-packard-enterprise-r0q87b-unidad-de-almacenamiento-san-hpe-msa-1060-12gb-sas-sff-storage\/\"]}]},{\"@type\":\"BreadcrumbList\",\"@id\":\"https:\/\/compuviper.mx\/tienda\/producto\/hewlett-packard-enterprise-r0q87b-unidad-de-almacenamiento-san-hpe-msa-1060-12gb-sas-sff-storage\/#breadcrumb\",\"itemListElement\":[{\"@type\":\"ListItem\",\"position\":1,\"name\":\"Inicio\",\"item\":\"https:\/\/compuviper.mx\/tienda\/\"},{\"@type\":\"ListItem\",\"position\":2,\"name\":\"Productos\",\"item\":\"https:\/\/compuviper.mx\/tienda\/productos\/\"},{\"@type\":\"ListItem\",\"position\":3,\"name\":\"Almacenamiento\",\"item\":\"https:\/\/compuviper.mx\/tienda\/categoria-producto\/almacenamiento\/\"},{\"@type\":\"ListItem\",\"position\":4,\"name\":\"Sistema De Almacenamiento\",\"item\":\"https:\/\/compuviper.mx\/tienda\/categoria-producto\/almacenamiento\/sistema-de-almacenamiento\/\"},{\"@type\":\"ListItem\",\"position\":5,\"name\":\"Hewlett Packard Enterprise R0q87b Unidad De Almacenamiento San Hpe Msa 1060 12gb Sas Sff Storage\"}]},{\"@type\":\"WebSite\",\"@id\":\"https:\/\/compuviper.mx\/tienda\/#website\",\"url\":\"https:\/\/compuviper.mx\/tienda\/\",\"name\":\"Compuviper\",\"description\":\"Proveedor de Computadoras, Laptops, Servidores, Monitores, Puntos de Venta, Teclados,   Impresoras, T\u00f3ner, C\u00e1maras de Seguridad y m\u00e1s en tu tienda en l\u00ednea\",\"publisher\":{\"@id\":\"https:\/\/compuviper.mx\/tienda\/#organization\"},\"potentialAction\":[{\"@type\":\"SearchAction\",\"target\":{\"@type\":\"EntryPoint\",\"urlTemplate\":\"https:\/\/compuviper.mx\/tienda\/?s={search_term_string}\"},\"query-input\":\"required name=search_term_string\"}],\"inLanguage\":\"es-MX\"},{\"@type\":\"Organization\",\"@id\":\"https:\/\/compuviper.mx\/tienda\/#organization\",\"name\":\"Compuviper\",\"url\":\"https:\/\/compuviper.mx\/tienda\/\",\"logo\":{\"@type\":\"ImageObject\",\"inLanguage\":\"es-MX\",\"@id\":\"https:\/\/compuviper.mx\/tienda\/#\/schema\/logo\/image\/\",\"url\":\"https:\/\/compuviper.mx\/tienda\/wp-content\/uploads\/2021\/08\/Logo-Compuviper-10.png\",\"contentUrl\":\"https:\/\/compuviper.mx\/tienda\/wp-content\/uploads\/2021\/08\/Logo-Compuviper-10.png\",\"width\":1000,\"height\":500,\"caption\":\"Compuviper\"},\"image\":{\"@id\":\"https:\/\/compuviper.mx\/tienda\/#\/schema\/logo\/image\/\"},\"sameAs\":[\"https:\/\/www.facebook.com\/compuviper\",\"https:\/\/www.youtube.com\/channel\/UCf73dERp9Y3cfOq7q8BhLjA?view_as=subscriber\"]}]}<\/script>\n<meta property=\"product:brand\" content=\"HEWLETT PACKARD ENTERPRISE\" \/>\n<meta property=\"product:price:amount\" content=\"110856\" \/>\n<meta property=\"product:price:currency\" content=\"MXN\" \/>\n<meta property=\"og:availability\" content=\"backorder\" \/>\n<meta property=\"product:availability\" content=\"available for order\" \/>\n<meta property=\"product:retailer_item_id\" content=\"R0Q87B\" \/>\n<meta property=\"product:condition\" content=\"new\" \/>\n<!-- \/ Yoast SEO plugin. -->","yoast_head_json":{"title":"[ Hewlett Packard Enterprise ] &#129351; R0q87b Unidad De Almacenamiento San Hpe Msa 1060 12gb Sas Sff Storage","description":"Compra R0q87b Unidad De Almacenamiento San Hpe Msa 1060 12gb Sas Sff Storage + Env\u00edo a domicilio + Pago seguro + Garant\u00eda","robots":{"index":"index","follow":"follow","max-snippet":"max-snippet:-1","max-image-preview":"max-image-preview:large","max-video-preview":"max-video-preview:-1"},"canonical":"https:\/\/compuviper.mx\/tienda\/producto\/hewlett-packard-enterprise-r0q87b-unidad-de-almacenamiento-san-hpe-msa-1060-12gb-sas-sff-storage\/","og_locale":"es_MX","og_type":"article","og_title":"[ Hewlett Packard Enterprise ] &#129351; R0q87b Unidad De Almacenamiento San Hpe Msa 1060 12gb Sas Sff Storage","og_description":"Compra R0q87b Unidad De Almacenamiento San Hpe Msa 1060 12gb Sas Sff Storage + Env\u00edo a domicilio + Pago seguro + Garant\u00eda","og_url":"https:\/\/compuviper.mx\/tienda\/producto\/hewlett-packard-enterprise-r0q87b-unidad-de-almacenamiento-san-hpe-msa-1060-12gb-sas-sff-storage\/","og_site_name":"Compuviper","article_publisher":"https:\/\/www.facebook.com\/compuviper","og_image":[{"width":200,"height":200,"url":"https:\/\/compuviper.mx\/tienda\/wp-content\/uploads\/2023\/12\/Unidad-de-almacenamiento-san-hpe-msa-1060-12gb-sas-sff-storage.jpg","type":"image\/jpeg"}],"twitter_card":"summary_large_image","twitter_misc":{"Precio":"&#36;110,856 con IVA","Availability":"On backorder"},"schema":{"@context":"https:\/\/schema.org","@graph":[{"@type":"WebPage","@id":"https:\/\/compuviper.mx\/tienda\/producto\/hewlett-packard-enterprise-r0q87b-unidad-de-almacenamiento-san-hpe-msa-1060-12gb-sas-sff-storage\/","url":"https:\/\/compuviper.mx\/tienda\/producto\/hewlett-packard-enterprise-r0q87b-unidad-de-almacenamiento-san-hpe-msa-1060-12gb-sas-sff-storage\/","name":"[ Hewlett Packard Enterprise ] &#129351; R0q87b Unidad De Almacenamiento San Hpe Msa 1060 12gb Sas Sff Storage","isPartOf":{"@id":"https:\/\/compuviper.mx\/tienda\/#website"},"datePublished":"2026-04-16T07:55:28+00:00","dateModified":"2026-04-16T07:55:28+00:00","description":"Compra R0q87b Unidad De Almacenamiento San Hpe Msa 1060 12gb Sas Sff Storage + Env\u00edo a domicilio + Pago seguro + Garant\u00eda","breadcrumb":{"@id":"https:\/\/compuviper.mx\/tienda\/producto\/hewlett-packard-enterprise-r0q87b-unidad-de-almacenamiento-san-hpe-msa-1060-12gb-sas-sff-storage\/#breadcrumb"},"inLanguage":"es-MX","potentialAction":[{"@type":"ReadAction","target":["https:\/\/compuviper.mx\/tienda\/producto\/hewlett-packard-enterprise-r0q87b-unidad-de-almacenamiento-san-hpe-msa-1060-12gb-sas-sff-storage\/"]}]},{"@type":"BreadcrumbList","@id":"https:\/\/compuviper.mx\/tienda\/producto\/hewlett-packard-enterprise-r0q87b-unidad-de-almacenamiento-san-hpe-msa-1060-12gb-sas-sff-storage\/#breadcrumb","itemListElement":[{"@type":"ListItem","position":1,"name":"Inicio","item":"https:\/\/compuviper.mx\/tienda\/"},{"@type":"ListItem","position":2,"name":"Productos","item":"https:\/\/compuviper.mx\/tienda\/productos\/"},{"@type":"ListItem","position":3,"name":"Almacenamiento","item":"https:\/\/compuviper.mx\/tienda\/categoria-producto\/almacenamiento\/"},{"@type":"ListItem","position":4,"name":"Sistema De Almacenamiento","item":"https:\/\/compuviper.mx\/tienda\/categoria-producto\/almacenamiento\/sistema-de-almacenamiento\/"},{"@type":"ListItem","position":5,"name":"Hewlett Packard Enterprise R0q87b Unidad De Almacenamiento San Hpe Msa 1060 12gb Sas Sff Storage"}]},{"@type":"WebSite","@id":"https:\/\/compuviper.mx\/tienda\/#website","url":"https:\/\/compuviper.mx\/tienda\/","name":"Compuviper","description":"Proveedor de Computadoras, Laptops, Servidores, Monitores, Puntos de Venta, Teclados,   Impresoras, T\u00f3ner, C\u00e1maras de Seguridad y m\u00e1s en tu tienda en l\u00ednea","publisher":{"@id":"https:\/\/compuviper.mx\/tienda\/#organization"},"potentialAction":[{"@type":"SearchAction","target":{"@type":"EntryPoint","urlTemplate":"https:\/\/compuviper.mx\/tienda\/?s={search_term_string}"},"query-input":"required name=search_term_string"}],"inLanguage":"es-MX"},{"@type":"Organization","@id":"https:\/\/compuviper.mx\/tienda\/#organization","name":"Compuviper","url":"https:\/\/compuviper.mx\/tienda\/","logo":{"@type":"ImageObject","inLanguage":"es-MX","@id":"https:\/\/compuviper.mx\/tienda\/#\/schema\/logo\/image\/","url":"https:\/\/compuviper.mx\/tienda\/wp-content\/uploads\/2021\/08\/Logo-Compuviper-10.png","contentUrl":"https:\/\/compuviper.mx\/tienda\/wp-content\/uploads\/2021\/08\/Logo-Compuviper-10.png","width":1000,"height":500,"caption":"Compuviper"},"image":{"@id":"https:\/\/compuviper.mx\/tienda\/#\/schema\/logo\/image\/"},"sameAs":["https:\/\/www.facebook.com\/compuviper","https:\/\/www.youtube.com\/channel\/UCf73dERp9Y3cfOq7q8BhLjA?view_as=subscriber"]}]},"product_brand":"HEWLETT PACKARD ENTERPRISE","product_price_amount":"110856","product_price_currency":"MXN","og_availability":"backorder","product_availability":"available for order","product_retailer_item_id":"R0Q87B","product_condition":"new"},"_links":{"self":[{"href":"https:\/\/compuviper.mx\/tienda\/wp-json\/wp\/v2\/product\/225156"}],"collection":[{"href":"https:\/\/compuviper.mx\/tienda\/wp-json\/wp\/v2\/product"}],"about":[{"href":"https:\/\/compuviper.mx\/tienda\/wp-json\/wp\/v2\/types\/product"}],"replies":[{"embeddable":true,"href":"https:\/\/compuviper.mx\/tienda\/wp-json\/wp\/v2\/comments?post=225156"}],"wp:featuredmedia":[{"embeddable":true,"href":"https:\/\/compuviper.mx\/tienda\/wp-json\/wp\/v2\/media\/225157"}],"wp:attachment":[{"href":"https:\/\/compuviper.mx\/tienda\/wp-json\/wp\/v2\/media?parent=225156"}],"wp:term":[{"taxonomy":"product_cat","embeddable":true,"href":"https:\/\/compuviper.mx\/tienda\/wp-json\/wp\/v2\/product_cat?post=225156"},{"taxonomy":"product_tag","embeddable":true,"href":"https:\/\/compuviper.mx\/tienda\/wp-json\/wp\/v2\/product_tag?post=225156"}],"curies":[{"name":"wp","href":"https:\/\/api.w.org\/{rel}","templated":true}]}}