{"id":225074,"date":"2026-04-16T01:55:12","date_gmt":"2026-04-16T07:55:12","guid":{"rendered":"https:\/\/compuviper.mx\/tienda\/producto\/qnap-ts-h973ax-32g-us-nas-ts-h973ax-32g-9-bahias-5-de-35-4-de-25-nucleo-cuadruple-2-2ghz-32gb-ddr4-sodimm-hasta-64gb-2-pto-25-gbe-1-pto-10-gbe-usb-3-2-x3-hotswap-no-incluye-discos-amd-ryzen\/"},"modified":"2026-04-16T01:55:12","modified_gmt":"2026-04-16T07:55:12","slug":"qnap-ts-h973ax-32g-us-nas-ts-h973ax-32g-9-bahias-5-de-35-4-de-25-nucleo-cuadruple-2-2ghz-32gb-ddr4-sodimm-hasta-64gb-2-pto-25-gbe-1-pto-10-gbe-usb-3-2-x3-hotswap-no-incluye-discos-amd-ryzen-v","status":"publish","type":"product","link":"https:\/\/compuviper.mx\/tienda\/producto\/qnap-ts-h973ax-32g-us-nas-ts-h973ax-32g-9-bahias-5-de-35-4-de-25-nucleo-cuadruple-2-2ghz-32gb-ddr4-sodimm-hasta-64gb-2-pto-25-gbe-1-pto-10-gbe-usb-3-2-x3-hotswap-no-incluye-discos-amd-ryzen-v\/","title":{"rendered":"Qnap Ts-h973ax-32g-us Nas  Ts-h973ax-32g\/ 9 Bahias \/5 De 3,5 4 De 2,5\/nucleo Cuadruple 2.2ghz\/32gb Ddr4 Sodimm Hasta 64gb\/2 Pto 2,5 Gbe\/1 Pto 10 Gbe \/usb 3.2 X3\/ Hotswap\/ No Incluye Discos\/amd Ryzen V1500b"},"content":{"rendered":"<table class=\"descripcion\">\n<tr>\n<td>Descripcion tecnica<\/td>\n<\/tr>\n<tr>\n<td>Ts-h973ax-32g<\/td>\n<\/tr>\n<tr>\n<td>Cpu procesador amd ryzen\u0099 v1500b integrado de cuatro n\u00facleos y ocho hilos a 2,2 ghz<\/td>\n<\/tr>\n<tr>\n<td>Arquitectura de cpu x86 de 64 bits<\/td>\n<\/tr>\n<tr>\n<td>Unidad de coma flotante:      si<\/td>\n<\/tr>\n<tr>\n<td>Motor de cifrado  (aes-ni):     si<\/td>\n<\/tr>\n<tr>\n<td>Memoria del sistema<\/td>\n<\/tr>\n<tr>\n<td>32 gb de memoria ddr4 sodimm (2 m\u00f3dulos de 16 gb)<\/td>\n<\/tr>\n<tr>\n<td>Memoria m\u00e1xima 64 gb (2 m\u00f3dulos de 32 gb)<\/td>\n<\/tr>\n<tr>\n<td>Ranura para memoria 2 x sodimm ddr4<\/td>\n<\/tr>\n<tr>\n<td>Support optional ecc memory<\/td>\n<\/tr>\n<tr>\n<td>Para configuraciones dimm dobles, debe usar un par de m\u00f3dulos ddr4 id\u00e9nticos.<\/td>\n<\/tr>\n<tr>\n<td>Memoria flash 5 gb (protecci\u00f3n del sistema operativo de doble arranque)<\/td>\n<\/tr>\n<tr>\n<td>Bah\u00eda para unidades<\/td>\n<\/tr>\n<tr>\n<td>5 de 3,5 + 4 de 2,5<\/td>\n<\/tr>\n<tr>\n<td>Compatibilidad de unidades bah\u00edas de 3,5:<\/td>\n<\/tr>\n<tr>\n<td>Unidades de disco duro sata de 3,5<\/td>\n<\/tr>\n<tr>\n<td>Unidades de disco duro sata de 2,5<\/td>\n<\/tr>\n<tr>\n<td>Unidades de estado s\u00f3lido sata de 2,5<\/td>\n<\/tr>\n<tr>\n<td>Bah\u00edas de 2,5:<\/td>\n<\/tr>\n<tr>\n<td>Unidades de disco duro sata de 2,5<\/td>\n<\/tr>\n<tr>\n<td>Unidades de estado s\u00f3lido sata de 2,5<\/td>\n<\/tr>\n<tr>\n<td>Unidades de estado s\u00f3lido pcie nvme u.2 gen3 x4 de 2,5 (bah\u00eda de 2,5 n.\u00ba1 y n.\u00ba 2)<\/td>\n<\/tr>\n<tr>\n<td>* las bah\u00edas de 2,5 pulgadas n.\u00ba 1 y n.\u00ba 2 admiten ssd nvme u.2 o ssd sata 6gb\/s.<\/td>\n<\/tr>\n<tr>\n<td>** las unidades de estado s\u00f3lido nvme u.2 solo se pueden instalar en las bah\u00edas de 2,5 pulgadas n.\u00ba 1 y n.\u00ba 2.<\/td>\n<\/tr>\n<tr>\n<td>La instalaci\u00f3n de estas unidades en otras bah\u00edas da\u00f1ar\u00e1 los conectores de la unidad.<\/td>\n<\/tr>\n<tr>\n<td>Intercambiable en caliente:     si<\/td>\n<\/tr>\n<tr>\n<td>Compatibilidad con aceleraci\u00f3n de cach\u00e9 ssd:     si<\/td>\n<\/tr>\n<tr>\n<td>Puerto 2,5 gbe (2,5g\/1g\/100m) 2 (2,5g\/1g\/100m)<\/td>\n<\/tr>\n<tr>\n<td>Puerto 5 gbe (5g\/2,5g\/1g\/100m) opcional a trav\u00e9s del adaptador de red usb qna-uc5g1t a 5gbe<\/td>\n<\/tr>\n<tr>\n<td>Puerto 10 gbe 1 puerto 10gbase-t (10g\/5g\/2,5g\/1g\/100m)<\/td>\n<\/tr>\n<tr>\n<td>Wake-on-lan (wol):     si<\/td>\n<\/tr>\n<tr>\n<td>Jumbo frame:      si<\/td>\n<\/tr>\n<tr>\n<td>Puerto usb 3.2 gen 2 (10 gbps)<\/td>\n<\/tr>\n<tr>\n<td>1 puerto usb 3.2 gen 2 tipo-c<\/td>\n<\/tr>\n<tr>\n<td>3 puertos usb 3.2 gen 2 tipo-a<\/td>\n<\/tr>\n<tr>\n<td>Factor de forma torre<\/td>\n<\/tr>\n<tr>\n<td>Indicadores led unidad de disco duro 1-5, ssd 1-4, alimentaci\u00f3n\/estado, lan, usb<\/td>\n<\/tr>\n<tr>\n<td>Botones encendido, reinicio, copia usb<\/td>\n<\/tr>\n<tr>\n<td>Dimensiones (altura x anchura x profundidad) 182.65 \u00d7 224.6 \u00d7 224.1 mm<\/td>\n<\/tr>\n<tr>\n<td>Peso (neto) 3,52 kg<\/td>\n<\/tr>\n<tr>\n<td>Peso (bruto) 5,12 kg<\/td>\n<\/tr>\n<tr>\n<td>Temperatura operativa 0 &#8211; 40 \u00b0c (32\u00b0f &#8211; 104\u00b0f)<\/td>\n<\/tr>\n<tr>\n<td>Temperatura de almacenamiento -20 &#8211; 70\u00b0c (-4\u00b0f &#8211; 158\u00b0f)<\/td>\n<\/tr>\n<tr>\n<td>Humedad relativa 5 ~ 95 % de humedad relativa sin condensaci\u00f3n, bulbo h\u00famedo: 27  and #730;c (80,6  and #730;f)<\/td>\n<\/tr>\n<tr>\n<td>Unidad de alimentaci\u00f3n el\u00e9ctrica externo, 120 w, ca 100 a 240 v<\/td>\n<\/tr>\n<tr>\n<td>Consumo de energ\u00eda: modo suspensi\u00f3n de disco duro: 41,2 w<\/td>\n<\/tr>\n<tr>\n<td>Consumo de energ\u00eda: modo de funcionamiento, t\u00edpico 55,41 w<\/td>\n<\/tr>\n<tr>\n<td>Probado con unidades totalmente llenas.<\/td>\n<\/tr>\n<tr>\n<td>Ventilador 1 de 140mm, 12 v de cc<\/td>\n<\/tr>\n<tr>\n<td>Advertencia del sistema timbre<\/td>\n<\/tr>\n<tr>\n<td>Ranura de seguridad kensington<\/td>\n<\/tr>\n<tr>\n<td>N.\u00ba m\u00e1x. de conexiones simult\u00e1neas (cifs): con memoria m\u00e1x. 2000<\/td>\n<\/tr>\n<\/table>\n","protected":false},"excerpt":{"rendered":"<p>Descripcion comercial. Sistema operativo. Qts h\u00e9roe h5.0.0. Sistemas operativos de cliente compatibles. Apple mac os 10.10 o posterior. Ubuntu 14.04, centos 7, rhel 6.6, suse 12 o posterior linux. Ibm aix 7, solaris 10 o posterior unix. Microsoft windows 7, 8, 10 y 11. Navegadores compatibles. Apple safari. Google chrome. Microsoft edge. Mozilla firefox. Idiomas admitidos. Chino (tradicional y simplificado), checo, dan\u00e9s, holand\u00e9s, ingl\u00e9s, finland\u00e9s, franc\u00e9s, alem\u00e1n, griego, h\u00fangaro, italiano, japon\u00e9s, coreano, noruego, polaco, portugu\u00e9s (brasil), rumano, ruso, espa\u00f1ol, sueco, tailand\u00e9s, y turco. Grupo de almacenamiento:     si. Conjunto de almacenamiento sed:     si. Tama\u00f1o m\u00e1ximo de grupo. 1024tb. N\u00famero m\u00e1ximo de grupos de almacenamiento. 128. Tipo de carpeta compartida. Grueso &#8212;- delgado. Tama\u00f1o m\u00e1ximo de carpeta compartida. 1024tb. N\u00famero m\u00e1ximo de carpetas compartidas. 256. Expansi\u00f3n jbod:     si. Nube vjbod \/ vjbod:      si. Servicio iscsi:      si. Servicio de canal de fibra:     si. Tipo de lun. Grueso &#8212;- delgado. Iscsi lun basado en bloques:      si. Tama\u00f1o m\u00e1ximo de lun. 1024tb. N\u00famero m\u00e1ximo de objetivos lun. 256. Tipo de raid. 8 bah\u00edas (y m\u00e1s): simple, raid 0 (stripe), 1, 5, 6, 10, 50, 60, triple mirror, triple parity. 6 bah\u00edas: simple, raid 0 (stripe), 1, 5, 6, 10, 50, triple mirror, triple parity. 4 bah\u00edas: simple, raid 0 (stripe), 1, 5, 6, 10, triple mirror, triple parity. 3 bah\u00edas: simple, raid 0 (stripe), 1, 5, triple mirror, triple parity. Grupo raid:      si<\/p>\n","protected":false},"featured_media":225075,"comment_status":"open","ping_status":"open","template":"","meta":[],"product_cat":[1803,1804],"product_tag":[2110],"acf":[],"yoast_head":"<!-- This site is optimized with the Yoast SEO plugin v21.7 - https:\/\/yoast.com\/wordpress\/plugins\/seo\/ -->\n<title>[ Qnap ] &#129351; Ts-h973ax-32g-us Nas Ts-h973ax-32g\/ 9 Bahias \/5 De 3,5 4 De 2,5\/nucleo Cuadruple 2.2ghz\/32gb Ddr4 Sodimm Hasta 64gb\/2 Pto 2,5 Gbe\/1 Pto 10 Gbe \/usb 3.2 X3\/ Hotswap\/ No Incluye Discos\/amd Ryzen V1500b<\/title>\n<meta name=\"description\" content=\"Compra Ts-h973ax-32g-us Nas Ts-h973ax-32g\/ 9 Bahias \/5 De 3,5 4 De 2,5\/nucleo Cuadruple 2.2ghz\/32gb Ddr4 Sodimm Hasta 64gb\/2 Pto 2,5 Gbe\/1 Pto 10 Gbe \/usb 3.2 X3\/ Hotswap\/ No Incluye Discos\/amd Ryzen V1500b + Env\u00edo a domicilio + Pago seguro + Garant\u00eda\" \/>\n<meta name=\"robots\" content=\"index, follow, max-snippet:-1, max-image-preview:large, max-video-preview:-1\" \/>\n<link rel=\"canonical\" href=\"https:\/\/compuviper.mx\/tienda\/producto\/qnap-ts-h973ax-32g-us-nas-ts-h973ax-32g-9-bahias-5-de-35-4-de-25-nucleo-cuadruple-2-2ghz-32gb-ddr4-sodimm-hasta-64gb-2-pto-25-gbe-1-pto-10-gbe-usb-3-2-x3-hotswap-no-incluye-discos-amd-ryzen-v\/\" \/>\n<meta property=\"og:locale\" content=\"es_MX\" \/>\n<meta property=\"og:type\" content=\"article\" \/>\n<meta property=\"og:title\" content=\"[ Qnap ] &#129351; Ts-h973ax-32g-us Nas Ts-h973ax-32g\/ 9 Bahias \/5 De 3,5 4 De 2,5\/nucleo Cuadruple 2.2ghz\/32gb Ddr4 Sodimm Hasta 64gb\/2 Pto 2,5 Gbe\/1 Pto 10 Gbe \/usb 3.2 X3\/ Hotswap\/ No Incluye Discos\/amd Ryzen V1500b\" \/>\n<meta property=\"og:description\" content=\"Compra Ts-h973ax-32g-us Nas Ts-h973ax-32g\/ 9 Bahias \/5 De 3,5 4 De 2,5\/nucleo Cuadruple 2.2ghz\/32gb Ddr4 Sodimm Hasta 64gb\/2 Pto 2,5 Gbe\/1 Pto 10 Gbe \/usb 3.2 X3\/ Hotswap\/ No Incluye Discos\/amd Ryzen V1500b + Env\u00edo a domicilio + Pago seguro + Garant\u00eda\" \/>\n<meta property=\"og:url\" content=\"https:\/\/compuviper.mx\/tienda\/producto\/qnap-ts-h973ax-32g-us-nas-ts-h973ax-32g-9-bahias-5-de-35-4-de-25-nucleo-cuadruple-2-2ghz-32gb-ddr4-sodimm-hasta-64gb-2-pto-25-gbe-1-pto-10-gbe-usb-3-2-x3-hotswap-no-incluye-discos-amd-ryzen-v\/\" \/>\n<meta property=\"og:site_name\" content=\"Compuviper\" \/>\n<meta property=\"article:publisher\" content=\"https:\/\/www.facebook.com\/compuviper\" \/>\n<meta property=\"og:image\" content=\"https:\/\/compuviper.mx\/tienda\/wp-content\/uploads\/2023\/12\/Nas-qnap-ts-h973ax-32g-9-bahias-5-de-35-4-de-25nucleo-cuadruple-2.2ghz32gb-ddr4-sodimm-hasta-64gb2-pto-25-gbe1-pto-10-gbe-usb-3.2-x3-hotswap-no-incluye-discosamd-ryzen\u0099-v1500b.jpg\" \/>\n\t<meta property=\"og:image:width\" content=\"200\" \/>\n\t<meta property=\"og:image:height\" content=\"200\" \/>\n\t<meta property=\"og:image:type\" content=\"image\/jpeg\" \/>\n<meta name=\"twitter:card\" content=\"summary_large_image\" \/>\n<meta name=\"twitter:label1\" content=\"Precio\" \/>\n\t<meta name=\"twitter:data1\" content=\"&#36;27,891 &#36;26,513 con IVA\" \/>\n\t<meta name=\"twitter:label2\" content=\"Availability\" \/>\n\t<meta name=\"twitter:data2\" content=\"In stock\" \/>\n<script type=\"application\/ld+json\" class=\"yoast-schema-graph\">{\"@context\":\"https:\/\/schema.org\",\"@graph\":[{\"@type\":\"WebPage\",\"@id\":\"https:\/\/compuviper.mx\/tienda\/producto\/qnap-ts-h973ax-32g-us-nas-ts-h973ax-32g-9-bahias-5-de-35-4-de-25-nucleo-cuadruple-2-2ghz-32gb-ddr4-sodimm-hasta-64gb-2-pto-25-gbe-1-pto-10-gbe-usb-3-2-x3-hotswap-no-incluye-discos-amd-ryzen-v\/\",\"url\":\"https:\/\/compuviper.mx\/tienda\/producto\/qnap-ts-h973ax-32g-us-nas-ts-h973ax-32g-9-bahias-5-de-35-4-de-25-nucleo-cuadruple-2-2ghz-32gb-ddr4-sodimm-hasta-64gb-2-pto-25-gbe-1-pto-10-gbe-usb-3-2-x3-hotswap-no-incluye-discos-amd-ryzen-v\/\",\"name\":\"[ Qnap ] &#129351; Ts-h973ax-32g-us Nas Ts-h973ax-32g\/ 9 Bahias \/5 De 3,5 4 De 2,5\/nucleo Cuadruple 2.2ghz\/32gb Ddr4 Sodimm Hasta 64gb\/2 Pto 2,5 Gbe\/1 Pto 10 Gbe \/usb 3.2 X3\/ Hotswap\/ No Incluye Discos\/amd Ryzen V1500b\",\"isPartOf\":{\"@id\":\"https:\/\/compuviper.mx\/tienda\/#website\"},\"datePublished\":\"2026-04-16T07:55:12+00:00\",\"dateModified\":\"2026-04-16T07:55:12+00:00\",\"description\":\"Compra Ts-h973ax-32g-us Nas Ts-h973ax-32g\/ 9 Bahias \/5 De 3,5 4 De 2,5\/nucleo Cuadruple 2.2ghz\/32gb Ddr4 Sodimm Hasta 64gb\/2 Pto 2,5 Gbe\/1 Pto 10 Gbe \/usb 3.2 X3\/ Hotswap\/ No Incluye Discos\/amd Ryzen V1500b + Env\u00edo a domicilio + Pago seguro + Garant\u00eda\",\"breadcrumb\":{\"@id\":\"https:\/\/compuviper.mx\/tienda\/producto\/qnap-ts-h973ax-32g-us-nas-ts-h973ax-32g-9-bahias-5-de-35-4-de-25-nucleo-cuadruple-2-2ghz-32gb-ddr4-sodimm-hasta-64gb-2-pto-25-gbe-1-pto-10-gbe-usb-3-2-x3-hotswap-no-incluye-discos-amd-ryzen-v\/#breadcrumb\"},\"inLanguage\":\"es-MX\",\"potentialAction\":[{\"@type\":\"ReadAction\",\"target\":[\"https:\/\/compuviper.mx\/tienda\/producto\/qnap-ts-h973ax-32g-us-nas-ts-h973ax-32g-9-bahias-5-de-35-4-de-25-nucleo-cuadruple-2-2ghz-32gb-ddr4-sodimm-hasta-64gb-2-pto-25-gbe-1-pto-10-gbe-usb-3-2-x3-hotswap-no-incluye-discos-amd-ryzen-v\/\"]}]},{\"@type\":\"BreadcrumbList\",\"@id\":\"https:\/\/compuviper.mx\/tienda\/producto\/qnap-ts-h973ax-32g-us-nas-ts-h973ax-32g-9-bahias-5-de-35-4-de-25-nucleo-cuadruple-2-2ghz-32gb-ddr4-sodimm-hasta-64gb-2-pto-25-gbe-1-pto-10-gbe-usb-3-2-x3-hotswap-no-incluye-discos-amd-ryzen-v\/#breadcrumb\",\"itemListElement\":[{\"@type\":\"ListItem\",\"position\":1,\"name\":\"Inicio\",\"item\":\"https:\/\/compuviper.mx\/tienda\/\"},{\"@type\":\"ListItem\",\"position\":2,\"name\":\"Productos\",\"item\":\"https:\/\/compuviper.mx\/tienda\/productos\/\"},{\"@type\":\"ListItem\",\"position\":3,\"name\":\"Almacenamiento\",\"item\":\"https:\/\/compuviper.mx\/tienda\/categoria-producto\/almacenamiento\/\"},{\"@type\":\"ListItem\",\"position\":4,\"name\":\"Sistema De Almacenamiento\",\"item\":\"https:\/\/compuviper.mx\/tienda\/categoria-producto\/almacenamiento\/sistema-de-almacenamiento\/\"},{\"@type\":\"ListItem\",\"position\":5,\"name\":\"Qnap Ts-h973ax-32g-us Nas Ts-h973ax-32g\/ 9 Bahias \/5 De 3,5 4 De 2,5\/nucleo Cuadruple 2.2ghz\/32gb Ddr4 Sodimm Hasta 64gb\/2 Pto 2,5 Gbe\/1 Pto 10 Gbe \/usb 3.2 X3\/ Hotswap\/ No Incluye Discos\/amd Ryzen V1500b\"}]},{\"@type\":\"WebSite\",\"@id\":\"https:\/\/compuviper.mx\/tienda\/#website\",\"url\":\"https:\/\/compuviper.mx\/tienda\/\",\"name\":\"Compuviper\",\"description\":\"Proveedor de Computadoras, Laptops, Servidores, Monitores, Puntos de Venta, Teclados,   Impresoras, T\u00f3ner, C\u00e1maras de Seguridad y m\u00e1s en tu tienda en l\u00ednea\",\"publisher\":{\"@id\":\"https:\/\/compuviper.mx\/tienda\/#organization\"},\"potentialAction\":[{\"@type\":\"SearchAction\",\"target\":{\"@type\":\"EntryPoint\",\"urlTemplate\":\"https:\/\/compuviper.mx\/tienda\/?s={search_term_string}\"},\"query-input\":\"required name=search_term_string\"}],\"inLanguage\":\"es-MX\"},{\"@type\":\"Organization\",\"@id\":\"https:\/\/compuviper.mx\/tienda\/#organization\",\"name\":\"Compuviper\",\"url\":\"https:\/\/compuviper.mx\/tienda\/\",\"logo\":{\"@type\":\"ImageObject\",\"inLanguage\":\"es-MX\",\"@id\":\"https:\/\/compuviper.mx\/tienda\/#\/schema\/logo\/image\/\",\"url\":\"https:\/\/compuviper.mx\/tienda\/wp-content\/uploads\/2021\/08\/Logo-Compuviper-10.png\",\"contentUrl\":\"https:\/\/compuviper.mx\/tienda\/wp-content\/uploads\/2021\/08\/Logo-Compuviper-10.png\",\"width\":1000,\"height\":500,\"caption\":\"Compuviper\"},\"image\":{\"@id\":\"https:\/\/compuviper.mx\/tienda\/#\/schema\/logo\/image\/\"},\"sameAs\":[\"https:\/\/www.facebook.com\/compuviper\",\"https:\/\/www.youtube.com\/channel\/UCf73dERp9Y3cfOq7q8BhLjA?view_as=subscriber\"]}]}<\/script>\n<meta property=\"product:brand\" content=\"Qnap\" \/>\n<meta property=\"product:price:amount\" content=\"26513\" \/>\n<meta property=\"product:price:currency\" content=\"MXN\" \/>\n<meta property=\"og:availability\" content=\"instock\" \/>\n<meta property=\"product:availability\" content=\"instock\" \/>\n<meta property=\"product:retailer_item_id\" content=\"TS-H973AX-32G-US\" \/>\n<meta property=\"product:condition\" content=\"new\" \/>\n<!-- \/ Yoast SEO plugin. -->","yoast_head_json":{"title":"[ Qnap ] &#129351; Ts-h973ax-32g-us Nas Ts-h973ax-32g\/ 9 Bahias \/5 De 3,5 4 De 2,5\/nucleo Cuadruple 2.2ghz\/32gb Ddr4 Sodimm Hasta 64gb\/2 Pto 2,5 Gbe\/1 Pto 10 Gbe \/usb 3.2 X3\/ Hotswap\/ No Incluye Discos\/amd Ryzen V1500b","description":"Compra Ts-h973ax-32g-us Nas Ts-h973ax-32g\/ 9 Bahias \/5 De 3,5 4 De 2,5\/nucleo Cuadruple 2.2ghz\/32gb Ddr4 Sodimm Hasta 64gb\/2 Pto 2,5 Gbe\/1 Pto 10 Gbe \/usb 3.2 X3\/ Hotswap\/ No Incluye Discos\/amd Ryzen V1500b + Env\u00edo a domicilio + Pago seguro + Garant\u00eda","robots":{"index":"index","follow":"follow","max-snippet":"max-snippet:-1","max-image-preview":"max-image-preview:large","max-video-preview":"max-video-preview:-1"},"canonical":"https:\/\/compuviper.mx\/tienda\/producto\/qnap-ts-h973ax-32g-us-nas-ts-h973ax-32g-9-bahias-5-de-35-4-de-25-nucleo-cuadruple-2-2ghz-32gb-ddr4-sodimm-hasta-64gb-2-pto-25-gbe-1-pto-10-gbe-usb-3-2-x3-hotswap-no-incluye-discos-amd-ryzen-v\/","og_locale":"es_MX","og_type":"article","og_title":"[ Qnap ] &#129351; Ts-h973ax-32g-us Nas Ts-h973ax-32g\/ 9 Bahias \/5 De 3,5 4 De 2,5\/nucleo Cuadruple 2.2ghz\/32gb Ddr4 Sodimm Hasta 64gb\/2 Pto 2,5 Gbe\/1 Pto 10 Gbe \/usb 3.2 X3\/ Hotswap\/ No Incluye Discos\/amd Ryzen V1500b","og_description":"Compra Ts-h973ax-32g-us Nas Ts-h973ax-32g\/ 9 Bahias \/5 De 3,5 4 De 2,5\/nucleo Cuadruple 2.2ghz\/32gb Ddr4 Sodimm Hasta 64gb\/2 Pto 2,5 Gbe\/1 Pto 10 Gbe \/usb 3.2 X3\/ Hotswap\/ No Incluye Discos\/amd Ryzen V1500b + Env\u00edo a domicilio + Pago seguro + Garant\u00eda","og_url":"https:\/\/compuviper.mx\/tienda\/producto\/qnap-ts-h973ax-32g-us-nas-ts-h973ax-32g-9-bahias-5-de-35-4-de-25-nucleo-cuadruple-2-2ghz-32gb-ddr4-sodimm-hasta-64gb-2-pto-25-gbe-1-pto-10-gbe-usb-3-2-x3-hotswap-no-incluye-discos-amd-ryzen-v\/","og_site_name":"Compuviper","article_publisher":"https:\/\/www.facebook.com\/compuviper","og_image":[{"width":200,"height":200,"url":"https:\/\/compuviper.mx\/tienda\/wp-content\/uploads\/2023\/12\/Nas-qnap-ts-h973ax-32g-9-bahias-5-de-35-4-de-25nucleo-cuadruple-2.2ghz32gb-ddr4-sodimm-hasta-64gb2-pto-25-gbe1-pto-10-gbe-usb-3.2-x3-hotswap-no-incluye-discosamd-ryzen\u0099-v1500b.jpg","type":"image\/jpeg"}],"twitter_card":"summary_large_image","twitter_misc":{"Precio":"&#36;27,891 &#36;26,513 con IVA","Availability":"In stock"},"schema":{"@context":"https:\/\/schema.org","@graph":[{"@type":"WebPage","@id":"https:\/\/compuviper.mx\/tienda\/producto\/qnap-ts-h973ax-32g-us-nas-ts-h973ax-32g-9-bahias-5-de-35-4-de-25-nucleo-cuadruple-2-2ghz-32gb-ddr4-sodimm-hasta-64gb-2-pto-25-gbe-1-pto-10-gbe-usb-3-2-x3-hotswap-no-incluye-discos-amd-ryzen-v\/","url":"https:\/\/compuviper.mx\/tienda\/producto\/qnap-ts-h973ax-32g-us-nas-ts-h973ax-32g-9-bahias-5-de-35-4-de-25-nucleo-cuadruple-2-2ghz-32gb-ddr4-sodimm-hasta-64gb-2-pto-25-gbe-1-pto-10-gbe-usb-3-2-x3-hotswap-no-incluye-discos-amd-ryzen-v\/","name":"[ Qnap ] &#129351; Ts-h973ax-32g-us Nas Ts-h973ax-32g\/ 9 Bahias \/5 De 3,5 4 De 2,5\/nucleo Cuadruple 2.2ghz\/32gb Ddr4 Sodimm Hasta 64gb\/2 Pto 2,5 Gbe\/1 Pto 10 Gbe \/usb 3.2 X3\/ Hotswap\/ No Incluye Discos\/amd Ryzen V1500b","isPartOf":{"@id":"https:\/\/compuviper.mx\/tienda\/#website"},"datePublished":"2026-04-16T07:55:12+00:00","dateModified":"2026-04-16T07:55:12+00:00","description":"Compra Ts-h973ax-32g-us Nas Ts-h973ax-32g\/ 9 Bahias \/5 De 3,5 4 De 2,5\/nucleo Cuadruple 2.2ghz\/32gb Ddr4 Sodimm Hasta 64gb\/2 Pto 2,5 Gbe\/1 Pto 10 Gbe \/usb 3.2 X3\/ Hotswap\/ No Incluye Discos\/amd Ryzen V1500b + Env\u00edo a domicilio + Pago seguro + Garant\u00eda","breadcrumb":{"@id":"https:\/\/compuviper.mx\/tienda\/producto\/qnap-ts-h973ax-32g-us-nas-ts-h973ax-32g-9-bahias-5-de-35-4-de-25-nucleo-cuadruple-2-2ghz-32gb-ddr4-sodimm-hasta-64gb-2-pto-25-gbe-1-pto-10-gbe-usb-3-2-x3-hotswap-no-incluye-discos-amd-ryzen-v\/#breadcrumb"},"inLanguage":"es-MX","potentialAction":[{"@type":"ReadAction","target":["https:\/\/compuviper.mx\/tienda\/producto\/qnap-ts-h973ax-32g-us-nas-ts-h973ax-32g-9-bahias-5-de-35-4-de-25-nucleo-cuadruple-2-2ghz-32gb-ddr4-sodimm-hasta-64gb-2-pto-25-gbe-1-pto-10-gbe-usb-3-2-x3-hotswap-no-incluye-discos-amd-ryzen-v\/"]}]},{"@type":"BreadcrumbList","@id":"https:\/\/compuviper.mx\/tienda\/producto\/qnap-ts-h973ax-32g-us-nas-ts-h973ax-32g-9-bahias-5-de-35-4-de-25-nucleo-cuadruple-2-2ghz-32gb-ddr4-sodimm-hasta-64gb-2-pto-25-gbe-1-pto-10-gbe-usb-3-2-x3-hotswap-no-incluye-discos-amd-ryzen-v\/#breadcrumb","itemListElement":[{"@type":"ListItem","position":1,"name":"Inicio","item":"https:\/\/compuviper.mx\/tienda\/"},{"@type":"ListItem","position":2,"name":"Productos","item":"https:\/\/compuviper.mx\/tienda\/productos\/"},{"@type":"ListItem","position":3,"name":"Almacenamiento","item":"https:\/\/compuviper.mx\/tienda\/categoria-producto\/almacenamiento\/"},{"@type":"ListItem","position":4,"name":"Sistema De Almacenamiento","item":"https:\/\/compuviper.mx\/tienda\/categoria-producto\/almacenamiento\/sistema-de-almacenamiento\/"},{"@type":"ListItem","position":5,"name":"Qnap Ts-h973ax-32g-us Nas Ts-h973ax-32g\/ 9 Bahias \/5 De 3,5 4 De 2,5\/nucleo Cuadruple 2.2ghz\/32gb Ddr4 Sodimm Hasta 64gb\/2 Pto 2,5 Gbe\/1 Pto 10 Gbe \/usb 3.2 X3\/ Hotswap\/ No Incluye Discos\/amd Ryzen V1500b"}]},{"@type":"WebSite","@id":"https:\/\/compuviper.mx\/tienda\/#website","url":"https:\/\/compuviper.mx\/tienda\/","name":"Compuviper","description":"Proveedor de Computadoras, Laptops, Servidores, Monitores, Puntos de Venta, Teclados,   Impresoras, T\u00f3ner, C\u00e1maras de Seguridad y m\u00e1s en tu tienda en l\u00ednea","publisher":{"@id":"https:\/\/compuviper.mx\/tienda\/#organization"},"potentialAction":[{"@type":"SearchAction","target":{"@type":"EntryPoint","urlTemplate":"https:\/\/compuviper.mx\/tienda\/?s={search_term_string}"},"query-input":"required name=search_term_string"}],"inLanguage":"es-MX"},{"@type":"Organization","@id":"https:\/\/compuviper.mx\/tienda\/#organization","name":"Compuviper","url":"https:\/\/compuviper.mx\/tienda\/","logo":{"@type":"ImageObject","inLanguage":"es-MX","@id":"https:\/\/compuviper.mx\/tienda\/#\/schema\/logo\/image\/","url":"https:\/\/compuviper.mx\/tienda\/wp-content\/uploads\/2021\/08\/Logo-Compuviper-10.png","contentUrl":"https:\/\/compuviper.mx\/tienda\/wp-content\/uploads\/2021\/08\/Logo-Compuviper-10.png","width":1000,"height":500,"caption":"Compuviper"},"image":{"@id":"https:\/\/compuviper.mx\/tienda\/#\/schema\/logo\/image\/"},"sameAs":["https:\/\/www.facebook.com\/compuviper","https:\/\/www.youtube.com\/channel\/UCf73dERp9Y3cfOq7q8BhLjA?view_as=subscriber"]}]},"product_brand":"Qnap","product_price_amount":"26513","product_price_currency":"MXN","og_availability":"instock","product_availability":"instock","product_retailer_item_id":"TS-H973AX-32G-US","product_condition":"new"},"_links":{"self":[{"href":"https:\/\/compuviper.mx\/tienda\/wp-json\/wp\/v2\/product\/225074"}],"collection":[{"href":"https:\/\/compuviper.mx\/tienda\/wp-json\/wp\/v2\/product"}],"about":[{"href":"https:\/\/compuviper.mx\/tienda\/wp-json\/wp\/v2\/types\/product"}],"replies":[{"embeddable":true,"href":"https:\/\/compuviper.mx\/tienda\/wp-json\/wp\/v2\/comments?post=225074"}],"wp:featuredmedia":[{"embeddable":true,"href":"https:\/\/compuviper.mx\/tienda\/wp-json\/wp\/v2\/media\/225075"}],"wp:attachment":[{"href":"https:\/\/compuviper.mx\/tienda\/wp-json\/wp\/v2\/media?parent=225074"}],"wp:term":[{"taxonomy":"product_cat","embeddable":true,"href":"https:\/\/compuviper.mx\/tienda\/wp-json\/wp\/v2\/product_cat?post=225074"},{"taxonomy":"product_tag","embeddable":true,"href":"https:\/\/compuviper.mx\/tienda\/wp-json\/wp\/v2\/product_tag?post=225074"}],"curies":[{"name":"wp","href":"https:\/\/api.w.org\/{rel}","templated":true}]}}