{"id":225060,"date":"2026-04-25T01:50:31","date_gmt":"2026-04-25T07:50:31","guid":{"rendered":"https:\/\/compuviper.mx\/tienda\/producto\/synology-rs422-nas-4-bahias-rack-1u-doble-nucleo-2-6ghz-2gb-ddr4-lan-gigabit-x2-usb-3-2-x1-hot-swap-hasta-72tb-amd-ryzen-r1600\/"},"modified":"2026-04-25T01:50:32","modified_gmt":"2026-04-25T07:50:32","slug":"synology-rs422-nas-4-bahias-rack-1u-doble-nucleo-2-6ghz-2gb-ddr4-lan-gigabit-x2-usb-3-2-x1-hot-swap-hasta-72tb-amd-ryzen-r1600","status":"publish","type":"product","link":"https:\/\/compuviper.mx\/tienda\/producto\/synology-rs422-nas-4-bahias-rack-1u-doble-nucleo-2-6ghz-2gb-ddr4-lan-gigabit-x2-usb-3-2-x1-hot-swap-hasta-72tb-amd-ryzen-r1600\/","title":{"rendered":"Synology Rs422+ Nas   \/4 Bahias Rack 1u\/ Doble Nucleo 2.6ghz \/2gb Ddr4 \/lan Gigabit X2\/usb 3.2 X1\/ Hot-swap\/hasta 72tb Amd Ryzen R1600"},"content":{"rendered":"<table class=\"descripcion\">\n<tr>\n<td>Descripcion tecnica<\/td>\n<\/tr>\n<tr>\n<td>Especificaciones de hardware<\/td>\n<\/tr>\n<tr>\n<td>Cpu<\/td>\n<\/tr>\n<tr>\n<td>Modelo de cpu amd ryzen r1600<\/td>\n<\/tr>\n<tr>\n<td>Cantidad de cpu 1<\/td>\n<\/tr>\n<tr>\n<td>Arquitectura de cpu 64-bit<\/td>\n<\/tr>\n<tr>\n<td>Frecuencia de cpu 2-core 2.6 (base) \/ 3.1 (turbo) ghz<\/td>\n<\/tr>\n<tr>\n<td>Motor de cifrado de hardware (aes-ni):     si<\/td>\n<\/tr>\n<tr>\n<td>Memoria<\/td>\n<\/tr>\n<tr>\n<td>Memoria del sistema 2 gb ddr4 ecc<\/td>\n<\/tr>\n<tr>\n<td>Notas synology se reserva el derecho a sustituir m\u00f3dulos de memoria con la misma frecuencia o una frecuencia mayor, en funci\u00f3n del estado del ciclo de vida del producto del proveedor. aseg\u00farese de que la compatibilidad y la estabilidad se han comprobado rigurosamente con los mismos criterios para garantizar que el rendimiento sea id\u00e9ntico.<\/td>\n<\/tr>\n<tr>\n<td>Almacenamiento<\/td>\n<\/tr>\n<tr>\n<td>Recept\u00e1culo(s) de unidad 4<\/td>\n<\/tr>\n<tr>\n<td>Tipo de unidad compatible<\/td>\n<\/tr>\n<tr>\n<td>3.5 sata hdd<\/td>\n<\/tr>\n<tr>\n<td>2.5 sata ssd<\/td>\n<\/tr>\n<tr>\n<td>Unidad de intercambio en caliente:     si<\/td>\n<\/tr>\n<tr>\n<td>Puertos externos<\/td>\n<\/tr>\n<tr>\n<td>Puerto rj-45 1gbe lan* 2 (con soporte de conmutaci\u00f3n por error \/ link aggregation)<\/td>\n<\/tr>\n<tr>\n<td>Puerto usb 3.2 gen 1* 1<\/td>\n<\/tr>\n<tr>\n<td>Notas<\/td>\n<\/tr>\n<tr>\n<td>Los puertos lan de 1 gbe de este dispositivo tienen un tama\u00f1o de unidad de transmisi\u00f3n m\u00e1xima (mtu) de 1500 bytes.<\/td>\n<\/tr>\n<tr>\n<td>Usb implementers forum (usb-if) cambi\u00f3 de nombre del est\u00e1ndar usb 3.0 a usb 3.2 gen 1 en 2019.<\/td>\n<\/tr>\n<tr>\n<td>Pcie<\/td>\n<\/tr>\n<tr>\n<td>Expansi\u00f3n pcie 1 x gen3 x2 network upgrade slot<\/td>\n<\/tr>\n<tr>\n<td>Sistema de archivos<\/td>\n<\/tr>\n<tr>\n<td>Unidades internas<\/td>\n<\/tr>\n<tr>\n<td>Btrfs<\/td>\n<\/tr>\n<tr>\n<td>Ext4<\/td>\n<\/tr>\n<tr>\n<td>Unidades externas<\/td>\n<\/tr>\n<tr>\n<td>Btrfs<\/td>\n<\/tr>\n<tr>\n<td>Ext4<\/td>\n<\/tr>\n<tr>\n<td>Ext3<\/td>\n<\/tr>\n<tr>\n<td>Fat<\/td>\n<\/tr>\n<tr>\n<td>Ntfs<\/td>\n<\/tr>\n<tr>\n<td>Hfs+<\/td>\n<\/tr>\n<tr>\n<td>Exfat<\/td>\n<\/tr>\n<tr>\n<td>Apariencia<\/td>\n<\/tr>\n<tr>\n<td>Factor de forma (ru) 1u<\/td>\n<\/tr>\n<tr>\n<td>Tama\u00f1o (altura x anchura x profundidad) 44 mm x 478 mm x 327.5 mm<\/td>\n<\/tr>\n<tr>\n<td>Peso 4.38 kg<\/td>\n<\/tr>\n<tr>\n<td>Soporte para instalaci\u00f3n en bastidor*<\/td>\n<\/tr>\n<tr>\n<td>Bastidor de 4 postes de 19 (synology rail kit: rkm114\/rks-02)<\/td>\n<\/tr>\n<tr>\n<td>Bastidor de 2 postes de 19 (montaje directo)<\/td>\n<\/tr>\n<tr>\n<td>Notas el kit de ra\u00edles se vende por separado<\/td>\n<\/tr>\n<tr>\n<td>Otros<\/td>\n<\/tr>\n<tr>\n<td>Ventilador del sistema 40 mm x 40 mm x 3 pcs<\/td>\n<\/tr>\n<tr>\n<td>Modo de velocidad de ventilador<\/td>\n<\/tr>\n<tr>\n<td>Modo velocidad completa<\/td>\n<\/tr>\n<tr>\n<td>Modo fresco<\/td>\n<\/tr>\n<tr>\n<td>Modo silencioso<\/td>\n<\/tr>\n<tr>\n<td>Recuperaci\u00f3n de energ\u00eda:    si<\/td>\n<\/tr>\n<tr>\n<td>Nivel de ruido* 28.5 db(a)<\/td>\n<\/tr>\n<tr>\n<td>Encendido y apagado programado:     si<\/td>\n<\/tr>\n<tr>\n<td>Despertar con lan \/ wan:     si<\/td>\n<\/tr>\n<tr>\n<td>Fuente \/ adaptador de alimentaci\u00f3n 100 w<\/td>\n<\/tr>\n<tr>\n<td>Voltaje de alimentaci\u00f3n de entrada ca 100v to 240v ac<\/td>\n<\/tr>\n<tr>\n<td>Frecuencia de alimentaci\u00f3n 50\/60 hz, monof\u00e1sico<\/td>\n<\/tr>\n<tr>\n<td>Consumo de energ\u00eda*<\/td>\n<\/tr>\n<tr>\n<td>37.93 w (acceso)<\/td>\n<\/tr>\n<tr>\n<td>13.43 w (hibernaci\u00f3n de unidad de disco duro)<\/td>\n<\/tr>\n<tr>\n<td>British thermal unit<\/td>\n<\/tr>\n<tr>\n<td>129.42 btu\/hr (acceso)<\/td>\n<\/tr>\n<tr>\n<td>45.83 btu\/hr (hibernaci\u00f3n de unidad de disco duro)<\/td>\n<\/tr>\n<tr>\n<td>Temperatura<\/td>\n<\/tr>\n<tr>\n<td>Temperatura operativa 0\u00b0c a 35\u00b0c (32\u00b0f a 95\u00b0f)<\/td>\n<\/tr>\n<tr>\n<td>Temperatura de almacenamiento -20\u00b0c a 60\u00b0c (-5\u00b0f a 140\u00b0f)<\/td>\n<\/tr>\n<tr>\n<td>Humedad relativa 5% a 95% rh<\/td>\n<\/tr>\n<tr>\n<td>Certificaci\u00f3n<\/td>\n<\/tr>\n<tr>\n<td>Fcc<\/td>\n<\/tr>\n<tr>\n<td>Ce<\/td>\n<\/tr>\n<tr>\n<td>Bsmi<\/td>\n<\/tr>\n<tr>\n<td>Vcci<\/td>\n<\/tr>\n<tr>\n<td>Rcm<\/td>\n<\/tr>\n<tr>\n<td>Ukca<\/td>\n<\/tr>\n<tr>\n<td>Eac<\/td>\n<\/tr>\n<tr>\n<td>Ccc<\/td>\n<\/tr>\n<tr>\n<td>Kc<\/td>\n<\/tr>\n<tr>\n<td>Garant\u00eda<\/td>\n<\/tr>\n<tr>\n<td>Garant\u00eda de hardware de 3 a\u00f1os<\/td>\n<\/tr>\n<tr>\n<td>Entorno<\/td>\n<\/tr>\n<tr>\n<td>Conforme con rohs<\/td>\n<\/tr>\n<tr>\n<td>Contenido del paquete<\/td>\n<\/tr>\n<tr>\n<td>Unidad principal x 1<\/td>\n<\/tr>\n<tr>\n<td>Paquete de accesorios x 1<\/td>\n<\/tr>\n<tr>\n<td>Cable de alimentaci\u00f3n ca x 1<\/td>\n<\/tr>\n<tr>\n<td>Gu\u00eda de instalaci\u00f3n r\u00e1pida x 1<\/td>\n<\/tr>\n<tr>\n<td>Accesorios opcionales<\/td>\n<\/tr>\n<tr>\n<td>3.5 sata hdd: hat5300<\/td>\n<\/tr>\n<tr>\n<td>2.5 sata ssd: sat5210<\/td>\n<\/tr>\n<tr>\n<td>M\u00f3dulo de actualizaci\u00f3n de red 10 gbe: e10g22-t1-mini<\/td>\n<\/tr>\n<tr>\n<td>Kit de ra\u00edles deslizantes: rks-02<\/td>\n<\/tr>\n<tr>\n<td>Surveillance device license pack<\/td>\n<\/tr>\n<tr>\n<td>Notas puede que determinados elementos no est\u00e9n disponibles en su ubicaci\u00f3n. p\u00f3ngase en contacto con su distribuidor local para obtener m\u00e1s informaci\u00f3n.<\/td>\n<\/tr>\n<\/table>\n","protected":false},"excerpt":{"rendered":"<p>Descripcion comercial. Especificaciones de dsm. Gesti\u00f3n de almacenamiento. Tama\u00f1o m\u00e1ximo de volumen individual* 108 tb. N\u00famero m\u00e1x. De volumen interno 64. Ssd de cach\u00e9 de lectura\/escritura (white paper):     si. Ssd trim:     si. Tipo de raid compatible. Synology hybrid raid. Basic. Jbod. Raid 0. Raid 1. Raid 5. Raid 6. Raid 10. Migraci\u00f3n de raid. Basic to raid 1. Basic to raid 5. Raid 1 to raid 5. Raid 5 to raid 6. Expansi\u00f3n de volumen con unidades de disco duro m\u00e1s grandes. Synology hybrid raid. Raid 1. Raid 5. Raid 6. Raid 10. Expansi\u00f3n de volumen a\u00f1adiendo una unidad de disco duro. Synology hybrid raid. Jbod. Raid 5. Tipo de raid compatible con global hot spare. Synology hybrid raid. Raid 1. Raid 5. Notas. La capacidad utilizable para cada volumen ser\u00e1 inferior al tama\u00f1o m\u00e1ximo del volumen y depender\u00e1 del sistema de archivos y de la cantidad de metadatos del sistema almacenados. Los tama\u00f1os m\u00e1ximos reales de pool y volumen de almacenamiento dependen de los tama\u00f1os de unidad utilizados, el n\u00famero de bah\u00edas de unidad disponibles y la configuraci\u00f3n raid. Servicios de archivos. Protocolo de archivos smb\/afp\/nfs\/ftp\/webdav. N\u00famero m\u00e1x. De conexiones smb\/afp\/ftp simult\u00e1neas 500. Integraci\u00f3n con lista de control de acceso de windows (acl):    si. Autenticaci\u00f3n kerberos de nfs:    si. Cuenta y carpeta compartida. N\u00fam. M\u00e1ximo de cuentas de usuario local 2,048. N\u00fam. M\u00e1ximo de grupos locales 256. N\u00famero m\u00e1x. De carpetas compartidas 512. N\u00famero m\u00e1x. De tareas de sincronizaci\u00f3n de carpetas compartidas 8. Hybrid share. Hybrid share folder number 10. High availability. Synology high availability:     si. Centro de registros. Eventos syslog por segundo 800. Especificaciones generales. Protocolos de red. Smb1 (cifs), smb2, smb3, nfsv3, nfsv4, nfsv4.1, nfs kerberized sessions, iscsi, http, https, ftp, snmp, ldap, caldav. Exploradores compatibles. Google chrome. Firefox. Microsoft edge. Safari. Idioma compatible. English, deutsch, fran\u00e7ais, italiano, espa\u00f1ol, dansk, norsk, svenska, nederlands,  and #1056; and #1059; and #1057; and #1057; and #1050; and #1048; and #1049;, polski, magyar, portugu\u00eas do brasil, portugu\u00eas europeu, t\u00fcrk\u00e7e,  and #268;esk\u00fd,  and #3616; and #3634; and #3625; and #3634; and #3652; and #3607; and #3618;,  and #26085; and #26412; and #35486;,  and #54620; and #44397; and #50612;,  and #32321; and #39636; and #20013; and #25991;,  and #31616; and #20307; and #20013; and #25991. Paquetes de complementos. Antivirus by mcafee (trial):   si. Central management system:   si. Synology chat. N\u00famero m\u00e1ximo de usuarios simult\u00e1neos 100. Notas. Medido con usuarios simulados, cada uno con un registro medio de 20 000 mensajes, emojis o adhesivos. El tiempo de respuesta del servidor requerido es inferior a diez segundos. Cuando corresponde, los sistemas se prueban configurados con memoria m\u00e1xima y establecidos para permitir el n\u00famero m\u00e1ximo de conexiones. Document viewer:    si. Download station. N\u00famero m\u00e1x. De tareas de descarga simult\u00e1neas 80. San manager. N\u00famero m\u00e1x. De iscsi target 128. N\u00famero m\u00e1x. De lun 256. Clon\/instant\u00e1nea de lun, windows odx (las transferencias de datos descargados):    si. Media server. Cumplimiento de dlna:    si. Synology photos. Reconocimiento facial:    si. Snapshot replication. N\u00famero m\u00e1ximo de instant\u00e1neas por carpeta compartida 1,024. M\u00e1ximo de instant\u00e1neas del sistema 65,536. Surveillance station. N\u00famero m\u00e1x. De c\u00e1maras ip (licencias necesarias) 40 (incluida 2 licencia gratis) (ver todas las c\u00e1maras ip compatibles. Fps total (h.264. 1200 fps @ 720p (1280&#215;720. 800 fps @ 1080p (1920&#215;1080. 350 fps @ 3m (2048&#215;1536. 280 fps @ 5m (2591&#215;1944. 170 fps @ 4k (3840&#215;2160. Fps total (h.265. 1200 fps @ 720p (1280&#215;720. 1200 fps @ 1080p (1920&#215;1080. 600 fps @ 3m (2048&#215;1536. 480 fps @ 5m (2591&#215;1944. 200 fps @ 4k (3840&#215;2160. Synology drive. N\u00famero recomendado de clientes de sincronizaci\u00f3n simult\u00e1neos. 350 (el n\u00famero de conexiones que se puede mantener cuando se alcanza el n\u00famero recomendado de archivos alojados. N\u00famero recomendado de archivos alojados. 5,000,000 (se aplica a los archivos indexados o alojados por synology drive. Para el acceso a archivos mediante otros protocolos est\u00e1ndar, consulte la secci\u00f3n servicios de archivos anterior. Synology office. N\u00famero m\u00e1ximo de usuarios 200. Notas. Se han abierto varios archivos para realizar pruebas y cada uno de ellos fue editado por 30 usuarios simult\u00e1neamente. El rendimiento del cliente puede afectar al n\u00famero m\u00e1ximo de usuarios de edici\u00f3n simult\u00e1nea. Los pc de cliente utilizados para las pruebas: intel core i3-3220 \/ 8 gb ram. Video station:    si. Vpn server. Conexiones m\u00e1ximas 40<\/p>\n","protected":false},"featured_media":225061,"comment_status":"open","ping_status":"open","template":"","meta":[],"product_cat":[1803,1804],"product_tag":[1561],"acf":[],"yoast_head":"<!-- This site is optimized with the Yoast SEO plugin v21.7 - https:\/\/yoast.com\/wordpress\/plugins\/seo\/ -->\n<title>[ Synology ] &#129351; Rs422+ Nas \/4 Bahias Rack 1u\/ Doble Nucleo 2.6ghz \/2gb Ddr4 \/lan Gigabit X2\/usb 3.2 X1\/ Hot-swap\/hasta 72tb Amd Ryzen R1600<\/title>\n<meta name=\"description\" content=\"Compra Rs422+ Nas \/4 Bahias Rack 1u\/ Doble Nucleo 2.6ghz \/2gb Ddr4 \/lan Gigabit X2\/usb 3.2 X1\/ Hot-swap\/hasta 72tb Amd Ryzen R1600 + Env\u00edo a domicilio + Pago seguro + Garant\u00eda\" \/>\n<meta name=\"robots\" content=\"index, follow, max-snippet:-1, max-image-preview:large, max-video-preview:-1\" \/>\n<link rel=\"canonical\" href=\"https:\/\/compuviper.mx\/tienda\/producto\/synology-rs422-nas-4-bahias-rack-1u-doble-nucleo-2-6ghz-2gb-ddr4-lan-gigabit-x2-usb-3-2-x1-hot-swap-hasta-72tb-amd-ryzen-r1600\/\" \/>\n<meta property=\"og:locale\" content=\"es_MX\" \/>\n<meta property=\"og:type\" content=\"article\" \/>\n<meta property=\"og:title\" content=\"[ Synology ] &#129351; Rs422+ Nas \/4 Bahias Rack 1u\/ Doble Nucleo 2.6ghz \/2gb Ddr4 \/lan Gigabit X2\/usb 3.2 X1\/ Hot-swap\/hasta 72tb Amd Ryzen R1600\" \/>\n<meta property=\"og:description\" content=\"Compra Rs422+ Nas \/4 Bahias Rack 1u\/ Doble Nucleo 2.6ghz \/2gb Ddr4 \/lan Gigabit X2\/usb 3.2 X1\/ Hot-swap\/hasta 72tb Amd Ryzen R1600 + Env\u00edo a domicilio + Pago seguro + Garant\u00eda\" \/>\n<meta property=\"og:url\" content=\"https:\/\/compuviper.mx\/tienda\/producto\/synology-rs422-nas-4-bahias-rack-1u-doble-nucleo-2-6ghz-2gb-ddr4-lan-gigabit-x2-usb-3-2-x1-hot-swap-hasta-72tb-amd-ryzen-r1600\/\" \/>\n<meta property=\"og:site_name\" content=\"Compuviper\" \/>\n<meta property=\"article:publisher\" content=\"https:\/\/www.facebook.com\/compuviper\" \/>\n<meta property=\"article:modified_time\" content=\"2026-04-25T07:50:32+00:00\" \/>\n<meta property=\"og:image\" content=\"https:\/\/compuviper.mx\/tienda\/wp-content\/uploads\/2023\/12\/Nas-synology-rs422-4-bahias-rack-1u-doble-nucleo-2.6ghz-2gb-ddr4-lan-gigabit-x2usb-3.2-x1-hot-swaphasta-72tb-amd-ryzen-r1600.jpg\" \/>\n\t<meta property=\"og:image:width\" content=\"200\" \/>\n\t<meta property=\"og:image:height\" content=\"200\" \/>\n\t<meta property=\"og:image:type\" content=\"image\/jpeg\" \/>\n<meta name=\"twitter:card\" content=\"summary_large_image\" \/>\n<meta name=\"twitter:label1\" content=\"Precio\" \/>\n\t<meta name=\"twitter:data1\" content=\"&#36;16,323 con IVA\" \/>\n\t<meta name=\"twitter:label2\" content=\"Availability\" \/>\n\t<meta name=\"twitter:data2\" content=\"On backorder\" \/>\n<script type=\"application\/ld+json\" class=\"yoast-schema-graph\">{\"@context\":\"https:\/\/schema.org\",\"@graph\":[{\"@type\":\"WebPage\",\"@id\":\"https:\/\/compuviper.mx\/tienda\/producto\/synology-rs422-nas-4-bahias-rack-1u-doble-nucleo-2-6ghz-2gb-ddr4-lan-gigabit-x2-usb-3-2-x1-hot-swap-hasta-72tb-amd-ryzen-r1600\/\",\"url\":\"https:\/\/compuviper.mx\/tienda\/producto\/synology-rs422-nas-4-bahias-rack-1u-doble-nucleo-2-6ghz-2gb-ddr4-lan-gigabit-x2-usb-3-2-x1-hot-swap-hasta-72tb-amd-ryzen-r1600\/\",\"name\":\"[ Synology ] &#129351; Rs422+ Nas \/4 Bahias Rack 1u\/ Doble Nucleo 2.6ghz \/2gb Ddr4 \/lan Gigabit X2\/usb 3.2 X1\/ Hot-swap\/hasta 72tb Amd Ryzen R1600\",\"isPartOf\":{\"@id\":\"https:\/\/compuviper.mx\/tienda\/#website\"},\"datePublished\":\"2026-04-25T07:50:31+00:00\",\"dateModified\":\"2026-04-25T07:50:32+00:00\",\"description\":\"Compra Rs422+ Nas \/4 Bahias Rack 1u\/ Doble Nucleo 2.6ghz \/2gb Ddr4 \/lan Gigabit X2\/usb 3.2 X1\/ Hot-swap\/hasta 72tb Amd Ryzen R1600 + Env\u00edo a domicilio + Pago seguro + Garant\u00eda\",\"breadcrumb\":{\"@id\":\"https:\/\/compuviper.mx\/tienda\/producto\/synology-rs422-nas-4-bahias-rack-1u-doble-nucleo-2-6ghz-2gb-ddr4-lan-gigabit-x2-usb-3-2-x1-hot-swap-hasta-72tb-amd-ryzen-r1600\/#breadcrumb\"},\"inLanguage\":\"es-MX\",\"potentialAction\":[{\"@type\":\"ReadAction\",\"target\":[\"https:\/\/compuviper.mx\/tienda\/producto\/synology-rs422-nas-4-bahias-rack-1u-doble-nucleo-2-6ghz-2gb-ddr4-lan-gigabit-x2-usb-3-2-x1-hot-swap-hasta-72tb-amd-ryzen-r1600\/\"]}]},{\"@type\":\"BreadcrumbList\",\"@id\":\"https:\/\/compuviper.mx\/tienda\/producto\/synology-rs422-nas-4-bahias-rack-1u-doble-nucleo-2-6ghz-2gb-ddr4-lan-gigabit-x2-usb-3-2-x1-hot-swap-hasta-72tb-amd-ryzen-r1600\/#breadcrumb\",\"itemListElement\":[{\"@type\":\"ListItem\",\"position\":1,\"name\":\"Inicio\",\"item\":\"https:\/\/compuviper.mx\/tienda\/\"},{\"@type\":\"ListItem\",\"position\":2,\"name\":\"Productos\",\"item\":\"https:\/\/compuviper.mx\/tienda\/productos\/\"},{\"@type\":\"ListItem\",\"position\":3,\"name\":\"Almacenamiento\",\"item\":\"https:\/\/compuviper.mx\/tienda\/categoria-producto\/almacenamiento\/\"},{\"@type\":\"ListItem\",\"position\":4,\"name\":\"Sistema De Almacenamiento\",\"item\":\"https:\/\/compuviper.mx\/tienda\/categoria-producto\/almacenamiento\/sistema-de-almacenamiento\/\"},{\"@type\":\"ListItem\",\"position\":5,\"name\":\"Synology Rs422+ Nas \/4 Bahias Rack 1u\/ Doble Nucleo 2.6ghz \/2gb Ddr4 \/lan Gigabit X2\/usb 3.2 X1\/ Hot-swap\/hasta 72tb Amd Ryzen R1600\"}]},{\"@type\":\"WebSite\",\"@id\":\"https:\/\/compuviper.mx\/tienda\/#website\",\"url\":\"https:\/\/compuviper.mx\/tienda\/\",\"name\":\"Compuviper\",\"description\":\"Proveedor de Computadoras, Laptops, Servidores, Monitores, Puntos de Venta, Teclados,   Impresoras, T\u00f3ner, C\u00e1maras de Seguridad y m\u00e1s en tu tienda en l\u00ednea\",\"publisher\":{\"@id\":\"https:\/\/compuviper.mx\/tienda\/#organization\"},\"potentialAction\":[{\"@type\":\"SearchAction\",\"target\":{\"@type\":\"EntryPoint\",\"urlTemplate\":\"https:\/\/compuviper.mx\/tienda\/?s={search_term_string}\"},\"query-input\":\"required name=search_term_string\"}],\"inLanguage\":\"es-MX\"},{\"@type\":\"Organization\",\"@id\":\"https:\/\/compuviper.mx\/tienda\/#organization\",\"name\":\"Compuviper\",\"url\":\"https:\/\/compuviper.mx\/tienda\/\",\"logo\":{\"@type\":\"ImageObject\",\"inLanguage\":\"es-MX\",\"@id\":\"https:\/\/compuviper.mx\/tienda\/#\/schema\/logo\/image\/\",\"url\":\"https:\/\/compuviper.mx\/tienda\/wp-content\/uploads\/2021\/08\/Logo-Compuviper-10.png\",\"contentUrl\":\"https:\/\/compuviper.mx\/tienda\/wp-content\/uploads\/2021\/08\/Logo-Compuviper-10.png\",\"width\":1000,\"height\":500,\"caption\":\"Compuviper\"},\"image\":{\"@id\":\"https:\/\/compuviper.mx\/tienda\/#\/schema\/logo\/image\/\"},\"sameAs\":[\"https:\/\/www.facebook.com\/compuviper\",\"https:\/\/www.youtube.com\/channel\/UCf73dERp9Y3cfOq7q8BhLjA?view_as=subscriber\"]}]}<\/script>\n<meta property=\"product:brand\" content=\"SYNOLOGY\" \/>\n<meta property=\"product:price:amount\" content=\"16323\" \/>\n<meta property=\"product:price:currency\" content=\"MXN\" \/>\n<meta property=\"og:availability\" content=\"backorder\" \/>\n<meta property=\"product:availability\" content=\"available for order\" \/>\n<meta property=\"product:retailer_item_id\" content=\"RS422+\" \/>\n<meta property=\"product:condition\" content=\"new\" \/>\n<!-- \/ Yoast SEO plugin. -->","yoast_head_json":{"title":"[ Synology ] &#129351; Rs422+ Nas \/4 Bahias Rack 1u\/ Doble Nucleo 2.6ghz \/2gb Ddr4 \/lan Gigabit X2\/usb 3.2 X1\/ Hot-swap\/hasta 72tb Amd Ryzen R1600","description":"Compra Rs422+ Nas \/4 Bahias Rack 1u\/ Doble Nucleo 2.6ghz \/2gb Ddr4 \/lan Gigabit X2\/usb 3.2 X1\/ Hot-swap\/hasta 72tb Amd Ryzen R1600 + Env\u00edo a domicilio + Pago seguro + Garant\u00eda","robots":{"index":"index","follow":"follow","max-snippet":"max-snippet:-1","max-image-preview":"max-image-preview:large","max-video-preview":"max-video-preview:-1"},"canonical":"https:\/\/compuviper.mx\/tienda\/producto\/synology-rs422-nas-4-bahias-rack-1u-doble-nucleo-2-6ghz-2gb-ddr4-lan-gigabit-x2-usb-3-2-x1-hot-swap-hasta-72tb-amd-ryzen-r1600\/","og_locale":"es_MX","og_type":"article","og_title":"[ Synology ] &#129351; Rs422+ Nas \/4 Bahias Rack 1u\/ Doble Nucleo 2.6ghz \/2gb Ddr4 \/lan Gigabit X2\/usb 3.2 X1\/ Hot-swap\/hasta 72tb Amd Ryzen R1600","og_description":"Compra Rs422+ Nas \/4 Bahias Rack 1u\/ Doble Nucleo 2.6ghz \/2gb Ddr4 \/lan Gigabit X2\/usb 3.2 X1\/ Hot-swap\/hasta 72tb Amd Ryzen R1600 + Env\u00edo a domicilio + Pago seguro + Garant\u00eda","og_url":"https:\/\/compuviper.mx\/tienda\/producto\/synology-rs422-nas-4-bahias-rack-1u-doble-nucleo-2-6ghz-2gb-ddr4-lan-gigabit-x2-usb-3-2-x1-hot-swap-hasta-72tb-amd-ryzen-r1600\/","og_site_name":"Compuviper","article_publisher":"https:\/\/www.facebook.com\/compuviper","article_modified_time":"2026-04-25T07:50:32+00:00","og_image":[{"width":200,"height":200,"url":"https:\/\/compuviper.mx\/tienda\/wp-content\/uploads\/2023\/12\/Nas-synology-rs422-4-bahias-rack-1u-doble-nucleo-2.6ghz-2gb-ddr4-lan-gigabit-x2usb-3.2-x1-hot-swaphasta-72tb-amd-ryzen-r1600.jpg","type":"image\/jpeg"}],"twitter_card":"summary_large_image","twitter_misc":{"Precio":"&#36;16,323 con IVA","Availability":"On backorder"},"schema":{"@context":"https:\/\/schema.org","@graph":[{"@type":"WebPage","@id":"https:\/\/compuviper.mx\/tienda\/producto\/synology-rs422-nas-4-bahias-rack-1u-doble-nucleo-2-6ghz-2gb-ddr4-lan-gigabit-x2-usb-3-2-x1-hot-swap-hasta-72tb-amd-ryzen-r1600\/","url":"https:\/\/compuviper.mx\/tienda\/producto\/synology-rs422-nas-4-bahias-rack-1u-doble-nucleo-2-6ghz-2gb-ddr4-lan-gigabit-x2-usb-3-2-x1-hot-swap-hasta-72tb-amd-ryzen-r1600\/","name":"[ Synology ] &#129351; Rs422+ Nas \/4 Bahias Rack 1u\/ Doble Nucleo 2.6ghz \/2gb Ddr4 \/lan Gigabit X2\/usb 3.2 X1\/ Hot-swap\/hasta 72tb Amd Ryzen R1600","isPartOf":{"@id":"https:\/\/compuviper.mx\/tienda\/#website"},"datePublished":"2026-04-25T07:50:31+00:00","dateModified":"2026-04-25T07:50:32+00:00","description":"Compra Rs422+ Nas \/4 Bahias Rack 1u\/ Doble Nucleo 2.6ghz \/2gb Ddr4 \/lan Gigabit X2\/usb 3.2 X1\/ Hot-swap\/hasta 72tb Amd Ryzen R1600 + Env\u00edo a domicilio + Pago seguro + Garant\u00eda","breadcrumb":{"@id":"https:\/\/compuviper.mx\/tienda\/producto\/synology-rs422-nas-4-bahias-rack-1u-doble-nucleo-2-6ghz-2gb-ddr4-lan-gigabit-x2-usb-3-2-x1-hot-swap-hasta-72tb-amd-ryzen-r1600\/#breadcrumb"},"inLanguage":"es-MX","potentialAction":[{"@type":"ReadAction","target":["https:\/\/compuviper.mx\/tienda\/producto\/synology-rs422-nas-4-bahias-rack-1u-doble-nucleo-2-6ghz-2gb-ddr4-lan-gigabit-x2-usb-3-2-x1-hot-swap-hasta-72tb-amd-ryzen-r1600\/"]}]},{"@type":"BreadcrumbList","@id":"https:\/\/compuviper.mx\/tienda\/producto\/synology-rs422-nas-4-bahias-rack-1u-doble-nucleo-2-6ghz-2gb-ddr4-lan-gigabit-x2-usb-3-2-x1-hot-swap-hasta-72tb-amd-ryzen-r1600\/#breadcrumb","itemListElement":[{"@type":"ListItem","position":1,"name":"Inicio","item":"https:\/\/compuviper.mx\/tienda\/"},{"@type":"ListItem","position":2,"name":"Productos","item":"https:\/\/compuviper.mx\/tienda\/productos\/"},{"@type":"ListItem","position":3,"name":"Almacenamiento","item":"https:\/\/compuviper.mx\/tienda\/categoria-producto\/almacenamiento\/"},{"@type":"ListItem","position":4,"name":"Sistema De Almacenamiento","item":"https:\/\/compuviper.mx\/tienda\/categoria-producto\/almacenamiento\/sistema-de-almacenamiento\/"},{"@type":"ListItem","position":5,"name":"Synology Rs422+ Nas \/4 Bahias Rack 1u\/ Doble Nucleo 2.6ghz \/2gb Ddr4 \/lan Gigabit X2\/usb 3.2 X1\/ Hot-swap\/hasta 72tb Amd Ryzen R1600"}]},{"@type":"WebSite","@id":"https:\/\/compuviper.mx\/tienda\/#website","url":"https:\/\/compuviper.mx\/tienda\/","name":"Compuviper","description":"Proveedor de Computadoras, Laptops, Servidores, Monitores, Puntos de Venta, Teclados,   Impresoras, T\u00f3ner, C\u00e1maras de Seguridad y m\u00e1s en tu tienda en l\u00ednea","publisher":{"@id":"https:\/\/compuviper.mx\/tienda\/#organization"},"potentialAction":[{"@type":"SearchAction","target":{"@type":"EntryPoint","urlTemplate":"https:\/\/compuviper.mx\/tienda\/?s={search_term_string}"},"query-input":"required name=search_term_string"}],"inLanguage":"es-MX"},{"@type":"Organization","@id":"https:\/\/compuviper.mx\/tienda\/#organization","name":"Compuviper","url":"https:\/\/compuviper.mx\/tienda\/","logo":{"@type":"ImageObject","inLanguage":"es-MX","@id":"https:\/\/compuviper.mx\/tienda\/#\/schema\/logo\/image\/","url":"https:\/\/compuviper.mx\/tienda\/wp-content\/uploads\/2021\/08\/Logo-Compuviper-10.png","contentUrl":"https:\/\/compuviper.mx\/tienda\/wp-content\/uploads\/2021\/08\/Logo-Compuviper-10.png","width":1000,"height":500,"caption":"Compuviper"},"image":{"@id":"https:\/\/compuviper.mx\/tienda\/#\/schema\/logo\/image\/"},"sameAs":["https:\/\/www.facebook.com\/compuviper","https:\/\/www.youtube.com\/channel\/UCf73dERp9Y3cfOq7q8BhLjA?view_as=subscriber"]}]},"product_brand":"SYNOLOGY","product_price_amount":"16323","product_price_currency":"MXN","og_availability":"backorder","product_availability":"available for order","product_retailer_item_id":"RS422+","product_condition":"new"},"_links":{"self":[{"href":"https:\/\/compuviper.mx\/tienda\/wp-json\/wp\/v2\/product\/225060"}],"collection":[{"href":"https:\/\/compuviper.mx\/tienda\/wp-json\/wp\/v2\/product"}],"about":[{"href":"https:\/\/compuviper.mx\/tienda\/wp-json\/wp\/v2\/types\/product"}],"replies":[{"embeddable":true,"href":"https:\/\/compuviper.mx\/tienda\/wp-json\/wp\/v2\/comments?post=225060"}],"wp:featuredmedia":[{"embeddable":true,"href":"https:\/\/compuviper.mx\/tienda\/wp-json\/wp\/v2\/media\/225061"}],"wp:attachment":[{"href":"https:\/\/compuviper.mx\/tienda\/wp-json\/wp\/v2\/media?parent=225060"}],"wp:term":[{"taxonomy":"product_cat","embeddable":true,"href":"https:\/\/compuviper.mx\/tienda\/wp-json\/wp\/v2\/product_cat?post=225060"},{"taxonomy":"product_tag","embeddable":true,"href":"https:\/\/compuviper.mx\/tienda\/wp-json\/wp\/v2\/product_tag?post=225060"}],"curies":[{"name":"wp","href":"https:\/\/api.w.org\/{rel}","templated":true}]}}