{"id":225052,"date":"2026-04-17T02:01:14","date_gmt":"2026-04-17T08:01:14","guid":{"rendered":"https:\/\/compuviper.mx\/tienda\/producto\/qnap-tvs-h1688x-w1250-32g-us-nas-tvs-h1688x-w1250-32g-16-bahias-12-de-35-4-de-25-ssd-seis-nucleos-3-3ghz-32gb-ddr4-hasta-128gb-4-pto-25-gbe-2-pto-10-gbe-usb-3-2-x2-hotswap-no-incluye-discos\/"},"modified":"2026-04-17T02:01:14","modified_gmt":"2026-04-17T08:01:14","slug":"qnap-tvs-h1688x-w1250-32g-us-nas-tvs-h1688x-w1250-32g-16-bahias-12-de-35-4-de-25-ssd-seis-nucleos-3-3ghz-32gb-ddr4-hasta-128gb-4-pto-25-gbe-2-pto-10-gbe-usb-3-2-x2-hotswap-no-incluye-discos","status":"publish","type":"product","link":"https:\/\/compuviper.mx\/tienda\/producto\/qnap-tvs-h1688x-w1250-32g-us-nas-tvs-h1688x-w1250-32g-16-bahias-12-de-35-4-de-25-ssd-seis-nucleos-3-3ghz-32gb-ddr4-hasta-128gb-4-pto-25-gbe-2-pto-10-gbe-usb-3-2-x2-hotswap-no-incluye-discos\/","title":{"rendered":"Qnap Tvs-h1688x-w1250-32g-us Nas  Tvs-h1688x-w1250-32g\/ 16 Bahias \/12 De 3,5 4 De 2,5 Ssd\/seis Nucleos 3.3ghz\/32gb Ddr4 Hasta 128gb\/4 Pto 2,5 Gbe\/2 Pto 10 Gbe \/usb 3.2 X2\/ Hotswap\/ No Incluye Discos\/ Intel Xeon"},"content":{"rendered":"<table class=\"descripcion\">\n<tr>\n<td>Descripcion tecnica<\/td>\n<\/tr>\n<tr>\n<td>Tvs-h1688x-w1250-32g<\/td>\n<\/tr>\n<tr>\n<td>Cpu intel\u00ae xeon\u00ae w-1250 6-core\/12-thread processor, up to 4.7 ghz<\/td>\n<\/tr>\n<tr>\n<td>Arquitectura de cpu x86 de 64 bits<\/td>\n<\/tr>\n<tr>\n<td>Procesadores gr\u00e1ficos intel\u00ae uhd graphics p630<\/td>\n<\/tr>\n<tr>\n<td>Unidad de coma flotante:     si<\/td>\n<\/tr>\n<tr>\n<td>Motor de cifrado  (aes-ni):     si<\/td>\n<\/tr>\n<tr>\n<td>Transcodificaci\u00f3n acelerada de hardware:    si<\/td>\n<\/tr>\n<tr>\n<td>Memoria del sistema 32gb de memoria ddr4 ecc udimm (2 m\u00f3dulos de 16 gb)<\/td>\n<\/tr>\n<tr>\n<td>Memoria m\u00e1xima 128 gb (4 m\u00f3dulos de 32 gb)<\/td>\n<\/tr>\n<tr>\n<td>Ranura para memoria 4 x udimm ddr4<\/td>\n<\/tr>\n<tr>\n<td>Para configuraciones dimm dobles, debe usar un par de m\u00f3dulos ddr4 id\u00e9nticos.<\/td>\n<\/tr>\n<tr>\n<td>Memoria flash 5 gb (protecci\u00f3n del sistema operativo de doble arranque)<\/td>\n<\/tr>\n<tr>\n<td>Bah\u00eda para unidades<\/td>\n<\/tr>\n<tr>\n<td>12 unidades sata de 3,5 a 6gb\/s, 3gb\/s + 4 unidades sata de 2,5 a 6 gb\/s, 3 gb\/s<\/td>\n<\/tr>\n<tr>\n<td>El sistema se env\u00eda sin unidad de disco duro.<\/td>\n<\/tr>\n<tr>\n<td>Compatibilidad de unidades bah\u00edas de 3,5:<\/td>\n<\/tr>\n<tr>\n<td>Unidades de disco duro sata de 3,5<\/td>\n<\/tr>\n<tr>\n<td>Unidades de disco duro sata de 2,5<\/td>\n<\/tr>\n<tr>\n<td>Unidades de estado s\u00f3lido sata de 2,5<\/td>\n<\/tr>\n<tr>\n<td>Bah\u00edas de 2,5:<\/td>\n<\/tr>\n<tr>\n<td>Unidades de estado s\u00f3lido sata de 2,5<\/td>\n<\/tr>\n<tr>\n<td>Intercambiable en caliente:     si<\/td>\n<\/tr>\n<tr>\n<td>M.2 slot 2 ranuras para m.2 22110\/2280 nvme pcie gen3 x4<\/td>\n<\/tr>\n<tr>\n<td>Compatibilidad con aceleraci\u00f3n de cach\u00e9 ssd:     si<\/td>\n<\/tr>\n<tr>\n<td>Gpu pass-through:    si<\/td>\n<\/tr>\n<tr>\n<td>Puerto 2,5 gbe (2,5g\/1g\/100m) 4 (2.5g\/1g\/100m\/10m)<\/td>\n<\/tr>\n<tr>\n<td>Puerto 5 gbe (5\/2,5g\/1g\/100m) opcional a trav\u00e9s de un adaptador<\/td>\n<\/tr>\n<tr>\n<td>Puerto 10 gbe 2 10gbase-t (10g\/1g)<\/td>\n<\/tr>\n<tr>\n<td>Puerto 25 gbe opcional a trav\u00e9s de un adaptador<\/td>\n<\/tr>\n<tr>\n<td>Wake-on-lan (wol):    si<\/td>\n<\/tr>\n<tr>\n<td>Solo el puerto 2,5gbe<\/td>\n<\/tr>\n<tr>\n<td>Jumbo frame:     si<\/td>\n<\/tr>\n<tr>\n<td>Puerto thunderbolt opcional a trav\u00e9s del adaptador pcie thunderbolt 3 de 2 puertos qxp-t32p<\/td>\n<\/tr>\n<tr>\n<td>Ranura pcie 3<\/td>\n<\/tr>\n<tr>\n<td>Ranura 1: pcie gen3 x8<\/td>\n<\/tr>\n<tr>\n<td>Ranura 2: pcie gen3 x4<\/td>\n<\/tr>\n<tr>\n<td>Ranura 3: pcie gen3 x4<\/td>\n<\/tr>\n<tr>\n<td>*la ranura 1 tiene preinstalado un adaptador de red de 10gbe de 2 puertos.<\/td>\n<\/tr>\n<tr>\n<td>Puerto usb 3.2 gen 2 (10 gbps)<\/td>\n<\/tr>\n<tr>\n<td>2 puertos tipo-c<\/td>\n<\/tr>\n<tr>\n<td>4 puertos tipo-a<\/td>\n<\/tr>\n<tr>\n<td>Salida hdmi 1, hdmi 1.4b (hasta 4096 x 2160 a 30 hz)<\/td>\n<\/tr>\n<tr>\n<td>Entrada de audio &#8211; (no longer available on units manufactured on or after 2021\/1\/1)<\/td>\n<\/tr>\n<tr>\n<td>Salida de audio &#8211; (the line out jack and speaker are no longer available on units manufactured on or after 2021\/1\/1)<\/td>\n<\/tr>\n<tr>\n<td>Formato torre<\/td>\n<\/tr>\n<tr>\n<td>Indicadores led estado del sistema, lan, usb, disco 1-16, ssd m.2 1-2<\/td>\n<\/tr>\n<tr>\n<td>Pantalla\/bot\u00f3n lcd:    si<\/td>\n<\/tr>\n<tr>\n<td>Botones encendido, reinicio, copia de un toque usb<\/td>\n<\/tr>\n<tr>\n<td>Dimensiones (altura x anchura x profundidad) 303.84 \u00d7 369.89 \u00d7 319.8 mm<\/td>\n<\/tr>\n<tr>\n<td>Peso (neto) 13,41 kg<\/td>\n<\/tr>\n<tr>\n<td>Peso (bruto) 16,3 kg<\/td>\n<\/tr>\n<tr>\n<td>Temperatura operativa 0 &#8211; 40\u00b0c (32\u00b0f &#8211; 104\u00b0f)<\/td>\n<\/tr>\n<tr>\n<td>Temperatura de almacenamiento -20 &#8211; 70\u00b0c (-4\u00b0f &#8211; 158\u00b0f)<\/td>\n<\/tr>\n<tr>\n<td>Humedad relativa 5 ~ 95 % de humedad relativa sin condensaci\u00f3n, bulbo h\u00famedo: 27  and #730;c (80,6  and #730;f)<\/td>\n<\/tr>\n<tr>\n<td>Unidad de alimentaci\u00f3n el\u00e9ctrica 550 w psu, 100-240 v<\/td>\n<\/tr>\n<tr>\n<td>Consumo de energ\u00eda: modo suspensi\u00f3n de disco duro: 91,26 w<\/td>\n<\/tr>\n<tr>\n<td>Consumo de energ\u00eda: modo de funcionamiento, t\u00edpico 108,67 w<\/td>\n<\/tr>\n<tr>\n<td>Probado con unidades totalmente llenas.<\/td>\n<\/tr>\n<tr>\n<td>Ventilador ventilador del sistema: 3 de 80 mm, 12 v de cc<\/td>\n<\/tr>\n<tr>\n<td>Ventilador de cpu: 2 de 97 mm, 12 v de cc<\/td>\n<\/tr>\n<tr>\n<td>Advertencia del sistema timbre<\/td>\n<\/tr>\n<tr>\n<td>Ranura de seguridad kensington<\/td>\n<\/tr>\n<tr>\n<td>M\u00e1x. n\u00famero de conexiones concurrentes (cifs) &#8211; con max. memoria 10000<\/td>\n<\/tr>\n<tr>\n<td>Sistema operativo<\/td>\n<\/tr>\n<tr>\n<td>Quts h\u00e9roe h5.0.0<\/td>\n<\/tr>\n<tr>\n<td>Sistemas operativos de cliente compatibles<\/td>\n<\/tr>\n<tr>\n<td>Apple mac os 10.10 o posterior<\/td>\n<\/tr>\n<tr>\n<td>Ubuntu 14.04, centos 7, rhel 6.6, suse 12 o posterior linux<\/td>\n<\/tr>\n<tr>\n<td>Ibm aix 7, solaris 10 o posterior unix<\/td>\n<\/tr>\n<tr>\n<td>Navegadores compatibles<\/td>\n<\/tr>\n<tr>\n<td>Apple safari<\/td>\n<\/tr>\n<tr>\n<td>Google chrome<\/td>\n<\/tr>\n<tr>\n<td>Microsoft edge<\/td>\n<\/tr>\n<tr>\n<td>Mozilla firefox<\/td>\n<\/tr>\n<tr>\n<td>Idiomas admitidos<\/td>\n<\/tr>\n<tr>\n<td>Chino (tradicional y simplificado), checo, dan\u00e9s, holand\u00e9s, ingl\u00e9s, finland\u00e9s, franc\u00e9s, alem\u00e1n, griego, h\u00fangaro, italiano, japon\u00e9s, coreano, noruego, polaco, portugu\u00e9s (brasil), rumano, ruso, espa\u00f1ol, sueco, tailand\u00e9s, y turco<\/td>\n<\/tr>\n<tr>\n<td>Grupo de almacenamiento:    si<\/td>\n<\/tr>\n<tr>\n<td>Conjunto de almacenamiento sed:    si<\/td>\n<\/tr>\n<tr>\n<td>Tama\u00f1o m\u00e1ximo de grupo<\/td>\n<\/tr>\n<tr>\n<td>1024tb<\/td>\n<\/tr>\n<tr>\n<td>N\u00famero m\u00e1ximo de grupos de almacenamiento<\/td>\n<\/tr>\n<tr>\n<td>128<\/td>\n<\/tr>\n<tr>\n<td>Tipo de carpeta compartida<\/td>\n<\/tr>\n<tr>\n<td>Grueso &#8212;- delgado<\/td>\n<\/tr>\n<tr>\n<td>Tama\u00f1o m\u00e1ximo de carpeta compartida<\/td>\n<\/tr>\n<tr>\n<td>1024tb<\/td>\n<\/tr>\n<tr>\n<td>N\u00famero m\u00e1ximo de carpetas compartidas<\/td>\n<\/tr>\n<tr>\n<td>256<\/td>\n<\/tr>\n<tr>\n<td>Expansi\u00f3n jbod:     si<\/td>\n<\/tr>\n<tr>\n<td>Nube vjbod \/ vjbod:    si<\/td>\n<\/tr>\n<tr>\n<td>Servicio iscsi:    si<\/td>\n<\/tr>\n<tr>\n<td>Servicio de canal de fibra:    si<\/td>\n<\/tr>\n<tr>\n<td>Tipo de lun<\/td>\n<\/tr>\n<tr>\n<td>Grueso &#8212;- delgado<\/td>\n<\/tr>\n<tr>\n<td>Iscsi lun basado en bloques:     si<\/td>\n<\/tr>\n<tr>\n<td>Tama\u00f1o m\u00e1ximo de lun<\/td>\n<\/tr>\n<tr>\n<td>1024tb<\/td>\n<\/tr>\n<tr>\n<td>N\u00famero m\u00e1ximo de objetivos lun<\/td>\n<\/tr>\n<tr>\n<td>256<\/td>\n<\/tr>\n<tr>\n<td>Tipo de raid<\/td>\n<\/tr>\n<tr>\n<td>\u00fanico, raid 0, 1, 5, 6, 10, 50, 60, espejo triple, paridad triple<\/td>\n<\/tr>\n<tr>\n<td>Grupo raid:     si<\/td>\n<\/tr>\n<\/table>\n","protected":false},"excerpt":{"rendered":"<p>Descripcion comercial. El tvs-h1688x de alta capacidad incluye un potente procesador intel\u00ae xeon\u00ae w y permite la instalaci\u00f3n de dos tarjetas de expansi\u00f3n pcie thunderbolt\u0099 3 qxp-t32p de qnap(de venta por separado) para conseguir cuatro puertos thunderbolt\u0099 3, lo que lo convierte en la opci\u00f3n ideal para usuarios de equipos mac\u00ae y windows\u00ae con thunderbolt\u0099 para permitir una colaboraci\u00f3n multimedia de alta velocidad. La conectividad 10gbe y 2,5gbe integrada admite el enlace troncal de puertos y la conmutaci\u00f3n por error para responder a las necesidades de ancho de banda y fiabilidad de las aplicaciones empresariales m\u00e1s exigentes. Con el sistema operativo quts hero basado en zfs, el tvs-h1688x admite la deduplicaci\u00f3n y compresi\u00f3n de datos en l\u00ednea, instant\u00e1neas casi ilimitadas, snapsync en tiempo real y tecnolog\u00edas de cach\u00e9 de lectura\/escritura, lo que ayuda a su empresa a conseguir un rendimiento de nivel de servicio fiable, desde flujos de trabajo creativos hasta servidor de archivos, servidor de virtualizaci\u00f3n, y aplicaciones eficientes de copia de seguridad y recuperaci\u00f3n de archivos.<\/p>\n","protected":false},"featured_media":225053,"comment_status":"open","ping_status":"open","template":"","meta":[],"product_cat":[1803,1804],"product_tag":[2110],"acf":[],"yoast_head":"<!-- This site is optimized with the Yoast SEO plugin v21.7 - https:\/\/yoast.com\/wordpress\/plugins\/seo\/ -->\n<title>[ Qnap ] &#129351; Tvs-h1688x-w1250-32g-us Nas Tvs-h1688x-w1250-32g\/ 16 Bahias \/12 De 3,5 4 De 2,5 Ssd\/seis Nucleos 3.3ghz\/32gb Ddr4 Hasta 128gb\/4 Pto 2,5 Gbe\/2 Pto 10 Gbe \/usb 3.2 X2\/ Hotswap\/ No Incluye Discos\/ Intel Xeon<\/title>\n<meta name=\"description\" content=\"Compra Tvs-h1688x-w1250-32g-us Nas Tvs-h1688x-w1250-32g\/ 16 Bahias \/12 De 3,5 4 De 2,5 Ssd\/seis Nucleos 3.3ghz\/32gb Ddr4 Hasta 128gb\/4 Pto 2,5 Gbe\/2 Pto 10 Gbe \/usb 3.2 X2\/ Hotswap\/ No Incluye Discos\/ Intel Xeon + Env\u00edo a domicilio + Pago seguro + Garant\u00eda\" \/>\n<meta name=\"robots\" content=\"index, follow, max-snippet:-1, max-image-preview:large, max-video-preview:-1\" \/>\n<link rel=\"canonical\" href=\"https:\/\/compuviper.mx\/tienda\/producto\/qnap-tvs-h1688x-w1250-32g-us-nas-tvs-h1688x-w1250-32g-16-bahias-12-de-35-4-de-25-ssd-seis-nucleos-3-3ghz-32gb-ddr4-hasta-128gb-4-pto-25-gbe-2-pto-10-gbe-usb-3-2-x2-hotswap-no-incluye-discos\/\" \/>\n<meta property=\"og:locale\" content=\"es_MX\" \/>\n<meta property=\"og:type\" content=\"article\" \/>\n<meta property=\"og:title\" content=\"[ Qnap ] &#129351; Tvs-h1688x-w1250-32g-us Nas Tvs-h1688x-w1250-32g\/ 16 Bahias \/12 De 3,5 4 De 2,5 Ssd\/seis Nucleos 3.3ghz\/32gb Ddr4 Hasta 128gb\/4 Pto 2,5 Gbe\/2 Pto 10 Gbe \/usb 3.2 X2\/ Hotswap\/ No Incluye Discos\/ Intel Xeon\" \/>\n<meta property=\"og:description\" content=\"Compra Tvs-h1688x-w1250-32g-us Nas Tvs-h1688x-w1250-32g\/ 16 Bahias \/12 De 3,5 4 De 2,5 Ssd\/seis Nucleos 3.3ghz\/32gb Ddr4 Hasta 128gb\/4 Pto 2,5 Gbe\/2 Pto 10 Gbe \/usb 3.2 X2\/ Hotswap\/ No Incluye Discos\/ Intel Xeon + Env\u00edo a domicilio + Pago seguro + Garant\u00eda\" \/>\n<meta property=\"og:url\" content=\"https:\/\/compuviper.mx\/tienda\/producto\/qnap-tvs-h1688x-w1250-32g-us-nas-tvs-h1688x-w1250-32g-16-bahias-12-de-35-4-de-25-ssd-seis-nucleos-3-3ghz-32gb-ddr4-hasta-128gb-4-pto-25-gbe-2-pto-10-gbe-usb-3-2-x2-hotswap-no-incluye-discos\/\" \/>\n<meta property=\"og:site_name\" content=\"Compuviper\" \/>\n<meta property=\"article:publisher\" content=\"https:\/\/www.facebook.com\/compuviper\" \/>\n<meta property=\"og:image\" content=\"https:\/\/compuviper.mx\/tienda\/wp-content\/uploads\/2023\/12\/Nas-qnap-tvs-h1688x-w1250-32g-16-bahias-12-de-35-4-de-25-ssdseis-nucleos-3.3ghz32gb-ddr4-hasta-128gb4-pto-25-gbe2-pto-10-gbe-usb-3.2-x2-hotswap-no-incluye-discos-intel\u00ae-xeon.jpg\" \/>\n\t<meta property=\"og:image:width\" content=\"200\" \/>\n\t<meta property=\"og:image:height\" content=\"200\" \/>\n\t<meta property=\"og:image:type\" content=\"image\/jpeg\" \/>\n<meta name=\"twitter:card\" content=\"summary_large_image\" \/>\n<meta name=\"twitter:label1\" content=\"Precio\" \/>\n\t<meta name=\"twitter:data1\" content=\"&#36;92,514 con IVA\" \/>\n\t<meta name=\"twitter:label2\" content=\"Availability\" \/>\n\t<meta name=\"twitter:data2\" content=\"On backorder\" \/>\n<script type=\"application\/ld+json\" class=\"yoast-schema-graph\">{\"@context\":\"https:\/\/schema.org\",\"@graph\":[{\"@type\":\"WebPage\",\"@id\":\"https:\/\/compuviper.mx\/tienda\/producto\/qnap-tvs-h1688x-w1250-32g-us-nas-tvs-h1688x-w1250-32g-16-bahias-12-de-35-4-de-25-ssd-seis-nucleos-3-3ghz-32gb-ddr4-hasta-128gb-4-pto-25-gbe-2-pto-10-gbe-usb-3-2-x2-hotswap-no-incluye-discos\/\",\"url\":\"https:\/\/compuviper.mx\/tienda\/producto\/qnap-tvs-h1688x-w1250-32g-us-nas-tvs-h1688x-w1250-32g-16-bahias-12-de-35-4-de-25-ssd-seis-nucleos-3-3ghz-32gb-ddr4-hasta-128gb-4-pto-25-gbe-2-pto-10-gbe-usb-3-2-x2-hotswap-no-incluye-discos\/\",\"name\":\"[ Qnap ] &#129351; Tvs-h1688x-w1250-32g-us Nas Tvs-h1688x-w1250-32g\/ 16 Bahias \/12 De 3,5 4 De 2,5 Ssd\/seis Nucleos 3.3ghz\/32gb Ddr4 Hasta 128gb\/4 Pto 2,5 Gbe\/2 Pto 10 Gbe \/usb 3.2 X2\/ Hotswap\/ No Incluye Discos\/ Intel Xeon\",\"isPartOf\":{\"@id\":\"https:\/\/compuviper.mx\/tienda\/#website\"},\"datePublished\":\"2026-04-17T08:01:14+00:00\",\"dateModified\":\"2026-04-17T08:01:14+00:00\",\"description\":\"Compra Tvs-h1688x-w1250-32g-us Nas Tvs-h1688x-w1250-32g\/ 16 Bahias \/12 De 3,5 4 De 2,5 Ssd\/seis Nucleos 3.3ghz\/32gb Ddr4 Hasta 128gb\/4 Pto 2,5 Gbe\/2 Pto 10 Gbe \/usb 3.2 X2\/ Hotswap\/ No Incluye Discos\/ Intel Xeon + Env\u00edo a domicilio + Pago seguro + Garant\u00eda\",\"breadcrumb\":{\"@id\":\"https:\/\/compuviper.mx\/tienda\/producto\/qnap-tvs-h1688x-w1250-32g-us-nas-tvs-h1688x-w1250-32g-16-bahias-12-de-35-4-de-25-ssd-seis-nucleos-3-3ghz-32gb-ddr4-hasta-128gb-4-pto-25-gbe-2-pto-10-gbe-usb-3-2-x2-hotswap-no-incluye-discos\/#breadcrumb\"},\"inLanguage\":\"es-MX\",\"potentialAction\":[{\"@type\":\"ReadAction\",\"target\":[\"https:\/\/compuviper.mx\/tienda\/producto\/qnap-tvs-h1688x-w1250-32g-us-nas-tvs-h1688x-w1250-32g-16-bahias-12-de-35-4-de-25-ssd-seis-nucleos-3-3ghz-32gb-ddr4-hasta-128gb-4-pto-25-gbe-2-pto-10-gbe-usb-3-2-x2-hotswap-no-incluye-discos\/\"]}]},{\"@type\":\"BreadcrumbList\",\"@id\":\"https:\/\/compuviper.mx\/tienda\/producto\/qnap-tvs-h1688x-w1250-32g-us-nas-tvs-h1688x-w1250-32g-16-bahias-12-de-35-4-de-25-ssd-seis-nucleos-3-3ghz-32gb-ddr4-hasta-128gb-4-pto-25-gbe-2-pto-10-gbe-usb-3-2-x2-hotswap-no-incluye-discos\/#breadcrumb\",\"itemListElement\":[{\"@type\":\"ListItem\",\"position\":1,\"name\":\"Inicio\",\"item\":\"https:\/\/compuviper.mx\/tienda\/\"},{\"@type\":\"ListItem\",\"position\":2,\"name\":\"Productos\",\"item\":\"https:\/\/compuviper.mx\/tienda\/productos\/\"},{\"@type\":\"ListItem\",\"position\":3,\"name\":\"Almacenamiento\",\"item\":\"https:\/\/compuviper.mx\/tienda\/categoria-producto\/almacenamiento\/\"},{\"@type\":\"ListItem\",\"position\":4,\"name\":\"Sistema De Almacenamiento\",\"item\":\"https:\/\/compuviper.mx\/tienda\/categoria-producto\/almacenamiento\/sistema-de-almacenamiento\/\"},{\"@type\":\"ListItem\",\"position\":5,\"name\":\"Qnap Tvs-h1688x-w1250-32g-us Nas Tvs-h1688x-w1250-32g\/ 16 Bahias \/12 De 3,5 4 De 2,5 Ssd\/seis Nucleos 3.3ghz\/32gb Ddr4 Hasta 128gb\/4 Pto 2,5 Gbe\/2 Pto 10 Gbe \/usb 3.2 X2\/ Hotswap\/ No Incluye Discos\/ Intel Xeon\"}]},{\"@type\":\"WebSite\",\"@id\":\"https:\/\/compuviper.mx\/tienda\/#website\",\"url\":\"https:\/\/compuviper.mx\/tienda\/\",\"name\":\"Compuviper\",\"description\":\"Proveedor de Computadoras, Laptops, Servidores, Monitores, Puntos de Venta, Teclados,   Impresoras, T\u00f3ner, C\u00e1maras de Seguridad y m\u00e1s en tu tienda en l\u00ednea\",\"publisher\":{\"@id\":\"https:\/\/compuviper.mx\/tienda\/#organization\"},\"potentialAction\":[{\"@type\":\"SearchAction\",\"target\":{\"@type\":\"EntryPoint\",\"urlTemplate\":\"https:\/\/compuviper.mx\/tienda\/?s={search_term_string}\"},\"query-input\":\"required name=search_term_string\"}],\"inLanguage\":\"es-MX\"},{\"@type\":\"Organization\",\"@id\":\"https:\/\/compuviper.mx\/tienda\/#organization\",\"name\":\"Compuviper\",\"url\":\"https:\/\/compuviper.mx\/tienda\/\",\"logo\":{\"@type\":\"ImageObject\",\"inLanguage\":\"es-MX\",\"@id\":\"https:\/\/compuviper.mx\/tienda\/#\/schema\/logo\/image\/\",\"url\":\"https:\/\/compuviper.mx\/tienda\/wp-content\/uploads\/2021\/08\/Logo-Compuviper-10.png\",\"contentUrl\":\"https:\/\/compuviper.mx\/tienda\/wp-content\/uploads\/2021\/08\/Logo-Compuviper-10.png\",\"width\":1000,\"height\":500,\"caption\":\"Compuviper\"},\"image\":{\"@id\":\"https:\/\/compuviper.mx\/tienda\/#\/schema\/logo\/image\/\"},\"sameAs\":[\"https:\/\/www.facebook.com\/compuviper\",\"https:\/\/www.youtube.com\/channel\/UCf73dERp9Y3cfOq7q8BhLjA?view_as=subscriber\"]}]}<\/script>\n<meta property=\"product:brand\" content=\"Qnap\" \/>\n<meta property=\"product:price:amount\" content=\"92514\" \/>\n<meta property=\"product:price:currency\" content=\"MXN\" \/>\n<meta property=\"og:availability\" content=\"backorder\" \/>\n<meta property=\"product:availability\" content=\"available for order\" \/>\n<meta property=\"product:retailer_item_id\" content=\"TVS-H1688X-W1250-32G-US\" \/>\n<meta property=\"product:condition\" content=\"new\" \/>\n<!-- \/ Yoast SEO plugin. -->","yoast_head_json":{"title":"[ Qnap ] &#129351; Tvs-h1688x-w1250-32g-us Nas Tvs-h1688x-w1250-32g\/ 16 Bahias \/12 De 3,5 4 De 2,5 Ssd\/seis Nucleos 3.3ghz\/32gb Ddr4 Hasta 128gb\/4 Pto 2,5 Gbe\/2 Pto 10 Gbe \/usb 3.2 X2\/ Hotswap\/ No Incluye Discos\/ Intel Xeon","description":"Compra Tvs-h1688x-w1250-32g-us Nas Tvs-h1688x-w1250-32g\/ 16 Bahias \/12 De 3,5 4 De 2,5 Ssd\/seis Nucleos 3.3ghz\/32gb Ddr4 Hasta 128gb\/4 Pto 2,5 Gbe\/2 Pto 10 Gbe \/usb 3.2 X2\/ Hotswap\/ No Incluye Discos\/ Intel Xeon + Env\u00edo a domicilio + Pago seguro + Garant\u00eda","robots":{"index":"index","follow":"follow","max-snippet":"max-snippet:-1","max-image-preview":"max-image-preview:large","max-video-preview":"max-video-preview:-1"},"canonical":"https:\/\/compuviper.mx\/tienda\/producto\/qnap-tvs-h1688x-w1250-32g-us-nas-tvs-h1688x-w1250-32g-16-bahias-12-de-35-4-de-25-ssd-seis-nucleos-3-3ghz-32gb-ddr4-hasta-128gb-4-pto-25-gbe-2-pto-10-gbe-usb-3-2-x2-hotswap-no-incluye-discos\/","og_locale":"es_MX","og_type":"article","og_title":"[ Qnap ] &#129351; Tvs-h1688x-w1250-32g-us Nas Tvs-h1688x-w1250-32g\/ 16 Bahias \/12 De 3,5 4 De 2,5 Ssd\/seis Nucleos 3.3ghz\/32gb Ddr4 Hasta 128gb\/4 Pto 2,5 Gbe\/2 Pto 10 Gbe \/usb 3.2 X2\/ Hotswap\/ No Incluye Discos\/ Intel Xeon","og_description":"Compra Tvs-h1688x-w1250-32g-us Nas Tvs-h1688x-w1250-32g\/ 16 Bahias \/12 De 3,5 4 De 2,5 Ssd\/seis Nucleos 3.3ghz\/32gb Ddr4 Hasta 128gb\/4 Pto 2,5 Gbe\/2 Pto 10 Gbe \/usb 3.2 X2\/ Hotswap\/ No Incluye Discos\/ Intel Xeon + Env\u00edo a domicilio + Pago seguro + Garant\u00eda","og_url":"https:\/\/compuviper.mx\/tienda\/producto\/qnap-tvs-h1688x-w1250-32g-us-nas-tvs-h1688x-w1250-32g-16-bahias-12-de-35-4-de-25-ssd-seis-nucleos-3-3ghz-32gb-ddr4-hasta-128gb-4-pto-25-gbe-2-pto-10-gbe-usb-3-2-x2-hotswap-no-incluye-discos\/","og_site_name":"Compuviper","article_publisher":"https:\/\/www.facebook.com\/compuviper","og_image":[{"width":200,"height":200,"url":"https:\/\/compuviper.mx\/tienda\/wp-content\/uploads\/2023\/12\/Nas-qnap-tvs-h1688x-w1250-32g-16-bahias-12-de-35-4-de-25-ssdseis-nucleos-3.3ghz32gb-ddr4-hasta-128gb4-pto-25-gbe2-pto-10-gbe-usb-3.2-x2-hotswap-no-incluye-discos-intel\u00ae-xeon.jpg","type":"image\/jpeg"}],"twitter_card":"summary_large_image","twitter_misc":{"Precio":"&#36;92,514 con IVA","Availability":"On backorder"},"schema":{"@context":"https:\/\/schema.org","@graph":[{"@type":"WebPage","@id":"https:\/\/compuviper.mx\/tienda\/producto\/qnap-tvs-h1688x-w1250-32g-us-nas-tvs-h1688x-w1250-32g-16-bahias-12-de-35-4-de-25-ssd-seis-nucleos-3-3ghz-32gb-ddr4-hasta-128gb-4-pto-25-gbe-2-pto-10-gbe-usb-3-2-x2-hotswap-no-incluye-discos\/","url":"https:\/\/compuviper.mx\/tienda\/producto\/qnap-tvs-h1688x-w1250-32g-us-nas-tvs-h1688x-w1250-32g-16-bahias-12-de-35-4-de-25-ssd-seis-nucleos-3-3ghz-32gb-ddr4-hasta-128gb-4-pto-25-gbe-2-pto-10-gbe-usb-3-2-x2-hotswap-no-incluye-discos\/","name":"[ Qnap ] &#129351; Tvs-h1688x-w1250-32g-us Nas Tvs-h1688x-w1250-32g\/ 16 Bahias \/12 De 3,5 4 De 2,5 Ssd\/seis Nucleos 3.3ghz\/32gb Ddr4 Hasta 128gb\/4 Pto 2,5 Gbe\/2 Pto 10 Gbe \/usb 3.2 X2\/ Hotswap\/ No Incluye Discos\/ Intel Xeon","isPartOf":{"@id":"https:\/\/compuviper.mx\/tienda\/#website"},"datePublished":"2026-04-17T08:01:14+00:00","dateModified":"2026-04-17T08:01:14+00:00","description":"Compra Tvs-h1688x-w1250-32g-us Nas Tvs-h1688x-w1250-32g\/ 16 Bahias \/12 De 3,5 4 De 2,5 Ssd\/seis Nucleos 3.3ghz\/32gb Ddr4 Hasta 128gb\/4 Pto 2,5 Gbe\/2 Pto 10 Gbe \/usb 3.2 X2\/ Hotswap\/ No Incluye Discos\/ Intel Xeon + Env\u00edo a domicilio + Pago seguro + Garant\u00eda","breadcrumb":{"@id":"https:\/\/compuviper.mx\/tienda\/producto\/qnap-tvs-h1688x-w1250-32g-us-nas-tvs-h1688x-w1250-32g-16-bahias-12-de-35-4-de-25-ssd-seis-nucleos-3-3ghz-32gb-ddr4-hasta-128gb-4-pto-25-gbe-2-pto-10-gbe-usb-3-2-x2-hotswap-no-incluye-discos\/#breadcrumb"},"inLanguage":"es-MX","potentialAction":[{"@type":"ReadAction","target":["https:\/\/compuviper.mx\/tienda\/producto\/qnap-tvs-h1688x-w1250-32g-us-nas-tvs-h1688x-w1250-32g-16-bahias-12-de-35-4-de-25-ssd-seis-nucleos-3-3ghz-32gb-ddr4-hasta-128gb-4-pto-25-gbe-2-pto-10-gbe-usb-3-2-x2-hotswap-no-incluye-discos\/"]}]},{"@type":"BreadcrumbList","@id":"https:\/\/compuviper.mx\/tienda\/producto\/qnap-tvs-h1688x-w1250-32g-us-nas-tvs-h1688x-w1250-32g-16-bahias-12-de-35-4-de-25-ssd-seis-nucleos-3-3ghz-32gb-ddr4-hasta-128gb-4-pto-25-gbe-2-pto-10-gbe-usb-3-2-x2-hotswap-no-incluye-discos\/#breadcrumb","itemListElement":[{"@type":"ListItem","position":1,"name":"Inicio","item":"https:\/\/compuviper.mx\/tienda\/"},{"@type":"ListItem","position":2,"name":"Productos","item":"https:\/\/compuviper.mx\/tienda\/productos\/"},{"@type":"ListItem","position":3,"name":"Almacenamiento","item":"https:\/\/compuviper.mx\/tienda\/categoria-producto\/almacenamiento\/"},{"@type":"ListItem","position":4,"name":"Sistema De Almacenamiento","item":"https:\/\/compuviper.mx\/tienda\/categoria-producto\/almacenamiento\/sistema-de-almacenamiento\/"},{"@type":"ListItem","position":5,"name":"Qnap Tvs-h1688x-w1250-32g-us Nas Tvs-h1688x-w1250-32g\/ 16 Bahias \/12 De 3,5 4 De 2,5 Ssd\/seis Nucleos 3.3ghz\/32gb Ddr4 Hasta 128gb\/4 Pto 2,5 Gbe\/2 Pto 10 Gbe \/usb 3.2 X2\/ Hotswap\/ No Incluye Discos\/ Intel Xeon"}]},{"@type":"WebSite","@id":"https:\/\/compuviper.mx\/tienda\/#website","url":"https:\/\/compuviper.mx\/tienda\/","name":"Compuviper","description":"Proveedor de Computadoras, Laptops, Servidores, Monitores, Puntos de Venta, Teclados,   Impresoras, T\u00f3ner, C\u00e1maras de Seguridad y m\u00e1s en tu tienda en l\u00ednea","publisher":{"@id":"https:\/\/compuviper.mx\/tienda\/#organization"},"potentialAction":[{"@type":"SearchAction","target":{"@type":"EntryPoint","urlTemplate":"https:\/\/compuviper.mx\/tienda\/?s={search_term_string}"},"query-input":"required name=search_term_string"}],"inLanguage":"es-MX"},{"@type":"Organization","@id":"https:\/\/compuviper.mx\/tienda\/#organization","name":"Compuviper","url":"https:\/\/compuviper.mx\/tienda\/","logo":{"@type":"ImageObject","inLanguage":"es-MX","@id":"https:\/\/compuviper.mx\/tienda\/#\/schema\/logo\/image\/","url":"https:\/\/compuviper.mx\/tienda\/wp-content\/uploads\/2021\/08\/Logo-Compuviper-10.png","contentUrl":"https:\/\/compuviper.mx\/tienda\/wp-content\/uploads\/2021\/08\/Logo-Compuviper-10.png","width":1000,"height":500,"caption":"Compuviper"},"image":{"@id":"https:\/\/compuviper.mx\/tienda\/#\/schema\/logo\/image\/"},"sameAs":["https:\/\/www.facebook.com\/compuviper","https:\/\/www.youtube.com\/channel\/UCf73dERp9Y3cfOq7q8BhLjA?view_as=subscriber"]}]},"product_brand":"Qnap","product_price_amount":"92514","product_price_currency":"MXN","og_availability":"backorder","product_availability":"available for order","product_retailer_item_id":"TVS-H1688X-W1250-32G-US","product_condition":"new"},"_links":{"self":[{"href":"https:\/\/compuviper.mx\/tienda\/wp-json\/wp\/v2\/product\/225052"}],"collection":[{"href":"https:\/\/compuviper.mx\/tienda\/wp-json\/wp\/v2\/product"}],"about":[{"href":"https:\/\/compuviper.mx\/tienda\/wp-json\/wp\/v2\/types\/product"}],"replies":[{"embeddable":true,"href":"https:\/\/compuviper.mx\/tienda\/wp-json\/wp\/v2\/comments?post=225052"}],"wp:featuredmedia":[{"embeddable":true,"href":"https:\/\/compuviper.mx\/tienda\/wp-json\/wp\/v2\/media\/225053"}],"wp:attachment":[{"href":"https:\/\/compuviper.mx\/tienda\/wp-json\/wp\/v2\/media?parent=225052"}],"wp:term":[{"taxonomy":"product_cat","embeddable":true,"href":"https:\/\/compuviper.mx\/tienda\/wp-json\/wp\/v2\/product_cat?post=225052"},{"taxonomy":"product_tag","embeddable":true,"href":"https:\/\/compuviper.mx\/tienda\/wp-json\/wp\/v2\/product_tag?post=225052"}],"curies":[{"name":"wp","href":"https:\/\/api.w.org\/{rel}","templated":true}]}}