{"id":225022,"date":"2026-04-16T01:55:01","date_gmt":"2026-04-16T07:55:01","guid":{"rendered":"https:\/\/compuviper.mx\/tienda\/producto\/qnap-ts-233-nas-2-bahias-sata-hdd-35-nucleo-cuadruple-2-0ghz-2gb-de-ram-1-pto-gbe-usb-2-0-x2-hotswap-no-incluye-discos-hasta-32tb\/"},"modified":"2026-04-16T01:55:01","modified_gmt":"2026-04-16T07:55:01","slug":"qnap-ts-233-nas-2-bahias-sata-hdd-35-nucleo-cuadruple-2-0ghz-2gb-de-ram-1-pto-gbe-usb-2-0-x2-hotswap-no-incluye-discos-hasta-32tb","status":"publish","type":"product","link":"https:\/\/compuviper.mx\/tienda\/producto\/qnap-ts-233-nas-2-bahias-sata-hdd-35-nucleo-cuadruple-2-0ghz-2gb-de-ram-1-pto-gbe-usb-2-0-x2-hotswap-no-incluye-discos-hasta-32tb\/","title":{"rendered":"Qnap Ts-233 Nas   \/2 Bahias Sata Hdd 3,5\/ Nucleo Cuadruple 2.0ghz\/2gb De Ram\/1 Pto Gbe\/usb 2.0 X2\/ Hotswap\/ No Incluye Discos\/ Hasta 32tb"},"content":{"rendered":"<table class=\"descripcion\">\n<tr>\n<td>Descripcion tecnica<\/td>\n<\/tr>\n<tr>\n<td>Ts-233<\/td>\n<\/tr>\n<tr>\n<td>Cpu arm 4-core cortex-a55 2.0ghz processor<\/td>\n<\/tr>\n<tr>\n<td>Arquitectura de cpu arm de 64 bits<\/td>\n<\/tr>\n<tr>\n<td>Unidad de coma flotante:    si<\/td>\n<\/tr>\n<tr>\n<td>Motor de cifrado:    si<\/td>\n<\/tr>\n<tr>\n<td>Memoria del sistema 2 gb, no ampliable<\/td>\n<\/tr>\n<tr>\n<td>Memoria m\u00e1xima 2 gb, no ampliable<\/td>\n<\/tr>\n<tr>\n<td>Memoria flash 4 gb (protecci\u00f3n del sistema operativo de doble arranque)<\/td>\n<\/tr>\n<tr>\n<td>Bah\u00eda para unidades 2 unidades sata de 3,5 a 6gb\/s, 3gb\/s<\/td>\n<\/tr>\n<tr>\n<td>Compatibilidad de unidades unidades de disco duro sata de 3,5<\/td>\n<\/tr>\n<tr>\n<td>Unidades de disco duro sata de 2,5<\/td>\n<\/tr>\n<tr>\n<td>Unidades de estado s\u00f3lido sata de 2,5<\/td>\n<\/tr>\n<tr>\n<td>Intercambiable en caliente:    si<\/td>\n<\/tr>\n<tr>\n<td>Puerto gbe (rj45) 1<\/td>\n<\/tr>\n<tr>\n<td>Puerto 5 gbe (5\/2,5g\/1g\/100m) opcional a trav\u00e9s del adaptador de red usb qna-uc5g1t a 5gbe<\/td>\n<\/tr>\n<tr>\n<td>Wake-on-lan (wol):   si<\/td>\n<\/tr>\n<tr>\n<td>Jumbo frame:    si<\/td>\n<\/tr>\n<tr>\n<td>Puerto usb 2.0 2<\/td>\n<\/tr>\n<tr>\n<td>Puerto usb 3.2 gen 1 1<\/td>\n<\/tr>\n<tr>\n<td>Formato torre<\/td>\n<\/tr>\n<tr>\n<td>Indicadores led estado del sistema, lan, usb, unidad de disco duro 1~2<\/td>\n<\/tr>\n<tr>\n<td>Botones encendido, reinicio, copia usb<\/td>\n<\/tr>\n<tr>\n<td>Dimensiones (altura x anchura x profundidad)<\/td>\n<\/tr>\n<tr>\n<td>188.64 \u00d7 90.18 \u00d7 156.26 mm<\/td>\n<\/tr>\n<tr>\n<td>Peso (neto) 1.11 kg<\/td>\n<\/tr>\n<tr>\n<td>Peso (bruto) 1.95 kg<\/td>\n<\/tr>\n<tr>\n<td>Temperatura operativa 0 &#8211; 40 \u00b0c (32\u00b0f &#8211; 104\u00b0f)<\/td>\n<\/tr>\n<tr>\n<td>Temperatura de almacenamiento -20 &#8211; 70\u00b0c (-4\u00b0f &#8211; 158\u00b0f)<\/td>\n<\/tr>\n<tr>\n<td>Humedad relativa 5 ~ 95 % de humedad relativa sin condensaci\u00f3n, bulbo h\u00famedo: 27  and #730;c (80,6  and #730;f)<\/td>\n<\/tr>\n<tr>\n<td>Unidad de alimentaci\u00f3n el\u00e9ctrica 65w adapter, ac 100-240v<\/td>\n<\/tr>\n<tr>\n<td>Consumo de energ\u00eda: modo suspensi\u00f3n de disco duro: 3.43 w<\/td>\n<\/tr>\n<tr>\n<td>Consumo de energ\u00eda: modo de funcionamiento, t\u00edpico 10.81 w<\/td>\n<\/tr>\n<tr>\n<td>Probado con unidades totalmente llenas.<\/td>\n<\/tr>\n<tr>\n<td>Ventilador 1 de 80 mm, 12 v de cc<\/td>\n<\/tr>\n<tr>\n<td>Advertencia del sistema timbre<\/td>\n<\/tr>\n<tr>\n<td>Max. number of concurrent connections (cifs) &#8211; with max. memory 200<\/td>\n<\/tr>\n<tr>\n<td>Sistema operativo<\/td>\n<\/tr>\n<tr>\n<td>Qts 5.0.0<\/td>\n<\/tr>\n<tr>\n<td>Sistemas operativos de cliente compatibles<\/td>\n<\/tr>\n<tr>\n<td>Apple mac os 10.10 o posterior<\/td>\n<\/tr>\n<tr>\n<td>Ubuntu 14.04, centos 7, rhel 6.6, suse 12 o posterior linux<\/td>\n<\/tr>\n<tr>\n<td>Ibm aix 7, solaris 10 o posterior unix<\/td>\n<\/tr>\n<tr>\n<td>Microsoft windows 7, 8, 10 y 11<\/td>\n<\/tr>\n<tr>\n<td>Navegadores compatibles<\/td>\n<\/tr>\n<tr>\n<td>Apple safari<\/td>\n<\/tr>\n<tr>\n<td>Google chrome<\/td>\n<\/tr>\n<tr>\n<td>Microsoft edge<\/td>\n<\/tr>\n<tr>\n<td>Mozilla firefox<\/td>\n<\/tr>\n<tr>\n<td>Idiomas admitidos<\/td>\n<\/tr>\n<tr>\n<td>Chino (tradicional y simplificado), checo, danes, holandes, ingles, finlandes, frances, aleman, griego, h\u00fangaro, italiano, japones, coreano, noruego, polaco, portugues (brasil), rumano, ruso, espa\u00f1ol, sueco, tailand\u00e9s, y turco<\/td>\n<\/tr>\n<tr>\n<td>Grupo de almacenamiento:     si<\/td>\n<\/tr>\n<tr>\n<td>Conjunto de almacenamiento sed:    si<\/td>\n<\/tr>\n<tr>\n<td>Tama\u00f1o m\u00e1ximo de grupo<\/td>\n<\/tr>\n<tr>\n<td>308tb<\/td>\n<\/tr>\n<tr>\n<td>N\u00famero m\u00e1ximo de grupos de almacenamiento<\/td>\n<\/tr>\n<tr>\n<td>128<\/td>\n<\/tr>\n<tr>\n<td>Tipo de volumen<\/td>\n<\/tr>\n<tr>\n<td>Grueso, delgado, estatico<\/td>\n<\/tr>\n<tr>\n<td>Tamano de volumen m\u00e1ximo<\/td>\n<\/tr>\n<tr>\n<td>250tb<\/td>\n<\/tr>\n<tr>\n<td>Nota: se requieren al menos 4 gb de ram.<\/td>\n<\/tr>\n<tr>\n<td>Numero m\u00e1ximo de volumen<\/td>\n<\/tr>\n<tr>\n<td>128<\/td>\n<\/tr>\n<tr>\n<td>Tamano maximo de carpeta compartida<\/td>\n<\/tr>\n<tr>\n<td>250tb<\/td>\n<\/tr>\n<tr>\n<td>Numero m\u00e1ximo de carpetas compartidas<\/td>\n<\/tr>\n<tr>\n<td>512<\/td>\n<\/tr>\n<tr>\n<td>Expansi\u00f3n jbod:     si<\/td>\n<\/tr>\n<tr>\n<td>Nube vjbod \/ vjbod:      si<\/td>\n<\/tr>\n<tr>\n<td>Servicio iscsi:      si<\/td>\n<\/tr>\n<tr>\n<td>Servicio de canal de fibra:     si<\/td>\n<\/tr>\n<tr>\n<td>Tipo de lun<\/td>\n<\/tr>\n<tr>\n<td>Grueso &#8212;- delgado<\/td>\n<\/tr>\n<tr>\n<td>Iscsi lun basado en archivos:     si<\/td>\n<\/tr>\n<tr>\n<td>Iscsi lun basado en bloques:      si<\/td>\n<\/tr>\n<tr>\n<td>Tama\u00f1o m\u00e1ximo de lun<\/td>\n<\/tr>\n<tr>\n<td>250tb<\/td>\n<\/tr>\n<tr>\n<td>Nota: se requieren al menos 4 gb de ram.<\/td>\n<\/tr>\n<tr>\n<td>N\u00famero m\u00e1ximo de objetivos lun<\/td>\n<\/tr>\n<tr>\n<td>256<\/td>\n<\/tr>\n<tr>\n<td>Funci\u00f3n lun<\/td>\n<\/tr>\n<tr>\n<td>Asignaci\u00f3n de lun (lun se puede mover entre iscsi y fc)<\/td>\n<\/tr>\n<tr>\n<td>Enmascaramiento de lun<\/td>\n<\/tr>\n<tr>\n<td>Importaci\u00f3n\/exportaci\u00f3n de alias wwpn<\/td>\n<\/tr>\n<tr>\n<td>Grupo de puertos fc<\/td>\n<\/tr>\n<tr>\n<td>Nivelaci\u00f3n automatica:     si<\/td>\n<\/tr>\n<tr>\n<td>Tipo de raid<\/td>\n<\/tr>\n<tr>\n<td>8 bah\u00edas (y m\u00e1s): jbod, simple, raid 0, 1, 5, 6, 10, 50, 60<\/td>\n<\/tr>\n<tr>\n<td>6 bah\u00edas: jbod, individual, raid 0, 1, 5, 6, 10, 50<\/td>\n<\/tr>\n<tr>\n<td>4 bah\u00edas: jbod, individual, raid 0, 1, 5, 6, 10<\/td>\n<\/tr>\n<tr>\n<td>2 bah\u00edas: jbod, individual, raid 0, 1<\/td>\n<\/tr>\n<tr>\n<td>Migraci\u00f3n de nivel raid:     si<\/td>\n<\/tr>\n<tr>\n<td>Expansi\u00f3n raid (agregando disco):     si<\/td>\n<\/tr>\n<tr>\n<td>Expansi\u00f3n raid (reemplazando discos m\u00e1s grandes):     si<\/td>\n<\/tr>\n<tr>\n<td>Expansi\u00f3n del grupo de almacenamiento (agregando un grupo raid):    si<\/td>\n<\/tr>\n<tr>\n<td>Repuesto din\u00e1mico raid<\/td>\n<\/tr>\n<tr>\n<td>Global, local<\/td>\n<\/tr>\n<tr>\n<td>Sincronizaci\u00f3n\/reconstrucci\u00f3n\/depuraci\u00f3n de raid:     si<\/td>\n<\/tr>\n<tr>\n<td>Unidad interna<\/td>\n<\/tr>\n<tr>\n<td>Ext4<\/td>\n<\/tr>\n<tr>\n<td>Unidad externa<\/td>\n<\/tr>\n<tr>\n<td>Ext3, ext4, ntfs, fat32, hfs+ y exfat (opcional para el modelo arm)<\/td>\n<\/tr>\n<tr>\n<td>Nota: para usar exfat en ciertos modelos, debe comprar una licencia de conducir exfat en el centro de licencias.<\/td>\n<\/tr>\n<tr>\n<td>Disco, ubicaci\u00f3n del gabinete:     si<\/td>\n<\/tr>\n<tr>\n<td>Escaneo inteligente de disco:     si<\/td>\n<\/tr>\n<tr>\n<td>Migraci\u00f3n de datos smart de disco:    si<\/td>\n<\/tr>\n<tr>\n<td>Gesti\u00f3n de la salud de ironwolf:    si<\/td>\n<\/tr>\n<tr>\n<td>Borrado seguro:     si<\/td>\n<\/tr>\n<tr>\n<td>Recorte ssd:    si<\/td>\n<\/tr>\n<tr>\n<td>Estimaci\u00f3n de la vida \u00fatil de ssd:    si<\/td>\n<\/tr>\n<tr>\n<td>Itinerancia de disco:     si<\/td>\n<\/tr>\n<tr>\n<td>Disco en espera:      si<\/td>\n<\/tr>\n<tr>\n<td>Instant\u00e1nea de volumen:     si<\/td>\n<\/tr>\n<tr>\n<td>Instant\u00e1nea de lun:     si<\/td>\n<\/tr>\n<\/table>\n","protected":false},"excerpt":{"rendered":"<p>Descripcion comercial. Gestione su propio almacenamiento en una nube personal y disfrute de un sencillo sistema de acceso, uso compartido y sincronizaci\u00f3n de archivos con el ts-233. Dise\u00f1ado para mejorar la colaboraci\u00f3n y aumentar la productividad del trabajo remoto, el ts-233 tambi\u00e9n incluye magn\u00edficas aplicaciones multimedia y ofrece un completo portal de entretenimiento dom\u00e9stico<\/p>\n","protected":false},"featured_media":225023,"comment_status":"open","ping_status":"open","template":"","meta":[],"product_cat":[1803,1804],"product_tag":[2110],"acf":[],"yoast_head":"<!-- This site is optimized with the Yoast SEO plugin v21.7 - https:\/\/yoast.com\/wordpress\/plugins\/seo\/ -->\n<title>[ Qnap ] &#129351; Ts-233 Nas \/2 Bahias Sata Hdd 3,5\/ Nucleo Cuadruple 2.0ghz\/2gb De Ram\/1 Pto Gbe\/usb 2.0 X2\/ Hotswap\/ No Incluye Discos\/ Hasta 32tb<\/title>\n<meta name=\"description\" content=\"Compra Ts-233 Nas \/2 Bahias Sata Hdd 3,5\/ Nucleo Cuadruple 2.0ghz\/2gb De Ram\/1 Pto Gbe\/usb 2.0 X2\/ Hotswap\/ No Incluye Discos\/ Hasta 32tb + Env\u00edo a domicilio + Pago seguro + Garant\u00eda\" \/>\n<meta name=\"robots\" content=\"index, follow, max-snippet:-1, max-image-preview:large, max-video-preview:-1\" \/>\n<link rel=\"canonical\" href=\"https:\/\/compuviper.mx\/tienda\/producto\/qnap-ts-233-nas-2-bahias-sata-hdd-35-nucleo-cuadruple-2-0ghz-2gb-de-ram-1-pto-gbe-usb-2-0-x2-hotswap-no-incluye-discos-hasta-32tb\/\" \/>\n<meta property=\"og:locale\" content=\"es_MX\" \/>\n<meta property=\"og:type\" content=\"article\" \/>\n<meta property=\"og:title\" content=\"[ Qnap ] &#129351; Ts-233 Nas \/2 Bahias Sata Hdd 3,5\/ Nucleo Cuadruple 2.0ghz\/2gb De Ram\/1 Pto Gbe\/usb 2.0 X2\/ Hotswap\/ No Incluye Discos\/ Hasta 32tb\" \/>\n<meta property=\"og:description\" content=\"Compra Ts-233 Nas \/2 Bahias Sata Hdd 3,5\/ Nucleo Cuadruple 2.0ghz\/2gb De Ram\/1 Pto Gbe\/usb 2.0 X2\/ Hotswap\/ No Incluye Discos\/ Hasta 32tb + Env\u00edo a domicilio + Pago seguro + Garant\u00eda\" \/>\n<meta property=\"og:url\" content=\"https:\/\/compuviper.mx\/tienda\/producto\/qnap-ts-233-nas-2-bahias-sata-hdd-35-nucleo-cuadruple-2-0ghz-2gb-de-ram-1-pto-gbe-usb-2-0-x2-hotswap-no-incluye-discos-hasta-32tb\/\" \/>\n<meta property=\"og:site_name\" content=\"Compuviper\" \/>\n<meta property=\"article:publisher\" content=\"https:\/\/www.facebook.com\/compuviper\" \/>\n<meta property=\"og:image\" content=\"https:\/\/compuviper.mx\/tienda\/wp-content\/uploads\/2023\/12\/Nas-qnap-ts-233-2-bahias-sata-hdd-35-nucleo-cuadruple-2.0ghz2gb-de-ram1-pto-gbeusb-2.0-x2-hotswap-no-incluye-discos-hasta-32tb.jpg\" \/>\n\t<meta property=\"og:image:width\" content=\"200\" \/>\n\t<meta property=\"og:image:height\" content=\"200\" \/>\n\t<meta property=\"og:image:type\" content=\"image\/jpeg\" \/>\n<meta name=\"twitter:card\" content=\"summary_large_image\" \/>\n<meta name=\"twitter:label1\" content=\"Precio\" \/>\n\t<meta name=\"twitter:data1\" content=\"&#36;4,388 &#36;4,013 con IVA\" \/>\n\t<meta name=\"twitter:label2\" content=\"Availability\" \/>\n\t<meta name=\"twitter:data2\" content=\"In stock\" \/>\n<script type=\"application\/ld+json\" class=\"yoast-schema-graph\">{\"@context\":\"https:\/\/schema.org\",\"@graph\":[{\"@type\":\"WebPage\",\"@id\":\"https:\/\/compuviper.mx\/tienda\/producto\/qnap-ts-233-nas-2-bahias-sata-hdd-35-nucleo-cuadruple-2-0ghz-2gb-de-ram-1-pto-gbe-usb-2-0-x2-hotswap-no-incluye-discos-hasta-32tb\/\",\"url\":\"https:\/\/compuviper.mx\/tienda\/producto\/qnap-ts-233-nas-2-bahias-sata-hdd-35-nucleo-cuadruple-2-0ghz-2gb-de-ram-1-pto-gbe-usb-2-0-x2-hotswap-no-incluye-discos-hasta-32tb\/\",\"name\":\"[ Qnap ] &#129351; Ts-233 Nas \/2 Bahias Sata Hdd 3,5\/ Nucleo Cuadruple 2.0ghz\/2gb De Ram\/1 Pto Gbe\/usb 2.0 X2\/ Hotswap\/ No Incluye Discos\/ Hasta 32tb\",\"isPartOf\":{\"@id\":\"https:\/\/compuviper.mx\/tienda\/#website\"},\"datePublished\":\"2026-04-16T07:55:01+00:00\",\"dateModified\":\"2026-04-16T07:55:01+00:00\",\"description\":\"Compra Ts-233 Nas \/2 Bahias Sata Hdd 3,5\/ Nucleo Cuadruple 2.0ghz\/2gb De Ram\/1 Pto Gbe\/usb 2.0 X2\/ Hotswap\/ No Incluye Discos\/ Hasta 32tb + Env\u00edo a domicilio + Pago seguro + Garant\u00eda\",\"breadcrumb\":{\"@id\":\"https:\/\/compuviper.mx\/tienda\/producto\/qnap-ts-233-nas-2-bahias-sata-hdd-35-nucleo-cuadruple-2-0ghz-2gb-de-ram-1-pto-gbe-usb-2-0-x2-hotswap-no-incluye-discos-hasta-32tb\/#breadcrumb\"},\"inLanguage\":\"es-MX\",\"potentialAction\":[{\"@type\":\"ReadAction\",\"target\":[\"https:\/\/compuviper.mx\/tienda\/producto\/qnap-ts-233-nas-2-bahias-sata-hdd-35-nucleo-cuadruple-2-0ghz-2gb-de-ram-1-pto-gbe-usb-2-0-x2-hotswap-no-incluye-discos-hasta-32tb\/\"]}]},{\"@type\":\"BreadcrumbList\",\"@id\":\"https:\/\/compuviper.mx\/tienda\/producto\/qnap-ts-233-nas-2-bahias-sata-hdd-35-nucleo-cuadruple-2-0ghz-2gb-de-ram-1-pto-gbe-usb-2-0-x2-hotswap-no-incluye-discos-hasta-32tb\/#breadcrumb\",\"itemListElement\":[{\"@type\":\"ListItem\",\"position\":1,\"name\":\"Inicio\",\"item\":\"https:\/\/compuviper.mx\/tienda\/\"},{\"@type\":\"ListItem\",\"position\":2,\"name\":\"Productos\",\"item\":\"https:\/\/compuviper.mx\/tienda\/productos\/\"},{\"@type\":\"ListItem\",\"position\":3,\"name\":\"Almacenamiento\",\"item\":\"https:\/\/compuviper.mx\/tienda\/categoria-producto\/almacenamiento\/\"},{\"@type\":\"ListItem\",\"position\":4,\"name\":\"Sistema De Almacenamiento\",\"item\":\"https:\/\/compuviper.mx\/tienda\/categoria-producto\/almacenamiento\/sistema-de-almacenamiento\/\"},{\"@type\":\"ListItem\",\"position\":5,\"name\":\"Qnap Ts-233 Nas \/2 Bahias Sata Hdd 3,5\/ Nucleo Cuadruple 2.0ghz\/2gb De Ram\/1 Pto Gbe\/usb 2.0 X2\/ Hotswap\/ No Incluye Discos\/ Hasta 32tb\"}]},{\"@type\":\"WebSite\",\"@id\":\"https:\/\/compuviper.mx\/tienda\/#website\",\"url\":\"https:\/\/compuviper.mx\/tienda\/\",\"name\":\"Compuviper\",\"description\":\"Proveedor de Computadoras, Laptops, Servidores, Monitores, Puntos de Venta, Teclados,   Impresoras, T\u00f3ner, C\u00e1maras de Seguridad y m\u00e1s en tu tienda en l\u00ednea\",\"publisher\":{\"@id\":\"https:\/\/compuviper.mx\/tienda\/#organization\"},\"potentialAction\":[{\"@type\":\"SearchAction\",\"target\":{\"@type\":\"EntryPoint\",\"urlTemplate\":\"https:\/\/compuviper.mx\/tienda\/?s={search_term_string}\"},\"query-input\":\"required name=search_term_string\"}],\"inLanguage\":\"es-MX\"},{\"@type\":\"Organization\",\"@id\":\"https:\/\/compuviper.mx\/tienda\/#organization\",\"name\":\"Compuviper\",\"url\":\"https:\/\/compuviper.mx\/tienda\/\",\"logo\":{\"@type\":\"ImageObject\",\"inLanguage\":\"es-MX\",\"@id\":\"https:\/\/compuviper.mx\/tienda\/#\/schema\/logo\/image\/\",\"url\":\"https:\/\/compuviper.mx\/tienda\/wp-content\/uploads\/2021\/08\/Logo-Compuviper-10.png\",\"contentUrl\":\"https:\/\/compuviper.mx\/tienda\/wp-content\/uploads\/2021\/08\/Logo-Compuviper-10.png\",\"width\":1000,\"height\":500,\"caption\":\"Compuviper\"},\"image\":{\"@id\":\"https:\/\/compuviper.mx\/tienda\/#\/schema\/logo\/image\/\"},\"sameAs\":[\"https:\/\/www.facebook.com\/compuviper\",\"https:\/\/www.youtube.com\/channel\/UCf73dERp9Y3cfOq7q8BhLjA?view_as=subscriber\"]}]}<\/script>\n<meta property=\"product:brand\" content=\"Qnap\" \/>\n<meta property=\"product:price:amount\" content=\"4013\" \/>\n<meta property=\"product:price:currency\" content=\"MXN\" \/>\n<meta property=\"og:availability\" content=\"instock\" \/>\n<meta property=\"product:availability\" content=\"instock\" \/>\n<meta property=\"product:retailer_item_id\" content=\"TS-233\" \/>\n<meta property=\"product:condition\" content=\"new\" \/>\n<!-- \/ Yoast SEO plugin. -->","yoast_head_json":{"title":"[ Qnap ] &#129351; Ts-233 Nas \/2 Bahias Sata Hdd 3,5\/ Nucleo Cuadruple 2.0ghz\/2gb De Ram\/1 Pto Gbe\/usb 2.0 X2\/ Hotswap\/ No Incluye Discos\/ Hasta 32tb","description":"Compra Ts-233 Nas \/2 Bahias Sata Hdd 3,5\/ Nucleo Cuadruple 2.0ghz\/2gb De Ram\/1 Pto Gbe\/usb 2.0 X2\/ Hotswap\/ No Incluye Discos\/ Hasta 32tb + Env\u00edo a domicilio + Pago seguro + Garant\u00eda","robots":{"index":"index","follow":"follow","max-snippet":"max-snippet:-1","max-image-preview":"max-image-preview:large","max-video-preview":"max-video-preview:-1"},"canonical":"https:\/\/compuviper.mx\/tienda\/producto\/qnap-ts-233-nas-2-bahias-sata-hdd-35-nucleo-cuadruple-2-0ghz-2gb-de-ram-1-pto-gbe-usb-2-0-x2-hotswap-no-incluye-discos-hasta-32tb\/","og_locale":"es_MX","og_type":"article","og_title":"[ Qnap ] &#129351; Ts-233 Nas \/2 Bahias Sata Hdd 3,5\/ Nucleo Cuadruple 2.0ghz\/2gb De Ram\/1 Pto Gbe\/usb 2.0 X2\/ Hotswap\/ No Incluye Discos\/ Hasta 32tb","og_description":"Compra Ts-233 Nas \/2 Bahias Sata Hdd 3,5\/ Nucleo Cuadruple 2.0ghz\/2gb De Ram\/1 Pto Gbe\/usb 2.0 X2\/ Hotswap\/ No Incluye Discos\/ Hasta 32tb + Env\u00edo a domicilio + Pago seguro + Garant\u00eda","og_url":"https:\/\/compuviper.mx\/tienda\/producto\/qnap-ts-233-nas-2-bahias-sata-hdd-35-nucleo-cuadruple-2-0ghz-2gb-de-ram-1-pto-gbe-usb-2-0-x2-hotswap-no-incluye-discos-hasta-32tb\/","og_site_name":"Compuviper","article_publisher":"https:\/\/www.facebook.com\/compuviper","og_image":[{"width":200,"height":200,"url":"https:\/\/compuviper.mx\/tienda\/wp-content\/uploads\/2023\/12\/Nas-qnap-ts-233-2-bahias-sata-hdd-35-nucleo-cuadruple-2.0ghz2gb-de-ram1-pto-gbeusb-2.0-x2-hotswap-no-incluye-discos-hasta-32tb.jpg","type":"image\/jpeg"}],"twitter_card":"summary_large_image","twitter_misc":{"Precio":"&#36;4,388 &#36;4,013 con IVA","Availability":"In stock"},"schema":{"@context":"https:\/\/schema.org","@graph":[{"@type":"WebPage","@id":"https:\/\/compuviper.mx\/tienda\/producto\/qnap-ts-233-nas-2-bahias-sata-hdd-35-nucleo-cuadruple-2-0ghz-2gb-de-ram-1-pto-gbe-usb-2-0-x2-hotswap-no-incluye-discos-hasta-32tb\/","url":"https:\/\/compuviper.mx\/tienda\/producto\/qnap-ts-233-nas-2-bahias-sata-hdd-35-nucleo-cuadruple-2-0ghz-2gb-de-ram-1-pto-gbe-usb-2-0-x2-hotswap-no-incluye-discos-hasta-32tb\/","name":"[ Qnap ] &#129351; Ts-233 Nas \/2 Bahias Sata Hdd 3,5\/ Nucleo Cuadruple 2.0ghz\/2gb De Ram\/1 Pto Gbe\/usb 2.0 X2\/ Hotswap\/ No Incluye Discos\/ Hasta 32tb","isPartOf":{"@id":"https:\/\/compuviper.mx\/tienda\/#website"},"datePublished":"2026-04-16T07:55:01+00:00","dateModified":"2026-04-16T07:55:01+00:00","description":"Compra Ts-233 Nas \/2 Bahias Sata Hdd 3,5\/ Nucleo Cuadruple 2.0ghz\/2gb De Ram\/1 Pto Gbe\/usb 2.0 X2\/ Hotswap\/ No Incluye Discos\/ Hasta 32tb + Env\u00edo a domicilio + Pago seguro + Garant\u00eda","breadcrumb":{"@id":"https:\/\/compuviper.mx\/tienda\/producto\/qnap-ts-233-nas-2-bahias-sata-hdd-35-nucleo-cuadruple-2-0ghz-2gb-de-ram-1-pto-gbe-usb-2-0-x2-hotswap-no-incluye-discos-hasta-32tb\/#breadcrumb"},"inLanguage":"es-MX","potentialAction":[{"@type":"ReadAction","target":["https:\/\/compuviper.mx\/tienda\/producto\/qnap-ts-233-nas-2-bahias-sata-hdd-35-nucleo-cuadruple-2-0ghz-2gb-de-ram-1-pto-gbe-usb-2-0-x2-hotswap-no-incluye-discos-hasta-32tb\/"]}]},{"@type":"BreadcrumbList","@id":"https:\/\/compuviper.mx\/tienda\/producto\/qnap-ts-233-nas-2-bahias-sata-hdd-35-nucleo-cuadruple-2-0ghz-2gb-de-ram-1-pto-gbe-usb-2-0-x2-hotswap-no-incluye-discos-hasta-32tb\/#breadcrumb","itemListElement":[{"@type":"ListItem","position":1,"name":"Inicio","item":"https:\/\/compuviper.mx\/tienda\/"},{"@type":"ListItem","position":2,"name":"Productos","item":"https:\/\/compuviper.mx\/tienda\/productos\/"},{"@type":"ListItem","position":3,"name":"Almacenamiento","item":"https:\/\/compuviper.mx\/tienda\/categoria-producto\/almacenamiento\/"},{"@type":"ListItem","position":4,"name":"Sistema De Almacenamiento","item":"https:\/\/compuviper.mx\/tienda\/categoria-producto\/almacenamiento\/sistema-de-almacenamiento\/"},{"@type":"ListItem","position":5,"name":"Qnap Ts-233 Nas \/2 Bahias Sata Hdd 3,5\/ Nucleo Cuadruple 2.0ghz\/2gb De Ram\/1 Pto Gbe\/usb 2.0 X2\/ Hotswap\/ No Incluye Discos\/ Hasta 32tb"}]},{"@type":"WebSite","@id":"https:\/\/compuviper.mx\/tienda\/#website","url":"https:\/\/compuviper.mx\/tienda\/","name":"Compuviper","description":"Proveedor de Computadoras, Laptops, Servidores, Monitores, Puntos de Venta, Teclados,   Impresoras, T\u00f3ner, C\u00e1maras de Seguridad y m\u00e1s en tu tienda en l\u00ednea","publisher":{"@id":"https:\/\/compuviper.mx\/tienda\/#organization"},"potentialAction":[{"@type":"SearchAction","target":{"@type":"EntryPoint","urlTemplate":"https:\/\/compuviper.mx\/tienda\/?s={search_term_string}"},"query-input":"required name=search_term_string"}],"inLanguage":"es-MX"},{"@type":"Organization","@id":"https:\/\/compuviper.mx\/tienda\/#organization","name":"Compuviper","url":"https:\/\/compuviper.mx\/tienda\/","logo":{"@type":"ImageObject","inLanguage":"es-MX","@id":"https:\/\/compuviper.mx\/tienda\/#\/schema\/logo\/image\/","url":"https:\/\/compuviper.mx\/tienda\/wp-content\/uploads\/2021\/08\/Logo-Compuviper-10.png","contentUrl":"https:\/\/compuviper.mx\/tienda\/wp-content\/uploads\/2021\/08\/Logo-Compuviper-10.png","width":1000,"height":500,"caption":"Compuviper"},"image":{"@id":"https:\/\/compuviper.mx\/tienda\/#\/schema\/logo\/image\/"},"sameAs":["https:\/\/www.facebook.com\/compuviper","https:\/\/www.youtube.com\/channel\/UCf73dERp9Y3cfOq7q8BhLjA?view_as=subscriber"]}]},"product_brand":"Qnap","product_price_amount":"4013","product_price_currency":"MXN","og_availability":"instock","product_availability":"instock","product_retailer_item_id":"TS-233","product_condition":"new"},"_links":{"self":[{"href":"https:\/\/compuviper.mx\/tienda\/wp-json\/wp\/v2\/product\/225022"}],"collection":[{"href":"https:\/\/compuviper.mx\/tienda\/wp-json\/wp\/v2\/product"}],"about":[{"href":"https:\/\/compuviper.mx\/tienda\/wp-json\/wp\/v2\/types\/product"}],"replies":[{"embeddable":true,"href":"https:\/\/compuviper.mx\/tienda\/wp-json\/wp\/v2\/comments?post=225022"}],"wp:featuredmedia":[{"embeddable":true,"href":"https:\/\/compuviper.mx\/tienda\/wp-json\/wp\/v2\/media\/225023"}],"wp:attachment":[{"href":"https:\/\/compuviper.mx\/tienda\/wp-json\/wp\/v2\/media?parent=225022"}],"wp:term":[{"taxonomy":"product_cat","embeddable":true,"href":"https:\/\/compuviper.mx\/tienda\/wp-json\/wp\/v2\/product_cat?post=225022"},{"taxonomy":"product_tag","embeddable":true,"href":"https:\/\/compuviper.mx\/tienda\/wp-json\/wp\/v2\/product_tag?post=225022"}],"curies":[{"name":"wp","href":"https:\/\/api.w.org\/{rel}","templated":true}]}}