{"id":224966,"date":"2026-04-17T02:00:55","date_gmt":"2026-04-17T08:00:55","guid":{"rendered":"https:\/\/compuviper.mx\/tienda\/producto\/hewlett-packard-enterprise-r0q82a-almacenamiento-hpe-san-msa-2062-10gbe-iscsi-sff-storage\/"},"modified":"2026-04-17T02:00:55","modified_gmt":"2026-04-17T08:00:55","slug":"hewlett-packard-enterprise-r0q82a-almacenamiento-hpe-san-msa-2062-10gbe-iscsi-sff-storage","status":"publish","type":"product","link":"https:\/\/compuviper.mx\/tienda\/producto\/hewlett-packard-enterprise-r0q82a-almacenamiento-hpe-san-msa-2062-10gbe-iscsi-sff-storage\/","title":{"rendered":"Hewlett Packard Enterprise R0q82a Almacenamiento Hpe San  Msa 2062 10gbe Iscsi Sff Storage"},"content":{"rendered":"<table class=\"descripcion\">\n<tr>\n<td>Almacenamiento hpe san  msa 2062 10gbe iscsi sff storage<\/td>\n<\/tr>\n<\/table>\n","protected":false},"excerpt":{"rendered":"<p>\u00bfbuscas un almacenamiento flash realmente sencillo y asequible? el almacenamiento hpe msa 2062 es un sistema flash dise\u00f1ado para aplicaciones de aceleraci\u00f3n asequibles en implementaciones de peque\u00f1as y remotas oficinas. No dejes que el bajo coste te enga\u00f1e. Hpe msa 2062 proporciona la combinaci\u00f3n de simplicidad y flexibilidad, as\u00ed como funciones avanzadas que no esperabas en una cabina de almacenamiento de precio econ\u00f3mico. Con una capacidad flash integrada inicial de 3,84 tb, puedes escalar el sistema desde ese punto con cualquier combinaci\u00f3n de discos de estado s\u00f3lido (sdd), hdd enterprise sas de alto rendimiento o hdd midline sas de menor coste. Capaz de ofrecer un rendimiento de m\u00e1s de 325 000 iops, hpe msa 2062 puede ahorrarte hasta un 32% con un conjunto de software global y una capacidad flash incluida de 3,84 tb. Es un almacenamiento flash realmente sencillo y asequible que te ayuda a conseguir un alto rendimiento y, al mismo tiempo, ce\u00f1irte a los presupuestos m\u00e1s exigentes. Novedades. Nueva arquitectura de almacenamiento msa de 6.\u00aa generaci\u00f3n con nuevas funciones de hardware y software que incluyen tiering 2.0, esquema de protecci\u00f3n raid (msa dp+), una nueva interfaz web y gesti\u00f3n de datos a trav\u00e9s de una nueva interfaz restful. Rendimiento mejorado de cabina que proporciona m\u00e1s iops, mayor ancho de banda y conectividad backend ampliada. Hasta un 45% de incremento [1] en iops, y hasta un 60% de mejora en el rendimiento secuencial frente a msa gen5 (en funci\u00f3n del protocolo host). Nuevo tipo de disco de grupo (msa dp+) que incrementa la disponibilidad, reduce dr\u00e1sticamente los tiempos de recuperaci\u00f3n raid, mejora el rendimiento, simplifica la configuraci\u00f3n y proporciona una mayor expansi\u00f3n granular de los pool de discos. Solo ventajas. Aceleraci\u00f3n asequible de las aplicaciones. El almacenamiento hpe msa 2062 es capaz de ofrecer m\u00e1s de 325 000 iops para una aceleraci\u00f3n asequible de la aplicaci\u00f3n en pymes. Ahorra un 32% en el hpe msa 2062 con el software global y una capacidad incluida de 3,84 tb ssd (unidad de estado s\u00f3lido). Los servicios de datos \u00abset and forget\u00bb de msa no requieren un administrador de almacenamiento dedicado para su gesti\u00f3n. El almacenamiento hpe msa 2060 es f\u00e1cil de instalar, usar y mantener, incluso para un generalista de ti. Los administradores encontrar\u00e1n la nueva utilidad de gesti\u00f3n del almacenamiento del msa 2060 intuitiva y f\u00e1cil de navegar. El motor autom\u00e1tico de clasificaci\u00f3n por niveles msa responde de forma din\u00e1mica a los cambios en las cargas de trabajo para que no tengas que ocuparte de ello, garantizando que los datos m\u00e1s recientes ser\u00e1n trasladados a los soportes m\u00e1s r\u00e1pidos autom\u00e1ticamente y en tiempo real. Aprovecha las funciones de protecci\u00f3n de datos para mantener a tu empresa funcionando en caso de desastre. El almacenamiento hpe msa 2060 proporciona tecnolog\u00eda de snapshot virtualizada haciendo que la protecci\u00f3n de datos y la recuperaci\u00f3n instant\u00e1nea sean muy sencillas. La replicaci\u00f3n remota a trav\u00e9s de canal de fibra (fc) o iscsi facilita una soluci\u00f3n de recuperaci\u00f3n ante desastres asequible. Los ssd y hdd cifrados con gesti\u00f3n de claves local pueden implementarse para ofrecer una cabina flash h\u00edbrida cifrada y segura. Arquitectura modular y flexible que facilita el crecimiento futuro. El almacenamiento hpe msa 2060 admite una combinaci\u00f3n de carcasas de expansi\u00f3n lff (3,5 pulg.) y sff (2,5 pulg.) para ofrecer un m\u00e1ximo de 9 carcasas (10 si se incluye el sistema base). Empieza poco a poco y escala seg\u00fan tus necesidades con cualquier combinaci\u00f3n de ssd o hdd enterprise sas o midline sas.<\/p>\n","protected":false},"featured_media":224967,"comment_status":"open","ping_status":"open","template":"","meta":[],"product_cat":[1803,1804],"product_tag":[1568],"acf":[],"yoast_head":"<!-- This site is optimized with the Yoast SEO plugin v21.7 - https:\/\/yoast.com\/wordpress\/plugins\/seo\/ -->\n<title>[ Hewlett Packard Enterprise ] &#129351; R0q82a Almacenamiento Hpe San Msa 2062 10gbe Iscsi Sff Storage<\/title>\n<meta name=\"description\" content=\"Compra R0q82a Almacenamiento Hpe San Msa 2062 10gbe Iscsi Sff Storage + Env\u00edo a domicilio + Pago seguro + Garant\u00eda\" \/>\n<meta name=\"robots\" content=\"index, follow, max-snippet:-1, max-image-preview:large, max-video-preview:-1\" \/>\n<link rel=\"canonical\" href=\"https:\/\/compuviper.mx\/tienda\/producto\/hewlett-packard-enterprise-r0q82a-almacenamiento-hpe-san-msa-2062-10gbe-iscsi-sff-storage\/\" \/>\n<meta property=\"og:locale\" content=\"es_MX\" \/>\n<meta property=\"og:type\" content=\"article\" \/>\n<meta property=\"og:title\" content=\"[ Hewlett Packard Enterprise ] &#129351; R0q82a Almacenamiento Hpe San Msa 2062 10gbe Iscsi Sff Storage\" \/>\n<meta property=\"og:description\" content=\"Compra R0q82a Almacenamiento Hpe San Msa 2062 10gbe Iscsi Sff Storage + Env\u00edo a domicilio + Pago seguro + Garant\u00eda\" \/>\n<meta property=\"og:url\" content=\"https:\/\/compuviper.mx\/tienda\/producto\/hewlett-packard-enterprise-r0q82a-almacenamiento-hpe-san-msa-2062-10gbe-iscsi-sff-storage\/\" \/>\n<meta property=\"og:site_name\" content=\"Compuviper\" \/>\n<meta property=\"article:publisher\" content=\"https:\/\/www.facebook.com\/compuviper\" \/>\n<meta property=\"og:image\" content=\"https:\/\/compuviper.mx\/tienda\/wp-content\/uploads\/2023\/12\/Almacenamiento-hpe-san-msa-2062-10gbe-iscsi-sff-storage.jpg\" \/>\n\t<meta property=\"og:image:width\" content=\"200\" \/>\n\t<meta property=\"og:image:height\" content=\"200\" \/>\n\t<meta property=\"og:image:type\" content=\"image\/jpeg\" \/>\n<meta name=\"twitter:card\" content=\"summary_large_image\" \/>\n<meta name=\"twitter:label1\" content=\"Precio\" \/>\n\t<meta name=\"twitter:data1\" content=\"&#36;163,000 con IVA\" \/>\n\t<meta name=\"twitter:label2\" content=\"Availability\" \/>\n\t<meta name=\"twitter:data2\" content=\"On backorder\" \/>\n<script type=\"application\/ld+json\" class=\"yoast-schema-graph\">{\"@context\":\"https:\/\/schema.org\",\"@graph\":[{\"@type\":\"WebPage\",\"@id\":\"https:\/\/compuviper.mx\/tienda\/producto\/hewlett-packard-enterprise-r0q82a-almacenamiento-hpe-san-msa-2062-10gbe-iscsi-sff-storage\/\",\"url\":\"https:\/\/compuviper.mx\/tienda\/producto\/hewlett-packard-enterprise-r0q82a-almacenamiento-hpe-san-msa-2062-10gbe-iscsi-sff-storage\/\",\"name\":\"[ Hewlett Packard Enterprise ] &#129351; R0q82a Almacenamiento Hpe San Msa 2062 10gbe Iscsi Sff Storage\",\"isPartOf\":{\"@id\":\"https:\/\/compuviper.mx\/tienda\/#website\"},\"datePublished\":\"2026-04-17T08:00:55+00:00\",\"dateModified\":\"2026-04-17T08:00:55+00:00\",\"description\":\"Compra R0q82a Almacenamiento Hpe San Msa 2062 10gbe Iscsi Sff Storage + Env\u00edo a domicilio + Pago seguro + Garant\u00eda\",\"breadcrumb\":{\"@id\":\"https:\/\/compuviper.mx\/tienda\/producto\/hewlett-packard-enterprise-r0q82a-almacenamiento-hpe-san-msa-2062-10gbe-iscsi-sff-storage\/#breadcrumb\"},\"inLanguage\":\"es-MX\",\"potentialAction\":[{\"@type\":\"ReadAction\",\"target\":[\"https:\/\/compuviper.mx\/tienda\/producto\/hewlett-packard-enterprise-r0q82a-almacenamiento-hpe-san-msa-2062-10gbe-iscsi-sff-storage\/\"]}]},{\"@type\":\"BreadcrumbList\",\"@id\":\"https:\/\/compuviper.mx\/tienda\/producto\/hewlett-packard-enterprise-r0q82a-almacenamiento-hpe-san-msa-2062-10gbe-iscsi-sff-storage\/#breadcrumb\",\"itemListElement\":[{\"@type\":\"ListItem\",\"position\":1,\"name\":\"Inicio\",\"item\":\"https:\/\/compuviper.mx\/tienda\/\"},{\"@type\":\"ListItem\",\"position\":2,\"name\":\"Productos\",\"item\":\"https:\/\/compuviper.mx\/tienda\/productos\/\"},{\"@type\":\"ListItem\",\"position\":3,\"name\":\"Almacenamiento\",\"item\":\"https:\/\/compuviper.mx\/tienda\/categoria-producto\/almacenamiento\/\"},{\"@type\":\"ListItem\",\"position\":4,\"name\":\"Sistema De Almacenamiento\",\"item\":\"https:\/\/compuviper.mx\/tienda\/categoria-producto\/almacenamiento\/sistema-de-almacenamiento\/\"},{\"@type\":\"ListItem\",\"position\":5,\"name\":\"Hewlett Packard Enterprise R0q82a Almacenamiento Hpe San Msa 2062 10gbe Iscsi Sff Storage\"}]},{\"@type\":\"WebSite\",\"@id\":\"https:\/\/compuviper.mx\/tienda\/#website\",\"url\":\"https:\/\/compuviper.mx\/tienda\/\",\"name\":\"Compuviper\",\"description\":\"Proveedor de Computadoras, Laptops, Servidores, Monitores, Puntos de Venta, Teclados,   Impresoras, T\u00f3ner, C\u00e1maras de Seguridad y m\u00e1s en tu tienda en l\u00ednea\",\"publisher\":{\"@id\":\"https:\/\/compuviper.mx\/tienda\/#organization\"},\"potentialAction\":[{\"@type\":\"SearchAction\",\"target\":{\"@type\":\"EntryPoint\",\"urlTemplate\":\"https:\/\/compuviper.mx\/tienda\/?s={search_term_string}\"},\"query-input\":\"required name=search_term_string\"}],\"inLanguage\":\"es-MX\"},{\"@type\":\"Organization\",\"@id\":\"https:\/\/compuviper.mx\/tienda\/#organization\",\"name\":\"Compuviper\",\"url\":\"https:\/\/compuviper.mx\/tienda\/\",\"logo\":{\"@type\":\"ImageObject\",\"inLanguage\":\"es-MX\",\"@id\":\"https:\/\/compuviper.mx\/tienda\/#\/schema\/logo\/image\/\",\"url\":\"https:\/\/compuviper.mx\/tienda\/wp-content\/uploads\/2021\/08\/Logo-Compuviper-10.png\",\"contentUrl\":\"https:\/\/compuviper.mx\/tienda\/wp-content\/uploads\/2021\/08\/Logo-Compuviper-10.png\",\"width\":1000,\"height\":500,\"caption\":\"Compuviper\"},\"image\":{\"@id\":\"https:\/\/compuviper.mx\/tienda\/#\/schema\/logo\/image\/\"},\"sameAs\":[\"https:\/\/www.facebook.com\/compuviper\",\"https:\/\/www.youtube.com\/channel\/UCf73dERp9Y3cfOq7q8BhLjA?view_as=subscriber\"]}]}<\/script>\n<meta property=\"product:brand\" content=\"HEWLETT PACKARD ENTERPRISE\" \/>\n<meta property=\"product:price:amount\" content=\"163000\" \/>\n<meta property=\"product:price:currency\" content=\"MXN\" \/>\n<meta property=\"og:availability\" content=\"backorder\" \/>\n<meta property=\"product:availability\" content=\"available for order\" \/>\n<meta property=\"product:retailer_item_id\" content=\"R0Q82A\" \/>\n<meta property=\"product:condition\" content=\"new\" \/>\n<!-- \/ Yoast SEO plugin. -->","yoast_head_json":{"title":"[ Hewlett Packard Enterprise ] &#129351; R0q82a Almacenamiento Hpe San Msa 2062 10gbe Iscsi Sff Storage","description":"Compra R0q82a Almacenamiento Hpe San Msa 2062 10gbe Iscsi Sff Storage + Env\u00edo a domicilio + Pago seguro + Garant\u00eda","robots":{"index":"index","follow":"follow","max-snippet":"max-snippet:-1","max-image-preview":"max-image-preview:large","max-video-preview":"max-video-preview:-1"},"canonical":"https:\/\/compuviper.mx\/tienda\/producto\/hewlett-packard-enterprise-r0q82a-almacenamiento-hpe-san-msa-2062-10gbe-iscsi-sff-storage\/","og_locale":"es_MX","og_type":"article","og_title":"[ Hewlett Packard Enterprise ] &#129351; R0q82a Almacenamiento Hpe San Msa 2062 10gbe Iscsi Sff Storage","og_description":"Compra R0q82a Almacenamiento Hpe San Msa 2062 10gbe Iscsi Sff Storage + Env\u00edo a domicilio + Pago seguro + Garant\u00eda","og_url":"https:\/\/compuviper.mx\/tienda\/producto\/hewlett-packard-enterprise-r0q82a-almacenamiento-hpe-san-msa-2062-10gbe-iscsi-sff-storage\/","og_site_name":"Compuviper","article_publisher":"https:\/\/www.facebook.com\/compuviper","og_image":[{"width":200,"height":200,"url":"https:\/\/compuviper.mx\/tienda\/wp-content\/uploads\/2023\/12\/Almacenamiento-hpe-san-msa-2062-10gbe-iscsi-sff-storage.jpg","type":"image\/jpeg"}],"twitter_card":"summary_large_image","twitter_misc":{"Precio":"&#36;163,000 con IVA","Availability":"On backorder"},"schema":{"@context":"https:\/\/schema.org","@graph":[{"@type":"WebPage","@id":"https:\/\/compuviper.mx\/tienda\/producto\/hewlett-packard-enterprise-r0q82a-almacenamiento-hpe-san-msa-2062-10gbe-iscsi-sff-storage\/","url":"https:\/\/compuviper.mx\/tienda\/producto\/hewlett-packard-enterprise-r0q82a-almacenamiento-hpe-san-msa-2062-10gbe-iscsi-sff-storage\/","name":"[ Hewlett Packard Enterprise ] &#129351; R0q82a Almacenamiento Hpe San Msa 2062 10gbe Iscsi Sff Storage","isPartOf":{"@id":"https:\/\/compuviper.mx\/tienda\/#website"},"datePublished":"2026-04-17T08:00:55+00:00","dateModified":"2026-04-17T08:00:55+00:00","description":"Compra R0q82a Almacenamiento Hpe San Msa 2062 10gbe Iscsi Sff Storage + Env\u00edo a domicilio + Pago seguro + Garant\u00eda","breadcrumb":{"@id":"https:\/\/compuviper.mx\/tienda\/producto\/hewlett-packard-enterprise-r0q82a-almacenamiento-hpe-san-msa-2062-10gbe-iscsi-sff-storage\/#breadcrumb"},"inLanguage":"es-MX","potentialAction":[{"@type":"ReadAction","target":["https:\/\/compuviper.mx\/tienda\/producto\/hewlett-packard-enterprise-r0q82a-almacenamiento-hpe-san-msa-2062-10gbe-iscsi-sff-storage\/"]}]},{"@type":"BreadcrumbList","@id":"https:\/\/compuviper.mx\/tienda\/producto\/hewlett-packard-enterprise-r0q82a-almacenamiento-hpe-san-msa-2062-10gbe-iscsi-sff-storage\/#breadcrumb","itemListElement":[{"@type":"ListItem","position":1,"name":"Inicio","item":"https:\/\/compuviper.mx\/tienda\/"},{"@type":"ListItem","position":2,"name":"Productos","item":"https:\/\/compuviper.mx\/tienda\/productos\/"},{"@type":"ListItem","position":3,"name":"Almacenamiento","item":"https:\/\/compuviper.mx\/tienda\/categoria-producto\/almacenamiento\/"},{"@type":"ListItem","position":4,"name":"Sistema De Almacenamiento","item":"https:\/\/compuviper.mx\/tienda\/categoria-producto\/almacenamiento\/sistema-de-almacenamiento\/"},{"@type":"ListItem","position":5,"name":"Hewlett Packard Enterprise R0q82a Almacenamiento Hpe San Msa 2062 10gbe Iscsi Sff Storage"}]},{"@type":"WebSite","@id":"https:\/\/compuviper.mx\/tienda\/#website","url":"https:\/\/compuviper.mx\/tienda\/","name":"Compuviper","description":"Proveedor de Computadoras, Laptops, Servidores, Monitores, Puntos de Venta, Teclados,   Impresoras, T\u00f3ner, C\u00e1maras de Seguridad y m\u00e1s en tu tienda en l\u00ednea","publisher":{"@id":"https:\/\/compuviper.mx\/tienda\/#organization"},"potentialAction":[{"@type":"SearchAction","target":{"@type":"EntryPoint","urlTemplate":"https:\/\/compuviper.mx\/tienda\/?s={search_term_string}"},"query-input":"required name=search_term_string"}],"inLanguage":"es-MX"},{"@type":"Organization","@id":"https:\/\/compuviper.mx\/tienda\/#organization","name":"Compuviper","url":"https:\/\/compuviper.mx\/tienda\/","logo":{"@type":"ImageObject","inLanguage":"es-MX","@id":"https:\/\/compuviper.mx\/tienda\/#\/schema\/logo\/image\/","url":"https:\/\/compuviper.mx\/tienda\/wp-content\/uploads\/2021\/08\/Logo-Compuviper-10.png","contentUrl":"https:\/\/compuviper.mx\/tienda\/wp-content\/uploads\/2021\/08\/Logo-Compuviper-10.png","width":1000,"height":500,"caption":"Compuviper"},"image":{"@id":"https:\/\/compuviper.mx\/tienda\/#\/schema\/logo\/image\/"},"sameAs":["https:\/\/www.facebook.com\/compuviper","https:\/\/www.youtube.com\/channel\/UCf73dERp9Y3cfOq7q8BhLjA?view_as=subscriber"]}]},"product_brand":"HEWLETT PACKARD ENTERPRISE","product_price_amount":"163000","product_price_currency":"MXN","og_availability":"backorder","product_availability":"available for order","product_retailer_item_id":"R0Q82A","product_condition":"new"},"_links":{"self":[{"href":"https:\/\/compuviper.mx\/tienda\/wp-json\/wp\/v2\/product\/224966"}],"collection":[{"href":"https:\/\/compuviper.mx\/tienda\/wp-json\/wp\/v2\/product"}],"about":[{"href":"https:\/\/compuviper.mx\/tienda\/wp-json\/wp\/v2\/types\/product"}],"replies":[{"embeddable":true,"href":"https:\/\/compuviper.mx\/tienda\/wp-json\/wp\/v2\/comments?post=224966"}],"wp:featuredmedia":[{"embeddable":true,"href":"https:\/\/compuviper.mx\/tienda\/wp-json\/wp\/v2\/media\/224967"}],"wp:attachment":[{"href":"https:\/\/compuviper.mx\/tienda\/wp-json\/wp\/v2\/media?parent=224966"}],"wp:term":[{"taxonomy":"product_cat","embeddable":true,"href":"https:\/\/compuviper.mx\/tienda\/wp-json\/wp\/v2\/product_cat?post=224966"},{"taxonomy":"product_tag","embeddable":true,"href":"https:\/\/compuviper.mx\/tienda\/wp-json\/wp\/v2\/product_tag?post=224966"}],"curies":[{"name":"wp","href":"https:\/\/api.w.org\/{rel}","templated":true}]}}