{"id":224926,"date":"2026-04-23T01:53:17","date_gmt":"2026-04-23T07:53:17","guid":{"rendered":"https:\/\/compuviper.mx\/tienda\/producto\/sola-basic-isb-slim-volt-gp-regulador-1300va-700w-4cont\/"},"modified":"2026-04-23T01:53:17","modified_gmt":"2026-04-23T07:53:17","slug":"sola-basic-isb-slim-volt-gp-regulador-1300va-700w-4cont","status":"publish","type":"product","link":"https:\/\/compuviper.mx\/tienda\/producto\/sola-basic-isb-slim-volt-gp-regulador-1300va-700w-4cont\/","title":{"rendered":"Sola Basic Isb Slim Volt Gp Regulador  , 1300va\/700w, 4cont."},"content":{"rendered":"<table class=\"descripcion\">\n<tr>\n<td>El regulador electronica de sola basic silm volt gp (gabinete plastico), es compacto de 1300 va \/ 700 watts con 4 contactos nema 5-15 r y cable toma corriente de uso rudo 3&#215;16 awg con clavija polarizada tipo nema 5-15p integrada.<\/td>\n<\/tr>\n<tr>\n<td>2 contactos telefonicos hembra tipo rj-11 (6p4c)<\/td>\n<\/tr>\n<tr>\n<td>Un led indicador de funcionsmiento<\/td>\n<\/tr>\n<tr>\n<td>Tension nominal de entrada: 127 volts<\/td>\n<\/tr>\n<tr>\n<td>Corriente maxima: 10.0 amperes<\/td>\n<\/tr>\n<tr>\n<td>Frecuencia 60hz +-5%<\/td>\n<\/tr>\n<tr>\n<td>Intervalo de voltaje de entrada:  102 &#8211; 140 volts<\/td>\n<\/tr>\n<tr>\n<td>Tension nominal de salida: 120 volts<\/td>\n<\/tr>\n<tr>\n<td>Capacidad: 1300 va \/ 700 w<\/td>\n<\/tr>\n<tr>\n<td>Regulacion: +10 % \/ -13 %<\/td>\n<\/tr>\n<tr>\n<td>Sobrecarga: 400 % por 10 ciclos<\/td>\n<\/tr>\n<tr>\n<td>Eficiencia: 95%<\/td>\n<\/tr>\n<tr>\n<td>Supresor de sobretensiones transitorias: 100 joules 4500a 650 v maximo de sujecion<\/td>\n<\/tr>\n<tr>\n<td>Protector telefonico: 265 v maxima sujecion<\/td>\n<\/tr>\n<tr>\n<td>Dimenciones:<\/td>\n<\/tr>\n<tr>\n<td>Altura 7.1cm<\/td>\n<\/tr>\n<tr>\n<td>Frente 13.2 cm<\/td>\n<\/tr>\n<tr>\n<td>Lonitud 14.6 cm<\/td>\n<\/tr>\n<tr>\n<td>Peso 1.2 kg.<\/td>\n<\/tr>\n<\/table>\n","protected":false},"excerpt":{"rendered":"<p>Con el prestigio de siempre isb  cambia la presentacion del slim volt a gabinete plastico. Sin modificar sus caracteristicas tecnicas. Conectate a la energia vital de slim volt gp ideal para teatro en casa, video juegos, audio y video , fax, impresoras, equipos de computo. Conectate a la energia vital del nuevo slim volt en gabinete plastico es un regulador automatico dise?ado especialmente para mantener niveles optimos de voltaje para aquellos equipos que inclusive utilicen un motor de corriente alterna que estan dentro de la capacidad del compensador; protegiendolos contra las variaciones severas de tension del sistema de suministro electrico. El slim volt  gp lleva a cabo su funcionamiento mediante dos pasos de elevaci?n y uno de reduccion del voltaje de entrada. Esto se realiza por medio de un autotransformador y un circuito de control que mantienen el voltaje de salida en los niveles seguros para la correcta operacion de sus equipos. Proteccion garantizada.<\/p>\n","protected":false},"featured_media":224927,"comment_status":"open","ping_status":"open","template":"","meta":[],"product_cat":[1508,1802],"product_tag":[1696],"acf":[],"yoast_head":"<!-- This site is optimized with the Yoast SEO plugin v21.7 - https:\/\/yoast.com\/wordpress\/plugins\/seo\/ -->\n<title>[ Sola Basic Isb ] &#129351; Slim Volt Gp Regulador , 1300va\/700w, 4cont.<\/title>\n<meta name=\"description\" content=\"Compra Slim Volt Gp Regulador , 1300va\/700w, 4cont. + Env\u00edo a domicilio + Pago seguro + Garant\u00eda\" \/>\n<meta name=\"robots\" content=\"index, follow, max-snippet:-1, max-image-preview:large, max-video-preview:-1\" \/>\n<link rel=\"canonical\" href=\"https:\/\/compuviper.mx\/tienda\/producto\/sola-basic-isb-slim-volt-gp-regulador-1300va-700w-4cont\/\" \/>\n<meta property=\"og:locale\" content=\"es_MX\" \/>\n<meta property=\"og:type\" content=\"article\" \/>\n<meta property=\"og:title\" content=\"[ Sola Basic Isb ] &#129351; Slim Volt Gp Regulador , 1300va\/700w, 4cont.\" \/>\n<meta property=\"og:description\" content=\"Compra Slim Volt Gp Regulador , 1300va\/700w, 4cont. + Env\u00edo a domicilio + Pago seguro + Garant\u00eda\" \/>\n<meta property=\"og:url\" content=\"https:\/\/compuviper.mx\/tienda\/producto\/sola-basic-isb-slim-volt-gp-regulador-1300va-700w-4cont\/\" \/>\n<meta property=\"og:site_name\" content=\"Compuviper\" \/>\n<meta property=\"article:publisher\" content=\"https:\/\/www.facebook.com\/compuviper\" \/>\n<meta property=\"og:image\" content=\"https:\/\/compuviper.mx\/tienda\/wp-content\/uploads\/2023\/12\/Regulador-sola-basic-isb-slim-volt-gp-1300va700w-4cont.jpg\" \/>\n\t<meta property=\"og:image:width\" content=\"200\" \/>\n\t<meta property=\"og:image:height\" content=\"200\" \/>\n\t<meta property=\"og:image:type\" content=\"image\/jpeg\" \/>\n<meta name=\"twitter:card\" content=\"summary_large_image\" \/>\n<meta name=\"twitter:label1\" content=\"Precio\" \/>\n\t<meta name=\"twitter:data1\" content=\"&#36;345 con IVA\" \/>\n\t<meta name=\"twitter:label2\" content=\"Availability\" \/>\n\t<meta name=\"twitter:data2\" content=\"Out of stock\" \/>\n<script type=\"application\/ld+json\" class=\"yoast-schema-graph\">{\"@context\":\"https:\/\/schema.org\",\"@graph\":[{\"@type\":\"WebPage\",\"@id\":\"https:\/\/compuviper.mx\/tienda\/producto\/sola-basic-isb-slim-volt-gp-regulador-1300va-700w-4cont\/\",\"url\":\"https:\/\/compuviper.mx\/tienda\/producto\/sola-basic-isb-slim-volt-gp-regulador-1300va-700w-4cont\/\",\"name\":\"[ Sola Basic Isb ] &#129351; Slim Volt Gp Regulador , 1300va\/700w, 4cont.\",\"isPartOf\":{\"@id\":\"https:\/\/compuviper.mx\/tienda\/#website\"},\"datePublished\":\"2026-04-23T07:53:17+00:00\",\"dateModified\":\"2026-04-23T07:53:17+00:00\",\"description\":\"Compra Slim Volt Gp Regulador , 1300va\/700w, 4cont. + Env\u00edo a domicilio + Pago seguro + Garant\u00eda\",\"breadcrumb\":{\"@id\":\"https:\/\/compuviper.mx\/tienda\/producto\/sola-basic-isb-slim-volt-gp-regulador-1300va-700w-4cont\/#breadcrumb\"},\"inLanguage\":\"es-MX\",\"potentialAction\":[{\"@type\":\"ReadAction\",\"target\":[\"https:\/\/compuviper.mx\/tienda\/producto\/sola-basic-isb-slim-volt-gp-regulador-1300va-700w-4cont\/\"]}]},{\"@type\":\"BreadcrumbList\",\"@id\":\"https:\/\/compuviper.mx\/tienda\/producto\/sola-basic-isb-slim-volt-gp-regulador-1300va-700w-4cont\/#breadcrumb\",\"itemListElement\":[{\"@type\":\"ListItem\",\"position\":1,\"name\":\"Inicio\",\"item\":\"https:\/\/compuviper.mx\/tienda\/\"},{\"@type\":\"ListItem\",\"position\":2,\"name\":\"Productos\",\"item\":\"https:\/\/compuviper.mx\/tienda\/productos\/\"},{\"@type\":\"ListItem\",\"position\":3,\"name\":\"Energia\",\"item\":\"https:\/\/compuviper.mx\/tienda\/categoria-producto\/energia\/\"},{\"@type\":\"ListItem\",\"position\":4,\"name\":\"Regulador\",\"item\":\"https:\/\/compuviper.mx\/tienda\/categoria-producto\/energia\/regulador\/\"},{\"@type\":\"ListItem\",\"position\":5,\"name\":\"Sola Basic Isb Slim Volt Gp Regulador , 1300va\/700w, 4cont.\"}]},{\"@type\":\"WebSite\",\"@id\":\"https:\/\/compuviper.mx\/tienda\/#website\",\"url\":\"https:\/\/compuviper.mx\/tienda\/\",\"name\":\"Compuviper\",\"description\":\"Proveedor de Computadoras, Laptops, Servidores, Monitores, Puntos de Venta, Teclados,   Impresoras, T\u00f3ner, C\u00e1maras de Seguridad y m\u00e1s en tu tienda en l\u00ednea\",\"publisher\":{\"@id\":\"https:\/\/compuviper.mx\/tienda\/#organization\"},\"potentialAction\":[{\"@type\":\"SearchAction\",\"target\":{\"@type\":\"EntryPoint\",\"urlTemplate\":\"https:\/\/compuviper.mx\/tienda\/?s={search_term_string}\"},\"query-input\":\"required name=search_term_string\"}],\"inLanguage\":\"es-MX\"},{\"@type\":\"Organization\",\"@id\":\"https:\/\/compuviper.mx\/tienda\/#organization\",\"name\":\"Compuviper\",\"url\":\"https:\/\/compuviper.mx\/tienda\/\",\"logo\":{\"@type\":\"ImageObject\",\"inLanguage\":\"es-MX\",\"@id\":\"https:\/\/compuviper.mx\/tienda\/#\/schema\/logo\/image\/\",\"url\":\"https:\/\/compuviper.mx\/tienda\/wp-content\/uploads\/2021\/08\/Logo-Compuviper-10.png\",\"contentUrl\":\"https:\/\/compuviper.mx\/tienda\/wp-content\/uploads\/2021\/08\/Logo-Compuviper-10.png\",\"width\":1000,\"height\":500,\"caption\":\"Compuviper\"},\"image\":{\"@id\":\"https:\/\/compuviper.mx\/tienda\/#\/schema\/logo\/image\/\"},\"sameAs\":[\"https:\/\/www.facebook.com\/compuviper\",\"https:\/\/www.youtube.com\/channel\/UCf73dERp9Y3cfOq7q8BhLjA?view_as=subscriber\"]}]}<\/script>\n<meta property=\"product:brand\" content=\"SOLA BASIC ISB\" \/>\n<meta property=\"product:price:amount\" content=\"345\" \/>\n<meta property=\"product:price:currency\" content=\"MXN\" \/>\n<meta property=\"og:availability\" content=\"out of stock\" \/>\n<meta property=\"product:availability\" content=\"out of stock\" \/>\n<meta property=\"product:retailer_item_id\" content=\"SLIM VOLT GP\" \/>\n<meta property=\"product:condition\" content=\"new\" \/>\n<!-- \/ Yoast SEO plugin. -->","yoast_head_json":{"title":"[ Sola Basic Isb ] &#129351; Slim Volt Gp Regulador , 1300va\/700w, 4cont.","description":"Compra Slim Volt Gp Regulador , 1300va\/700w, 4cont. + Env\u00edo a domicilio + Pago seguro + Garant\u00eda","robots":{"index":"index","follow":"follow","max-snippet":"max-snippet:-1","max-image-preview":"max-image-preview:large","max-video-preview":"max-video-preview:-1"},"canonical":"https:\/\/compuviper.mx\/tienda\/producto\/sola-basic-isb-slim-volt-gp-regulador-1300va-700w-4cont\/","og_locale":"es_MX","og_type":"article","og_title":"[ Sola Basic Isb ] &#129351; Slim Volt Gp Regulador , 1300va\/700w, 4cont.","og_description":"Compra Slim Volt Gp Regulador , 1300va\/700w, 4cont. + Env\u00edo a domicilio + Pago seguro + Garant\u00eda","og_url":"https:\/\/compuviper.mx\/tienda\/producto\/sola-basic-isb-slim-volt-gp-regulador-1300va-700w-4cont\/","og_site_name":"Compuviper","article_publisher":"https:\/\/www.facebook.com\/compuviper","og_image":[{"width":200,"height":200,"url":"https:\/\/compuviper.mx\/tienda\/wp-content\/uploads\/2023\/12\/Regulador-sola-basic-isb-slim-volt-gp-1300va700w-4cont.jpg","type":"image\/jpeg"}],"twitter_card":"summary_large_image","twitter_misc":{"Precio":"&#36;345 con IVA","Availability":"Out of stock"},"schema":{"@context":"https:\/\/schema.org","@graph":[{"@type":"WebPage","@id":"https:\/\/compuviper.mx\/tienda\/producto\/sola-basic-isb-slim-volt-gp-regulador-1300va-700w-4cont\/","url":"https:\/\/compuviper.mx\/tienda\/producto\/sola-basic-isb-slim-volt-gp-regulador-1300va-700w-4cont\/","name":"[ Sola Basic Isb ] &#129351; Slim Volt Gp Regulador , 1300va\/700w, 4cont.","isPartOf":{"@id":"https:\/\/compuviper.mx\/tienda\/#website"},"datePublished":"2026-04-23T07:53:17+00:00","dateModified":"2026-04-23T07:53:17+00:00","description":"Compra Slim Volt Gp Regulador , 1300va\/700w, 4cont. + Env\u00edo a domicilio + Pago seguro + Garant\u00eda","breadcrumb":{"@id":"https:\/\/compuviper.mx\/tienda\/producto\/sola-basic-isb-slim-volt-gp-regulador-1300va-700w-4cont\/#breadcrumb"},"inLanguage":"es-MX","potentialAction":[{"@type":"ReadAction","target":["https:\/\/compuviper.mx\/tienda\/producto\/sola-basic-isb-slim-volt-gp-regulador-1300va-700w-4cont\/"]}]},{"@type":"BreadcrumbList","@id":"https:\/\/compuviper.mx\/tienda\/producto\/sola-basic-isb-slim-volt-gp-regulador-1300va-700w-4cont\/#breadcrumb","itemListElement":[{"@type":"ListItem","position":1,"name":"Inicio","item":"https:\/\/compuviper.mx\/tienda\/"},{"@type":"ListItem","position":2,"name":"Productos","item":"https:\/\/compuviper.mx\/tienda\/productos\/"},{"@type":"ListItem","position":3,"name":"Energia","item":"https:\/\/compuviper.mx\/tienda\/categoria-producto\/energia\/"},{"@type":"ListItem","position":4,"name":"Regulador","item":"https:\/\/compuviper.mx\/tienda\/categoria-producto\/energia\/regulador\/"},{"@type":"ListItem","position":5,"name":"Sola Basic Isb Slim Volt Gp Regulador , 1300va\/700w, 4cont."}]},{"@type":"WebSite","@id":"https:\/\/compuviper.mx\/tienda\/#website","url":"https:\/\/compuviper.mx\/tienda\/","name":"Compuviper","description":"Proveedor de Computadoras, Laptops, Servidores, Monitores, Puntos de Venta, Teclados,   Impresoras, T\u00f3ner, C\u00e1maras de Seguridad y m\u00e1s en tu tienda en l\u00ednea","publisher":{"@id":"https:\/\/compuviper.mx\/tienda\/#organization"},"potentialAction":[{"@type":"SearchAction","target":{"@type":"EntryPoint","urlTemplate":"https:\/\/compuviper.mx\/tienda\/?s={search_term_string}"},"query-input":"required name=search_term_string"}],"inLanguage":"es-MX"},{"@type":"Organization","@id":"https:\/\/compuviper.mx\/tienda\/#organization","name":"Compuviper","url":"https:\/\/compuviper.mx\/tienda\/","logo":{"@type":"ImageObject","inLanguage":"es-MX","@id":"https:\/\/compuviper.mx\/tienda\/#\/schema\/logo\/image\/","url":"https:\/\/compuviper.mx\/tienda\/wp-content\/uploads\/2021\/08\/Logo-Compuviper-10.png","contentUrl":"https:\/\/compuviper.mx\/tienda\/wp-content\/uploads\/2021\/08\/Logo-Compuviper-10.png","width":1000,"height":500,"caption":"Compuviper"},"image":{"@id":"https:\/\/compuviper.mx\/tienda\/#\/schema\/logo\/image\/"},"sameAs":["https:\/\/www.facebook.com\/compuviper","https:\/\/www.youtube.com\/channel\/UCf73dERp9Y3cfOq7q8BhLjA?view_as=subscriber"]}]},"product_brand":"SOLA BASIC ISB","product_price_amount":"345","product_price_currency":"MXN","og_availability":"out of stock","product_availability":"out of stock","product_retailer_item_id":"SLIM VOLT GP","product_condition":"new"},"_links":{"self":[{"href":"https:\/\/compuviper.mx\/tienda\/wp-json\/wp\/v2\/product\/224926"}],"collection":[{"href":"https:\/\/compuviper.mx\/tienda\/wp-json\/wp\/v2\/product"}],"about":[{"href":"https:\/\/compuviper.mx\/tienda\/wp-json\/wp\/v2\/types\/product"}],"replies":[{"embeddable":true,"href":"https:\/\/compuviper.mx\/tienda\/wp-json\/wp\/v2\/comments?post=224926"}],"wp:featuredmedia":[{"embeddable":true,"href":"https:\/\/compuviper.mx\/tienda\/wp-json\/wp\/v2\/media\/224927"}],"wp:attachment":[{"href":"https:\/\/compuviper.mx\/tienda\/wp-json\/wp\/v2\/media?parent=224926"}],"wp:term":[{"taxonomy":"product_cat","embeddable":true,"href":"https:\/\/compuviper.mx\/tienda\/wp-json\/wp\/v2\/product_cat?post=224926"},{"taxonomy":"product_tag","embeddable":true,"href":"https:\/\/compuviper.mx\/tienda\/wp-json\/wp\/v2\/product_tag?post=224926"}],"curies":[{"name":"wp","href":"https:\/\/api.w.org\/{rel}","templated":true}]}}